{"id":18300,"date":"2025-03-17T12:14:31","date_gmt":"2025-03-17T09:14:31","guid":{"rendered":"https:\/\/haremerotikshop.com\/site\/?post_type=product&#038;p=18300"},"modified":"2026-01-27T12:03:05","modified_gmt":"2026-01-27T09:03:05","slug":"silikon-fener-tipi-titresimli-suni-vajina-masturbator","status":"publish","type":"product","link":"https:\/\/haremerotikshop.com\/site\/erotik-shop-urun\/silikon-fener-tipi-titresimli-suni-vajina-masturbator\/","title":{"rendered":"Silikon Fener Tipi Titre\u015fimli Suni Vajina Mast\u00fcrbat\u00f6r"},"content":{"rendered":"<h3 data-end=\"95\" data-start=\"0\"><strong data-end=\"95\" data-start=\"4\">Silikon Fener Tipi Titre\u015fimli Suni Vajina Mast&uuml;rbat&ouml;r &ndash; Ger&ccedil;ek&ccedil;i Uyar\u0131 ve Maksimum Zevk<\/strong><\/h3>\n<p data-end=\"578\" data-start=\"97\"><strong data-end=\"154\" data-start=\"97\">Silikon Fener Tipi Titre\u015fimli Suni Vajina Mast&uuml;rbat&ouml;r<\/strong>, y&uuml;ksek kaliteli malzeme kullan\u0131m\u0131 ve ger&ccedil;ek&ccedil;i i&ccedil; tasar\u0131m\u0131 ile size benzersiz bir cinsel deneyim sunuyor. <strong data-end=\"287\" data-start=\"261\">Yumu\u015fak silikon dokusu<\/strong> ve <strong data-end=\"319\" data-start=\"291\">t\u0131rt\u0131kl\u0131 i&ccedil; t&uuml;nel yap\u0131s\u0131<\/strong>, her kullan\u0131mda m&uuml;kemmel bir uyum ve yo\u011fun uyar\u0131m sa\u011flar. Fener tipi tasar\u0131m\u0131 sayesinde hem saklama hem de temizlik i\u015flemleri olduk&ccedil;a basittir. Ayr\u0131ca, <strong data-end=\"498\" data-start=\"472\">7 farkl\u0131 titre\u015fim modu<\/strong> ile ki\u015fisel zevkinize g&ouml;re ayarlanabilir ve her an\u0131n\u0131z\u0131 daha &ouml;zel hale getirir.<\/p>\n<h3 data-end=\"605\" data-start=\"580\"><strong data-end=\"605\" data-start=\"584\">&Uuml;r&uuml;n &Ouml;zellikleri:<\/strong><\/h3>\n<ul data-end=\"1902\" data-start=\"607\">\n<li data-end=\"815\" data-start=\"607\">\n<p data-end=\"815\" data-start=\"609\"><strong data-end=\"627\" data-start=\"609\">Ger&ccedil;ek&ccedil;i Yap\u0131:<\/strong><br data-end=\"630\" data-start=\"627\" \/><br \/>\n\tSilikon fener tipi mast&uuml;rbat&ouml;r, <strong data-end=\"686\" data-start=\"664\">ger&ccedil;ek&ccedil;i et dokusu<\/strong> ile tasarlanm\u0131\u015ft\u0131r. Kullan\u0131c\u0131lar, do\u011fal bir hissiyat i&ccedil;in t\u0131rt\u0131kl\u0131 i&ccedil; t&uuml;nelden ge&ccedil;erken, her hareketle daha fazla uyar\u0131m sa\u011flar.<\/p>\n<\/li>\n<li data-end=\"1024\" data-start=\"817\">\n<p data-end=\"1024\" data-start=\"819\"><strong data-end=\"832\" data-start=\"819\">Boyutlar:<\/strong><br data-end=\"835\" data-start=\"832\" \/><br \/>\n\t<strong data-end=\"859\" data-start=\"837\">24 cm derinli\u011finde<\/strong> ve <strong data-end=\"881\" data-start=\"863\">8,3 cm &ccedil;ap\u0131nda<\/strong> olan bu &uuml;r&uuml;n, ideal boyutlar\u0131yla rahat bir kullan\u0131m sunar. Hem derinlik hem de geni\u015flik a&ccedil;\u0131s\u0131ndan kullan\u0131c\u0131y\u0131 tatmin edici bir deneyim sa\u011flar.<\/p>\n<\/li>\n<li data-end=\"1343\" data-start=\"1026\">\n<p data-end=\"1343\" data-start=\"1028\"><strong data-end=\"1053\" data-start=\"1028\">Titre\u015fimli Fonksiyon:<\/strong><br data-end=\"1056\" data-start=\"1053\" \/><br \/>\n\t&Uuml;r&uuml;n, alt k\u0131sm\u0131na ba\u011flanan <strong data-end=\"1107\" data-start=\"1085\">titre\u015fim yumurtas\u0131<\/strong> sayesinde 7 farkl\u0131 titre\u015fim moduna sahiptir. Farkl\u0131 h\u0131zlar ve yo\u011funluklarla, ki\u015fisel zevkinize en uygun titre\u015fim modunu se&ccedil;erek deneyiminizi m&uuml;kemmel \u015fekilde &ouml;zelle\u015ftirebilirsiniz. Bu &ouml;zellik, her kullan\u0131c\u0131n\u0131n ihtiya&ccedil;lar\u0131na hitap eder.<\/p>\n<\/li>\n<li data-end=\"1510\" data-start=\"1345\">\n<p data-end=\"1510\" data-start=\"1347\"><strong data-end=\"1367\" data-start=\"1347\">Silikon Malzeme:<\/strong><br data-end=\"1370\" data-start=\"1367\" \/><br \/>\n\tY&uuml;ksek kaliteli silikon malzeme, hem yumu\u015fak hem dayan\u0131kl\u0131d\u0131r. Hem v&uuml;cuda uyum sa\u011flayarak rahat bir kullan\u0131m sunar, hem de uzun &ouml;m&uuml;rl&uuml;d&uuml;r.<\/p>\n<\/li>\n<li data-end=\"1716\" data-start=\"1512\">\n<p data-end=\"1716\" data-start=\"1514\"><strong data-end=\"1544\" data-start=\"1514\">Kolay Saklama ve Temizlik:<\/strong><br data-end=\"1547\" data-start=\"1544\" \/><br \/>\n\tFener tipi tasar\u0131m\u0131, hem <strong data-end=\"1591\" data-start=\"1574\">kolay saklama<\/strong> hem de <strong data-end=\"1617\" data-start=\"1599\">basit temizlik<\/strong> imkan\u0131 sa\u011flar. Silikon malzeme, temizlenmesi kolay olup hijyen a&ccedil;\u0131s\u0131ndan y&uuml;ksek standartlar sunar.<\/p>\n<\/li>\n<li data-end=\"1902\" data-start=\"1718\">\n<p data-end=\"1902\" data-start=\"1720\"><strong data-end=\"1738\" data-start=\"1720\">Pille &Ccedil;al\u0131\u015fma:<\/strong><br data-end=\"1741\" data-start=\"1738\" \/><br \/>\n\tTitre\u015fimli fonksiyon, <strong data-end=\"1783\" data-start=\"1765\">3 adet AAA pil<\/strong> ile &ccedil;al\u0131\u015f\u0131r (piller pakete dahil de\u011fildir). Bu, cihaz\u0131n g&uuml;&ccedil;l&uuml; performans\u0131n\u0131 desteklerken ta\u015f\u0131nabilirli\u011fini de art\u0131r\u0131r.<\/p>\n<\/li>\n<\/ul>\n<h3 data-end=\"1932\" data-start=\"1904\"><strong data-end=\"1932\" data-start=\"1908\">Kullan\u0131m ve Deneyim:<\/strong><\/h3>\n<ul data-end=\"2732\" data-start=\"1934\">\n<li data-end=\"2135\" data-start=\"1934\">\n<p data-end=\"2135\" data-start=\"1936\"><strong data-end=\"1969\" data-start=\"1936\">Ger&ccedil;ek&ccedil;i ve Konforlu Deneyim:<\/strong><br data-end=\"1972\" data-start=\"1969\" \/><br \/>\n\tSilikon malzeme ve t\u0131rt\u0131kl\u0131 i&ccedil; yap\u0131, her kullan\u0131mda do\u011fal bir his ve daha fazla uyar\u0131m sunar. Bu, kullan\u0131c\u0131lar\u0131n zevk seviyelerini art\u0131ran &ouml;nemli bir &ouml;zelliktir.<\/p>\n<\/li>\n<li data-end=\"2360\" data-start=\"2137\">\n<p data-end=\"2360\" data-start=\"2139\"><strong data-end=\"2160\" data-start=\"2139\">Titre\u015fim Modlar\u0131:<\/strong><br data-end=\"2163\" data-start=\"2160\" \/><br \/>\n\t<strong data-end=\"2191\" data-start=\"2165\">7 farkl\u0131 titre\u015fim modu<\/strong>, her zevke hitap eder. Sakin ve rahatlat\u0131c\u0131 titre\u015fimlerden daha g&uuml;&ccedil;l&uuml; ve heyecan verici modlara kadar bir&ccedil;ok se&ccedil;enek sunarak, her an\u0131n\u0131z\u0131 &ouml;zelle\u015ftirmenize olanak tan\u0131r.<\/p>\n<\/li>\n<li data-end=\"2580\" data-start=\"2362\">\n<p data-end=\"2580\" data-start=\"2364\"><strong data-end=\"2397\" data-start=\"2364\">Kayganla\u015ft\u0131r\u0131c\u0131 \u0130le Kullan\u0131m:<\/strong><br data-end=\"2400\" data-start=\"2397\" \/><br \/>\n\tDaha <strong data-end=\"2419\" data-start=\"2407\">ger&ccedil;ek&ccedil;i<\/strong> ve <strong data-end=\"2444\" data-start=\"2423\">konforlu kullan\u0131m<\/strong> i&ccedil;in, kayganla\u015ft\u0131r\u0131c\u0131 jel kullan\u0131lmas\u0131 &ouml;nerilir. Bu, &uuml;r&uuml;n&uuml; daha kolay yerle\u015ftirmenizi sa\u011flar ve daha fazla zevk alman\u0131za yard\u0131mc\u0131 olur.<\/p>\n<\/li>\n<li data-end=\"2732\" data-start=\"2582\">\n<p data-end=\"2732\" data-start=\"2584\"><strong data-end=\"2605\" data-start=\"2584\">Ta\u015f\u0131ma Kolayl\u0131\u011f\u0131:<\/strong><br data-end=\"2608\" data-start=\"2605\" \/><br \/>\n\tFener tipi tasar\u0131m\u0131 sayesinde, <strong data-end=\"2665\" data-start=\"2641\">kolayca saklanabilir<\/strong> ve ta\u015f\u0131nabilir. Evde ya da seyahatlerde rahatl\u0131kla kullan\u0131labilir.<\/p>\n<\/li>\n<\/ul>\n<h3 data-end=\"2764\" data-start=\"2734\"><strong data-end=\"2764\" data-start=\"2738\">Neden Tercih Edilmeli?<\/strong><\/h3>\n<ul data-end=\"3473\" data-start=\"2766\">\n<li data-end=\"2907\" data-start=\"2766\">\n<p data-end=\"2907\" data-start=\"2768\"><strong data-end=\"2788\" data-start=\"2768\">Ger&ccedil;ek&ccedil;i Uyar\u0131m:<\/strong><br data-end=\"2791\" data-start=\"2788\" \/><br \/>\n\t<strong data-end=\"2814\" data-start=\"2793\">T\u0131rt\u0131kl\u0131 i&ccedil; t&uuml;nel<\/strong> yap\u0131s\u0131, her kullan\u0131c\u0131n\u0131n daha fazla uyar\u0131m almas\u0131n\u0131 sa\u011flayarak do\u011fal ve yo\u011fun bir his sunar.<\/p>\n<\/li>\n<li data-end=\"3137\" data-start=\"2909\">\n<p data-end=\"3137\" data-start=\"2911\"><strong data-end=\"2938\" data-start=\"2911\">7 Farkl\u0131 Titre\u015fim Modu:<\/strong><br data-end=\"2941\" data-start=\"2938\" \/><br \/>\n\t<strong data-end=\"2965\" data-start=\"2943\">Titre\u015fim yumurtas\u0131<\/strong> ile 7 farkl\u0131 titre\u015fim modu sunarak, kullan\u0131c\u0131lar\u0131n tercihlerine g&ouml;re &ouml;zelle\u015ftirilmi\u015f bir deneyim ya\u015fat\u0131r. Bu &ouml;zellik, s\u0131radan bir mast&uuml;rbat&ouml;rden &ccedil;ok daha fazlas\u0131n\u0131 sa\u011flar.<\/p>\n<\/li>\n<li data-end=\"3329\" data-start=\"3139\">\n<p data-end=\"3329\" data-start=\"3141\"><strong data-end=\"3171\" data-start=\"3141\">Kolay Temizlik ve Saklama:<\/strong><br data-end=\"3174\" data-start=\"3171\" \/><br \/>\n\tFener tipi tasar\u0131m, <strong data-end=\"3214\" data-start=\"3196\">kolay temizlik<\/strong> ve <strong data-end=\"3235\" data-start=\"3218\">gizli saklama<\/strong> imkan\u0131 sa\u011flar. Yumu\u015fak silikon malzeme ile &uuml;r&uuml;n hem sa\u011fl\u0131kl\u0131 hem de uzun s&uuml;re kullan\u0131labilir.<\/p>\n<\/li>\n<li data-end=\"3473\" data-start=\"3331\">\n<p data-end=\"3473\" data-start=\"3333\"><strong data-end=\"3365\" data-start=\"3333\">Zevkli ve Konforlu Kullan\u0131m:<\/strong><br data-end=\"3368\" data-start=\"3365\" \/><br \/>\n\tGer&ccedil;ek&ccedil;i yap\u0131s\u0131 ve esnek silikon malzemesi, her kullan\u0131mda konforlu ve tatmin edici bir deneyim sa\u011flar.<\/p>\n<\/li>\n<\/ul>\n<h3 data-end=\"3489\" data-start=\"3475\"><strong data-end=\"3489\" data-start=\"3479\">Sonu&ccedil;:<\/strong><\/h3>\n<p data-end=\"4056\" data-start=\"3491\"><strong data-end=\"3548\" data-start=\"3491\">Silikon Fener Tipi Titre\u015fimli Suni Vajina Mast&uuml;rbat&ouml;r<\/strong>, kullan\u0131c\u0131lara <strong data-end=\"3583\" data-start=\"3564\">ger&ccedil;ek&ccedil;i uyar\u0131m<\/strong> ve <strong data-end=\"3613\" data-start=\"3587\">m&uuml;kemmel zevk deneyimi<\/strong> sunar. 7 farkl\u0131 titre\u015fim modu, kullan\u0131c\u0131lar\u0131n ki\u015fisel tercihlerine hitap ederek deneyimlerini &ouml;zelle\u015ftirmelerine olanak tan\u0131r. Yumu\u015fak silikon dokusu, t\u0131rt\u0131kl\u0131 i&ccedil; yap\u0131s\u0131 ve kolay temizlenebilir fener tipi tasar\u0131m\u0131, &uuml;r&uuml;n&uuml; her y&ouml;n&uuml;yle kullan\u0131\u015fl\u0131 ve e\u011flenceli hale getirir. <strong data-end=\"3921\" data-start=\"3885\">Kayganla\u015ft\u0131r\u0131c\u0131 jel ile kullan\u0131m<\/strong> &ouml;nerilerek daha konforlu ve ger&ccedil;ek&ccedil;i bir deneyim sa\u011flan\u0131r. Bu &uuml;r&uuml;n, cinsel tatmin ve konfor arayan herkes i&ccedil;in m&uuml;kemmel bir tercihtir.<\/p>\n","protected":false},"excerpt":{"rendered":"<p><strong data-start=\"97\" data-end=\"154\">Silikon Fener Tipi Titre\u015fimli Suni Vajina Mast\u00fcrbat\u00f6r<\/strong>, y\u00fcksek kaliteli malzeme kullan\u0131m\u0131 ve ger\u00e7ek\u00e7i i\u00e7 tasar\u0131m\u0131 ile size benzersiz bir cinsel deneyim sunuyor. <strong data-start=\"261\" data-end=\"287\">Yumu\u015fak silikon dokusu<\/strong> ve <strong data-start=\"291\" data-end=\"319\">t\u0131rt\u0131kl\u0131 i\u00e7 t\u00fcnel yap\u0131s\u0131<\/strong>, her kullan\u0131mda m\u00fckemmel bir uyum ve yo\u011fun uyar\u0131m sa\u011flar. Fener tipi tasar\u0131m\u0131 sayesinde hem saklama hem de temizlik i\u015flemleri olduk\u00e7a basittir. Ayr\u0131ca, <strong data-start=\"472\" data-end=\"498\">7 farkl\u0131 titre\u015fim modu<\/strong> ile ki\u015fisel zevkinize g\u00f6re ayarlanabilir ve her an\u0131n\u0131z\u0131 daha \u00f6zel hale getirir.<\/p>\n","protected":false},"featured_media":18361,"comment_status":"open","ping_status":"closed","template":"","meta":[],"product_brand":[127],"product_cat":[94],"product_tag":[95],"class_list":{"0":"post-18300","1":"product","2":"type-product","3":"status-publish","4":"has-post-thumbnail","6":"product_brand-pembe-tilki","7":"product_cat-masturbatorler","8":"product_tag-silikon-fener-tipi-titresimli-suni-vajina-masturbator","10":"first","11":"instock","12":"taxable","13":"shipping-taxable","14":"purchasable","15":"product-type-simple"},"yoast_head":"<!-- This site is optimized with the Yoast SEO Premium plugin v24.4 (Yoast SEO v27.1.1) - https:\/\/yoast.com\/product\/yoast-seo-premium-wordpress\/ -->\n<title>Silikon Fener Tipi Titre\u015fimli Suni Vajina Mast\u00fcrbat\u00f6r - Bursa Erotik Shop<\/title>\n<meta name=\"robots\" content=\"index, follow, max-snippet:-1, max-image-preview:large, max-video-preview:-1\" \/>\n<link rel=\"canonical\" href=\"https:\/\/hobierotikshop.com.tr\/website1\/erotik-shop-urun\/silikon-fener-tipi-titresimli-suni-vajina-masturbator\/\" \/>\n<meta property=\"og:locale\" content=\"tr_TR\" \/>\n<meta property=\"og:type\" content=\"article\" \/>\n<meta property=\"og:title\" content=\"Silikon Fener Tipi Titre\u015fimli Suni Vajina Mast\u00fcrbat\u00f6r\" \/>\n<meta property=\"og:description\" content=\"Silikon Fener Tipi Titre\u015fimli Suni Vajina Mast\u00fcrbat\u00f6r, y\u00fcksek kaliteli malzeme kullan\u0131m\u0131 ve ger\u00e7ek\u00e7i i\u00e7 tasar\u0131m\u0131 ile size benzersiz bir cinsel deneyim sunuyor. Yumu\u015fak silikon dokusu ve t\u0131rt\u0131kl\u0131 i\u00e7 t\u00fcnel yap\u0131s\u0131, her kullan\u0131mda m\u00fckemmel bir uyum ve yo\u011fun uyar\u0131m sa\u011flar. Fener tipi tasar\u0131m\u0131 sayesinde hem saklama hem de temizlik i\u015flemleri olduk\u00e7a basittir. Ayr\u0131ca, 7 farkl\u0131 titre\u015fim modu ile ki\u015fisel zevkinize g\u00f6re ayarlanabilir ve her an\u0131n\u0131z\u0131 daha \u00f6zel hale getirir.\" \/>\n<meta property=\"og:url\" content=\"https:\/\/hobierotikshop.com.tr\/website1\/erotik-shop-urun\/silikon-fener-tipi-titresimli-suni-vajina-masturbator\/\" \/>\n<meta property=\"og:site_name\" content=\"Bursa Erotik Shop\" \/>\n<meta property=\"article:modified_time\" content=\"2026-01-27T09:03:05+00:00\" \/>\n<meta property=\"og:image\" content=\"https:\/\/hobierotikshop.com.tr\/website1\/wp-content\/uploads\/2025\/03\/silikon-fener-tipi-titresimli-suni-vajina-masturbator-1752-1.jpg\" \/>\n\t<meta property=\"og:image:width\" content=\"1500\" \/>\n\t<meta property=\"og:image:height\" content=\"1500\" \/>\n\t<meta property=\"og:image:type\" content=\"image\/jpeg\" \/>\n<meta name=\"twitter:card\" content=\"summary_large_image\" \/>\n<meta name=\"twitter:site\" content=\"@shopbursa\" \/>\n<meta name=\"twitter:label1\" content=\"Fiyat\" \/>\n\t<meta name=\"twitter:data1\" content=\"&#8378;1.500,00 KDV DAH\u0130L\" \/>\n\t<meta name=\"twitter:label2\" content=\"Availability\" \/>\n\t<meta name=\"twitter:data2\" content=\"In stock\" \/>\n<script type=\"application\/ld+json\" class=\"yoast-schema-graph\">{\"@context\":\"https:\/\/schema.org\",\"@graph\":[{\"@type\":\"WebPage\",\"@id\":\"https:\/\/hobierotikshop.com.tr\/website1\/erotik-shop-urun\/silikon-fener-tipi-titresimli-suni-vajina-masturbator\/\",\"url\":\"https:\/\/hobierotikshop.com.tr\/website1\/erotik-shop-urun\/silikon-fener-tipi-titresimli-suni-vajina-masturbator\/\",\"name\":\"Silikon Fener Tipi Titre\u015fimli Suni Vajina Mast\u00fcrbat\u00f6r - Bursa Erotik Shop\",\"isPartOf\":{\"@id\":\"https:\/\/hobierotikshop.com.tr\/website1\/#website\"},\"primaryImageOfPage\":{\"@id\":\"https:\/\/hobierotikshop.com.tr\/website1\/erotik-shop-urun\/silikon-fener-tipi-titresimli-suni-vajina-masturbator\/#primaryimage\"},\"image\":{\"@id\":\"https:\/\/hobierotikshop.com.tr\/website1\/erotik-shop-urun\/silikon-fener-tipi-titresimli-suni-vajina-masturbator\/#primaryimage\"},\"thumbnailUrl\":\"https:\/\/haremerotikshop.com\/site\/wp-content\/uploads\/2025\/03\/silikon-fener-tipi-titresimli-suni-vajina-masturbator-1752-1.jpg\",\"datePublished\":\"2025-03-17T09:14:31+00:00\",\"dateModified\":\"2026-01-27T09:03:05+00:00\",\"breadcrumb\":{\"@id\":\"https:\/\/hobierotikshop.com.tr\/website1\/erotik-shop-urun\/silikon-fener-tipi-titresimli-suni-vajina-masturbator\/#breadcrumb\"},\"inLanguage\":\"tr\",\"potentialAction\":[{\"@type\":\"ReadAction\",\"target\":[\"https:\/\/hobierotikshop.com.tr\/website1\/erotik-shop-urun\/silikon-fener-tipi-titresimli-suni-vajina-masturbator\/\"]}]},{\"@type\":\"ImageObject\",\"inLanguage\":\"tr\",\"@id\":\"https:\/\/hobierotikshop.com.tr\/website1\/erotik-shop-urun\/silikon-fener-tipi-titresimli-suni-vajina-masturbator\/#primaryimage\",\"url\":\"https:\/\/haremerotikshop.com\/site\/wp-content\/uploads\/2025\/03\/silikon-fener-tipi-titresimli-suni-vajina-masturbator-1752-1.jpg\",\"contentUrl\":\"https:\/\/haremerotikshop.com\/site\/wp-content\/uploads\/2025\/03\/silikon-fener-tipi-titresimli-suni-vajina-masturbator-1752-1.jpg\",\"width\":1500,\"height\":1500},{\"@type\":\"BreadcrumbList\",\"@id\":\"https:\/\/hobierotikshop.com.tr\/website1\/erotik-shop-urun\/silikon-fener-tipi-titresimli-suni-vajina-masturbator\/#breadcrumb\",\"itemListElement\":[{\"@type\":\"ListItem\",\"position\":1,\"name\":\"Anasayfa\",\"item\":\"https:\/\/hobierotikshop.com.tr\/website1\/\"},{\"@type\":\"ListItem\",\"position\":2,\"name\":\"Erotik Shop \u00dcr\u00fcnleri\",\"item\":\"https:\/\/hobierotikshop.com.tr\/website1\/shop\/\"},{\"@type\":\"ListItem\",\"position\":3,\"name\":\"Silikon Fener Tipi Titre\u015fimli Suni Vajina Mast\u00fcrbat\u00f6r\"}]},{\"@type\":\"WebSite\",\"@id\":\"https:\/\/hobierotikshop.com.tr\/website1\/#website\",\"url\":\"https:\/\/hobierotikshop.com.tr\/website1\/\",\"name\":\"Bursa Erotik Shop\",\"description\":\"Bursa Erotik Shop ile g\u00fcvenli, gizli ve kaliteli yeti\u015fkin \u00fcr\u00fcnleri al\u0131\u015fveri\u015fi! Geni\u015f \u00fcr\u00fcn yelpazemizi ke\u015ffedin, hemen sipari\u015f verin\",\"publisher\":{\"@id\":\"https:\/\/hobierotikshop.com.tr\/website1\/#organization\"},\"alternateName\":\"Erotik Shop\",\"potentialAction\":[{\"@type\":\"SearchAction\",\"target\":{\"@type\":\"EntryPoint\",\"urlTemplate\":\"https:\/\/hobierotikshop.com.tr\/website1\/?s={search_term_string}\"},\"query-input\":{\"@type\":\"PropertyValueSpecification\",\"valueRequired\":true,\"valueName\":\"search_term_string\"}}],\"inLanguage\":\"tr\"},{\"@type\":\"Organization\",\"@id\":\"https:\/\/hobierotikshop.com.tr\/website1\/#organization\",\"name\":\"Harem Bursa Erotik Shop\",\"url\":\"https:\/\/hobierotikshop.com.tr\/website1\/\",\"logo\":{\"@type\":\"ImageObject\",\"inLanguage\":\"tr\",\"@id\":\"https:\/\/hobierotikshop.com.tr\/website1\/#\/schema\/logo\/image\/\",\"url\":\"https:\/\/haremerotikshop.com\/wp-content\/uploads\/2025\/03\/haremsexshop.png\",\"contentUrl\":\"https:\/\/haremerotikshop.com\/wp-content\/uploads\/2025\/03\/haremsexshop.png\",\"width\":400,\"height\":100,\"caption\":\"Harem Bursa Erotik Shop\"},\"image\":{\"@id\":\"https:\/\/hobierotikshop.com.tr\/website1\/#\/schema\/logo\/image\/\"},\"sameAs\":[\"https:\/\/x.com\/shopbursa\"],\"publishingPrinciples\":\"https:\/\/hobierotikshop.com.tr\/website1\/mesafeli-satis-sozlesmesi\/\",\"ownershipFundingInfo\":\"https:\/\/hobierotikshop.com.tr\/website1\/contact-us\/\",\"actionableFeedbackPolicy\":\"https:\/\/hobierotikshop.com.tr\/website1\/contact-us\/\",\"correctionsPolicy\":\"https:\/\/hobierotikshop.com.tr\/website1\/mesafeli-satis-sozlesmesi\/\"}]}<\/script>\n<meta property=\"product:brand\" content=\"Pembe Tilki\" \/>\n<meta property=\"product:price:amount\" content=\"1500.00\" \/>\n<meta property=\"product:price:currency\" content=\"TRY\" \/>\n<meta property=\"og:availability\" content=\"instock\" \/>\n<meta property=\"product:availability\" content=\"instock\" \/>\n<meta property=\"product:retailer_item_id\" content=\"PT-VMXH001\" \/>\n<meta property=\"product:condition\" content=\"new\" \/>\n<!-- \/ Yoast SEO Premium plugin. -->","yoast_head_json":{"title":"Silikon Fener Tipi Titre\u015fimli Suni Vajina Mast\u00fcrbat\u00f6r - Bursa Erotik Shop","robots":{"index":"index","follow":"follow","max-snippet":"max-snippet:-1","max-image-preview":"max-image-preview:large","max-video-preview":"max-video-preview:-1"},"canonical":"https:\/\/hobierotikshop.com.tr\/website1\/erotik-shop-urun\/silikon-fener-tipi-titresimli-suni-vajina-masturbator\/","og_locale":"tr_TR","og_type":"article","og_title":"Silikon Fener Tipi Titre\u015fimli Suni Vajina Mast\u00fcrbat\u00f6r","og_description":"Silikon Fener Tipi Titre\u015fimli Suni Vajina Mast\u00fcrbat\u00f6r, y\u00fcksek kaliteli malzeme kullan\u0131m\u0131 ve ger\u00e7ek\u00e7i i\u00e7 tasar\u0131m\u0131 ile size benzersiz bir cinsel deneyim sunuyor. Yumu\u015fak silikon dokusu ve t\u0131rt\u0131kl\u0131 i\u00e7 t\u00fcnel yap\u0131s\u0131, her kullan\u0131mda m\u00fckemmel bir uyum ve yo\u011fun uyar\u0131m sa\u011flar. Fener tipi tasar\u0131m\u0131 sayesinde hem saklama hem de temizlik i\u015flemleri olduk\u00e7a basittir. Ayr\u0131ca, 7 farkl\u0131 titre\u015fim modu ile ki\u015fisel zevkinize g\u00f6re ayarlanabilir ve her an\u0131n\u0131z\u0131 daha \u00f6zel hale getirir.","og_url":"https:\/\/hobierotikshop.com.tr\/website1\/erotik-shop-urun\/silikon-fener-tipi-titresimli-suni-vajina-masturbator\/","og_site_name":"Bursa Erotik Shop","article_modified_time":"2026-01-27T09:03:05+00:00","og_image":[{"width":1500,"height":1500,"url":"https:\/\/hobierotikshop.com.tr\/website1\/wp-content\/uploads\/2025\/03\/silikon-fener-tipi-titresimli-suni-vajina-masturbator-1752-1.jpg","type":"image\/jpeg"}],"twitter_card":"summary_large_image","twitter_site":"@shopbursa","twitter_misc":{"Fiyat":"&#8378;1.500,00 KDV DAH\u0130L","Availability":"In stock"},"schema":{"@context":"https:\/\/schema.org","@graph":[{"@type":"WebPage","@id":"https:\/\/hobierotikshop.com.tr\/website1\/erotik-shop-urun\/silikon-fener-tipi-titresimli-suni-vajina-masturbator\/","url":"https:\/\/hobierotikshop.com.tr\/website1\/erotik-shop-urun\/silikon-fener-tipi-titresimli-suni-vajina-masturbator\/","name":"Silikon Fener Tipi Titre\u015fimli Suni Vajina Mast\u00fcrbat\u00f6r - Bursa Erotik Shop","isPartOf":{"@id":"https:\/\/hobierotikshop.com.tr\/website1\/#website"},"primaryImageOfPage":{"@id":"https:\/\/hobierotikshop.com.tr\/website1\/erotik-shop-urun\/silikon-fener-tipi-titresimli-suni-vajina-masturbator\/#primaryimage"},"image":{"@id":"https:\/\/hobierotikshop.com.tr\/website1\/erotik-shop-urun\/silikon-fener-tipi-titresimli-suni-vajina-masturbator\/#primaryimage"},"thumbnailUrl":"https:\/\/haremerotikshop.com\/site\/wp-content\/uploads\/2025\/03\/silikon-fener-tipi-titresimli-suni-vajina-masturbator-1752-1.jpg","datePublished":"2025-03-17T09:14:31+00:00","dateModified":"2026-01-27T09:03:05+00:00","breadcrumb":{"@id":"https:\/\/hobierotikshop.com.tr\/website1\/erotik-shop-urun\/silikon-fener-tipi-titresimli-suni-vajina-masturbator\/#breadcrumb"},"inLanguage":"tr","potentialAction":[{"@type":"ReadAction","target":["https:\/\/hobierotikshop.com.tr\/website1\/erotik-shop-urun\/silikon-fener-tipi-titresimli-suni-vajina-masturbator\/"]}]},{"@type":"ImageObject","inLanguage":"tr","@id":"https:\/\/hobierotikshop.com.tr\/website1\/erotik-shop-urun\/silikon-fener-tipi-titresimli-suni-vajina-masturbator\/#primaryimage","url":"https:\/\/haremerotikshop.com\/site\/wp-content\/uploads\/2025\/03\/silikon-fener-tipi-titresimli-suni-vajina-masturbator-1752-1.jpg","contentUrl":"https:\/\/haremerotikshop.com\/site\/wp-content\/uploads\/2025\/03\/silikon-fener-tipi-titresimli-suni-vajina-masturbator-1752-1.jpg","width":1500,"height":1500},{"@type":"BreadcrumbList","@id":"https:\/\/hobierotikshop.com.tr\/website1\/erotik-shop-urun\/silikon-fener-tipi-titresimli-suni-vajina-masturbator\/#breadcrumb","itemListElement":[{"@type":"ListItem","position":1,"name":"Anasayfa","item":"https:\/\/hobierotikshop.com.tr\/website1\/"},{"@type":"ListItem","position":2,"name":"Erotik Shop \u00dcr\u00fcnleri","item":"https:\/\/hobierotikshop.com.tr\/website1\/shop\/"},{"@type":"ListItem","position":3,"name":"Silikon Fener Tipi Titre\u015fimli Suni Vajina Mast\u00fcrbat\u00f6r"}]},{"@type":"WebSite","@id":"https:\/\/hobierotikshop.com.tr\/website1\/#website","url":"https:\/\/hobierotikshop.com.tr\/website1\/","name":"Bursa Erotik Shop","description":"Bursa Erotik Shop ile g\u00fcvenli, gizli ve kaliteli yeti\u015fkin \u00fcr\u00fcnleri al\u0131\u015fveri\u015fi! Geni\u015f \u00fcr\u00fcn yelpazemizi ke\u015ffedin, hemen sipari\u015f verin","publisher":{"@id":"https:\/\/hobierotikshop.com.tr\/website1\/#organization"},"alternateName":"Erotik Shop","potentialAction":[{"@type":"SearchAction","target":{"@type":"EntryPoint","urlTemplate":"https:\/\/hobierotikshop.com.tr\/website1\/?s={search_term_string}"},"query-input":{"@type":"PropertyValueSpecification","valueRequired":true,"valueName":"search_term_string"}}],"inLanguage":"tr"},{"@type":"Organization","@id":"https:\/\/hobierotikshop.com.tr\/website1\/#organization","name":"Harem Bursa Erotik Shop","url":"https:\/\/hobierotikshop.com.tr\/website1\/","logo":{"@type":"ImageObject","inLanguage":"tr","@id":"https:\/\/hobierotikshop.com.tr\/website1\/#\/schema\/logo\/image\/","url":"https:\/\/haremerotikshop.com\/wp-content\/uploads\/2025\/03\/haremsexshop.png","contentUrl":"https:\/\/haremerotikshop.com\/wp-content\/uploads\/2025\/03\/haremsexshop.png","width":400,"height":100,"caption":"Harem Bursa Erotik Shop"},"image":{"@id":"https:\/\/hobierotikshop.com.tr\/website1\/#\/schema\/logo\/image\/"},"sameAs":["https:\/\/x.com\/shopbursa"],"publishingPrinciples":"https:\/\/hobierotikshop.com.tr\/website1\/mesafeli-satis-sozlesmesi\/","ownershipFundingInfo":"https:\/\/hobierotikshop.com.tr\/website1\/contact-us\/","actionableFeedbackPolicy":"https:\/\/hobierotikshop.com.tr\/website1\/contact-us\/","correctionsPolicy":"https:\/\/hobierotikshop.com.tr\/website1\/mesafeli-satis-sozlesmesi\/"}]},"product_brand":"Pembe Tilki","product_price_amount":"1500.00","product_price_currency":"TRY","og_availability":"instock","product_availability":"instock","product_retailer_item_id":"PT-VMXH001","product_condition":"new"},"_links":{"self":[{"href":"https:\/\/haremerotikshop.com\/site\/wp-json\/wp\/v2\/product\/18300","targetHints":{"allow":["GET"]}}],"collection":[{"href":"https:\/\/haremerotikshop.com\/site\/wp-json\/wp\/v2\/product"}],"about":[{"href":"https:\/\/haremerotikshop.com\/site\/wp-json\/wp\/v2\/types\/product"}],"replies":[{"embeddable":true,"href":"https:\/\/haremerotikshop.com\/site\/wp-json\/wp\/v2\/comments?post=18300"}],"version-history":[{"count":0,"href":"https:\/\/haremerotikshop.com\/site\/wp-json\/wp\/v2\/product\/18300\/revisions"}],"wp:featuredmedia":[{"embeddable":true,"href":"https:\/\/haremerotikshop.com\/site\/wp-json\/wp\/v2\/media\/18361"}],"wp:attachment":[{"href":"https:\/\/haremerotikshop.com\/site\/wp-json\/wp\/v2\/media?parent=18300"}],"wp:term":[{"taxonomy":"product_brand","embeddable":true,"href":"https:\/\/haremerotikshop.com\/site\/wp-json\/wp\/v2\/product_brand?post=18300"},{"taxonomy":"product_cat","embeddable":true,"href":"https:\/\/haremerotikshop.com\/site\/wp-json\/wp\/v2\/product_cat?post=18300"},{"taxonomy":"product_tag","embeddable":true,"href":"https:\/\/haremerotikshop.com\/site\/wp-json\/wp\/v2\/product_tag?post=18300"}],"curies":[{"name":"wp","href":"https:\/\/api.w.org\/{rel}","templated":true}]}}