{"id":18319,"date":"2025-03-17T12:14:34","date_gmt":"2025-03-17T09:14:34","guid":{"rendered":"https:\/\/haremerotikshop.com\/site\/?post_type=product&#038;p=18319"},"modified":"2026-01-27T11:52:05","modified_gmt":"2026-01-27T08:52:05","slug":"kegel-topu-seti","status":"publish","type":"product","link":"https:\/\/haremerotikshop.com\/site\/erotik-shop-urun\/kegel-topu-seti\/","title":{"rendered":"Kegel Topu Seti"},"content":{"rendered":"<h3 class=\"\" data-start=\"0\" data-end=\"88\"><strong data-start=\"4\" data-end=\"88\">Kegel Topu Seti \u2013 Pelvik Taban Kaslar\u0131n\u0131 G\u00fc\u00e7lendirin, Cinsel Sa\u011fl\u0131\u011f\u0131 Destekleyin<\/strong><\/h3>\n<p class=\"\" data-start=\"90\" data-end=\"574\"><strong data-start=\"90\" data-end=\"109\">Kegel Topu Seti<\/strong>, pelvik taban kaslar\u0131n\u0131 g\u00fc\u00e7lendirmek, cinsel sa\u011fl\u0131\u011f\u0131 art\u0131rmak ve zevki yo\u011funla\u015ft\u0131rmak amac\u0131yla tasarlanm\u0131\u015f m\u00fckemmel bir \u00fcr\u00fcnd\u00fcr. Bu set, farkl\u0131 deneyim seviyelerine ve ihtiya\u00e7lara g\u00f6re \u00e7e\u015fitlendirilmi\u015f <strong data-start=\"312\" data-end=\"345\">tekli ve \u00e7iftli kegel toplar\u0131<\/strong> i\u00e7erir. D\u00fczenli kullan\u0131mda pelvik taban kaslar\u0131n\u0131z\u0131 g\u00fc\u00e7lendirebilir, cinsel sa\u011fl\u0131\u011f\u0131n\u0131z\u0131 iyile\u015ftirebilir ve genel ya\u015fam kalitenizi art\u0131rabilirsiniz. Hem yeni ba\u015flayanlar hem de deneyimli kullan\u0131c\u0131lar i\u00e7in ideal bir se\u00e7enek sunar.<\/p>\n<h3 class=\"\" data-start=\"576\" data-end=\"601\"><strong data-start=\"580\" data-end=\"601\">\u00dcr\u00fcn \u00d6zellikleri:<\/strong><\/h3>\n<ul data-start=\"603\" data-end=\"1663\">\n<li class=\"\" data-start=\"603\" data-end=\"780\">\n<p class=\"\" data-start=\"605\" data-end=\"780\"><strong data-start=\"605\" data-end=\"633\">Y\u00fcksek Kaliteli Malzeme:<\/strong> Kegel topu seti, cildinizle uyumlu, kaliteli ve dayan\u0131kl\u0131 malzemelerden \u00fcretilmi\u015ftir. Sa\u011fl\u0131k a\u00e7\u0131s\u0131ndan g\u00fcvenli ve uzun \u00f6m\u00fcrl\u00fc bir kullan\u0131m sa\u011flar.<\/p>\n<\/li>\n<li class=\"\" data-start=\"784\" data-end=\"1247\">\n<p class=\"\" data-start=\"786\" data-end=\"816\"><strong data-start=\"786\" data-end=\"815\">Farkl\u0131 Boyut Se\u00e7enekleri:<\/strong><\/p>\n<ul data-start=\"819\" data-end=\"1247\">\n<li class=\"\" data-start=\"819\" data-end=\"987\">\n<p class=\"\" data-start=\"821\" data-end=\"987\"><strong data-start=\"821\" data-end=\"842\">Tekli Kegel Topu:<\/strong> 12 cm uzunlu\u011funda, 3,5 cm \u00e7ap\u0131nda ve 40 gr a\u011f\u0131rl\u0131\u011f\u0131ndad\u0131r. Yeni ba\u015flayanlar i\u00e7in uygun olan bu top, pelvik kaslar\u0131 nazik bir \u015fekilde \u00e7al\u0131\u015ft\u0131r\u0131r.<\/p>\n<\/li>\n<li class=\"\" data-start=\"990\" data-end=\"1247\">\n<p class=\"\" data-start=\"992\" data-end=\"1018\"><strong data-start=\"992\" data-end=\"1017\">\u00c7iftli Kegel Toplar\u0131:<\/strong><\/p>\n<ul data-start=\"1023\" data-end=\"1247\">\n<li class=\"\" data-start=\"1023\" data-end=\"1099\">\n<p class=\"\" data-start=\"1025\" data-end=\"1099\">\u0130lk \u00e7iftli top, 16 cm uzunlu\u011funda ve 2,8 cm \u00e7ap\u0131nda, 57 gr a\u011f\u0131rl\u0131\u011f\u0131ndad\u0131r.<\/p>\n<\/li>\n<li class=\"\" data-start=\"1104\" data-end=\"1247\">\n<p class=\"\" data-start=\"1106\" data-end=\"1247\">Di\u011fer \u00e7iftli top ise 16 cm uzunlu\u011funda, 3 cm \u00e7ap\u0131nda ve 65,5 gr a\u011f\u0131rl\u0131\u011f\u0131ndad\u0131r. \u0130leri seviyedeki kullan\u0131c\u0131lar i\u00e7in m\u00fckemmel se\u00e7enekler sunar.<\/p>\n<\/li>\n<\/ul>\n<\/li>\n<\/ul>\n<\/li>\n<li class=\"\" data-start=\"1249\" data-end=\"1449\">\n<p class=\"\" data-start=\"1251\" data-end=\"1449\"><strong data-start=\"1251\" data-end=\"1273\">Esnek ve Hijyenik:<\/strong> Kegel toplar\u0131n\u0131n esnek yap\u0131s\u0131 sayesinde kullan\u0131m s\u0131ras\u0131nda rahatl\u0131k sa\u011flar. Ayn\u0131 zamanda, hijyenik \u00f6zellikleri sayesinde kolayca temizlenebilir ve sa\u011fl\u0131kl\u0131 bir kullan\u0131m sunar.<\/p>\n<\/li>\n<li class=\"\" data-start=\"1451\" data-end=\"1663\">\n<p class=\"\" data-start=\"1453\" data-end=\"1663\"><strong data-start=\"1453\" data-end=\"1484\">\u00c7iftli Tasar\u0131m Se\u00e7enekleri:<\/strong> \u00c7iftli kegel toplar\u0131, farkl\u0131 boyutlar\u0131 ve a\u011f\u0131rl\u0131klar\u0131 ile kullan\u0131c\u0131n\u0131n ihtiyac\u0131na uygun esneklik sa\u011flar. Hem yeni ba\u015flayanlar hem de deneyimli kullan\u0131c\u0131lar i\u00e7in se\u00e7enekler sunar.<\/p>\n<\/li>\n<\/ul>\n<h3 class=\"\" data-start=\"1665\" data-end=\"1688\"><strong data-start=\"1669\" data-end=\"1688\">\u00dcr\u00fcn Faydalar\u0131:<\/strong><\/h3>\n<ol data-start=\"1690\" data-end=\"2847\">\n<li class=\"\" data-start=\"1690\" data-end=\"1887\">\n<p class=\"\" data-start=\"1693\" data-end=\"1887\"><strong data-start=\"1693\" data-end=\"1732\">Pelvik Taban Kaslar\u0131n\u0131 G\u00fc\u00e7lendirir:<\/strong> D\u00fczenli kullan\u0131m, pelvik taban kaslar\u0131n\u0131 g\u00fc\u00e7lendirir ve idrar ka\u00e7\u0131rma sorunlar\u0131n\u0131 azaltabilir. Bu kaslar, do\u011fum sonras\u0131 iyile\u015fme s\u00fcrecine de katk\u0131 sa\u011flar.<\/p>\n<\/li>\n<li class=\"\" data-start=\"1889\" data-end=\"2093\">\n<p class=\"\" data-start=\"1892\" data-end=\"2093\"><strong data-start=\"1892\" data-end=\"1927\">Cinsel Sa\u011fl\u0131k ve Zevki Art\u0131r\u0131r:<\/strong> G\u00fc\u00e7l\u00fc pelvik kaslar, cinsel sa\u011fl\u0131\u011f\u0131 art\u0131r\u0131r ve orgazm \u015fiddetini y\u00fckseltebilir. Daha sa\u011fl\u0131kl\u0131 bir cinsel ya\u015fam ve daha tatmin edici deneyimler i\u00e7in ideal bir \u00fcr\u00fcnd\u00fcr.<\/p>\n<\/li>\n<li class=\"\" data-start=\"2095\" data-end=\"2377\">\n<p class=\"\" data-start=\"2098\" data-end=\"2377\"><strong data-start=\"2098\" data-end=\"2150\">\u0130leri Seviye Kullan\u0131c\u0131lar \u0130\u00e7in Uygun Se\u00e7enekler:<\/strong> \u00c7iftli kegel toplar\u0131ndaki farkl\u0131 boyutlar, kullan\u0131c\u0131lar\u0131n kendi ihtiya\u00e7lar\u0131na g\u00f6re daha fazla zorluk seviyesini benimsemelerini sa\u011flar. Bu sayede kullan\u0131c\u0131n\u0131n deneyim seviyesi artt\u0131k\u00e7a daha verimli bir g\u00fc\u00e7lenme s\u00fcreci ya\u015fan\u0131r.<\/p>\n<\/li>\n<li class=\"\" data-start=\"2379\" data-end=\"2592\">\n<p class=\"\" data-start=\"2382\" data-end=\"2592\"><strong data-start=\"2382\" data-end=\"2413\">Kolay Kullan\u0131m ve Temizlik:<\/strong> Kegel topunun esnek yap\u0131s\u0131, kolayca tak\u0131p \u00e7\u0131kar\u0131lmas\u0131n\u0131 sa\u011flar. Ayr\u0131ca, hijyen a\u00e7\u0131s\u0131ndan son derece kolay temizlenebilir, bu da uzun s\u00fcreli kullan\u0131mda sa\u011fl\u0131kl\u0131 bir deneyim sunar.<\/p>\n<\/li>\n<li class=\"\" data-start=\"2594\" data-end=\"2847\">\n<p class=\"\" data-start=\"2597\" data-end=\"2847\"><strong data-start=\"2597\" data-end=\"2649\">Farkl\u0131 Se\u00e7eneklerle \u0130htiyac\u0131n\u0131za Uygun Kullan\u0131m:<\/strong> Tekli ve \u00e7iftli kegel toplar\u0131n\u0131n farkl\u0131 boyut ve a\u011f\u0131rl\u0131k se\u00e7enekleri, ihtiyac\u0131n\u0131za g\u00f6re en uygun olan\u0131 se\u00e7me f\u0131rsat\u0131 sunar. Bu \u00e7e\u015fitlilik, \u00fcr\u00fcn\u00fcn herkes i\u00e7in eri\u015filebilir ve etkili olmas\u0131n\u0131 sa\u011flar.<\/p>\n<\/li>\n<\/ol>\n<h3 class=\"\" data-start=\"2849\" data-end=\"2907\"><strong data-start=\"2853\" data-end=\"2907\">Kegel Topu Seti ile Cinsel Sa\u011fl\u0131\u011f\u0131n\u0131z\u0131 Destekleyin<\/strong><\/h3>\n<p class=\"\" data-start=\"2909\" data-end=\"3344\"><strong data-start=\"2909\" data-end=\"2928\">Kegel Topu Seti<\/strong>, sadece pelvik taban kaslar\u0131n\u0131 g\u00fc\u00e7lendirmekle kalmaz, ayn\u0131 zamanda cinsel sa\u011fl\u0131\u011f\u0131n\u0131z\u0131 da art\u0131r\u0131r. \u0130ster yeni ba\u015flayan, ister deneyimli bir kullan\u0131c\u0131 olun, setin sundu\u011fu farkl\u0131 boyut ve a\u011f\u0131rl\u0131k se\u00e7enekleri sayesinde <strong data-start=\"3144\" data-end=\"3171\">ki\u015fisel ihtiya\u00e7lar\u0131n\u0131za<\/strong> en uygun \u00e7\u00f6z\u00fcm\u00fc bulabilirsiniz. Cinsel sa\u011fl\u0131\u011f\u0131n\u0131z \u00fczerinde kal\u0131c\u0131 etkiler yaratmak ve daha tatmin edici bir deneyim ya\u015famak i\u00e7in <strong data-start=\"3301\" data-end=\"3320\">Kegel Topu Seti<\/strong> m\u00fckemmel bir tercihtir.<\/p>\n","protected":false},"excerpt":{"rendered":"<p><strong data-start=\"90\" data-end=\"109\">Kegel Topu Seti<\/strong>, pelvik taban kaslar\u0131n\u0131 g\u00fc\u00e7lendirmek, cinsel sa\u011fl\u0131\u011f\u0131 art\u0131rmak ve zevki yo\u011funla\u015ft\u0131rmak amac\u0131yla tasarlanm\u0131\u015f m\u00fckemmel bir \u00fcr\u00fcnd\u00fcr. Bu set, farkl\u0131 deneyim seviyelerine ve ihtiya\u00e7lara g\u00f6re \u00e7e\u015fitlendirilmi\u015f <strong data-start=\"312\" data-end=\"345\">tekli ve \u00e7iftli kegel toplar\u0131<\/strong> i\u00e7erir. D\u00fczenli kullan\u0131mda pelvik taban kaslar\u0131n\u0131z\u0131 g\u00fc\u00e7lendirebilir, cinsel sa\u011fl\u0131\u011f\u0131n\u0131z\u0131 iyile\u015ftirebilir ve genel ya\u015fam kalitenizi art\u0131rabilirsiniz. Hem yeni ba\u015flayanlar hem de deneyimli kullan\u0131c\u0131lar i\u00e7in ideal bir se\u00e7enek sunar.<\/p>\n","protected":false},"featured_media":18459,"comment_status":"open","ping_status":"closed","template":"","meta":[],"product_brand":[127],"product_cat":[88],"product_tag":[118],"class_list":{"0":"post-18319","1":"product","2":"type-product","3":"status-publish","4":"has-post-thumbnail","6":"product_brand-pembe-tilki","7":"product_cat-anal-urun","8":"product_tag-kegel-topu-seti","10":"first","11":"instock","12":"taxable","13":"shipping-taxable","14":"purchasable","15":"product-type-simple"},"yoast_head":"<!-- This site is optimized with the Yoast SEO Premium plugin v24.4 (Yoast SEO v27.1.1) - https:\/\/yoast.com\/product\/yoast-seo-premium-wordpress\/ -->\n<title>Kegel Topu Seti - Bursa Erotik Shop<\/title>\n<meta name=\"robots\" content=\"index, follow, max-snippet:-1, max-image-preview:large, max-video-preview:-1\" \/>\n<link rel=\"canonical\" href=\"https:\/\/hobierotikshop.com.tr\/website1\/erotik-shop-urun\/kegel-topu-seti\/\" \/>\n<meta property=\"og:locale\" content=\"tr_TR\" \/>\n<meta property=\"og:type\" content=\"article\" \/>\n<meta property=\"og:title\" content=\"Kegel Topu Seti\" \/>\n<meta property=\"og:description\" content=\"Kegel Topu Seti, pelvik taban kaslar\u0131n\u0131 g\u00fc\u00e7lendirmek, cinsel sa\u011fl\u0131\u011f\u0131 art\u0131rmak ve zevki yo\u011funla\u015ft\u0131rmak amac\u0131yla tasarlanm\u0131\u015f m\u00fckemmel bir \u00fcr\u00fcnd\u00fcr. Bu set, farkl\u0131 deneyim seviyelerine ve ihtiya\u00e7lara g\u00f6re \u00e7e\u015fitlendirilmi\u015f tekli ve \u00e7iftli kegel toplar\u0131 i\u00e7erir. D\u00fczenli kullan\u0131mda pelvik taban kaslar\u0131n\u0131z\u0131 g\u00fc\u00e7lendirebilir, cinsel sa\u011fl\u0131\u011f\u0131n\u0131z\u0131 iyile\u015ftirebilir ve genel ya\u015fam kalitenizi art\u0131rabilirsiniz. Hem yeni ba\u015flayanlar hem de deneyimli kullan\u0131c\u0131lar i\u00e7in ideal bir se\u00e7enek sunar.\" \/>\n<meta property=\"og:url\" content=\"https:\/\/hobierotikshop.com.tr\/website1\/erotik-shop-urun\/kegel-topu-seti\/\" \/>\n<meta property=\"og:site_name\" content=\"Bursa Erotik Shop\" \/>\n<meta property=\"article:modified_time\" content=\"2026-01-27T08:52:05+00:00\" \/>\n<meta property=\"og:image\" content=\"https:\/\/hobierotikshop.com.tr\/website1\/wp-content\/uploads\/2025\/03\/kegel-topu-seti-1760-1.jpg\" \/>\n\t<meta property=\"og:image:width\" content=\"1500\" \/>\n\t<meta property=\"og:image:height\" content=\"1500\" \/>\n\t<meta property=\"og:image:type\" content=\"image\/jpeg\" \/>\n<meta name=\"twitter:card\" content=\"summary_large_image\" \/>\n<meta name=\"twitter:site\" content=\"@shopbursa\" \/>\n<meta name=\"twitter:label1\" content=\"Fiyat\" \/>\n\t<meta name=\"twitter:data1\" content=\"&#8378;1.000,00 KDV DAH\u0130L\" \/>\n\t<meta name=\"twitter:label2\" content=\"Availability\" \/>\n\t<meta name=\"twitter:data2\" content=\"In stock\" \/>\n<script type=\"application\/ld+json\" class=\"yoast-schema-graph\">{\"@context\":\"https:\/\/schema.org\",\"@graph\":[{\"@type\":\"WebPage\",\"@id\":\"https:\/\/hobierotikshop.com.tr\/website1\/erotik-shop-urun\/kegel-topu-seti\/\",\"url\":\"https:\/\/hobierotikshop.com.tr\/website1\/erotik-shop-urun\/kegel-topu-seti\/\",\"name\":\"Kegel Topu Seti - Bursa Erotik Shop\",\"isPartOf\":{\"@id\":\"https:\/\/hobierotikshop.com.tr\/website1\/#website\"},\"primaryImageOfPage\":{\"@id\":\"https:\/\/hobierotikshop.com.tr\/website1\/erotik-shop-urun\/kegel-topu-seti\/#primaryimage\"},\"image\":{\"@id\":\"https:\/\/hobierotikshop.com.tr\/website1\/erotik-shop-urun\/kegel-topu-seti\/#primaryimage\"},\"thumbnailUrl\":\"https:\/\/haremerotikshop.com\/site\/wp-content\/uploads\/2025\/03\/kegel-topu-seti-1760-1.jpg\",\"datePublished\":\"2025-03-17T09:14:34+00:00\",\"dateModified\":\"2026-01-27T08:52:05+00:00\",\"breadcrumb\":{\"@id\":\"https:\/\/hobierotikshop.com.tr\/website1\/erotik-shop-urun\/kegel-topu-seti\/#breadcrumb\"},\"inLanguage\":\"tr\",\"potentialAction\":[{\"@type\":\"ReadAction\",\"target\":[\"https:\/\/hobierotikshop.com.tr\/website1\/erotik-shop-urun\/kegel-topu-seti\/\"]}]},{\"@type\":\"ImageObject\",\"inLanguage\":\"tr\",\"@id\":\"https:\/\/hobierotikshop.com.tr\/website1\/erotik-shop-urun\/kegel-topu-seti\/#primaryimage\",\"url\":\"https:\/\/haremerotikshop.com\/site\/wp-content\/uploads\/2025\/03\/kegel-topu-seti-1760-1.jpg\",\"contentUrl\":\"https:\/\/haremerotikshop.com\/site\/wp-content\/uploads\/2025\/03\/kegel-topu-seti-1760-1.jpg\",\"width\":1500,\"height\":1500},{\"@type\":\"BreadcrumbList\",\"@id\":\"https:\/\/hobierotikshop.com.tr\/website1\/erotik-shop-urun\/kegel-topu-seti\/#breadcrumb\",\"itemListElement\":[{\"@type\":\"ListItem\",\"position\":1,\"name\":\"Anasayfa\",\"item\":\"https:\/\/hobierotikshop.com.tr\/website1\/\"},{\"@type\":\"ListItem\",\"position\":2,\"name\":\"Erotik Shop \u00dcr\u00fcnleri\",\"item\":\"https:\/\/hobierotikshop.com.tr\/website1\/shop\/\"},{\"@type\":\"ListItem\",\"position\":3,\"name\":\"Kegel Topu Seti\"}]},{\"@type\":\"WebSite\",\"@id\":\"https:\/\/hobierotikshop.com.tr\/website1\/#website\",\"url\":\"https:\/\/hobierotikshop.com.tr\/website1\/\",\"name\":\"Bursa Erotik Shop\",\"description\":\"Bursa Erotik Shop ile g\u00fcvenli, gizli ve kaliteli yeti\u015fkin \u00fcr\u00fcnleri al\u0131\u015fveri\u015fi! Geni\u015f \u00fcr\u00fcn yelpazemizi ke\u015ffedin, hemen sipari\u015f verin\",\"publisher\":{\"@id\":\"https:\/\/hobierotikshop.com.tr\/website1\/#organization\"},\"alternateName\":\"Erotik Shop\",\"potentialAction\":[{\"@type\":\"SearchAction\",\"target\":{\"@type\":\"EntryPoint\",\"urlTemplate\":\"https:\/\/hobierotikshop.com.tr\/website1\/?s={search_term_string}\"},\"query-input\":{\"@type\":\"PropertyValueSpecification\",\"valueRequired\":true,\"valueName\":\"search_term_string\"}}],\"inLanguage\":\"tr\"},{\"@type\":\"Organization\",\"@id\":\"https:\/\/hobierotikshop.com.tr\/website1\/#organization\",\"name\":\"Harem Bursa Erotik Shop\",\"url\":\"https:\/\/hobierotikshop.com.tr\/website1\/\",\"logo\":{\"@type\":\"ImageObject\",\"inLanguage\":\"tr\",\"@id\":\"https:\/\/hobierotikshop.com.tr\/website1\/#\/schema\/logo\/image\/\",\"url\":\"https:\/\/haremerotikshop.com\/wp-content\/uploads\/2025\/03\/haremsexshop.png\",\"contentUrl\":\"https:\/\/haremerotikshop.com\/wp-content\/uploads\/2025\/03\/haremsexshop.png\",\"width\":400,\"height\":100,\"caption\":\"Harem Bursa Erotik Shop\"},\"image\":{\"@id\":\"https:\/\/hobierotikshop.com.tr\/website1\/#\/schema\/logo\/image\/\"},\"sameAs\":[\"https:\/\/x.com\/shopbursa\"],\"publishingPrinciples\":\"https:\/\/hobierotikshop.com.tr\/website1\/mesafeli-satis-sozlesmesi\/\",\"ownershipFundingInfo\":\"https:\/\/hobierotikshop.com.tr\/website1\/contact-us\/\",\"actionableFeedbackPolicy\":\"https:\/\/hobierotikshop.com.tr\/website1\/contact-us\/\",\"correctionsPolicy\":\"https:\/\/hobierotikshop.com.tr\/website1\/mesafeli-satis-sozlesmesi\/\"}]}<\/script>\n<meta property=\"product:brand\" content=\"Pembe Tilki\" \/>\n<meta property=\"product:price:amount\" content=\"1000.00\" \/>\n<meta property=\"product:price:currency\" content=\"TRY\" \/>\n<meta property=\"og:availability\" content=\"instock\" \/>\n<meta property=\"product:availability\" content=\"instock\" \/>\n<meta property=\"product:retailer_item_id\" content=\"PT-ANXE015\" \/>\n<meta property=\"product:condition\" content=\"new\" \/>\n<!-- \/ Yoast SEO Premium plugin. -->","yoast_head_json":{"title":"Kegel Topu Seti - Bursa Erotik Shop","robots":{"index":"index","follow":"follow","max-snippet":"max-snippet:-1","max-image-preview":"max-image-preview:large","max-video-preview":"max-video-preview:-1"},"canonical":"https:\/\/hobierotikshop.com.tr\/website1\/erotik-shop-urun\/kegel-topu-seti\/","og_locale":"tr_TR","og_type":"article","og_title":"Kegel Topu Seti","og_description":"Kegel Topu Seti, pelvik taban kaslar\u0131n\u0131 g\u00fc\u00e7lendirmek, cinsel sa\u011fl\u0131\u011f\u0131 art\u0131rmak ve zevki yo\u011funla\u015ft\u0131rmak amac\u0131yla tasarlanm\u0131\u015f m\u00fckemmel bir \u00fcr\u00fcnd\u00fcr. Bu set, farkl\u0131 deneyim seviyelerine ve ihtiya\u00e7lara g\u00f6re \u00e7e\u015fitlendirilmi\u015f tekli ve \u00e7iftli kegel toplar\u0131 i\u00e7erir. D\u00fczenli kullan\u0131mda pelvik taban kaslar\u0131n\u0131z\u0131 g\u00fc\u00e7lendirebilir, cinsel sa\u011fl\u0131\u011f\u0131n\u0131z\u0131 iyile\u015ftirebilir ve genel ya\u015fam kalitenizi art\u0131rabilirsiniz. Hem yeni ba\u015flayanlar hem de deneyimli kullan\u0131c\u0131lar i\u00e7in ideal bir se\u00e7enek sunar.","og_url":"https:\/\/hobierotikshop.com.tr\/website1\/erotik-shop-urun\/kegel-topu-seti\/","og_site_name":"Bursa Erotik Shop","article_modified_time":"2026-01-27T08:52:05+00:00","og_image":[{"width":1500,"height":1500,"url":"https:\/\/hobierotikshop.com.tr\/website1\/wp-content\/uploads\/2025\/03\/kegel-topu-seti-1760-1.jpg","type":"image\/jpeg"}],"twitter_card":"summary_large_image","twitter_site":"@shopbursa","twitter_misc":{"Fiyat":"&#8378;1.000,00 KDV DAH\u0130L","Availability":"In stock"},"schema":{"@context":"https:\/\/schema.org","@graph":[{"@type":"WebPage","@id":"https:\/\/hobierotikshop.com.tr\/website1\/erotik-shop-urun\/kegel-topu-seti\/","url":"https:\/\/hobierotikshop.com.tr\/website1\/erotik-shop-urun\/kegel-topu-seti\/","name":"Kegel Topu Seti - Bursa Erotik Shop","isPartOf":{"@id":"https:\/\/hobierotikshop.com.tr\/website1\/#website"},"primaryImageOfPage":{"@id":"https:\/\/hobierotikshop.com.tr\/website1\/erotik-shop-urun\/kegel-topu-seti\/#primaryimage"},"image":{"@id":"https:\/\/hobierotikshop.com.tr\/website1\/erotik-shop-urun\/kegel-topu-seti\/#primaryimage"},"thumbnailUrl":"https:\/\/haremerotikshop.com\/site\/wp-content\/uploads\/2025\/03\/kegel-topu-seti-1760-1.jpg","datePublished":"2025-03-17T09:14:34+00:00","dateModified":"2026-01-27T08:52:05+00:00","breadcrumb":{"@id":"https:\/\/hobierotikshop.com.tr\/website1\/erotik-shop-urun\/kegel-topu-seti\/#breadcrumb"},"inLanguage":"tr","potentialAction":[{"@type":"ReadAction","target":["https:\/\/hobierotikshop.com.tr\/website1\/erotik-shop-urun\/kegel-topu-seti\/"]}]},{"@type":"ImageObject","inLanguage":"tr","@id":"https:\/\/hobierotikshop.com.tr\/website1\/erotik-shop-urun\/kegel-topu-seti\/#primaryimage","url":"https:\/\/haremerotikshop.com\/site\/wp-content\/uploads\/2025\/03\/kegel-topu-seti-1760-1.jpg","contentUrl":"https:\/\/haremerotikshop.com\/site\/wp-content\/uploads\/2025\/03\/kegel-topu-seti-1760-1.jpg","width":1500,"height":1500},{"@type":"BreadcrumbList","@id":"https:\/\/hobierotikshop.com.tr\/website1\/erotik-shop-urun\/kegel-topu-seti\/#breadcrumb","itemListElement":[{"@type":"ListItem","position":1,"name":"Anasayfa","item":"https:\/\/hobierotikshop.com.tr\/website1\/"},{"@type":"ListItem","position":2,"name":"Erotik Shop \u00dcr\u00fcnleri","item":"https:\/\/hobierotikshop.com.tr\/website1\/shop\/"},{"@type":"ListItem","position":3,"name":"Kegel Topu Seti"}]},{"@type":"WebSite","@id":"https:\/\/hobierotikshop.com.tr\/website1\/#website","url":"https:\/\/hobierotikshop.com.tr\/website1\/","name":"Bursa Erotik Shop","description":"Bursa Erotik Shop ile g\u00fcvenli, gizli ve kaliteli yeti\u015fkin \u00fcr\u00fcnleri al\u0131\u015fveri\u015fi! Geni\u015f \u00fcr\u00fcn yelpazemizi ke\u015ffedin, hemen sipari\u015f verin","publisher":{"@id":"https:\/\/hobierotikshop.com.tr\/website1\/#organization"},"alternateName":"Erotik Shop","potentialAction":[{"@type":"SearchAction","target":{"@type":"EntryPoint","urlTemplate":"https:\/\/hobierotikshop.com.tr\/website1\/?s={search_term_string}"},"query-input":{"@type":"PropertyValueSpecification","valueRequired":true,"valueName":"search_term_string"}}],"inLanguage":"tr"},{"@type":"Organization","@id":"https:\/\/hobierotikshop.com.tr\/website1\/#organization","name":"Harem Bursa Erotik Shop","url":"https:\/\/hobierotikshop.com.tr\/website1\/","logo":{"@type":"ImageObject","inLanguage":"tr","@id":"https:\/\/hobierotikshop.com.tr\/website1\/#\/schema\/logo\/image\/","url":"https:\/\/haremerotikshop.com\/wp-content\/uploads\/2025\/03\/haremsexshop.png","contentUrl":"https:\/\/haremerotikshop.com\/wp-content\/uploads\/2025\/03\/haremsexshop.png","width":400,"height":100,"caption":"Harem Bursa Erotik Shop"},"image":{"@id":"https:\/\/hobierotikshop.com.tr\/website1\/#\/schema\/logo\/image\/"},"sameAs":["https:\/\/x.com\/shopbursa"],"publishingPrinciples":"https:\/\/hobierotikshop.com.tr\/website1\/mesafeli-satis-sozlesmesi\/","ownershipFundingInfo":"https:\/\/hobierotikshop.com.tr\/website1\/contact-us\/","actionableFeedbackPolicy":"https:\/\/hobierotikshop.com.tr\/website1\/contact-us\/","correctionsPolicy":"https:\/\/hobierotikshop.com.tr\/website1\/mesafeli-satis-sozlesmesi\/"}]},"product_brand":"Pembe Tilki","product_price_amount":"1000.00","product_price_currency":"TRY","og_availability":"instock","product_availability":"instock","product_retailer_item_id":"PT-ANXE015","product_condition":"new"},"_links":{"self":[{"href":"https:\/\/haremerotikshop.com\/site\/wp-json\/wp\/v2\/product\/18319","targetHints":{"allow":["GET"]}}],"collection":[{"href":"https:\/\/haremerotikshop.com\/site\/wp-json\/wp\/v2\/product"}],"about":[{"href":"https:\/\/haremerotikshop.com\/site\/wp-json\/wp\/v2\/types\/product"}],"replies":[{"embeddable":true,"href":"https:\/\/haremerotikshop.com\/site\/wp-json\/wp\/v2\/comments?post=18319"}],"version-history":[{"count":0,"href":"https:\/\/haremerotikshop.com\/site\/wp-json\/wp\/v2\/product\/18319\/revisions"}],"wp:featuredmedia":[{"embeddable":true,"href":"https:\/\/haremerotikshop.com\/site\/wp-json\/wp\/v2\/media\/18459"}],"wp:attachment":[{"href":"https:\/\/haremerotikshop.com\/site\/wp-json\/wp\/v2\/media?parent=18319"}],"wp:term":[{"taxonomy":"product_brand","embeddable":true,"href":"https:\/\/haremerotikshop.com\/site\/wp-json\/wp\/v2\/product_brand?post=18319"},{"taxonomy":"product_cat","embeddable":true,"href":"https:\/\/haremerotikshop.com\/site\/wp-json\/wp\/v2\/product_cat?post=18319"},{"taxonomy":"product_tag","embeddable":true,"href":"https:\/\/haremerotikshop.com\/site\/wp-json\/wp\/v2\/product_tag?post=18319"}],"curies":[{"name":"wp","href":"https:\/\/api.w.org\/{rel}","templated":true}]}}