{"id":18323,"date":"2025-03-17T12:14:34","date_gmt":"2025-03-17T09:14:34","guid":{"rendered":"https:\/\/haremerotikshop.com\/site\/?post_type=product&#038;p=18323"},"modified":"2026-01-27T11:55:10","modified_gmt":"2026-01-27T08:55:10","slug":"anal-vajinal-dus-temizleyici-siyah-220ml","status":"publish","type":"product","link":"https:\/\/haremerotikshop.com\/site\/erotik-shop-urun\/anal-vajinal-dus-temizleyici-siyah-220ml\/","title":{"rendered":"Anal Vajinal Du\u015f Temizleyici Siyah 220Ml"},"content":{"rendered":"<h3 class=\"\" data-start=\"0\" data-end=\"97\"><strong data-start=\"4\" data-end=\"97\">Anal B\u00f6lge Temizli\u011fi \u0130\u00e7in Su P\u00fcsk\u00fcrtmeli Anal Du\u015f Pompas\u0131 \u2013 Hijyenik ve Konforlu Temizlik<\/strong><\/h3>\n<p class=\"\" data-start=\"99\" data-end=\"429\"><strong data-start=\"99\" data-end=\"126\">Anal b\u00f6lgeyi temizlemek<\/strong> i\u00e7in \u00f6zel olarak tasarlanm\u0131\u015f <strong data-start=\"156\" data-end=\"191\">Su P\u00fcsk\u00fcrtmeli Anal Du\u015f Pompas\u0131<\/strong>, anal temizlikte hijyen ve konfor arayanlar i\u00e7in m\u00fckemmel bir \u00e7\u00f6z\u00fcmd\u00fcr. Yumu\u015fak silikon yap\u0131s\u0131 ve ergonomik tasar\u0131m\u0131 ile anal b\u00f6lgenizin tamamen temizlenmesine yard\u0131mc\u0131 olur, bakterilerden ar\u0131nmas\u0131n\u0131 sa\u011flar ve sa\u011fl\u0131kl\u0131 bir deneyim sunar.<\/p>\n<h3 class=\"\" data-start=\"431\" data-end=\"456\"><strong data-start=\"435\" data-end=\"456\">\u00dcr\u00fcn \u00d6zellikleri:<\/strong><\/h3>\n<ul data-start=\"458\" data-end=\"1440\">\n<li class=\"\" data-start=\"458\" data-end=\"646\">\n<p class=\"\" data-start=\"460\" data-end=\"646\"><strong data-start=\"460\" data-end=\"477\">Silikon Yap\u0131:<\/strong> Pompan\u0131n <strong data-start=\"487\" data-end=\"516\">yumu\u015fak silikon malzemesi<\/strong>, kullan\u0131m\u0131 kolayla\u015ft\u0131r\u0131rken ayn\u0131 zamanda cildinize zarar vermez ve kayma yapmaz. Konforlu bir temizlik i\u00e7in ideal bir tasar\u0131md\u0131r.<\/p>\n<\/li>\n<li class=\"\" data-start=\"648\" data-end=\"875\">\n<p class=\"\" data-start=\"650\" data-end=\"875\"><strong data-start=\"650\" data-end=\"676\">Su P\u00fcsk\u00fcrtmeli Sistem:<\/strong> Anal t\u00fcnelini temizlemek i\u00e7in <strong data-start=\"707\" data-end=\"725\">su p\u00fcsk\u00fcrtmeli<\/strong> \u00f6zellik, etkili ve derinlemesine temizlik sa\u011flar. Pompa i\u00e7erisindeki suyu anal b\u00f6lgenin i\u00e7ine do\u011fru p\u00fcsk\u00fcrterek hijyenik bir temizlik ger\u00e7ekle\u015ftirir.<\/p>\n<\/li>\n<li class=\"\" data-start=\"877\" data-end=\"1116\">\n<p class=\"\" data-start=\"879\" data-end=\"1116\"><strong data-start=\"879\" data-end=\"898\">Kolay Kullan\u0131m:<\/strong> Kullan\u0131m s\u0131ras\u0131nda pompa kolayca s\u0131k\u0131labilir ve kontrol edilebilir. Bu sayede, temizleme s\u00fcreci rahat ve zahmetsiz hale gelir. Ayr\u0131ca, kullan\u0131m sonras\u0131 temizli\u011fi son derece basittir; pompa kolayca s\u00f6k\u00fcl\u00fcp y\u0131kanabilir.<\/p>\n<\/li>\n<li class=\"\" data-start=\"1118\" data-end=\"1245\">\n<p class=\"\" data-start=\"1120\" data-end=\"1245\"><strong data-start=\"1120\" data-end=\"1139\">Suda Dayan\u0131kl\u0131:<\/strong> <strong data-start=\"1140\" data-end=\"1164\">Du\u015fta kullan\u0131labilir<\/strong> olan bu \u00fcr\u00fcn, sudan etkilenmez. Bu, du\u015f s\u0131ras\u0131nda kolayca kullan\u0131lmas\u0131n\u0131 sa\u011flar.<\/p>\n<\/li>\n<li class=\"\" data-start=\"1247\" data-end=\"1440\">\n<p class=\"\" data-start=\"1249\" data-end=\"1440\"><strong data-start=\"1249\" data-end=\"1281\">Hijyenik ve Etkili Temizlik:<\/strong> Bu anal du\u015f pompas\u0131, anal b\u00f6lgenin i\u00e7 k\u0131sm\u0131n\u0131 temizleyerek bakterilerden ar\u0131nmas\u0131na yard\u0131mc\u0131 olur. D\u00fczenli kullan\u0131m, anal hijyeninizi en \u00fcst seviyeye \u00e7\u0131kar\u0131r.<\/p>\n<\/li>\n<\/ul>\n<h3 class=\"\" data-start=\"1442\" data-end=\"1467\"><strong data-start=\"1446\" data-end=\"1467\">Kullan\u0131m \u00d6nerisi:<\/strong><\/h3>\n<ol data-start=\"1469\" data-end=\"1829\">\n<li class=\"\" data-start=\"1469\" data-end=\"1517\">\n<p class=\"\" data-start=\"1472\" data-end=\"1517\"><strong data-start=\"1472\" data-end=\"1492\">Pompa Haz\u0131rl\u0131\u011f\u0131:<\/strong> Pompay\u0131 su ile doldurun.<\/p>\n<\/li>\n<li class=\"\" data-start=\"1518\" data-end=\"1632\">\n<p class=\"\" data-start=\"1521\" data-end=\"1632\"><strong data-start=\"1521\" data-end=\"1538\">Su P\u00fcsk\u00fcrtme:<\/strong> Pompay\u0131 an\u00fcs giri\u015fine do\u011fru yerle\u015ftirin ve pompay\u0131 s\u0131karak suyu anal b\u00f6lgeye do\u011fru p\u00fcsk\u00fcrt\u00fcn.<\/p>\n<\/li>\n<li class=\"\" data-start=\"1633\" data-end=\"1749\">\n<p class=\"\" data-start=\"1636\" data-end=\"1749\"><strong data-start=\"1636\" data-end=\"1666\">Kayganla\u015ft\u0131r\u0131c\u0131 Kullan\u0131m\u0131:<\/strong> Daha konforlu bir deneyim i\u00e7in <strong data-start=\"1698\" data-end=\"1730\">su bazl\u0131 kayganla\u015ft\u0131r\u0131c\u0131 jel<\/strong> kullanabilirsiniz.<\/p>\n<\/li>\n<li class=\"\" data-start=\"1750\" data-end=\"1829\">\n<p class=\"\" data-start=\"1753\" data-end=\"1829\"><strong data-start=\"1753\" data-end=\"1766\">Temizlik:<\/strong> Kullan\u0131m sonras\u0131 pompay\u0131 s\u00f6k\u00fcp, \u0131l\u0131k su ile iyice temizleyin.<\/p>\n<\/li>\n<\/ol>\n<h3 class=\"\" data-start=\"1831\" data-end=\"1854\"><strong data-start=\"1835\" data-end=\"1854\">\u00dcr\u00fcn Faydalar\u0131:<\/strong><\/h3>\n<ul data-start=\"1856\" data-end=\"2343\">\n<li class=\"\" data-start=\"1856\" data-end=\"1988\">\n<p class=\"\" data-start=\"1858\" data-end=\"1988\"><strong data-start=\"1858\" data-end=\"1883\">Hijyenik ve Sa\u011fl\u0131kl\u0131:<\/strong> D\u00fczenli anal temizlik, bakterilerin ve mikroplar\u0131n \u00fcremesini engeller, sa\u011fl\u0131kl\u0131 bir cinsel ya\u015fam sa\u011flar.<\/p>\n<\/li>\n<li class=\"\" data-start=\"1989\" data-end=\"2109\">\n<p class=\"\" data-start=\"1991\" data-end=\"2109\"><strong data-start=\"1991\" data-end=\"2022\">Rahat ve Konforlu Kullan\u0131m:<\/strong> Yumu\u015fak silikon yap\u0131s\u0131 ve ergonomik tasar\u0131m\u0131 ile konforlu bir temizlik deneyimi sunar.<\/p>\n<\/li>\n<li class=\"\" data-start=\"2110\" data-end=\"2256\">\n<p class=\"\" data-start=\"2112\" data-end=\"2256\"><strong data-start=\"2112\" data-end=\"2148\">S\u0131k\u0131 Kontrol ve Hassas Temizlik:<\/strong> Su p\u00fcsk\u00fcrtmeli \u00f6zellik, anal b\u00f6lgenin derinlemesine temizlenmesini sa\u011flar, temizlik s\u0131ras\u0131nda kayma yapmaz.<\/p>\n<\/li>\n<li class=\"\" data-start=\"2257\" data-end=\"2343\">\n<p class=\"\" data-start=\"2259\" data-end=\"2343\"><strong data-start=\"2259\" data-end=\"2278\">Kolay Temizlik:<\/strong> \u00dcr\u00fcn kolayca s\u00f6k\u00fcl\u00fcp y\u0131kanarak hijyenik ko\u015fullarda saklanabilir.<\/p>\n<\/li>\n<\/ul>\n<h3 class=\"\" data-start=\"2345\" data-end=\"2359\"><strong data-start=\"2349\" data-end=\"2359\">Sonu\u00e7:<\/strong><\/h3>\n<p class=\"\" data-start=\"2361\" data-end=\"2740\"><strong data-start=\"2361\" data-end=\"2396\">Su P\u00fcsk\u00fcrtmeli Anal Du\u015f Pompas\u0131<\/strong>, hijyenik bir anal temizlik deneyimi arayanlar i\u00e7in m\u00fckemmel bir tercihtir. Kolay kullan\u0131m, dayan\u0131kl\u0131 silikon malzeme, etkili su p\u00fcsk\u00fcrtme sistemi ve kolay temizlik \u00f6zellikleri ile sa\u011fl\u0131kl\u0131 bir cinsel ya\u015fam\u0131 destekler. Anal temizlik ve hijyen konusunda g\u00fcvenli ve etkili bir \u00e7\u00f6z\u00fcm ar\u0131yorsan\u0131z, bu anal du\u015f pompas\u0131 sizin i\u00e7in ideal bir \u00fcr\u00fcnd\u00fcr.<\/p>\n","protected":false},"excerpt":{"rendered":"<p><strong data-start=\"99\" data-end=\"126\">Anal b\u00f6lgeyi temizlemek<\/strong> i\u00e7in \u00f6zel olarak tasarlanm\u0131\u015f <strong data-start=\"156\" data-end=\"191\">Su P\u00fcsk\u00fcrtmeli Anal Du\u015f Pompas\u0131<\/strong>, anal temizlikte hijyen ve konfor arayanlar i\u00e7in m\u00fckemmel bir \u00e7\u00f6z\u00fcmd\u00fcr. Yumu\u015fak silikon yap\u0131s\u0131 ve ergonomik tasar\u0131m\u0131 ile anal b\u00f6lgenizin tamamen temizlenmesine yard\u0131mc\u0131 olur, bakterilerden ar\u0131nmas\u0131n\u0131 sa\u011flar ve sa\u011fl\u0131kl\u0131 bir deneyim sunar.<\/p>\n","protected":false},"featured_media":18481,"comment_status":"open","ping_status":"closed","template":"","meta":[],"product_brand":[127],"product_cat":[125],"product_tag":[126],"class_list":{"0":"post-18323","1":"product","2":"type-product","3":"status-publish","4":"has-post-thumbnail","6":"product_brand-pembe-tilki","7":"product_cat-hijyen-urunu","8":"product_tag-anal-vajinal-dus-temizleyici-siyah-220ml","10":"first","11":"instock","12":"taxable","13":"shipping-taxable","14":"purchasable","15":"product-type-simple"},"yoast_head":"<!-- This site is optimized with the Yoast SEO Premium plugin v24.4 (Yoast SEO v27.1.1) - https:\/\/yoast.com\/product\/yoast-seo-premium-wordpress\/ -->\n<title>Anal Vajinal Du\u015f Temizleyici Siyah 220Ml - Bursa Erotik Shop<\/title>\n<meta name=\"robots\" content=\"index, follow, max-snippet:-1, max-image-preview:large, max-video-preview:-1\" \/>\n<link rel=\"canonical\" href=\"https:\/\/hobierotikshop.com.tr\/website1\/erotik-shop-urun\/anal-vajinal-dus-temizleyici-siyah-220ml\/\" \/>\n<meta property=\"og:locale\" content=\"tr_TR\" \/>\n<meta property=\"og:type\" content=\"article\" \/>\n<meta property=\"og:title\" content=\"Anal Vajinal Du\u015f Temizleyici Siyah 220Ml\" \/>\n<meta property=\"og:description\" content=\"Anal b\u00f6lgeyi temizlemek i\u00e7in \u00f6zel olarak tasarlanm\u0131\u015f Su P\u00fcsk\u00fcrtmeli Anal Du\u015f Pompas\u0131, anal temizlikte hijyen ve konfor arayanlar i\u00e7in m\u00fckemmel bir \u00e7\u00f6z\u00fcmd\u00fcr. Yumu\u015fak silikon yap\u0131s\u0131 ve ergonomik tasar\u0131m\u0131 ile anal b\u00f6lgenizin tamamen temizlenmesine yard\u0131mc\u0131 olur, bakterilerden ar\u0131nmas\u0131n\u0131 sa\u011flar ve sa\u011fl\u0131kl\u0131 bir deneyim sunar.\" \/>\n<meta property=\"og:url\" content=\"https:\/\/hobierotikshop.com.tr\/website1\/erotik-shop-urun\/anal-vajinal-dus-temizleyici-siyah-220ml\/\" \/>\n<meta property=\"og:site_name\" content=\"Bursa Erotik Shop\" \/>\n<meta property=\"article:modified_time\" content=\"2026-01-27T08:55:10+00:00\" \/>\n<meta property=\"og:image\" content=\"https:\/\/hobierotikshop.com.tr\/website1\/wp-content\/uploads\/2025\/03\/anal-vajinal-dus-temizleyici-siyah-220ml-1695-2.jpg\" \/>\n\t<meta property=\"og:image:width\" content=\"1200\" \/>\n\t<meta property=\"og:image:height\" content=\"1500\" \/>\n\t<meta property=\"og:image:type\" content=\"image\/jpeg\" \/>\n<meta name=\"twitter:card\" content=\"summary_large_image\" \/>\n<meta name=\"twitter:site\" content=\"@shopbursa\" \/>\n<meta name=\"twitter:label1\" content=\"Fiyat\" \/>\n\t<meta name=\"twitter:data1\" content=\"&#8378;800,00 KDV DAH\u0130L\" \/>\n\t<meta name=\"twitter:label2\" content=\"Availability\" \/>\n\t<meta name=\"twitter:data2\" content=\"In stock\" \/>\n<script type=\"application\/ld+json\" class=\"yoast-schema-graph\">{\"@context\":\"https:\/\/schema.org\",\"@graph\":[{\"@type\":\"WebPage\",\"@id\":\"https:\/\/hobierotikshop.com.tr\/website1\/erotik-shop-urun\/anal-vajinal-dus-temizleyici-siyah-220ml\/\",\"url\":\"https:\/\/hobierotikshop.com.tr\/website1\/erotik-shop-urun\/anal-vajinal-dus-temizleyici-siyah-220ml\/\",\"name\":\"Anal Vajinal Du\u015f Temizleyici Siyah 220Ml - Bursa Erotik Shop\",\"isPartOf\":{\"@id\":\"https:\/\/hobierotikshop.com.tr\/website1\/#website\"},\"primaryImageOfPage\":{\"@id\":\"https:\/\/hobierotikshop.com.tr\/website1\/erotik-shop-urun\/anal-vajinal-dus-temizleyici-siyah-220ml\/#primaryimage\"},\"image\":{\"@id\":\"https:\/\/hobierotikshop.com.tr\/website1\/erotik-shop-urun\/anal-vajinal-dus-temizleyici-siyah-220ml\/#primaryimage\"},\"thumbnailUrl\":\"https:\/\/haremerotikshop.com\/site\/wp-content\/uploads\/2025\/03\/anal-vajinal-dus-temizleyici-siyah-220ml-1695-2.jpg\",\"datePublished\":\"2025-03-17T09:14:34+00:00\",\"dateModified\":\"2026-01-27T08:55:10+00:00\",\"breadcrumb\":{\"@id\":\"https:\/\/hobierotikshop.com.tr\/website1\/erotik-shop-urun\/anal-vajinal-dus-temizleyici-siyah-220ml\/#breadcrumb\"},\"inLanguage\":\"tr\",\"potentialAction\":[{\"@type\":\"ReadAction\",\"target\":[\"https:\/\/hobierotikshop.com.tr\/website1\/erotik-shop-urun\/anal-vajinal-dus-temizleyici-siyah-220ml\/\"]}]},{\"@type\":\"ImageObject\",\"inLanguage\":\"tr\",\"@id\":\"https:\/\/hobierotikshop.com.tr\/website1\/erotik-shop-urun\/anal-vajinal-dus-temizleyici-siyah-220ml\/#primaryimage\",\"url\":\"https:\/\/haremerotikshop.com\/site\/wp-content\/uploads\/2025\/03\/anal-vajinal-dus-temizleyici-siyah-220ml-1695-2.jpg\",\"contentUrl\":\"https:\/\/haremerotikshop.com\/site\/wp-content\/uploads\/2025\/03\/anal-vajinal-dus-temizleyici-siyah-220ml-1695-2.jpg\",\"width\":1200,\"height\":1500},{\"@type\":\"BreadcrumbList\",\"@id\":\"https:\/\/hobierotikshop.com.tr\/website1\/erotik-shop-urun\/anal-vajinal-dus-temizleyici-siyah-220ml\/#breadcrumb\",\"itemListElement\":[{\"@type\":\"ListItem\",\"position\":1,\"name\":\"Anasayfa\",\"item\":\"https:\/\/hobierotikshop.com.tr\/website1\/\"},{\"@type\":\"ListItem\",\"position\":2,\"name\":\"Erotik Shop \u00dcr\u00fcnleri\",\"item\":\"https:\/\/hobierotikshop.com.tr\/website1\/shop\/\"},{\"@type\":\"ListItem\",\"position\":3,\"name\":\"Anal Vajinal Du\u015f Temizleyici Siyah 220Ml\"}]},{\"@type\":\"WebSite\",\"@id\":\"https:\/\/hobierotikshop.com.tr\/website1\/#website\",\"url\":\"https:\/\/hobierotikshop.com.tr\/website1\/\",\"name\":\"Bursa Erotik Shop\",\"description\":\"Bursa Erotik Shop ile g\u00fcvenli, gizli ve kaliteli yeti\u015fkin \u00fcr\u00fcnleri al\u0131\u015fveri\u015fi! Geni\u015f \u00fcr\u00fcn yelpazemizi ke\u015ffedin, hemen sipari\u015f verin\",\"publisher\":{\"@id\":\"https:\/\/hobierotikshop.com.tr\/website1\/#organization\"},\"alternateName\":\"Erotik Shop\",\"potentialAction\":[{\"@type\":\"SearchAction\",\"target\":{\"@type\":\"EntryPoint\",\"urlTemplate\":\"https:\/\/hobierotikshop.com.tr\/website1\/?s={search_term_string}\"},\"query-input\":{\"@type\":\"PropertyValueSpecification\",\"valueRequired\":true,\"valueName\":\"search_term_string\"}}],\"inLanguage\":\"tr\"},{\"@type\":\"Organization\",\"@id\":\"https:\/\/hobierotikshop.com.tr\/website1\/#organization\",\"name\":\"Harem Bursa Erotik Shop\",\"url\":\"https:\/\/hobierotikshop.com.tr\/website1\/\",\"logo\":{\"@type\":\"ImageObject\",\"inLanguage\":\"tr\",\"@id\":\"https:\/\/hobierotikshop.com.tr\/website1\/#\/schema\/logo\/image\/\",\"url\":\"https:\/\/haremerotikshop.com\/site\/wp-content\/uploads\/2025\/03\/haremsexshop.png\",\"contentUrl\":\"https:\/\/haremerotikshop.com\/site\/wp-content\/uploads\/2025\/03\/haremsexshop.png\",\"width\":400,\"height\":100,\"caption\":\"Harem Bursa Erotik Shop\"},\"image\":{\"@id\":\"https:\/\/hobierotikshop.com.tr\/website1\/#\/schema\/logo\/image\/\"},\"sameAs\":[\"https:\/\/x.com\/shopbursa\"],\"publishingPrinciples\":\"https:\/\/hobierotikshop.com.tr\/website1\/mesafeli-satis-sozlesmesi\/\",\"ownershipFundingInfo\":\"https:\/\/hobierotikshop.com.tr\/website1\/contact-us\/\",\"actionableFeedbackPolicy\":\"https:\/\/hobierotikshop.com.tr\/website1\/contact-us\/\",\"correctionsPolicy\":\"https:\/\/hobierotikshop.com.tr\/website1\/mesafeli-satis-sozlesmesi\/\"}]}<\/script>\n<meta property=\"product:brand\" content=\"Pembe Tilki\" \/>\n<meta property=\"product:price:amount\" content=\"800.00\" \/>\n<meta property=\"product:price:currency\" content=\"TRY\" \/>\n<meta property=\"og:availability\" content=\"instock\" \/>\n<meta property=\"product:availability\" content=\"instock\" \/>\n<meta property=\"product:retailer_item_id\" content=\"PT-KBXM303\" \/>\n<meta property=\"product:condition\" content=\"new\" \/>\n<!-- \/ Yoast SEO Premium plugin. -->","yoast_head_json":{"title":"Anal Vajinal Du\u015f Temizleyici Siyah 220Ml - Bursa Erotik Shop","robots":{"index":"index","follow":"follow","max-snippet":"max-snippet:-1","max-image-preview":"max-image-preview:large","max-video-preview":"max-video-preview:-1"},"canonical":"https:\/\/hobierotikshop.com.tr\/website1\/erotik-shop-urun\/anal-vajinal-dus-temizleyici-siyah-220ml\/","og_locale":"tr_TR","og_type":"article","og_title":"Anal Vajinal Du\u015f Temizleyici Siyah 220Ml","og_description":"Anal b\u00f6lgeyi temizlemek i\u00e7in \u00f6zel olarak tasarlanm\u0131\u015f Su P\u00fcsk\u00fcrtmeli Anal Du\u015f Pompas\u0131, anal temizlikte hijyen ve konfor arayanlar i\u00e7in m\u00fckemmel bir \u00e7\u00f6z\u00fcmd\u00fcr. Yumu\u015fak silikon yap\u0131s\u0131 ve ergonomik tasar\u0131m\u0131 ile anal b\u00f6lgenizin tamamen temizlenmesine yard\u0131mc\u0131 olur, bakterilerden ar\u0131nmas\u0131n\u0131 sa\u011flar ve sa\u011fl\u0131kl\u0131 bir deneyim sunar.","og_url":"https:\/\/hobierotikshop.com.tr\/website1\/erotik-shop-urun\/anal-vajinal-dus-temizleyici-siyah-220ml\/","og_site_name":"Bursa Erotik Shop","article_modified_time":"2026-01-27T08:55:10+00:00","og_image":[{"width":1200,"height":1500,"url":"https:\/\/hobierotikshop.com.tr\/website1\/wp-content\/uploads\/2025\/03\/anal-vajinal-dus-temizleyici-siyah-220ml-1695-2.jpg","type":"image\/jpeg"}],"twitter_card":"summary_large_image","twitter_site":"@shopbursa","twitter_misc":{"Fiyat":"&#8378;800,00 KDV DAH\u0130L","Availability":"In stock"},"schema":{"@context":"https:\/\/schema.org","@graph":[{"@type":"WebPage","@id":"https:\/\/hobierotikshop.com.tr\/website1\/erotik-shop-urun\/anal-vajinal-dus-temizleyici-siyah-220ml\/","url":"https:\/\/hobierotikshop.com.tr\/website1\/erotik-shop-urun\/anal-vajinal-dus-temizleyici-siyah-220ml\/","name":"Anal Vajinal Du\u015f Temizleyici Siyah 220Ml - Bursa Erotik Shop","isPartOf":{"@id":"https:\/\/hobierotikshop.com.tr\/website1\/#website"},"primaryImageOfPage":{"@id":"https:\/\/hobierotikshop.com.tr\/website1\/erotik-shop-urun\/anal-vajinal-dus-temizleyici-siyah-220ml\/#primaryimage"},"image":{"@id":"https:\/\/hobierotikshop.com.tr\/website1\/erotik-shop-urun\/anal-vajinal-dus-temizleyici-siyah-220ml\/#primaryimage"},"thumbnailUrl":"https:\/\/haremerotikshop.com\/site\/wp-content\/uploads\/2025\/03\/anal-vajinal-dus-temizleyici-siyah-220ml-1695-2.jpg","datePublished":"2025-03-17T09:14:34+00:00","dateModified":"2026-01-27T08:55:10+00:00","breadcrumb":{"@id":"https:\/\/hobierotikshop.com.tr\/website1\/erotik-shop-urun\/anal-vajinal-dus-temizleyici-siyah-220ml\/#breadcrumb"},"inLanguage":"tr","potentialAction":[{"@type":"ReadAction","target":["https:\/\/hobierotikshop.com.tr\/website1\/erotik-shop-urun\/anal-vajinal-dus-temizleyici-siyah-220ml\/"]}]},{"@type":"ImageObject","inLanguage":"tr","@id":"https:\/\/hobierotikshop.com.tr\/website1\/erotik-shop-urun\/anal-vajinal-dus-temizleyici-siyah-220ml\/#primaryimage","url":"https:\/\/haremerotikshop.com\/site\/wp-content\/uploads\/2025\/03\/anal-vajinal-dus-temizleyici-siyah-220ml-1695-2.jpg","contentUrl":"https:\/\/haremerotikshop.com\/site\/wp-content\/uploads\/2025\/03\/anal-vajinal-dus-temizleyici-siyah-220ml-1695-2.jpg","width":1200,"height":1500},{"@type":"BreadcrumbList","@id":"https:\/\/hobierotikshop.com.tr\/website1\/erotik-shop-urun\/anal-vajinal-dus-temizleyici-siyah-220ml\/#breadcrumb","itemListElement":[{"@type":"ListItem","position":1,"name":"Anasayfa","item":"https:\/\/hobierotikshop.com.tr\/website1\/"},{"@type":"ListItem","position":2,"name":"Erotik Shop \u00dcr\u00fcnleri","item":"https:\/\/hobierotikshop.com.tr\/website1\/shop\/"},{"@type":"ListItem","position":3,"name":"Anal Vajinal Du\u015f Temizleyici Siyah 220Ml"}]},{"@type":"WebSite","@id":"https:\/\/hobierotikshop.com.tr\/website1\/#website","url":"https:\/\/hobierotikshop.com.tr\/website1\/","name":"Bursa Erotik Shop","description":"Bursa Erotik Shop ile g\u00fcvenli, gizli ve kaliteli yeti\u015fkin \u00fcr\u00fcnleri al\u0131\u015fveri\u015fi! Geni\u015f \u00fcr\u00fcn yelpazemizi ke\u015ffedin, hemen sipari\u015f verin","publisher":{"@id":"https:\/\/hobierotikshop.com.tr\/website1\/#organization"},"alternateName":"Erotik Shop","potentialAction":[{"@type":"SearchAction","target":{"@type":"EntryPoint","urlTemplate":"https:\/\/hobierotikshop.com.tr\/website1\/?s={search_term_string}"},"query-input":{"@type":"PropertyValueSpecification","valueRequired":true,"valueName":"search_term_string"}}],"inLanguage":"tr"},{"@type":"Organization","@id":"https:\/\/hobierotikshop.com.tr\/website1\/#organization","name":"Harem Bursa Erotik Shop","url":"https:\/\/hobierotikshop.com.tr\/website1\/","logo":{"@type":"ImageObject","inLanguage":"tr","@id":"https:\/\/hobierotikshop.com.tr\/website1\/#\/schema\/logo\/image\/","url":"https:\/\/haremerotikshop.com\/site\/wp-content\/uploads\/2025\/03\/haremsexshop.png","contentUrl":"https:\/\/haremerotikshop.com\/site\/wp-content\/uploads\/2025\/03\/haremsexshop.png","width":400,"height":100,"caption":"Harem Bursa Erotik Shop"},"image":{"@id":"https:\/\/hobierotikshop.com.tr\/website1\/#\/schema\/logo\/image\/"},"sameAs":["https:\/\/x.com\/shopbursa"],"publishingPrinciples":"https:\/\/hobierotikshop.com.tr\/website1\/mesafeli-satis-sozlesmesi\/","ownershipFundingInfo":"https:\/\/hobierotikshop.com.tr\/website1\/contact-us\/","actionableFeedbackPolicy":"https:\/\/hobierotikshop.com.tr\/website1\/contact-us\/","correctionsPolicy":"https:\/\/hobierotikshop.com.tr\/website1\/mesafeli-satis-sozlesmesi\/"}]},"product_brand":"Pembe Tilki","product_price_amount":"800.00","product_price_currency":"TRY","og_availability":"instock","product_availability":"instock","product_retailer_item_id":"PT-KBXM303","product_condition":"new"},"_links":{"self":[{"href":"https:\/\/haremerotikshop.com\/site\/wp-json\/wp\/v2\/product\/18323","targetHints":{"allow":["GET"]}}],"collection":[{"href":"https:\/\/haremerotikshop.com\/site\/wp-json\/wp\/v2\/product"}],"about":[{"href":"https:\/\/haremerotikshop.com\/site\/wp-json\/wp\/v2\/types\/product"}],"replies":[{"embeddable":true,"href":"https:\/\/haremerotikshop.com\/site\/wp-json\/wp\/v2\/comments?post=18323"}],"version-history":[{"count":0,"href":"https:\/\/haremerotikshop.com\/site\/wp-json\/wp\/v2\/product\/18323\/revisions"}],"wp:featuredmedia":[{"embeddable":true,"href":"https:\/\/haremerotikshop.com\/site\/wp-json\/wp\/v2\/media\/18481"}],"wp:attachment":[{"href":"https:\/\/haremerotikshop.com\/site\/wp-json\/wp\/v2\/media?parent=18323"}],"wp:term":[{"taxonomy":"product_brand","embeddable":true,"href":"https:\/\/haremerotikshop.com\/site\/wp-json\/wp\/v2\/product_brand?post=18323"},{"taxonomy":"product_cat","embeddable":true,"href":"https:\/\/haremerotikshop.com\/site\/wp-json\/wp\/v2\/product_cat?post=18323"},{"taxonomy":"product_tag","embeddable":true,"href":"https:\/\/haremerotikshop.com\/site\/wp-json\/wp\/v2\/product_tag?post=18323"}],"curies":[{"name":"wp","href":"https:\/\/api.w.org\/{rel}","templated":true}]}}