{"id":18638,"date":"2025-03-17T12:20:57","date_gmt":"2025-03-17T09:20:57","guid":{"rendered":"https:\/\/haremerotikshop.com\/site\/?post_type=product&#038;p=18638"},"modified":"2025-03-21T15:48:05","modified_gmt":"2025-03-21T12:48:05","slug":"metal-mor-tasli-siyah-anal-plug-orta-boy","status":"publish","type":"product","link":"https:\/\/haremerotikshop.com\/site\/erotik-shop-urun\/metal-mor-tasli-siyah-anal-plug-orta-boy\/","title":{"rendered":"Metal Mor Ta\u015fl\u0131 Siyah Anal Plug Orta Boy"},"content":{"rendered":"<h3 data-start=\"0\" data-end=\"92\"><strong data-start=\"4\" data-end=\"92\">Metal Mor Ta\u015fl\u0131 Siyah Anal Plug Orta Boy \u2013 Estetik, Konfor ve Uyar\u0131c\u0131 Cinsel Deneyim<\/strong><\/h3>\n<p data-start=\"94\" data-end=\"423\"><strong data-start=\"94\" data-end=\"138\">Metal Mor Ta\u015fl\u0131 Siyah Anal Plug Orta Boy<\/strong>, zarif ve i\u015flevsel tasar\u0131m\u0131yla cinsel deneyiminizi zenginle\u015ftirmek i\u00e7in m\u00fckemmel bir tercihtir. Hem <strong data-start=\"239\" data-end=\"259\">yeni ba\u015flayanlar<\/strong> hem de <strong data-start=\"267\" data-end=\"293\">deneyimli kullan\u0131c\u0131lar<\/strong> i\u00e7in ideal olan bu orta boy anal plug, \u015f\u0131kl\u0131\u011f\u0131, ergonomik yap\u0131s\u0131 ve kaliteli malzemesiyle g\u00fcvenli ve keyifli bir kullan\u0131m sa\u011flar.<\/p>\n<h3 data-start=\"425\" data-end=\"450\"><strong data-start=\"429\" data-end=\"450\">\u00dcr\u00fcn \u00d6zellikleri:<\/strong><\/h3>\n<h4 data-start=\"452\" data-end=\"470\"><strong data-start=\"457\" data-end=\"470\">Boyutlar:<\/strong><\/h4>\n<ul data-start=\"471\" data-end=\"815\">\n<li data-start=\"471\" data-end=\"815\"><strong data-start=\"473\" data-end=\"487\">3,4 cm \u00e7ap<\/strong> ve <strong data-start=\"491\" data-end=\"507\">8 cm uzunluk<\/strong> \u00f6l\u00e7\u00fclerine sahip olan bu anal plug, kullan\u0131c\u0131n\u0131n rahat ve g\u00fcvenli bir \u015fekilde kullanabilmesi i\u00e7in tasarlanm\u0131\u015ft\u0131r. Orta boyut, <strong data-start=\"634\" data-end=\"654\">yeni ba\u015flayanlar<\/strong> i\u00e7in uygun oldu\u011fu gibi, <strong data-start=\"679\" data-end=\"705\">deneyimli kullan\u0131c\u0131lar<\/strong> i\u00e7in de tatmin edici bir deneyim sunar. V\u00fccuda m\u00fckemmel uyum sa\u011flayarak konforlu bir kullan\u0131m deneyimi sunar.<\/li>\n<\/ul>\n<h4 data-start=\"817\" data-end=\"834\"><strong data-start=\"822\" data-end=\"834\">A\u011f\u0131rl\u0131k:<\/strong><\/h4>\n<ul data-start=\"835\" data-end=\"1009\">\n<li data-start=\"835\" data-end=\"1009\"><strong data-start=\"837\" data-end=\"848\">91 gram<\/strong> a\u011f\u0131rl\u0131\u011f\u0131ndaki bu anal plug, kullan\u0131c\u0131s\u0131na ho\u015f bir a\u011f\u0131rl\u0131k hissi verir. A\u011f\u0131rl\u0131k, ekstra bir uyar\u0131m sa\u011flad\u0131\u011f\u0131 i\u00e7in cinsel deneyimi daha tatmin edici hale getirir.<\/li>\n<\/ul>\n<h4 data-start=\"1011\" data-end=\"1028\"><strong data-start=\"1016\" data-end=\"1028\">Malzeme:<\/strong><\/h4>\n<ul data-start=\"1029\" data-end=\"1296\">\n<li data-start=\"1029\" data-end=\"1296\"><strong data-start=\"1031\" data-end=\"1056\">Y\u00fcksek kaliteli metal<\/strong> malzeme kullan\u0131larak \u00fcretilmi\u015ftir. Metalin p\u00fcr\u00fczs\u00fcz y\u00fczeyi, dayan\u0131kl\u0131l\u0131\u011f\u0131 ve \u0131s\u0131 tutma \u00f6zellikleri ile tan\u0131n\u0131r. Bu malzeme, s\u0131cakl\u0131k de\u011fi\u015fimlerine duyarl\u0131 olup, \u0131s\u0131t\u0131larak veya so\u011futularak farkl\u0131 duyusal deneyimler ya\u015faman\u0131za olanak tan\u0131r.<\/li>\n<\/ul>\n<h4 data-start=\"1298\" data-end=\"1315\"><strong data-start=\"1303\" data-end=\"1315\">Tasar\u0131m:<\/strong><\/h4>\n<ul data-start=\"1316\" data-end=\"1597\">\n<li data-start=\"1316\" data-end=\"1597\"><strong data-start=\"1318\" data-end=\"1340\">\u015e\u0131k siyah renkteki<\/strong> anal plug, arka k\u0131sm\u0131nda g\u00f6z al\u0131c\u0131 <strong data-start=\"1376\" data-end=\"1387\">mor ta\u015f<\/strong> ile s\u00fcslenmi\u015ftir. Bu zarif detay, \u00fcr\u00fcne estetik bir g\u00f6r\u00fcn\u00fcm kazand\u0131r\u0131rken g\u00f6rsel zevkinizi de art\u0131r\u0131r. Hem \u015f\u0131k hem de i\u015flevsel olan bu tasar\u0131m, hem g\u00f6rsel hem de fiziksel a\u00e7\u0131dan tatmin edici bir deneyim sunar.<\/li>\n<\/ul>\n<h4 data-start=\"1599\" data-end=\"1623\"><strong data-start=\"1604\" data-end=\"1623\">Ergonomik Yap\u0131:<\/strong><\/h4>\n<ul data-start=\"1624\" data-end=\"1890\">\n<li data-start=\"1624\" data-end=\"1890\"><strong data-start=\"1626\" data-end=\"1647\">Ergonomik tasar\u0131m<\/strong>, v\u00fccudun do\u011fal hatlar\u0131na m\u00fckemmel uyum sa\u011flar ve rahat bir kullan\u0131m sunar. <strong data-start=\"1723\" data-end=\"1739\">Geni\u015f taban\u0131<\/strong>, g\u00fcvenli bir kullan\u0131m i\u00e7in \u00f6zel olarak tasarlanm\u0131\u015f olup kaymay\u0131 engeller. Bu sayede anal plug, rahatl\u0131kla kullan\u0131labilir ve g\u00fcvenli bir deneyim sunar.<\/li>\n<\/ul>\n<h3 data-start=\"1892\" data-end=\"1921\"><strong data-start=\"1896\" data-end=\"1921\">Kullan\u0131m ve Temizlik:<\/strong><\/h3>\n<ul data-start=\"1923\" data-end=\"2466\">\n<li data-start=\"1923\" data-end=\"2204\"><strong data-start=\"1925\" data-end=\"1969\">Metal Mor Ta\u015fl\u0131 Siyah Anal Plug Orta Boy<\/strong>, hem <strong data-start=\"1975\" data-end=\"1991\">solo oyunlar<\/strong> hem de <strong data-start=\"1999\" data-end=\"2024\">partnerle kullan\u0131mlar<\/strong> i\u00e7in idealdir. Metal malzeme, s\u0131cakl\u0131kla oynayarak farkl\u0131 duyusal deneyimler sunma imkan\u0131 tan\u0131r. Bu \u00f6zelli\u011fi, cinsel deneyiminizi zenginle\u015ftirir ve daha tatmin edici hale getirir.<\/li>\n<li data-start=\"2205\" data-end=\"2466\">Temizli\u011fi son derece kolayd\u0131r; kullan\u0131mdan \u00f6nce ve sonra <strong data-start=\"2264\" data-end=\"2275\">\u0131l\u0131k su<\/strong> ve <strong data-start=\"2279\" data-end=\"2288\">sabun<\/strong> ile y\u0131kayabilir veya uygun bir <strong data-start=\"2320\" data-end=\"2343\">oyuncak temizleyici<\/strong> kullanarak hijyen sa\u011flayabilirsiniz. Metal malzeme, uzun s\u00fcreli kullan\u0131mda bile dayan\u0131kl\u0131 kal\u0131r ve kolayca temizlenebilir.<\/li>\n<\/ul>\n<h3 data-start=\"2468\" data-end=\"2503\"><strong data-start=\"2472\" data-end=\"2503\">Estetik ve Uyar\u0131c\u0131 Deneyim:<\/strong><\/h3>\n<p data-start=\"2505\" data-end=\"2852\"><strong data-start=\"2505\" data-end=\"2549\">Metal Mor Ta\u015fl\u0131 Siyah Anal Plug Orta Boy<\/strong>, estetik ve \u015f\u0131kl\u0131\u011f\u0131 bir arada sunan bir \u00fcr\u00fcnd\u00fcr. Hem g\u00f6rsel olarak tatmin edici hem de fiziksel olarak etkileyici olan bu anal plug, cinsel ke\u015ffinizi yeni bir seviyeye ta\u015f\u0131r. <strong data-start=\"2725\" data-end=\"2751\">Mor ta\u015f\u0131n zarif detay\u0131<\/strong>, \u00fcr\u00fcn\u00fc sadece bir seks oyunca\u011f\u0131 olman\u0131n \u00f6tesine ge\u00e7irir ve g\u00f6rsel olarak da bir zevk haline getirir.<\/p>\n<h3 data-start=\"2854\" data-end=\"2868\"><strong data-start=\"2858\" data-end=\"2868\">Sonu\u00e7:<\/strong><\/h3>\n<p data-start=\"2870\" data-end=\"3317\"><strong data-start=\"2870\" data-end=\"2914\">Metal Mor Ta\u015fl\u0131 Siyah Anal Plug Orta Boy<\/strong>, <strong data-start=\"2916\" data-end=\"2938\">ergonomik tasar\u0131m\u0131<\/strong>, <strong data-start=\"2940\" data-end=\"2969\">y\u00fcksek kaliteli malzemesi<\/strong> ve <strong data-start=\"2973\" data-end=\"2989\">\u015f\u0131k g\u00f6r\u00fcn\u00fcm\u00fc<\/strong> ile cinsel deneyiminize zarif ve tatmin edici bir dokunu\u015f katar. <strong data-start=\"3055\" data-end=\"3075\">Yeni ba\u015flayanlar<\/strong> ve <strong data-start=\"3079\" data-end=\"3105\">deneyimli kullan\u0131c\u0131lar<\/strong> i\u00e7in m\u00fckemmel bir se\u00e7im olan bu anal plug, g\u00fcvenli, rahat ve estetik bir deneyim sunar. <strong data-start=\"3194\" data-end=\"3221\">Siyah ve mor ta\u015f detay\u0131<\/strong> ile \u00fcr\u00fcne l\u00fcks bir hava katan bu \u00fcr\u00fcn, cinsel koleksiyonunuzda vazge\u00e7ilmez bir par\u00e7a olacakt\u0131r.<\/p>\n<p data-start=\"3319\" data-end=\"3386\"><strong data-start=\"3319\" data-end=\"3358\">Kendinizi ve partnerinizi \u015f\u0131martmak<\/strong> i\u00e7in ideal bir aksesuard\u0131r.<\/p>\n<hr data-start=\"3388\" data-end=\"3391\" \/>\n<p data-start=\"3393\" data-end=\"3629\" data-is-last-node=\"\" data-is-only-node=\"\">Metal Mor Ta\u015fl\u0131 Siyah Anal Plug, Orta Boy Anal Plug, Cinsel Deneyim, Yeni Ba\u015flayanlar, Deneyimli Kullan\u0131c\u0131lar, Ergonomik Anal Plug, L\u00fcks Seks Oyuncaklar\u0131, Metal Anal Plug, Anal Oyun, Cinsel Zevk, \u015e\u0131k Seks Oyunca\u011f\u0131<\/p>\n","protected":false},"excerpt":{"rendered":"<p><strong data-start=\"94\" data-end=\"138\">Metal Mor Ta\u015fl\u0131 Siyah Anal Plug Orta Boy<\/strong>, zarif ve i\u015flevsel tasar\u0131m\u0131yla cinsel deneyiminizi zenginle\u015ftirmek i\u00e7in m\u00fckemmel bir tercihtir. Hem <strong data-start=\"239\" data-end=\"259\">yeni ba\u015flayanlar<\/strong> hem de <strong data-start=\"267\" data-end=\"293\">deneyimli kullan\u0131c\u0131lar<\/strong> i\u00e7in ideal olan bu orta boy anal plug, \u015f\u0131kl\u0131\u011f\u0131, ergonomik yap\u0131s\u0131 ve kaliteli malzemesiyle g\u00fcvenli ve keyifli bir kullan\u0131m sa\u011flar.<\/p>\n","protected":false},"featured_media":18733,"comment_status":"open","ping_status":"closed","template":"","meta":[],"product_brand":[127],"product_cat":[89],"product_tag":[182],"class_list":{"0":"post-18638","1":"product","2":"type-product","3":"status-publish","4":"has-post-thumbnail","6":"product_brand-pembe-tilki","7":"product_cat-anal-plug","8":"product_tag-metal-mor-tasli-siyah-anal-plug-kucuk-boy","10":"first","11":"instock","12":"taxable","13":"shipping-taxable","14":"purchasable","15":"product-type-simple"},"yoast_head":"<!-- This site is optimized with the Yoast SEO Premium plugin v24.4 (Yoast SEO v27.1.1) - https:\/\/yoast.com\/product\/yoast-seo-premium-wordpress\/ -->\n<title>Metal Mor Ta\u015fl\u0131 Siyah Anal Plug Orta Boy - Bursa Erotik Shop<\/title>\n<meta name=\"robots\" content=\"index, follow, max-snippet:-1, max-image-preview:large, max-video-preview:-1\" \/>\n<link rel=\"canonical\" href=\"https:\/\/hobierotikshop.com.tr\/website1\/erotik-shop-urun\/metal-mor-tasli-siyah-anal-plug-orta-boy\/\" \/>\n<meta property=\"og:locale\" content=\"tr_TR\" \/>\n<meta property=\"og:type\" content=\"article\" \/>\n<meta property=\"og:title\" content=\"Metal Mor Ta\u015fl\u0131 Siyah Anal Plug Orta Boy\" \/>\n<meta property=\"og:description\" content=\"Metal Mor Ta\u015fl\u0131 Siyah Anal Plug Orta Boy, zarif ve i\u015flevsel tasar\u0131m\u0131yla cinsel deneyiminizi zenginle\u015ftirmek i\u00e7in m\u00fckemmel bir tercihtir. Hem yeni ba\u015flayanlar hem de deneyimli kullan\u0131c\u0131lar i\u00e7in ideal olan bu orta boy anal plug, \u015f\u0131kl\u0131\u011f\u0131, ergonomik yap\u0131s\u0131 ve kaliteli malzemesiyle g\u00fcvenli ve keyifli bir kullan\u0131m sa\u011flar.\" \/>\n<meta property=\"og:url\" content=\"https:\/\/hobierotikshop.com.tr\/website1\/erotik-shop-urun\/metal-mor-tasli-siyah-anal-plug-orta-boy\/\" \/>\n<meta property=\"og:site_name\" content=\"Bursa Erotik Shop\" \/>\n<meta property=\"article:modified_time\" content=\"2025-03-21T12:48:05+00:00\" \/>\n<meta property=\"og:image\" content=\"https:\/\/hobierotikshop.com.tr\/website1\/wp-content\/uploads\/2025\/03\/metal-mor-tasli-siyah-anal-plug-orta-boy-1789-2.jpg\" \/>\n\t<meta property=\"og:image:width\" content=\"1500\" \/>\n\t<meta property=\"og:image:height\" content=\"1500\" \/>\n\t<meta property=\"og:image:type\" content=\"image\/jpeg\" \/>\n<meta name=\"twitter:card\" content=\"summary_large_image\" \/>\n<meta name=\"twitter:site\" content=\"@shopbursa\" \/>\n<meta name=\"twitter:label1\" content=\"Fiyat\" \/>\n\t<meta name=\"twitter:data1\" content=\"&#8378;630,00 KDV DAH\u0130L\" \/>\n\t<meta name=\"twitter:label2\" content=\"Availability\" \/>\n\t<meta name=\"twitter:data2\" content=\"In stock\" \/>\n<script type=\"application\/ld+json\" class=\"yoast-schema-graph\">{\"@context\":\"https:\/\/schema.org\",\"@graph\":[{\"@type\":\"WebPage\",\"@id\":\"https:\/\/hobierotikshop.com.tr\/website1\/erotik-shop-urun\/metal-mor-tasli-siyah-anal-plug-orta-boy\/\",\"url\":\"https:\/\/hobierotikshop.com.tr\/website1\/erotik-shop-urun\/metal-mor-tasli-siyah-anal-plug-orta-boy\/\",\"name\":\"Metal Mor Ta\u015fl\u0131 Siyah Anal Plug Orta Boy - Bursa Erotik Shop\",\"isPartOf\":{\"@id\":\"https:\/\/bursashop.com\/web\/#website\"},\"primaryImageOfPage\":{\"@id\":\"https:\/\/hobierotikshop.com.tr\/website1\/erotik-shop-urun\/metal-mor-tasli-siyah-anal-plug-orta-boy\/#primaryimage\"},\"image\":{\"@id\":\"https:\/\/hobierotikshop.com.tr\/website1\/erotik-shop-urun\/metal-mor-tasli-siyah-anal-plug-orta-boy\/#primaryimage\"},\"thumbnailUrl\":\"https:\/\/haremerotikshop.com\/site\/wp-content\/uploads\/2025\/03\/metal-mor-tasli-siyah-anal-plug-orta-boy-1789-2.jpg\",\"datePublished\":\"2025-03-17T09:20:57+00:00\",\"dateModified\":\"2025-03-21T12:48:05+00:00\",\"breadcrumb\":{\"@id\":\"https:\/\/hobierotikshop.com.tr\/website1\/erotik-shop-urun\/metal-mor-tasli-siyah-anal-plug-orta-boy\/#breadcrumb\"},\"inLanguage\":\"tr\",\"potentialAction\":[{\"@type\":\"ReadAction\",\"target\":[\"https:\/\/hobierotikshop.com.tr\/website1\/erotik-shop-urun\/metal-mor-tasli-siyah-anal-plug-orta-boy\/\"]}]},{\"@type\":\"ImageObject\",\"inLanguage\":\"tr\",\"@id\":\"https:\/\/hobierotikshop.com.tr\/website1\/erotik-shop-urun\/metal-mor-tasli-siyah-anal-plug-orta-boy\/#primaryimage\",\"url\":\"https:\/\/haremerotikshop.com\/site\/wp-content\/uploads\/2025\/03\/metal-mor-tasli-siyah-anal-plug-orta-boy-1789-2.jpg\",\"contentUrl\":\"https:\/\/haremerotikshop.com\/site\/wp-content\/uploads\/2025\/03\/metal-mor-tasli-siyah-anal-plug-orta-boy-1789-2.jpg\",\"width\":1500,\"height\":1500},{\"@type\":\"BreadcrumbList\",\"@id\":\"https:\/\/hobierotikshop.com.tr\/website1\/erotik-shop-urun\/metal-mor-tasli-siyah-anal-plug-orta-boy\/#breadcrumb\",\"itemListElement\":[{\"@type\":\"ListItem\",\"position\":1,\"name\":\"Anasayfa\",\"item\":\"https:\/\/hobierotikshop.com.tr\/website1\/\"},{\"@type\":\"ListItem\",\"position\":2,\"name\":\"Erotik Shop \u00dcr\u00fcnleri\",\"item\":\"https:\/\/hobierotikshop.com.tr\/website1\/shop\/\"},{\"@type\":\"ListItem\",\"position\":3,\"name\":\"Metal Mor Ta\u015fl\u0131 Siyah Anal Plug Orta Boy\"}]},{\"@type\":\"WebSite\",\"@id\":\"https:\/\/bursashop.com\/web\/#website\",\"url\":\"https:\/\/bursashop.com\/web\/\",\"name\":\"Bursa Erotik Shop\",\"description\":\"Bursa Erotik Shop ile g\u00fcvenli, gizli ve kaliteli yeti\u015fkin \u00fcr\u00fcnleri al\u0131\u015fveri\u015fi! Geni\u015f \u00fcr\u00fcn yelpazemizi ke\u015ffedin, hemen sipari\u015f verin\",\"publisher\":{\"@id\":\"https:\/\/bursashop.com\/web\/#organization\"},\"alternateName\":\"Erotik Shop\",\"potentialAction\":[{\"@type\":\"SearchAction\",\"target\":{\"@type\":\"EntryPoint\",\"urlTemplate\":\"https:\/\/bursashop.com\/web\/?s={search_term_string}\"},\"query-input\":{\"@type\":\"PropertyValueSpecification\",\"valueRequired\":true,\"valueName\":\"search_term_string\"}}],\"inLanguage\":\"tr\"},{\"@type\":\"Organization\",\"@id\":\"https:\/\/bursashop.com\/web\/#organization\",\"name\":\"Harem Bursa Erotik Shop\",\"url\":\"https:\/\/bursashop.com\/web\/\",\"logo\":{\"@type\":\"ImageObject\",\"inLanguage\":\"tr\",\"@id\":\"https:\/\/bursashop.com\/web\/#\/schema\/logo\/image\/\",\"url\":\"https:\/\/haremerotikshop.com\/wp-content\/uploads\/2025\/03\/haremsexshop.png\",\"contentUrl\":\"https:\/\/haremerotikshop.com\/wp-content\/uploads\/2025\/03\/haremsexshop.png\",\"width\":400,\"height\":100,\"caption\":\"Harem Bursa Erotik Shop\"},\"image\":{\"@id\":\"https:\/\/bursashop.com\/web\/#\/schema\/logo\/image\/\"},\"sameAs\":[\"https:\/\/x.com\/shopbursa\"],\"publishingPrinciples\":\"https:\/\/hobierotikshop.com.tr\/website1\/mesafeli-satis-sozlesmesi\/\",\"ownershipFundingInfo\":\"https:\/\/hobierotikshop.com.tr\/website1\/contact-us\/\",\"actionableFeedbackPolicy\":\"https:\/\/hobierotikshop.com.tr\/website1\/contact-us\/\",\"correctionsPolicy\":\"https:\/\/hobierotikshop.com.tr\/website1\/mesafeli-satis-sozlesmesi\/\"}]}<\/script>\n<meta property=\"product:brand\" content=\"Pembe Tilki\" \/>\n<meta property=\"product:price:amount\" content=\"630.00\" \/>\n<meta property=\"product:price:currency\" content=\"TRY\" \/>\n<meta property=\"og:availability\" content=\"instock\" \/>\n<meta property=\"product:availability\" content=\"instock\" \/>\n<meta property=\"product:retailer_item_id\" content=\"PT-ANXM013MBLPRP\" \/>\n<meta property=\"product:condition\" content=\"new\" \/>\n<!-- \/ Yoast SEO Premium plugin. -->","yoast_head_json":{"title":"Metal Mor Ta\u015fl\u0131 Siyah Anal Plug Orta Boy - Bursa Erotik Shop","robots":{"index":"index","follow":"follow","max-snippet":"max-snippet:-1","max-image-preview":"max-image-preview:large","max-video-preview":"max-video-preview:-1"},"canonical":"https:\/\/hobierotikshop.com.tr\/website1\/erotik-shop-urun\/metal-mor-tasli-siyah-anal-plug-orta-boy\/","og_locale":"tr_TR","og_type":"article","og_title":"Metal Mor Ta\u015fl\u0131 Siyah Anal Plug Orta Boy","og_description":"Metal Mor Ta\u015fl\u0131 Siyah Anal Plug Orta Boy, zarif ve i\u015flevsel tasar\u0131m\u0131yla cinsel deneyiminizi zenginle\u015ftirmek i\u00e7in m\u00fckemmel bir tercihtir. Hem yeni ba\u015flayanlar hem de deneyimli kullan\u0131c\u0131lar i\u00e7in ideal olan bu orta boy anal plug, \u015f\u0131kl\u0131\u011f\u0131, ergonomik yap\u0131s\u0131 ve kaliteli malzemesiyle g\u00fcvenli ve keyifli bir kullan\u0131m sa\u011flar.","og_url":"https:\/\/hobierotikshop.com.tr\/website1\/erotik-shop-urun\/metal-mor-tasli-siyah-anal-plug-orta-boy\/","og_site_name":"Bursa Erotik Shop","article_modified_time":"2025-03-21T12:48:05+00:00","og_image":[{"width":1500,"height":1500,"url":"https:\/\/hobierotikshop.com.tr\/website1\/wp-content\/uploads\/2025\/03\/metal-mor-tasli-siyah-anal-plug-orta-boy-1789-2.jpg","type":"image\/jpeg"}],"twitter_card":"summary_large_image","twitter_site":"@shopbursa","twitter_misc":{"Fiyat":"&#8378;630,00 KDV DAH\u0130L","Availability":"In stock"},"schema":{"@context":"https:\/\/schema.org","@graph":[{"@type":"WebPage","@id":"https:\/\/hobierotikshop.com.tr\/website1\/erotik-shop-urun\/metal-mor-tasli-siyah-anal-plug-orta-boy\/","url":"https:\/\/hobierotikshop.com.tr\/website1\/erotik-shop-urun\/metal-mor-tasli-siyah-anal-plug-orta-boy\/","name":"Metal Mor Ta\u015fl\u0131 Siyah Anal Plug Orta Boy - Bursa Erotik Shop","isPartOf":{"@id":"https:\/\/bursashop.com\/web\/#website"},"primaryImageOfPage":{"@id":"https:\/\/hobierotikshop.com.tr\/website1\/erotik-shop-urun\/metal-mor-tasli-siyah-anal-plug-orta-boy\/#primaryimage"},"image":{"@id":"https:\/\/hobierotikshop.com.tr\/website1\/erotik-shop-urun\/metal-mor-tasli-siyah-anal-plug-orta-boy\/#primaryimage"},"thumbnailUrl":"https:\/\/haremerotikshop.com\/site\/wp-content\/uploads\/2025\/03\/metal-mor-tasli-siyah-anal-plug-orta-boy-1789-2.jpg","datePublished":"2025-03-17T09:20:57+00:00","dateModified":"2025-03-21T12:48:05+00:00","breadcrumb":{"@id":"https:\/\/hobierotikshop.com.tr\/website1\/erotik-shop-urun\/metal-mor-tasli-siyah-anal-plug-orta-boy\/#breadcrumb"},"inLanguage":"tr","potentialAction":[{"@type":"ReadAction","target":["https:\/\/hobierotikshop.com.tr\/website1\/erotik-shop-urun\/metal-mor-tasli-siyah-anal-plug-orta-boy\/"]}]},{"@type":"ImageObject","inLanguage":"tr","@id":"https:\/\/hobierotikshop.com.tr\/website1\/erotik-shop-urun\/metal-mor-tasli-siyah-anal-plug-orta-boy\/#primaryimage","url":"https:\/\/haremerotikshop.com\/site\/wp-content\/uploads\/2025\/03\/metal-mor-tasli-siyah-anal-plug-orta-boy-1789-2.jpg","contentUrl":"https:\/\/haremerotikshop.com\/site\/wp-content\/uploads\/2025\/03\/metal-mor-tasli-siyah-anal-plug-orta-boy-1789-2.jpg","width":1500,"height":1500},{"@type":"BreadcrumbList","@id":"https:\/\/hobierotikshop.com.tr\/website1\/erotik-shop-urun\/metal-mor-tasli-siyah-anal-plug-orta-boy\/#breadcrumb","itemListElement":[{"@type":"ListItem","position":1,"name":"Anasayfa","item":"https:\/\/hobierotikshop.com.tr\/website1\/"},{"@type":"ListItem","position":2,"name":"Erotik Shop \u00dcr\u00fcnleri","item":"https:\/\/hobierotikshop.com.tr\/website1\/shop\/"},{"@type":"ListItem","position":3,"name":"Metal Mor Ta\u015fl\u0131 Siyah Anal Plug Orta Boy"}]},{"@type":"WebSite","@id":"https:\/\/bursashop.com\/web\/#website","url":"https:\/\/bursashop.com\/web\/","name":"Bursa Erotik Shop","description":"Bursa Erotik Shop ile g\u00fcvenli, gizli ve kaliteli yeti\u015fkin \u00fcr\u00fcnleri al\u0131\u015fveri\u015fi! Geni\u015f \u00fcr\u00fcn yelpazemizi ke\u015ffedin, hemen sipari\u015f verin","publisher":{"@id":"https:\/\/bursashop.com\/web\/#organization"},"alternateName":"Erotik Shop","potentialAction":[{"@type":"SearchAction","target":{"@type":"EntryPoint","urlTemplate":"https:\/\/bursashop.com\/web\/?s={search_term_string}"},"query-input":{"@type":"PropertyValueSpecification","valueRequired":true,"valueName":"search_term_string"}}],"inLanguage":"tr"},{"@type":"Organization","@id":"https:\/\/bursashop.com\/web\/#organization","name":"Harem Bursa Erotik Shop","url":"https:\/\/bursashop.com\/web\/","logo":{"@type":"ImageObject","inLanguage":"tr","@id":"https:\/\/bursashop.com\/web\/#\/schema\/logo\/image\/","url":"https:\/\/haremerotikshop.com\/wp-content\/uploads\/2025\/03\/haremsexshop.png","contentUrl":"https:\/\/haremerotikshop.com\/wp-content\/uploads\/2025\/03\/haremsexshop.png","width":400,"height":100,"caption":"Harem Bursa Erotik Shop"},"image":{"@id":"https:\/\/bursashop.com\/web\/#\/schema\/logo\/image\/"},"sameAs":["https:\/\/x.com\/shopbursa"],"publishingPrinciples":"https:\/\/hobierotikshop.com.tr\/website1\/mesafeli-satis-sozlesmesi\/","ownershipFundingInfo":"https:\/\/hobierotikshop.com.tr\/website1\/contact-us\/","actionableFeedbackPolicy":"https:\/\/hobierotikshop.com.tr\/website1\/contact-us\/","correctionsPolicy":"https:\/\/hobierotikshop.com.tr\/website1\/mesafeli-satis-sozlesmesi\/"}]},"product_brand":"Pembe Tilki","product_price_amount":"630.00","product_price_currency":"TRY","og_availability":"instock","product_availability":"instock","product_retailer_item_id":"PT-ANXM013MBLPRP","product_condition":"new"},"_links":{"self":[{"href":"https:\/\/haremerotikshop.com\/site\/wp-json\/wp\/v2\/product\/18638","targetHints":{"allow":["GET"]}}],"collection":[{"href":"https:\/\/haremerotikshop.com\/site\/wp-json\/wp\/v2\/product"}],"about":[{"href":"https:\/\/haremerotikshop.com\/site\/wp-json\/wp\/v2\/types\/product"}],"replies":[{"embeddable":true,"href":"https:\/\/haremerotikshop.com\/site\/wp-json\/wp\/v2\/comments?post=18638"}],"version-history":[{"count":0,"href":"https:\/\/haremerotikshop.com\/site\/wp-json\/wp\/v2\/product\/18638\/revisions"}],"wp:featuredmedia":[{"embeddable":true,"href":"https:\/\/haremerotikshop.com\/site\/wp-json\/wp\/v2\/media\/18733"}],"wp:attachment":[{"href":"https:\/\/haremerotikshop.com\/site\/wp-json\/wp\/v2\/media?parent=18638"}],"wp:term":[{"taxonomy":"product_brand","embeddable":true,"href":"https:\/\/haremerotikshop.com\/site\/wp-json\/wp\/v2\/product_brand?post=18638"},{"taxonomy":"product_cat","embeddable":true,"href":"https:\/\/haremerotikshop.com\/site\/wp-json\/wp\/v2\/product_cat?post=18638"},{"taxonomy":"product_tag","embeddable":true,"href":"https:\/\/haremerotikshop.com\/site\/wp-json\/wp\/v2\/product_tag?post=18638"}],"curies":[{"name":"wp","href":"https:\/\/api.w.org\/{rel}","templated":true}]}}