{"id":18687,"date":"2025-03-17T12:21:42","date_gmt":"2025-03-17T09:21:42","guid":{"rendered":"https:\/\/haremerotikshop.com\/site\/?post_type=product&#038;p=18687"},"modified":"2025-03-21T14:09:29","modified_gmt":"2025-03-21T11:09:29","slug":"metal-clear-tasli-kirmizi-anal-plug-orta-boy","status":"publish","type":"product","link":"https:\/\/haremerotikshop.com\/site\/erotik-shop-urun\/metal-clear-tasli-kirmizi-anal-plug-orta-boy\/","title":{"rendered":"Metal Clear Ta\u015fl\u0131 K\u0131rm\u0131z\u0131 Anal Plug Orta Boy"},"content":{"rendered":"<h3 data-start=\"0\" data-end=\"79\"><strong data-start=\"4\" data-end=\"79\">Metal Clear Ta\u015fl\u0131 K\u0131rm\u0131z\u0131 Anal Plug Orta Boy \u2013 Zarif ve Uyar\u0131c\u0131 Tasar\u0131m<\/strong><\/h3>\n<p data-start=\"81\" data-end=\"435\"><strong data-start=\"81\" data-end=\"129\">Metal Clear Ta\u015fl\u0131 K\u0131rm\u0131z\u0131 Anal Plug Orta Boy<\/strong>, estetik ve i\u015flevselli\u011fi bir arada sunarak cinsel deneyimlerinizi zenginle\u015ftirmek i\u00e7in ideal bir \u00fcr\u00fcnd\u00fcr. Hem <strong data-start=\"240\" data-end=\"260\">yeni ba\u015flayanlar<\/strong> hem de <strong data-start=\"268\" data-end=\"294\">deneyimli kullan\u0131c\u0131lar<\/strong> i\u00e7in m\u00fckemmel bir se\u00e7enek olan bu anal plug, rahat ve g\u00fcvenli kullan\u0131m\u0131yla hem fiziksel hem de g\u00f6rsel olarak tatmin edici bir deneyim sunar.<\/p>\n<h3 data-start=\"437\" data-end=\"462\"><strong data-start=\"441\" data-end=\"462\">\u00dcr\u00fcn \u00d6zellikleri:<\/strong><\/h3>\n<h4 data-start=\"464\" data-end=\"482\"><strong data-start=\"469\" data-end=\"482\">Boyutlar:<\/strong><\/h4>\n<ul data-start=\"483\" data-end=\"710\">\n<li data-start=\"483\" data-end=\"710\"><strong data-start=\"485\" data-end=\"499\">3,4 cm \u00e7ap<\/strong> ve <strong data-start=\"503\" data-end=\"519\">8 cm uzunluk<\/strong>, anal plug&#8217;un rahat ve g\u00fcvenli bir \u015fekilde kullan\u0131lmas\u0131n\u0131 sa\u011flar. Bu orta boyut, \u00f6zellikle <strong data-start=\"611\" data-end=\"631\">yeni ba\u015flayanlar<\/strong> i\u00e7in uygun oldu\u011fu gibi, <strong data-start=\"656\" data-end=\"682\">deneyimli kullan\u0131c\u0131lar<\/strong> i\u00e7in de ideal bir se\u00e7imdir.<\/li>\n<\/ul>\n<h4 data-start=\"712\" data-end=\"729\"><strong data-start=\"717\" data-end=\"729\">A\u011f\u0131rl\u0131k:<\/strong><\/h4>\n<ul data-start=\"730\" data-end=\"955\">\n<li data-start=\"730\" data-end=\"955\"><strong data-start=\"732\" data-end=\"743\">91 gram<\/strong> a\u011f\u0131rl\u0131\u011f\u0131ndaki bu anal plug, kullan\u0131m\u0131 s\u0131ras\u0131nda ho\u015f bir <strong data-start=\"800\" data-end=\"817\">a\u011f\u0131rl\u0131k hissi<\/strong> sa\u011flar. Bu ekstra a\u011f\u0131rl\u0131k, ekstra <strong data-start=\"852\" data-end=\"862\">uyar\u0131m<\/strong> ve <strong data-start=\"866\" data-end=\"874\">zevk<\/strong> i\u00e7in tasarlanm\u0131\u015ft\u0131r, b\u00f6ylece cinsel deneyiminizi daha tatmin edici hale getirir.<\/li>\n<\/ul>\n<h4 data-start=\"957\" data-end=\"974\"><strong data-start=\"962\" data-end=\"974\">Malzeme:<\/strong><\/h4>\n<ul data-start=\"975\" data-end=\"1292\">\n<li data-start=\"975\" data-end=\"1292\"><strong data-start=\"977\" data-end=\"1002\">Y\u00fcksek kaliteli metal<\/strong> malzemeden \u00fcretilmi\u015f olup, dayan\u0131kl\u0131l\u0131\u011f\u0131 ve p\u00fcr\u00fczs\u00fcz y\u00fczeyi ile bilinir. Metal malzeme, ayn\u0131 zamanda <strong data-start=\"1104\" data-end=\"1119\">\u0131s\u0131y\u0131 tutma<\/strong> ve <strong data-start=\"1123\" data-end=\"1148\">so\u011futma \u00f6zelliklerine<\/strong> sahip olup, farkl\u0131 duyusal deneyimler ya\u015faman\u0131z\u0131 sa\u011flar. Is\u0131t\u0131lm\u0131\u015f ya da so\u011futulmu\u015f metal, cinsel ke\u015fiflerinizde farkl\u0131 duygular uyand\u0131rabilir.<\/li>\n<\/ul>\n<h4 data-start=\"1294\" data-end=\"1311\"><strong data-start=\"1299\" data-end=\"1311\">Tasar\u0131m:<\/strong><\/h4>\n<ul data-start=\"1312\" data-end=\"1540\">\n<li data-start=\"1312\" data-end=\"1540\"><strong data-start=\"1314\" data-end=\"1338\">\u015e\u0131k k\u0131rm\u0131z\u0131 renkteki<\/strong> tasar\u0131m, estetik olarak g\u00f6z al\u0131c\u0131d\u0131r ve v\u00fccudunuzda zarif bir g\u00f6r\u00fcn\u00fcm sa\u011flar. <strong data-start=\"1417\" data-end=\"1430\">Clear ta\u015f<\/strong> ile s\u00fcslenmi\u015f arka k\u0131sm\u0131, anal plug&#8217;a zarif bir dokunu\u015f katarak, kullan\u0131m s\u0131ras\u0131nda g\u00f6rsel zevkinizi art\u0131r\u0131r.<\/li>\n<\/ul>\n<h4 data-start=\"1542\" data-end=\"1566\"><strong data-start=\"1547\" data-end=\"1566\">Ergonomik Yap\u0131:<\/strong><\/h4>\n<ul data-start=\"1567\" data-end=\"1765\">\n<li data-start=\"1567\" data-end=\"1765\"><strong data-start=\"1569\" data-end=\"1591\">Ergonomik tasar\u0131m\u0131<\/strong>, anal plug&#8217;un v\u00fccuda m\u00fckemmel bir \u015fekilde uyum sa\u011flamas\u0131n\u0131 sa\u011flar. <strong data-start=\"1659\" data-end=\"1674\">Geni\u015f taban<\/strong> yap\u0131s\u0131, g\u00fcvenli kullan\u0131m i\u00e7in tasarlanm\u0131\u015f olup, kaymay\u0131 \u00f6nler ve rahat bir kullan\u0131m sunar.<\/li>\n<\/ul>\n<h3 data-start=\"1767\" data-end=\"1796\"><strong data-start=\"1771\" data-end=\"1796\">Kullan\u0131m ve Temizlik:<\/strong><\/h3>\n<ul data-start=\"1798\" data-end=\"2194\">\n<li data-start=\"1798\" data-end=\"2006\"><strong data-start=\"1800\" data-end=\"1848\">Metal Clear Ta\u015fl\u0131 K\u0131rm\u0131z\u0131 Anal Plug Orta Boy<\/strong>, hem <strong data-start=\"1854\" data-end=\"1870\">solo oyunlar<\/strong> hem de <strong data-start=\"1878\" data-end=\"1903\">partnerle kullan\u0131mlar<\/strong> i\u00e7in uygundur. Metal malzeme, \u0131s\u0131t\u0131larak veya so\u011futularak farkl\u0131 duyusal deneyimler ya\u015faman\u0131z\u0131 sa\u011flar.<\/li>\n<li data-start=\"2007\" data-end=\"2194\">Temizli\u011fi olduk\u00e7a kolayd\u0131r; <strong data-start=\"2037\" data-end=\"2059\">\u0131l\u0131k su ve sabunla<\/strong> y\u0131kayabilir veya uygun bir <strong data-start=\"2087\" data-end=\"2110\">oyuncak temizleyici<\/strong> ile temizleyebilirsiniz. Hijyen a\u00e7\u0131s\u0131ndan son derece g\u00fcvenli ve kullan\u0131m\u0131 kolayd\u0131r.<\/li>\n<\/ul>\n<h3 data-start=\"2196\" data-end=\"2238\"><strong data-start=\"2200\" data-end=\"2238\">Cinsel Ke\u015fif \u0130\u00e7in \u0130deal Bir Se\u00e7im:<\/strong><\/h3>\n<p data-start=\"2240\" data-end=\"2566\"><strong data-start=\"2240\" data-end=\"2288\">Metal Clear Ta\u015fl\u0131 K\u0131rm\u0131z\u0131 Anal Plug Orta Boy<\/strong>, cinsel deneyimlerinize <strong data-start=\"2313\" data-end=\"2324\">estetik<\/strong> ve <strong data-start=\"2328\" data-end=\"2339\">uyar\u0131c\u0131<\/strong> bir dokunu\u015f katmak i\u00e7in m\u00fckemmel bir se\u00e7imdir. Hem g\u00f6rsel hem de fiziksel tatmin sa\u011flayan bu anal plug, koleksiyonunuza eklemeniz gereken vazge\u00e7ilmez bir \u00fcr\u00fcnd\u00fcr. Kendinizi ve partnerinizi \u015f\u0131martmak i\u00e7in ideal bir aksesuard\u0131r.<\/p>\n<h3 data-start=\"2568\" data-end=\"2582\"><strong data-start=\"2572\" data-end=\"2582\">Sonu\u00e7:<\/strong><\/h3>\n<p data-start=\"2584\" data-end=\"2981\" data-is-last-node=\"\" data-is-only-node=\"\"><strong data-start=\"2584\" data-end=\"2632\">Metal Clear Ta\u015fl\u0131 K\u0131rm\u0131z\u0131 Anal Plug Orta Boy<\/strong>, zarif tasar\u0131m\u0131 ve ergonomik yap\u0131s\u0131yla cinsel deneyimlerinizi zenginle\u015ftirir. <strong data-start=\"2711\" data-end=\"2731\">Yeni ba\u015flayanlar<\/strong> ve <strong data-start=\"2735\" data-end=\"2761\">deneyimli kullan\u0131c\u0131lar<\/strong> i\u00e7in uygun olan bu anal plug, <strong data-start=\"2792\" data-end=\"2802\">g\u00f6rsel<\/strong> ve <strong data-start=\"2806\" data-end=\"2825\">fiziksel tatmin<\/strong> arayan herkes i\u00e7in m\u00fckemmel bir tercihtir. Cinsel ke\u015fiflerinize ekstra bir <strong data-start=\"2901\" data-end=\"2909\">zevk<\/strong> ve <strong data-start=\"2913\" data-end=\"2924\">heyecan<\/strong> katmak i\u00e7in bu \u00fcr\u00fcn\u00fc koleksiyonunuza eklemeyi unutmay\u0131n.<\/p>\n","protected":false},"excerpt":{"rendered":"<p><strong data-start=\"81\" data-end=\"129\">Metal Clear Ta\u015fl\u0131 K\u0131rm\u0131z\u0131 Anal Plug Orta Boy<\/strong>, estetik ve i\u015flevselli\u011fi bir arada sunarak cinsel deneyimlerinizi zenginle\u015ftirmek i\u00e7in ideal bir \u00fcr\u00fcnd\u00fcr. Hem <strong data-start=\"240\" data-end=\"260\">yeni ba\u015flayanlar<\/strong> hem de <strong data-start=\"268\" data-end=\"294\">deneyimli kullan\u0131c\u0131lar<\/strong> i\u00e7in m\u00fckemmel bir se\u00e7enek olan bu anal plug, rahat ve g\u00fcvenli kullan\u0131m\u0131yla hem fiziksel hem de g\u00f6rsel olarak tatmin edici bir deneyim sunar.<\/p>\n","protected":false},"featured_media":18760,"comment_status":"open","ping_status":"closed","template":"","meta":[],"product_brand":[127],"product_cat":[89],"product_tag":[193],"class_list":{"0":"post-18687","1":"product","2":"type-product","3":"status-publish","4":"has-post-thumbnail","6":"product_brand-pembe-tilki","7":"product_cat-anal-plug","8":"product_tag-metal-clear-tasli-kirmizi-anal-plug-orta-boy","10":"first","11":"instock","12":"taxable","13":"shipping-taxable","14":"purchasable","15":"product-type-simple"},"yoast_head":"<!-- This site is optimized with the Yoast SEO Premium plugin v24.4 (Yoast SEO v27.1.1) - https:\/\/yoast.com\/product\/yoast-seo-premium-wordpress\/ -->\n<title>Metal Clear Ta\u015fl\u0131 K\u0131rm\u0131z\u0131 Anal Plug Orta Boy - Bursa Erotik Shop<\/title>\n<meta name=\"robots\" content=\"index, follow, max-snippet:-1, max-image-preview:large, max-video-preview:-1\" \/>\n<link rel=\"canonical\" href=\"https:\/\/hobierotikshop.com.tr\/website1\/erotik-shop-urun\/metal-clear-tasli-kirmizi-anal-plug-orta-boy\/\" \/>\n<meta property=\"og:locale\" content=\"tr_TR\" \/>\n<meta property=\"og:type\" content=\"article\" \/>\n<meta property=\"og:title\" content=\"Metal Clear Ta\u015fl\u0131 K\u0131rm\u0131z\u0131 Anal Plug Orta Boy\" \/>\n<meta property=\"og:description\" content=\"Metal Clear Ta\u015fl\u0131 K\u0131rm\u0131z\u0131 Anal Plug Orta Boy, estetik ve i\u015flevselli\u011fi bir arada sunarak cinsel deneyimlerinizi zenginle\u015ftirmek i\u00e7in ideal bir \u00fcr\u00fcnd\u00fcr. Hem yeni ba\u015flayanlar hem de deneyimli kullan\u0131c\u0131lar i\u00e7in m\u00fckemmel bir se\u00e7enek olan bu anal plug, rahat ve g\u00fcvenli kullan\u0131m\u0131yla hem fiziksel hem de g\u00f6rsel olarak tatmin edici bir deneyim sunar.\" \/>\n<meta property=\"og:url\" content=\"https:\/\/hobierotikshop.com.tr\/website1\/erotik-shop-urun\/metal-clear-tasli-kirmizi-anal-plug-orta-boy\/\" \/>\n<meta property=\"og:site_name\" content=\"Bursa Erotik Shop\" \/>\n<meta property=\"article:modified_time\" content=\"2025-03-21T11:09:29+00:00\" \/>\n<meta property=\"og:image\" content=\"https:\/\/hobierotikshop.com.tr\/website1\/wp-content\/uploads\/2025\/03\/metal-clear-tasli-kirmizi-anal-plug-orta-boy-1797-2.jpg\" \/>\n\t<meta property=\"og:image:width\" content=\"1500\" \/>\n\t<meta property=\"og:image:height\" content=\"1500\" \/>\n\t<meta property=\"og:image:type\" content=\"image\/jpeg\" \/>\n<meta name=\"twitter:card\" content=\"summary_large_image\" \/>\n<meta name=\"twitter:site\" content=\"@shopbursa\" \/>\n<meta name=\"twitter:label1\" content=\"Fiyat\" \/>\n\t<meta name=\"twitter:data1\" content=\"&#8378;630,00 KDV DAH\u0130L\" \/>\n\t<meta name=\"twitter:label2\" content=\"Availability\" \/>\n\t<meta name=\"twitter:data2\" content=\"In stock\" \/>\n<script type=\"application\/ld+json\" class=\"yoast-schema-graph\">{\"@context\":\"https:\/\/schema.org\",\"@graph\":[{\"@type\":\"WebPage\",\"@id\":\"https:\/\/hobierotikshop.com.tr\/website1\/erotik-shop-urun\/metal-clear-tasli-kirmizi-anal-plug-orta-boy\/\",\"url\":\"https:\/\/hobierotikshop.com.tr\/website1\/erotik-shop-urun\/metal-clear-tasli-kirmizi-anal-plug-orta-boy\/\",\"name\":\"Metal Clear Ta\u015fl\u0131 K\u0131rm\u0131z\u0131 Anal Plug Orta Boy - Bursa Erotik Shop\",\"isPartOf\":{\"@id\":\"https:\/\/hobierotikshop.com.tr\/website1\/#website\"},\"primaryImageOfPage\":{\"@id\":\"https:\/\/hobierotikshop.com.tr\/website1\/erotik-shop-urun\/metal-clear-tasli-kirmizi-anal-plug-orta-boy\/#primaryimage\"},\"image\":{\"@id\":\"https:\/\/hobierotikshop.com.tr\/website1\/erotik-shop-urun\/metal-clear-tasli-kirmizi-anal-plug-orta-boy\/#primaryimage\"},\"thumbnailUrl\":\"https:\/\/haremerotikshop.com\/site\/wp-content\/uploads\/2025\/03\/metal-clear-tasli-kirmizi-anal-plug-orta-boy-1797-2.jpg\",\"datePublished\":\"2025-03-17T09:21:42+00:00\",\"dateModified\":\"2025-03-21T11:09:29+00:00\",\"breadcrumb\":{\"@id\":\"https:\/\/hobierotikshop.com.tr\/website1\/erotik-shop-urun\/metal-clear-tasli-kirmizi-anal-plug-orta-boy\/#breadcrumb\"},\"inLanguage\":\"tr\",\"potentialAction\":[{\"@type\":\"ReadAction\",\"target\":[\"https:\/\/hobierotikshop.com.tr\/website1\/erotik-shop-urun\/metal-clear-tasli-kirmizi-anal-plug-orta-boy\/\"]}]},{\"@type\":\"ImageObject\",\"inLanguage\":\"tr\",\"@id\":\"https:\/\/hobierotikshop.com.tr\/website1\/erotik-shop-urun\/metal-clear-tasli-kirmizi-anal-plug-orta-boy\/#primaryimage\",\"url\":\"https:\/\/haremerotikshop.com\/site\/wp-content\/uploads\/2025\/03\/metal-clear-tasli-kirmizi-anal-plug-orta-boy-1797-2.jpg\",\"contentUrl\":\"https:\/\/haremerotikshop.com\/site\/wp-content\/uploads\/2025\/03\/metal-clear-tasli-kirmizi-anal-plug-orta-boy-1797-2.jpg\",\"width\":1500,\"height\":1500},{\"@type\":\"BreadcrumbList\",\"@id\":\"https:\/\/hobierotikshop.com.tr\/website1\/erotik-shop-urun\/metal-clear-tasli-kirmizi-anal-plug-orta-boy\/#breadcrumb\",\"itemListElement\":[{\"@type\":\"ListItem\",\"position\":1,\"name\":\"Anasayfa\",\"item\":\"https:\/\/hobierotikshop.com.tr\/website1\/\"},{\"@type\":\"ListItem\",\"position\":2,\"name\":\"Erotik Shop \u00dcr\u00fcnleri\",\"item\":\"https:\/\/hobierotikshop.com.tr\/website1\/shop\/\"},{\"@type\":\"ListItem\",\"position\":3,\"name\":\"Metal Clear Ta\u015fl\u0131 K\u0131rm\u0131z\u0131 Anal Plug Orta Boy\"}]},{\"@type\":\"WebSite\",\"@id\":\"https:\/\/hobierotikshop.com.tr\/website1\/#website\",\"url\":\"https:\/\/hobierotikshop.com.tr\/website1\/\",\"name\":\"Bursa Erotik Shop\",\"description\":\"Bursa Erotik Shop ile g\u00fcvenli, gizli ve kaliteli yeti\u015fkin \u00fcr\u00fcnleri al\u0131\u015fveri\u015fi! Geni\u015f \u00fcr\u00fcn yelpazemizi ke\u015ffedin, hemen sipari\u015f verin\",\"publisher\":{\"@id\":\"https:\/\/hobierotikshop.com.tr\/website1\/#organization\"},\"alternateName\":\"Erotik Shop\",\"potentialAction\":[{\"@type\":\"SearchAction\",\"target\":{\"@type\":\"EntryPoint\",\"urlTemplate\":\"https:\/\/hobierotikshop.com.tr\/website1\/?s={search_term_string}\"},\"query-input\":{\"@type\":\"PropertyValueSpecification\",\"valueRequired\":true,\"valueName\":\"search_term_string\"}}],\"inLanguage\":\"tr\"},{\"@type\":\"Organization\",\"@id\":\"https:\/\/hobierotikshop.com.tr\/website1\/#organization\",\"name\":\"Harem Bursa Erotik Shop\",\"url\":\"https:\/\/hobierotikshop.com.tr\/website1\/\",\"logo\":{\"@type\":\"ImageObject\",\"inLanguage\":\"tr\",\"@id\":\"https:\/\/hobierotikshop.com.tr\/website1\/#\/schema\/logo\/image\/\",\"url\":\"https:\/\/haremerotikshop.com\/wp-content\/uploads\/2025\/03\/haremsexshop.png\",\"contentUrl\":\"https:\/\/haremerotikshop.com\/wp-content\/uploads\/2025\/03\/haremsexshop.png\",\"width\":400,\"height\":100,\"caption\":\"Harem Bursa Erotik Shop\"},\"image\":{\"@id\":\"https:\/\/hobierotikshop.com.tr\/website1\/#\/schema\/logo\/image\/\"},\"sameAs\":[\"https:\/\/x.com\/shopbursa\"],\"publishingPrinciples\":\"https:\/\/hobierotikshop.com.tr\/website1\/mesafeli-satis-sozlesmesi\/\",\"ownershipFundingInfo\":\"https:\/\/hobierotikshop.com.tr\/website1\/contact-us\/\",\"actionableFeedbackPolicy\":\"https:\/\/hobierotikshop.com.tr\/website1\/contact-us\/\",\"correctionsPolicy\":\"https:\/\/hobierotikshop.com.tr\/website1\/mesafeli-satis-sozlesmesi\/\"}]}<\/script>\n<meta property=\"product:brand\" content=\"Pembe Tilki\" \/>\n<meta property=\"product:price:amount\" content=\"630.00\" \/>\n<meta property=\"product:price:currency\" content=\"TRY\" \/>\n<meta property=\"og:availability\" content=\"instock\" \/>\n<meta property=\"product:availability\" content=\"instock\" \/>\n<meta property=\"product:retailer_item_id\" content=\"PT-ANXM013MRCLR\" \/>\n<meta property=\"product:condition\" content=\"new\" \/>\n<!-- \/ Yoast SEO Premium plugin. -->","yoast_head_json":{"title":"Metal Clear Ta\u015fl\u0131 K\u0131rm\u0131z\u0131 Anal Plug Orta Boy - Bursa Erotik Shop","robots":{"index":"index","follow":"follow","max-snippet":"max-snippet:-1","max-image-preview":"max-image-preview:large","max-video-preview":"max-video-preview:-1"},"canonical":"https:\/\/hobierotikshop.com.tr\/website1\/erotik-shop-urun\/metal-clear-tasli-kirmizi-anal-plug-orta-boy\/","og_locale":"tr_TR","og_type":"article","og_title":"Metal Clear Ta\u015fl\u0131 K\u0131rm\u0131z\u0131 Anal Plug Orta Boy","og_description":"Metal Clear Ta\u015fl\u0131 K\u0131rm\u0131z\u0131 Anal Plug Orta Boy, estetik ve i\u015flevselli\u011fi bir arada sunarak cinsel deneyimlerinizi zenginle\u015ftirmek i\u00e7in ideal bir \u00fcr\u00fcnd\u00fcr. Hem yeni ba\u015flayanlar hem de deneyimli kullan\u0131c\u0131lar i\u00e7in m\u00fckemmel bir se\u00e7enek olan bu anal plug, rahat ve g\u00fcvenli kullan\u0131m\u0131yla hem fiziksel hem de g\u00f6rsel olarak tatmin edici bir deneyim sunar.","og_url":"https:\/\/hobierotikshop.com.tr\/website1\/erotik-shop-urun\/metal-clear-tasli-kirmizi-anal-plug-orta-boy\/","og_site_name":"Bursa Erotik Shop","article_modified_time":"2025-03-21T11:09:29+00:00","og_image":[{"width":1500,"height":1500,"url":"https:\/\/hobierotikshop.com.tr\/website1\/wp-content\/uploads\/2025\/03\/metal-clear-tasli-kirmizi-anal-plug-orta-boy-1797-2.jpg","type":"image\/jpeg"}],"twitter_card":"summary_large_image","twitter_site":"@shopbursa","twitter_misc":{"Fiyat":"&#8378;630,00 KDV DAH\u0130L","Availability":"In stock"},"schema":{"@context":"https:\/\/schema.org","@graph":[{"@type":"WebPage","@id":"https:\/\/hobierotikshop.com.tr\/website1\/erotik-shop-urun\/metal-clear-tasli-kirmizi-anal-plug-orta-boy\/","url":"https:\/\/hobierotikshop.com.tr\/website1\/erotik-shop-urun\/metal-clear-tasli-kirmizi-anal-plug-orta-boy\/","name":"Metal Clear Ta\u015fl\u0131 K\u0131rm\u0131z\u0131 Anal Plug Orta Boy - Bursa Erotik Shop","isPartOf":{"@id":"https:\/\/hobierotikshop.com.tr\/website1\/#website"},"primaryImageOfPage":{"@id":"https:\/\/hobierotikshop.com.tr\/website1\/erotik-shop-urun\/metal-clear-tasli-kirmizi-anal-plug-orta-boy\/#primaryimage"},"image":{"@id":"https:\/\/hobierotikshop.com.tr\/website1\/erotik-shop-urun\/metal-clear-tasli-kirmizi-anal-plug-orta-boy\/#primaryimage"},"thumbnailUrl":"https:\/\/haremerotikshop.com\/site\/wp-content\/uploads\/2025\/03\/metal-clear-tasli-kirmizi-anal-plug-orta-boy-1797-2.jpg","datePublished":"2025-03-17T09:21:42+00:00","dateModified":"2025-03-21T11:09:29+00:00","breadcrumb":{"@id":"https:\/\/hobierotikshop.com.tr\/website1\/erotik-shop-urun\/metal-clear-tasli-kirmizi-anal-plug-orta-boy\/#breadcrumb"},"inLanguage":"tr","potentialAction":[{"@type":"ReadAction","target":["https:\/\/hobierotikshop.com.tr\/website1\/erotik-shop-urun\/metal-clear-tasli-kirmizi-anal-plug-orta-boy\/"]}]},{"@type":"ImageObject","inLanguage":"tr","@id":"https:\/\/hobierotikshop.com.tr\/website1\/erotik-shop-urun\/metal-clear-tasli-kirmizi-anal-plug-orta-boy\/#primaryimage","url":"https:\/\/haremerotikshop.com\/site\/wp-content\/uploads\/2025\/03\/metal-clear-tasli-kirmizi-anal-plug-orta-boy-1797-2.jpg","contentUrl":"https:\/\/haremerotikshop.com\/site\/wp-content\/uploads\/2025\/03\/metal-clear-tasli-kirmizi-anal-plug-orta-boy-1797-2.jpg","width":1500,"height":1500},{"@type":"BreadcrumbList","@id":"https:\/\/hobierotikshop.com.tr\/website1\/erotik-shop-urun\/metal-clear-tasli-kirmizi-anal-plug-orta-boy\/#breadcrumb","itemListElement":[{"@type":"ListItem","position":1,"name":"Anasayfa","item":"https:\/\/hobierotikshop.com.tr\/website1\/"},{"@type":"ListItem","position":2,"name":"Erotik Shop \u00dcr\u00fcnleri","item":"https:\/\/hobierotikshop.com.tr\/website1\/shop\/"},{"@type":"ListItem","position":3,"name":"Metal Clear Ta\u015fl\u0131 K\u0131rm\u0131z\u0131 Anal Plug Orta Boy"}]},{"@type":"WebSite","@id":"https:\/\/hobierotikshop.com.tr\/website1\/#website","url":"https:\/\/hobierotikshop.com.tr\/website1\/","name":"Bursa Erotik Shop","description":"Bursa Erotik Shop ile g\u00fcvenli, gizli ve kaliteli yeti\u015fkin \u00fcr\u00fcnleri al\u0131\u015fveri\u015fi! Geni\u015f \u00fcr\u00fcn yelpazemizi ke\u015ffedin, hemen sipari\u015f verin","publisher":{"@id":"https:\/\/hobierotikshop.com.tr\/website1\/#organization"},"alternateName":"Erotik Shop","potentialAction":[{"@type":"SearchAction","target":{"@type":"EntryPoint","urlTemplate":"https:\/\/hobierotikshop.com.tr\/website1\/?s={search_term_string}"},"query-input":{"@type":"PropertyValueSpecification","valueRequired":true,"valueName":"search_term_string"}}],"inLanguage":"tr"},{"@type":"Organization","@id":"https:\/\/hobierotikshop.com.tr\/website1\/#organization","name":"Harem Bursa Erotik Shop","url":"https:\/\/hobierotikshop.com.tr\/website1\/","logo":{"@type":"ImageObject","inLanguage":"tr","@id":"https:\/\/hobierotikshop.com.tr\/website1\/#\/schema\/logo\/image\/","url":"https:\/\/haremerotikshop.com\/wp-content\/uploads\/2025\/03\/haremsexshop.png","contentUrl":"https:\/\/haremerotikshop.com\/wp-content\/uploads\/2025\/03\/haremsexshop.png","width":400,"height":100,"caption":"Harem Bursa Erotik Shop"},"image":{"@id":"https:\/\/hobierotikshop.com.tr\/website1\/#\/schema\/logo\/image\/"},"sameAs":["https:\/\/x.com\/shopbursa"],"publishingPrinciples":"https:\/\/hobierotikshop.com.tr\/website1\/mesafeli-satis-sozlesmesi\/","ownershipFundingInfo":"https:\/\/hobierotikshop.com.tr\/website1\/contact-us\/","actionableFeedbackPolicy":"https:\/\/hobierotikshop.com.tr\/website1\/contact-us\/","correctionsPolicy":"https:\/\/hobierotikshop.com.tr\/website1\/mesafeli-satis-sozlesmesi\/"}]},"product_brand":"Pembe Tilki","product_price_amount":"630.00","product_price_currency":"TRY","og_availability":"instock","product_availability":"instock","product_retailer_item_id":"PT-ANXM013MRCLR","product_condition":"new"},"_links":{"self":[{"href":"https:\/\/haremerotikshop.com\/site\/wp-json\/wp\/v2\/product\/18687","targetHints":{"allow":["GET"]}}],"collection":[{"href":"https:\/\/haremerotikshop.com\/site\/wp-json\/wp\/v2\/product"}],"about":[{"href":"https:\/\/haremerotikshop.com\/site\/wp-json\/wp\/v2\/types\/product"}],"replies":[{"embeddable":true,"href":"https:\/\/haremerotikshop.com\/site\/wp-json\/wp\/v2\/comments?post=18687"}],"version-history":[{"count":0,"href":"https:\/\/haremerotikshop.com\/site\/wp-json\/wp\/v2\/product\/18687\/revisions"}],"wp:featuredmedia":[{"embeddable":true,"href":"https:\/\/haremerotikshop.com\/site\/wp-json\/wp\/v2\/media\/18760"}],"wp:attachment":[{"href":"https:\/\/haremerotikshop.com\/site\/wp-json\/wp\/v2\/media?parent=18687"}],"wp:term":[{"taxonomy":"product_brand","embeddable":true,"href":"https:\/\/haremerotikshop.com\/site\/wp-json\/wp\/v2\/product_brand?post=18687"},{"taxonomy":"product_cat","embeddable":true,"href":"https:\/\/haremerotikshop.com\/site\/wp-json\/wp\/v2\/product_cat?post=18687"},{"taxonomy":"product_tag","embeddable":true,"href":"https:\/\/haremerotikshop.com\/site\/wp-json\/wp\/v2\/product_tag?post=18687"}],"curies":[{"name":"wp","href":"https:\/\/api.w.org\/{rel}","templated":true}]}}