{"id":18691,"date":"2025-03-17T12:21:43","date_gmt":"2025-03-17T09:21:43","guid":{"rendered":"https:\/\/haremerotikshop.com\/site\/?post_type=product&#038;p=18691"},"modified":"2026-01-27T11:33:52","modified_gmt":"2026-01-27T08:33:52","slug":"fantezi-fetis-baslangic-seti-kirmizi","status":"publish","type":"product","link":"https:\/\/haremerotikshop.com\/site\/erotik-shop-urun\/fantezi-fetis-baslangic-seti-kirmizi\/","title":{"rendered":"Fantezi Feti\u015f Ba\u015flang\u0131\u00e7 Seti K\u0131rm\u0131z\u0131"},"content":{"rendered":"<h3 data-start=\"0\" data-end=\"63\"><strong data-start=\"4\" data-end=\"63\">Fantezi Seti \u2013 Cinsel Ke\u015fif ve Heyecan Dolu Bir Deneyim<\/strong><\/h3>\n<p data-start=\"65\" data-end=\"415\"><strong data-start=\"65\" data-end=\"81\">Fantezi Seti<\/strong>, cesur ve ke\u015fif dolu bir cinsel deneyim arayanlar i\u00e7in m\u00fckemmel bir tercihtir. Partnerinizle birlikte <strong data-start=\"184\" data-end=\"202\">heyecan verici<\/strong> ve <strong data-start=\"206\" data-end=\"223\">tutkulu anlar<\/strong> ya\u015faman\u0131z\u0131 sa\u011flayacak bu set, s\u0131n\u0131rlar\u0131n\u0131z\u0131 zorlayarak cinsel ke\u015fiflerinize yeni bir boyut kazand\u0131r\u0131r. \u0130\u00e7erdi\u011fi <strong data-start=\"336\" data-end=\"358\">\u00e7e\u015fitli oyuncaklar<\/strong> ile farkl\u0131 hisler ve duygular ke\u015ffetmenize olanak tan\u0131r.<\/p>\n<h3 data-start=\"417\" data-end=\"437\"><strong data-start=\"421\" data-end=\"437\">Set \u0130\u00e7eri\u011fi:<\/strong><\/h3>\n<h4 data-start=\"439\" data-end=\"455\"><strong data-start=\"444\" data-end=\"455\">K\u0131rbac:<\/strong><\/h4>\n<ul data-start=\"456\" data-end=\"817\">\n<li data-start=\"456\" data-end=\"817\">Heyecan verici bir deneyim i\u00e7in tasarlanm\u0131\u015f <strong data-start=\"502\" data-end=\"512\">k\u0131rbac<\/strong>, <strong data-start=\"514\" data-end=\"537\">hafif dokunu\u015flardan<\/strong> <strong data-start=\"538\" data-end=\"560\">\u015fiddetli vuru\u015flara<\/strong> kadar \u00e7e\u015fitlilik sunarak, her seviyede <strong data-start=\"600\" data-end=\"608\">zevk<\/strong> ve <strong data-start=\"612\" data-end=\"622\">u\u011fultu<\/strong> yarat\u0131r. Cinsel ke\u015fiflerinizi daha da derinle\u015ftirmenizi sa\u011flayan bu k\u0131rbac\u0131n, v\u00fccudunuzun her b\u00f6lgesine uygulanabilen hafif uyar\u0131larla yava\u015f\u00e7a ba\u015flar, ard\u0131ndan \u015fiddetli bir heyecana d\u00f6n\u00fc\u015febilir.<\/li>\n<\/ul>\n<h4 data-start=\"819\" data-end=\"851\"><strong data-start=\"824\" data-end=\"851\">El ve Ayak Kelep\u00e7eleri:<\/strong><\/h4>\n<ul data-start=\"852\" data-end=\"1166\">\n<li data-start=\"852\" data-end=\"1166\"><strong data-start=\"854\" data-end=\"880\">El ve Ayak kelep\u00e7eleri<\/strong>, <strong data-start=\"882\" data-end=\"894\">ba\u011flanma<\/strong> ve <strong data-start=\"898\" data-end=\"921\">kontrol etme arzusu<\/strong> ile dolu anlar i\u00e7in idealdir. Bu kelep\u00e7eler, partnerinizle <strong data-start=\"981\" data-end=\"998\">g\u00fc\u00e7l\u00fc bir ba\u011f<\/strong> kurman\u0131z\u0131 sa\u011flar ve cinsel ke\u015fiflerde heyecan\u0131n\u0131z\u0131 artt\u0131r\u0131r. <strong data-start=\"1060\" data-end=\"1072\">Ba\u011fl\u0131l\u0131k<\/strong> ve <strong data-start=\"1076\" data-end=\"1085\">g\u00fcven<\/strong> hissini derinle\u015ftirirken, ayn\u0131 zamanda s\u0131n\u0131rlar\u0131n\u0131z\u0131 test etmenize olanak tan\u0131r.<\/li>\n<\/ul>\n<h4 data-start=\"1168\" data-end=\"1187\"><strong data-start=\"1173\" data-end=\"1187\">G\u00f6z Band\u0131:<\/strong><\/h4>\n<ul data-start=\"1188\" data-end=\"1470\">\n<li data-start=\"1188\" data-end=\"1470\"><strong data-start=\"1190\" data-end=\"1203\">G\u00f6z band\u0131<\/strong>, <strong data-start=\"1205\" data-end=\"1234\">duyular\u0131n\u0131z\u0131 k\u0131s\u0131tlayarak<\/strong> heyecan\u0131n\u0131z\u0131 art\u0131rmak i\u00e7in kullan\u0131l\u0131r. V\u00fccudunuzun her dokunu\u015funu daha derinden hissetmenizi sa\u011flar ve cinsel deneyiminizi tamamen yeni bir boyuta ta\u015f\u0131r. G\u00f6zlerinizi kapatarak duyusal uyar\u0131larla <strong data-start=\"1430\" data-end=\"1452\">beklenmedik hisler<\/strong> ya\u015faman\u0131z m\u00fcmk\u00fcn.<\/li>\n<\/ul>\n<h4 data-start=\"1472\" data-end=\"1491\"><strong data-start=\"1477\" data-end=\"1491\">A\u011f\u0131z Topu:<\/strong><\/h4>\n<ul data-start=\"1492\" data-end=\"1749\">\n<li data-start=\"1492\" data-end=\"1749\"><strong data-start=\"1494\" data-end=\"1507\">A\u011f\u0131z topu<\/strong>, s\u00f6zl\u00fc ileti\u015fimi k\u0131s\u0131tlayarak partnerinizle <strong data-start=\"1552\" data-end=\"1571\">tam bir kontrol<\/strong> sa\u011flar ve yeni heyecanlar ke\u015ffetmenize olanak tan\u0131r. Bu ara\u00e7, <strong data-start=\"1634\" data-end=\"1649\">\u00f6zg\u00fcrl\u00fckten<\/strong> ve <strong data-start=\"1653\" data-end=\"1667\">kontrolden<\/strong> farkl\u0131 bir tat alman\u0131z\u0131 sa\u011flar, b\u00f6ylece cinsel ke\u015fiflerinize derinlik katacakt\u0131r.<\/li>\n<\/ul>\n<h3 data-start=\"1751\" data-end=\"1777\"><strong data-start=\"1755\" data-end=\"1777\">Kullan\u0131m Alanlar\u0131:<\/strong><\/h3>\n<ul data-start=\"1779\" data-end=\"2197\">\n<li data-start=\"1779\" data-end=\"1919\"><strong data-start=\"1781\" data-end=\"1824\">Cinsel Ke\u015fif ve Heyecan Dolu Deneyimler<\/strong>: Fantezi seti, hem <strong data-start=\"1844\" data-end=\"1860\">solo oyunlar<\/strong> hem de <strong data-start=\"1868\" data-end=\"1903\">partnerle birlikte cinsel ke\u015fif<\/strong> i\u00e7in idealdir.<\/li>\n<li data-start=\"1920\" data-end=\"2068\"><strong data-start=\"1922\" data-end=\"1970\">S\u0131n\u0131rlar\u0131 Zorlamak ve Yeni Zevkler Ke\u015ffetmek<\/strong>: Partnerinizle birlikte s\u0131n\u0131rlar\u0131n\u0131z\u0131 test ederek yeni zevkler ke\u015ffetmek i\u00e7in harika bir ara\u00e7t\u0131r.<\/li>\n<li data-start=\"2069\" data-end=\"2194\"><strong data-start=\"2071\" data-end=\"2101\">Duyusal Hissiyat\u0131 Art\u0131rmak<\/strong>: Duyular\u0131 harekete ge\u00e7irerek, <strong data-start=\"2132\" data-end=\"2157\">cinsel ili\u015fkide g\u00fcven<\/strong> ve <strong data-start=\"2161\" data-end=\"2181\">ba\u011fl\u0131l\u0131k hissini<\/strong> art\u0131rabilir.<\/li>\n<\/ul>\n<h3 data-start=\"2198\" data-end=\"2225\"><strong data-start=\"2202\" data-end=\"2225\">G\u00fcvenlik ve Kalite:<\/strong><\/h3>\n<p data-start=\"2227\" data-end=\"2541\"><strong data-start=\"2227\" data-end=\"2243\">Fantezi Seti<\/strong>, <strong data-start=\"2245\" data-end=\"2264\">y\u00fcksek kaliteli<\/strong> ve <strong data-start=\"2268\" data-end=\"2290\">g\u00fcvenli malzemeler<\/strong>den \u00fcretilmi\u015ftir. Her \u00fcr\u00fcn, kullan\u0131c\u0131lar\u0131n g\u00fcvenli\u011fi ve <strong data-start=\"2346\" data-end=\"2361\">memnuniyeti<\/strong> g\u00f6z \u00f6n\u00fcnde bulundurularak titiz kalite kontrol s\u00fcre\u00e7lerinden ge\u00e7irilmi\u015ftir. Sa\u011flam yap\u0131s\u0131, <strong data-start=\"2453\" data-end=\"2477\">uzun \u00f6m\u00fcrl\u00fc kullan\u0131m<\/strong> sa\u011flar ve <strong data-start=\"2488\" data-end=\"2498\">hijyen<\/strong> konusunda endi\u015felerinizi ortadan kald\u0131r\u0131r.<\/p>\n<h3 data-start=\"2543\" data-end=\"2557\"><strong data-start=\"2547\" data-end=\"2557\">Sonu\u00e7:<\/strong><\/h3>\n<p data-start=\"2559\" data-end=\"2940\" data-is-last-node=\"\" data-is-only-node=\"\"><strong data-start=\"2559\" data-end=\"2575\">Fantezi Seti<\/strong>, <strong data-start=\"2577\" data-end=\"2597\">ke\u015fif ve heyecan<\/strong> arayanlar i\u00e7in m\u00fckemmel bir se\u00e7imdir. <strong data-start=\"2636\" data-end=\"2645\">Cesur<\/strong> ve <strong data-start=\"2649\" data-end=\"2668\">yeni deneyimler<\/strong> ya\u015famak isteyen \u00e7iftler i\u00e7in, s\u0131n\u0131rlar\u0131n\u0131z\u0131 zorlayarak birbirinizle olan ba\u011f\u0131n\u0131z\u0131 g\u00fc\u00e7lendirir. Hem g\u00f6rsel hem de duyusal ke\u015fiflerinize derinlik katacak bu set, cinsel hayat\u0131n\u0131za farkl\u0131 bir soluk getirecek. <strong data-start=\"2875\" data-end=\"2886\">G\u00fcvenli<\/strong> ve <strong data-start=\"2890\" data-end=\"2903\">e\u011flenceli<\/strong> bir \u015fekilde cinsel ke\u015fiflere a\u00e7\u0131l\u0131n!<\/p>\n","protected":false},"excerpt":{"rendered":"<p><strong data-start=\"65\" data-end=\"81\">Fantezi Seti<\/strong>, cesur ve ke\u015fif dolu bir cinsel deneyim arayanlar i\u00e7in m\u00fckemmel bir tercihtir. Partnerinizle birlikte <strong data-start=\"184\" data-end=\"202\">heyecan verici<\/strong> ve <strong data-start=\"206\" data-end=\"223\">tutkulu anlar<\/strong> ya\u015faman\u0131z\u0131 sa\u011flayacak bu set, s\u0131n\u0131rlar\u0131n\u0131z\u0131 zorlayarak cinsel ke\u015fiflerinize yeni bir boyut kazand\u0131r\u0131r. \u0130\u00e7erdi\u011fi <strong data-start=\"336\" data-end=\"358\">\u00e7e\u015fitli oyuncaklar<\/strong> ile farkl\u0131 hisler ve duygular ke\u015ffetmenize olanak tan\u0131r.<\/p>\n","protected":false},"featured_media":18768,"comment_status":"open","ping_status":"closed","template":"","meta":[],"product_brand":[127],"product_cat":[100],"product_tag":[195],"class_list":{"0":"post-18691","1":"product","2":"type-product","3":"status-publish","4":"has-post-thumbnail","6":"product_brand-pembe-tilki","7":"product_cat-fantezi-fetis","8":"product_tag-fantezi-fetis-baslangic-seti-kirmizi","10":"first","11":"instock","12":"taxable","13":"shipping-taxable","14":"purchasable","15":"product-type-simple"},"yoast_head":"<!-- This site is optimized with the Yoast SEO Premium plugin v24.4 (Yoast SEO v27.1.1) - https:\/\/yoast.com\/product\/yoast-seo-premium-wordpress\/ -->\n<title>Fantezi Feti\u015f Ba\u015flang\u0131\u00e7 Seti K\u0131rm\u0131z\u0131 - Bursa Erotik Shop<\/title>\n<meta name=\"robots\" content=\"index, follow, max-snippet:-1, max-image-preview:large, max-video-preview:-1\" \/>\n<link rel=\"canonical\" href=\"https:\/\/hobierotikshop.com.tr\/website1\/erotik-shop-urun\/fantezi-fetis-baslangic-seti-kirmizi\/\" \/>\n<meta property=\"og:locale\" content=\"tr_TR\" \/>\n<meta property=\"og:type\" content=\"article\" \/>\n<meta property=\"og:title\" content=\"Fantezi Feti\u015f Ba\u015flang\u0131\u00e7 Seti K\u0131rm\u0131z\u0131\" \/>\n<meta property=\"og:description\" content=\"Fantezi Seti, cesur ve ke\u015fif dolu bir cinsel deneyim arayanlar i\u00e7in m\u00fckemmel bir tercihtir. Partnerinizle birlikte heyecan verici ve tutkulu anlar ya\u015faman\u0131z\u0131 sa\u011flayacak bu set, s\u0131n\u0131rlar\u0131n\u0131z\u0131 zorlayarak cinsel ke\u015fiflerinize yeni bir boyut kazand\u0131r\u0131r. \u0130\u00e7erdi\u011fi \u00e7e\u015fitli oyuncaklar ile farkl\u0131 hisler ve duygular ke\u015ffetmenize olanak tan\u0131r.\" \/>\n<meta property=\"og:url\" content=\"https:\/\/hobierotikshop.com.tr\/website1\/erotik-shop-urun\/fantezi-fetis-baslangic-seti-kirmizi\/\" \/>\n<meta property=\"og:site_name\" content=\"Bursa Erotik Shop\" \/>\n<meta property=\"article:modified_time\" content=\"2026-01-27T08:33:52+00:00\" \/>\n<meta property=\"og:image\" content=\"https:\/\/hobierotikshop.com.tr\/website1\/wp-content\/uploads\/2025\/03\/fantezi-fetis-baslangic-seti-kirmizi-1801-2.jpg\" \/>\n\t<meta property=\"og:image:width\" content=\"956\" \/>\n\t<meta property=\"og:image:height\" content=\"956\" \/>\n\t<meta property=\"og:image:type\" content=\"image\/jpeg\" \/>\n<meta name=\"twitter:card\" content=\"summary_large_image\" \/>\n<meta name=\"twitter:site\" content=\"@shopbursa\" \/>\n<meta name=\"twitter:label1\" content=\"Fiyat\" \/>\n\t<meta name=\"twitter:data1\" content=\"&#8378;900,00 KDV DAH\u0130L\" \/>\n\t<meta name=\"twitter:label2\" content=\"Availability\" \/>\n\t<meta name=\"twitter:data2\" content=\"In stock\" \/>\n<script type=\"application\/ld+json\" class=\"yoast-schema-graph\">{\"@context\":\"https:\/\/schema.org\",\"@graph\":[{\"@type\":\"WebPage\",\"@id\":\"https:\/\/hobierotikshop.com.tr\/website1\/erotik-shop-urun\/fantezi-fetis-baslangic-seti-kirmizi\/\",\"url\":\"https:\/\/hobierotikshop.com.tr\/website1\/erotik-shop-urun\/fantezi-fetis-baslangic-seti-kirmizi\/\",\"name\":\"Fantezi Feti\u015f Ba\u015flang\u0131\u00e7 Seti K\u0131rm\u0131z\u0131 - Bursa Erotik Shop\",\"isPartOf\":{\"@id\":\"https:\/\/hobierotikshop.com.tr\/website1\/#website\"},\"primaryImageOfPage\":{\"@id\":\"https:\/\/hobierotikshop.com.tr\/website1\/erotik-shop-urun\/fantezi-fetis-baslangic-seti-kirmizi\/#primaryimage\"},\"image\":{\"@id\":\"https:\/\/hobierotikshop.com.tr\/website1\/erotik-shop-urun\/fantezi-fetis-baslangic-seti-kirmizi\/#primaryimage\"},\"thumbnailUrl\":\"https:\/\/haremerotikshop.com\/site\/wp-content\/uploads\/2025\/03\/fantezi-fetis-baslangic-seti-kirmizi-1801-2.jpg\",\"datePublished\":\"2025-03-17T09:21:43+00:00\",\"dateModified\":\"2026-01-27T08:33:52+00:00\",\"breadcrumb\":{\"@id\":\"https:\/\/hobierotikshop.com.tr\/website1\/erotik-shop-urun\/fantezi-fetis-baslangic-seti-kirmizi\/#breadcrumb\"},\"inLanguage\":\"tr\",\"potentialAction\":[{\"@type\":\"ReadAction\",\"target\":[\"https:\/\/hobierotikshop.com.tr\/website1\/erotik-shop-urun\/fantezi-fetis-baslangic-seti-kirmizi\/\"]}]},{\"@type\":\"ImageObject\",\"inLanguage\":\"tr\",\"@id\":\"https:\/\/hobierotikshop.com.tr\/website1\/erotik-shop-urun\/fantezi-fetis-baslangic-seti-kirmizi\/#primaryimage\",\"url\":\"https:\/\/haremerotikshop.com\/site\/wp-content\/uploads\/2025\/03\/fantezi-fetis-baslangic-seti-kirmizi-1801-2.jpg\",\"contentUrl\":\"https:\/\/haremerotikshop.com\/site\/wp-content\/uploads\/2025\/03\/fantezi-fetis-baslangic-seti-kirmizi-1801-2.jpg\",\"width\":956,\"height\":956},{\"@type\":\"BreadcrumbList\",\"@id\":\"https:\/\/hobierotikshop.com.tr\/website1\/erotik-shop-urun\/fantezi-fetis-baslangic-seti-kirmizi\/#breadcrumb\",\"itemListElement\":[{\"@type\":\"ListItem\",\"position\":1,\"name\":\"Anasayfa\",\"item\":\"https:\/\/hobierotikshop.com.tr\/website1\/\"},{\"@type\":\"ListItem\",\"position\":2,\"name\":\"Erotik Shop \u00dcr\u00fcnleri\",\"item\":\"https:\/\/hobierotikshop.com.tr\/website1\/shop\/\"},{\"@type\":\"ListItem\",\"position\":3,\"name\":\"Fantezi Feti\u015f Ba\u015flang\u0131\u00e7 Seti K\u0131rm\u0131z\u0131\"}]},{\"@type\":\"WebSite\",\"@id\":\"https:\/\/hobierotikshop.com.tr\/website1\/#website\",\"url\":\"https:\/\/hobierotikshop.com.tr\/website1\/\",\"name\":\"Bursa Erotik Shop\",\"description\":\"Bursa Erotik Shop ile g\u00fcvenli, gizli ve kaliteli yeti\u015fkin \u00fcr\u00fcnleri al\u0131\u015fveri\u015fi! Geni\u015f \u00fcr\u00fcn yelpazemizi ke\u015ffedin, hemen sipari\u015f verin\",\"publisher\":{\"@id\":\"https:\/\/hobierotikshop.com.tr\/website1\/#organization\"},\"alternateName\":\"Erotik Shop\",\"potentialAction\":[{\"@type\":\"SearchAction\",\"target\":{\"@type\":\"EntryPoint\",\"urlTemplate\":\"https:\/\/hobierotikshop.com.tr\/website1\/?s={search_term_string}\"},\"query-input\":{\"@type\":\"PropertyValueSpecification\",\"valueRequired\":true,\"valueName\":\"search_term_string\"}}],\"inLanguage\":\"tr\"},{\"@type\":\"Organization\",\"@id\":\"https:\/\/hobierotikshop.com.tr\/website1\/#organization\",\"name\":\"Harem Bursa Erotik Shop\",\"url\":\"https:\/\/hobierotikshop.com.tr\/website1\/\",\"logo\":{\"@type\":\"ImageObject\",\"inLanguage\":\"tr\",\"@id\":\"https:\/\/hobierotikshop.com.tr\/website1\/#\/schema\/logo\/image\/\",\"url\":\"https:\/\/haremerotikshop.com\/site\/wp-content\/uploads\/2025\/03\/haremsexshop.png\",\"contentUrl\":\"https:\/\/haremerotikshop.com\/site\/wp-content\/uploads\/2025\/03\/haremsexshop.png\",\"width\":400,\"height\":100,\"caption\":\"Harem Bursa Erotik Shop\"},\"image\":{\"@id\":\"https:\/\/hobierotikshop.com.tr\/website1\/#\/schema\/logo\/image\/\"},\"sameAs\":[\"https:\/\/x.com\/shopbursa\"],\"publishingPrinciples\":\"https:\/\/hobierotikshop.com.tr\/website1\/mesafeli-satis-sozlesmesi\/\",\"ownershipFundingInfo\":\"https:\/\/hobierotikshop.com.tr\/website1\/contact-us\/\",\"actionableFeedbackPolicy\":\"https:\/\/hobierotikshop.com.tr\/website1\/contact-us\/\",\"correctionsPolicy\":\"https:\/\/hobierotikshop.com.tr\/website1\/mesafeli-satis-sozlesmesi\/\"}]}<\/script>\n<meta property=\"product:brand\" content=\"Pembe Tilki\" \/>\n<meta property=\"product:price:amount\" content=\"900.00\" \/>\n<meta property=\"product:price:currency\" content=\"TRY\" \/>\n<meta property=\"og:availability\" content=\"instock\" \/>\n<meta property=\"product:availability\" content=\"instock\" \/>\n<meta property=\"product:retailer_item_id\" content=\"PT-FFXG046R\" \/>\n<meta property=\"product:condition\" content=\"new\" \/>\n<!-- \/ Yoast SEO Premium plugin. -->","yoast_head_json":{"title":"Fantezi Feti\u015f Ba\u015flang\u0131\u00e7 Seti K\u0131rm\u0131z\u0131 - Bursa Erotik Shop","robots":{"index":"index","follow":"follow","max-snippet":"max-snippet:-1","max-image-preview":"max-image-preview:large","max-video-preview":"max-video-preview:-1"},"canonical":"https:\/\/hobierotikshop.com.tr\/website1\/erotik-shop-urun\/fantezi-fetis-baslangic-seti-kirmizi\/","og_locale":"tr_TR","og_type":"article","og_title":"Fantezi Feti\u015f Ba\u015flang\u0131\u00e7 Seti K\u0131rm\u0131z\u0131","og_description":"Fantezi Seti, cesur ve ke\u015fif dolu bir cinsel deneyim arayanlar i\u00e7in m\u00fckemmel bir tercihtir. Partnerinizle birlikte heyecan verici ve tutkulu anlar ya\u015faman\u0131z\u0131 sa\u011flayacak bu set, s\u0131n\u0131rlar\u0131n\u0131z\u0131 zorlayarak cinsel ke\u015fiflerinize yeni bir boyut kazand\u0131r\u0131r. \u0130\u00e7erdi\u011fi \u00e7e\u015fitli oyuncaklar ile farkl\u0131 hisler ve duygular ke\u015ffetmenize olanak tan\u0131r.","og_url":"https:\/\/hobierotikshop.com.tr\/website1\/erotik-shop-urun\/fantezi-fetis-baslangic-seti-kirmizi\/","og_site_name":"Bursa Erotik Shop","article_modified_time":"2026-01-27T08:33:52+00:00","og_image":[{"width":956,"height":956,"url":"https:\/\/hobierotikshop.com.tr\/website1\/wp-content\/uploads\/2025\/03\/fantezi-fetis-baslangic-seti-kirmizi-1801-2.jpg","type":"image\/jpeg"}],"twitter_card":"summary_large_image","twitter_site":"@shopbursa","twitter_misc":{"Fiyat":"&#8378;900,00 KDV DAH\u0130L","Availability":"In stock"},"schema":{"@context":"https:\/\/schema.org","@graph":[{"@type":"WebPage","@id":"https:\/\/hobierotikshop.com.tr\/website1\/erotik-shop-urun\/fantezi-fetis-baslangic-seti-kirmizi\/","url":"https:\/\/hobierotikshop.com.tr\/website1\/erotik-shop-urun\/fantezi-fetis-baslangic-seti-kirmizi\/","name":"Fantezi Feti\u015f Ba\u015flang\u0131\u00e7 Seti K\u0131rm\u0131z\u0131 - Bursa Erotik Shop","isPartOf":{"@id":"https:\/\/hobierotikshop.com.tr\/website1\/#website"},"primaryImageOfPage":{"@id":"https:\/\/hobierotikshop.com.tr\/website1\/erotik-shop-urun\/fantezi-fetis-baslangic-seti-kirmizi\/#primaryimage"},"image":{"@id":"https:\/\/hobierotikshop.com.tr\/website1\/erotik-shop-urun\/fantezi-fetis-baslangic-seti-kirmizi\/#primaryimage"},"thumbnailUrl":"https:\/\/haremerotikshop.com\/site\/wp-content\/uploads\/2025\/03\/fantezi-fetis-baslangic-seti-kirmizi-1801-2.jpg","datePublished":"2025-03-17T09:21:43+00:00","dateModified":"2026-01-27T08:33:52+00:00","breadcrumb":{"@id":"https:\/\/hobierotikshop.com.tr\/website1\/erotik-shop-urun\/fantezi-fetis-baslangic-seti-kirmizi\/#breadcrumb"},"inLanguage":"tr","potentialAction":[{"@type":"ReadAction","target":["https:\/\/hobierotikshop.com.tr\/website1\/erotik-shop-urun\/fantezi-fetis-baslangic-seti-kirmizi\/"]}]},{"@type":"ImageObject","inLanguage":"tr","@id":"https:\/\/hobierotikshop.com.tr\/website1\/erotik-shop-urun\/fantezi-fetis-baslangic-seti-kirmizi\/#primaryimage","url":"https:\/\/haremerotikshop.com\/site\/wp-content\/uploads\/2025\/03\/fantezi-fetis-baslangic-seti-kirmizi-1801-2.jpg","contentUrl":"https:\/\/haremerotikshop.com\/site\/wp-content\/uploads\/2025\/03\/fantezi-fetis-baslangic-seti-kirmizi-1801-2.jpg","width":956,"height":956},{"@type":"BreadcrumbList","@id":"https:\/\/hobierotikshop.com.tr\/website1\/erotik-shop-urun\/fantezi-fetis-baslangic-seti-kirmizi\/#breadcrumb","itemListElement":[{"@type":"ListItem","position":1,"name":"Anasayfa","item":"https:\/\/hobierotikshop.com.tr\/website1\/"},{"@type":"ListItem","position":2,"name":"Erotik Shop \u00dcr\u00fcnleri","item":"https:\/\/hobierotikshop.com.tr\/website1\/shop\/"},{"@type":"ListItem","position":3,"name":"Fantezi Feti\u015f Ba\u015flang\u0131\u00e7 Seti K\u0131rm\u0131z\u0131"}]},{"@type":"WebSite","@id":"https:\/\/hobierotikshop.com.tr\/website1\/#website","url":"https:\/\/hobierotikshop.com.tr\/website1\/","name":"Bursa Erotik Shop","description":"Bursa Erotik Shop ile g\u00fcvenli, gizli ve kaliteli yeti\u015fkin \u00fcr\u00fcnleri al\u0131\u015fveri\u015fi! Geni\u015f \u00fcr\u00fcn yelpazemizi ke\u015ffedin, hemen sipari\u015f verin","publisher":{"@id":"https:\/\/hobierotikshop.com.tr\/website1\/#organization"},"alternateName":"Erotik Shop","potentialAction":[{"@type":"SearchAction","target":{"@type":"EntryPoint","urlTemplate":"https:\/\/hobierotikshop.com.tr\/website1\/?s={search_term_string}"},"query-input":{"@type":"PropertyValueSpecification","valueRequired":true,"valueName":"search_term_string"}}],"inLanguage":"tr"},{"@type":"Organization","@id":"https:\/\/hobierotikshop.com.tr\/website1\/#organization","name":"Harem Bursa Erotik Shop","url":"https:\/\/hobierotikshop.com.tr\/website1\/","logo":{"@type":"ImageObject","inLanguage":"tr","@id":"https:\/\/hobierotikshop.com.tr\/website1\/#\/schema\/logo\/image\/","url":"https:\/\/haremerotikshop.com\/site\/wp-content\/uploads\/2025\/03\/haremsexshop.png","contentUrl":"https:\/\/haremerotikshop.com\/site\/wp-content\/uploads\/2025\/03\/haremsexshop.png","width":400,"height":100,"caption":"Harem Bursa Erotik Shop"},"image":{"@id":"https:\/\/hobierotikshop.com.tr\/website1\/#\/schema\/logo\/image\/"},"sameAs":["https:\/\/x.com\/shopbursa"],"publishingPrinciples":"https:\/\/hobierotikshop.com.tr\/website1\/mesafeli-satis-sozlesmesi\/","ownershipFundingInfo":"https:\/\/hobierotikshop.com.tr\/website1\/contact-us\/","actionableFeedbackPolicy":"https:\/\/hobierotikshop.com.tr\/website1\/contact-us\/","correctionsPolicy":"https:\/\/hobierotikshop.com.tr\/website1\/mesafeli-satis-sozlesmesi\/"}]},"product_brand":"Pembe Tilki","product_price_amount":"900.00","product_price_currency":"TRY","og_availability":"instock","product_availability":"instock","product_retailer_item_id":"PT-FFXG046R","product_condition":"new"},"_links":{"self":[{"href":"https:\/\/haremerotikshop.com\/site\/wp-json\/wp\/v2\/product\/18691","targetHints":{"allow":["GET"]}}],"collection":[{"href":"https:\/\/haremerotikshop.com\/site\/wp-json\/wp\/v2\/product"}],"about":[{"href":"https:\/\/haremerotikshop.com\/site\/wp-json\/wp\/v2\/types\/product"}],"replies":[{"embeddable":true,"href":"https:\/\/haremerotikshop.com\/site\/wp-json\/wp\/v2\/comments?post=18691"}],"version-history":[{"count":0,"href":"https:\/\/haremerotikshop.com\/site\/wp-json\/wp\/v2\/product\/18691\/revisions"}],"wp:featuredmedia":[{"embeddable":true,"href":"https:\/\/haremerotikshop.com\/site\/wp-json\/wp\/v2\/media\/18768"}],"wp:attachment":[{"href":"https:\/\/haremerotikshop.com\/site\/wp-json\/wp\/v2\/media?parent=18691"}],"wp:term":[{"taxonomy":"product_brand","embeddable":true,"href":"https:\/\/haremerotikshop.com\/site\/wp-json\/wp\/v2\/product_brand?post=18691"},{"taxonomy":"product_cat","embeddable":true,"href":"https:\/\/haremerotikshop.com\/site\/wp-json\/wp\/v2\/product_cat?post=18691"},{"taxonomy":"product_tag","embeddable":true,"href":"https:\/\/haremerotikshop.com\/site\/wp-json\/wp\/v2\/product_tag?post=18691"}],"curies":[{"name":"wp","href":"https:\/\/api.w.org\/{rel}","templated":true}]}}