{"id":18693,"date":"2025-03-17T12:21:43","date_gmt":"2025-03-17T09:21:43","guid":{"rendered":"https:\/\/haremerotikshop.com\/site\/?post_type=product&#038;p=18693"},"modified":"2025-03-21T14:04:18","modified_gmt":"2025-03-21T11:04:18","slug":"metal-rainbow-tasli-rainbow-anal-plug-kucuk-boy","status":"publish","type":"product","link":"https:\/\/haremerotikshop.com\/site\/erotik-shop-urun\/metal-rainbow-tasli-rainbow-anal-plug-kucuk-boy\/","title":{"rendered":"Metal Rainbow Ta\u015fl\u0131 Rainbow Anal Plug K\u00fc\u00e7\u00fck Boy"},"content":{"rendered":"<h3 data-start=\"0\" data-end=\"87\"><strong data-start=\"4\" data-end=\"87\">Metal Rainbow Ta\u015fl\u0131 Rainbow Anal Plug K\u00fc\u00e7\u00fck Boy \u2013 Zarif ve Uyar\u0131c\u0131 Cinsel Ke\u015fif<\/strong><\/h3>\n<p data-start=\"89\" data-end=\"507\"><strong data-start=\"89\" data-end=\"140\">Metal Rainbow Ta\u015fl\u0131 Rainbow Anal Plug K\u00fc\u00e7\u00fck Boy<\/strong>, zarif ve estetik tasar\u0131m\u0131yla cinsel deneyimlerinize <strong data-start=\"194\" data-end=\"223\">g\u00f6rsel ve fiziksel tatmin<\/strong> sunar. Hem <strong data-start=\"235\" data-end=\"255\">yeni ba\u015flayanlar<\/strong> hem de <strong data-start=\"263\" data-end=\"289\">deneyimli kullan\u0131c\u0131lar<\/strong> i\u00e7in ideal olan bu anal plug, kullan\u0131m\u0131 kolay, g\u00fcvenli ve keyifli bir se\u00e7enek sunar. Hem solo oyunlar hem de partnerli kullan\u0131mlar i\u00e7in m\u00fckemmel olan bu \u00fcr\u00fcn, <strong data-start=\"449\" data-end=\"473\">heyecan verici anlar<\/strong> i\u00e7in vazge\u00e7ilmez bir aksesuard\u0131r.<\/p>\n<h3 data-start=\"509\" data-end=\"534\"><strong data-start=\"513\" data-end=\"534\">\u00dcr\u00fcn \u00d6zellikleri:<\/strong><\/h3>\n<h4 data-start=\"536\" data-end=\"554\"><strong data-start=\"541\" data-end=\"554\">Boyutlar:<\/strong><\/h4>\n<ul data-start=\"555\" data-end=\"753\">\n<li data-start=\"555\" data-end=\"753\"><strong data-start=\"557\" data-end=\"571\">2,8 cm \u00e7ap<\/strong> ve <strong data-start=\"575\" data-end=\"591\">7 cm uzunluk<\/strong> ile tasarlanm\u0131\u015f olan bu anal plug, \u00f6zellikle yeni ba\u015flayanlar i\u00e7in <strong data-start=\"659\" data-end=\"668\">ideal<\/strong> bir boyuttad\u0131r. Rahat kullan\u0131m sa\u011flamak amac\u0131yla ergonomik olarak dizayn edilmi\u015ftir.<\/li>\n<\/ul>\n<h4 data-start=\"755\" data-end=\"772\"><strong data-start=\"760\" data-end=\"772\">A\u011f\u0131rl\u0131k:<\/strong><\/h4>\n<ul data-start=\"773\" data-end=\"951\">\n<li data-start=\"773\" data-end=\"951\"><strong data-start=\"775\" data-end=\"784\">50 gr<\/strong> a\u011f\u0131rl\u0131\u011f\u0131ndaki bu anal plug, kullan\u0131m s\u0131ras\u0131nda <strong data-start=\"832\" data-end=\"857\">ho\u015f bir a\u011f\u0131rl\u0131k hissi<\/strong> vererek ekstra bir <strong data-start=\"877\" data-end=\"887\">uyar\u0131m<\/strong> sa\u011flar. Hem g\u00f6rsel hem de fiziksel deneyiminizi zenginle\u015ftirir.<\/li>\n<\/ul>\n<h4 data-start=\"953\" data-end=\"970\"><strong data-start=\"958\" data-end=\"970\">Malzeme:<\/strong><\/h4>\n<ul data-start=\"971\" data-end=\"1236\">\n<li data-start=\"971\" data-end=\"1236\"><strong data-start=\"973\" data-end=\"998\">Y\u00fcksek kaliteli metal<\/strong> malzeme, dayan\u0131kl\u0131l\u0131\u011f\u0131 ve p\u00fcr\u00fczs\u00fcz y\u00fczeyi ile bilinir. Metal malzeme, s\u0131cakl\u0131kla oynayarak <strong data-start=\"1090\" data-end=\"1125\">\u0131s\u0131t\u0131labilir veya so\u011futulabilir<\/strong>, b\u00f6ylece farkl\u0131 duyusal deneyimler ya\u015faman\u0131za olanak tan\u0131r. Uzun \u00f6m\u00fcrl\u00fc kullan\u0131m i\u00e7in m\u00fckemmel bir se\u00e7enektir.<\/li>\n<\/ul>\n<h4 data-start=\"1238\" data-end=\"1255\"><strong data-start=\"1243\" data-end=\"1255\">Tasar\u0131m:<\/strong><\/h4>\n<ul data-start=\"1256\" data-end=\"1469\">\n<li data-start=\"1256\" data-end=\"1469\"><strong data-start=\"1258\" data-end=\"1278\">Rainbow renkleri<\/strong>yle dikkat \u00e7eken bu anal plug, estetik bir dokunu\u015f sunar. Arka k\u0131sm\u0131ndaki <strong data-start=\"1352\" data-end=\"1377\">g\u00f6z al\u0131c\u0131 rainbow ta\u015f<\/strong> ise \u00fcr\u00fcne zarif bir g\u00f6r\u00fcn\u00fcm kazand\u0131r\u0131rken, kullan\u0131m s\u0131ras\u0131nda ekstra bir g\u00f6rsel zevk sunar.<\/li>\n<\/ul>\n<h4 data-start=\"1471\" data-end=\"1495\"><strong data-start=\"1476\" data-end=\"1495\">Ergonomik Yap\u0131:<\/strong><\/h4>\n<ul data-start=\"1496\" data-end=\"1749\">\n<li data-start=\"1496\" data-end=\"1749\">Ergonomik tasar\u0131m\u0131 sayesinde, bu anal plug v\u00fccudunuza m\u00fckemmel uyum sa\u011flar ve rahat bir kullan\u0131m deneyimi sunar. <strong data-start=\"1611\" data-end=\"1627\">Geni\u015f taban\u0131<\/strong>, g\u00fcvenli bir kullan\u0131m i\u00e7in tasarlanm\u0131\u015f olup, kaymay\u0131 <strong data-start=\"1681\" data-end=\"1690\">\u00f6nler<\/strong>. Kullan\u0131m s\u0131ras\u0131nda rahatl\u0131k ve g\u00fcvenli\u011fi bir arada sunar.<\/li>\n<\/ul>\n<h3 data-start=\"1751\" data-end=\"1780\"><strong data-start=\"1755\" data-end=\"1780\">Kullan\u0131m ve Temizlik:<\/strong><\/h3>\n<ul data-start=\"1782\" data-end=\"2077\">\n<li data-start=\"1782\" data-end=\"2077\"><strong data-start=\"1784\" data-end=\"1835\">Metal Rainbow Ta\u015fl\u0131 Rainbow Anal Plug K\u00fc\u00e7\u00fck Boy<\/strong>, hem solo oyunlar hem de partnerle kullan\u0131mlar i\u00e7in idealdir. Temizli\u011fi son derece kolayd\u0131r. Kullan\u0131mdan \u00f6nce ve sonra <strong data-start=\"1955\" data-end=\"1975\">\u0131l\u0131k su ve sabun<\/strong> ile y\u0131kayabilir veya uygun bir oyuncak temizleyici ile temizleyebilirsiniz. Hijyenik kullan\u0131m sa\u011flar.<\/li>\n<\/ul>\n<h3 data-start=\"2079\" data-end=\"2111\"><strong data-start=\"2083\" data-end=\"2111\">Cinsel Ke\u015fif \u0130\u00e7in \u0130deal:<\/strong><\/h3>\n<p data-start=\"2112\" data-end=\"2440\">Bu anal plug, cinsel deneyimlerinize <strong data-start=\"2149\" data-end=\"2160\">estetik<\/strong> ve <strong data-start=\"2164\" data-end=\"2175\">uyar\u0131c\u0131<\/strong> bir dokunu\u015f katmak i\u00e7in m\u00fckemmel bir se\u00e7imdir. Hem g\u00f6rsel hem de fiziksel olarak tatmin edici olan bu \u00fcr\u00fcn, koleksiyonunuzda vazge\u00e7ilmez bir par\u00e7a olacakt\u0131r. Kendinizi ve partnerinizi <strong data-start=\"2360\" data-end=\"2373\">\u015f\u0131martmak<\/strong> ve ke\u015fiflerinize yeni bir boyut katmak i\u00e7in ideal bir aksesuard\u0131r.<\/p>\n<h3 data-start=\"2442\" data-end=\"2456\"><strong data-start=\"2446\" data-end=\"2456\">Sonu\u00e7:<\/strong><\/h3>\n<p data-start=\"2458\" data-end=\"2882\" data-is-last-node=\"\" data-is-only-node=\"\"><strong data-start=\"2458\" data-end=\"2509\">Metal Rainbow Ta\u015fl\u0131 Rainbow Anal Plug K\u00fc\u00e7\u00fck Boy<\/strong>, \u015f\u0131kl\u0131\u011f\u0131, ergonomisi ve fonksiyonalitesi ile cinsel ke\u015fiflerinizi zenginle\u015ftirir. Hem g\u00f6rsel hem de fiziksel anlamda tatmin edici olan bu anal plug, <strong data-start=\"2659\" data-end=\"2688\">g\u00fcvenli ve rahat kullan\u0131m<\/strong> sunarken, <strong data-start=\"2699\" data-end=\"2763\">duyusal ke\u015fiflerinize yeni bir boyut katman\u0131za yard\u0131mc\u0131 olur<\/strong>. Yeni ba\u015flayanlar ve deneyimli kullan\u0131c\u0131lar i\u00e7in ideal olan bu \u00fcr\u00fcn, <strong data-start=\"2833\" data-end=\"2848\">cinsel zevk<\/strong> ve <strong data-start=\"2852\" data-end=\"2863\">konforu<\/strong> bir araya getirir.<\/p>\n","protected":false},"excerpt":{"rendered":"<p><strong data-start=\"89\" data-end=\"140\">Metal Rainbow Ta\u015fl\u0131 Rainbow Anal Plug K\u00fc\u00e7\u00fck Boy<\/strong>, zarif ve estetik tasar\u0131m\u0131yla cinsel deneyimlerinize <strong data-start=\"194\" data-end=\"223\">g\u00f6rsel ve fiziksel tatmin<\/strong> sunar. Hem <strong data-start=\"235\" data-end=\"255\">yeni ba\u015flayanlar<\/strong> hem de <strong data-start=\"263\" data-end=\"289\">deneyimli kullan\u0131c\u0131lar<\/strong> i\u00e7in ideal olan bu anal plug, kullan\u0131m\u0131 kolay, g\u00fcvenli ve keyifli bir se\u00e7enek sunar. Hem solo oyunlar hem de partnerli kullan\u0131mlar i\u00e7in m\u00fckemmel olan bu \u00fcr\u00fcn, <strong data-start=\"449\" data-end=\"473\">heyecan verici anlar<\/strong> i\u00e7in vazge\u00e7ilmez bir aksesuard\u0131r.<\/p>\n","protected":false},"featured_media":18772,"comment_status":"open","ping_status":"closed","template":"","meta":[],"product_brand":[127],"product_cat":[89],"product_tag":[197],"class_list":{"0":"post-18693","1":"product","2":"type-product","3":"status-publish","4":"has-post-thumbnail","6":"product_brand-pembe-tilki","7":"product_cat-anal-plug","8":"product_tag-metal-rainbow-tasli-rainbow-anal-plug-kucuk-boy","10":"first","11":"instock","12":"taxable","13":"shipping-taxable","14":"purchasable","15":"product-type-simple"},"yoast_head":"<!-- This site is optimized with the Yoast SEO Premium plugin v24.4 (Yoast SEO v27.1.1) - https:\/\/yoast.com\/product\/yoast-seo-premium-wordpress\/ -->\n<title>Metal Rainbow Ta\u015fl\u0131 Rainbow Anal Plug K\u00fc\u00e7\u00fck Boy - Bursa Erotik Shop<\/title>\n<meta name=\"robots\" content=\"index, follow, max-snippet:-1, max-image-preview:large, max-video-preview:-1\" \/>\n<link rel=\"canonical\" href=\"https:\/\/hobierotikshop.com.tr\/website1\/erotik-shop-urun\/metal-rainbow-tasli-rainbow-anal-plug-kucuk-boy\/\" \/>\n<meta property=\"og:locale\" content=\"tr_TR\" \/>\n<meta property=\"og:type\" content=\"article\" \/>\n<meta property=\"og:title\" content=\"Metal Rainbow Ta\u015fl\u0131 Rainbow Anal Plug K\u00fc\u00e7\u00fck Boy\" \/>\n<meta property=\"og:description\" content=\"Metal Rainbow Ta\u015fl\u0131 Rainbow Anal Plug K\u00fc\u00e7\u00fck Boy, zarif ve estetik tasar\u0131m\u0131yla cinsel deneyimlerinize g\u00f6rsel ve fiziksel tatmin sunar. Hem yeni ba\u015flayanlar hem de deneyimli kullan\u0131c\u0131lar i\u00e7in ideal olan bu anal plug, kullan\u0131m\u0131 kolay, g\u00fcvenli ve keyifli bir se\u00e7enek sunar. Hem solo oyunlar hem de partnerli kullan\u0131mlar i\u00e7in m\u00fckemmel olan bu \u00fcr\u00fcn, heyecan verici anlar i\u00e7in vazge\u00e7ilmez bir aksesuard\u0131r.\" \/>\n<meta property=\"og:url\" content=\"https:\/\/hobierotikshop.com.tr\/website1\/erotik-shop-urun\/metal-rainbow-tasli-rainbow-anal-plug-kucuk-boy\/\" \/>\n<meta property=\"og:site_name\" content=\"Bursa Erotik Shop\" \/>\n<meta property=\"article:modified_time\" content=\"2025-03-21T11:04:18+00:00\" \/>\n<meta property=\"og:image\" content=\"https:\/\/hobierotikshop.com.tr\/website1\/wp-content\/uploads\/2025\/03\/metal-rainbow-tasli-rainbow-anal-plug-kucuk-boy-1803-2.jpg\" \/>\n\t<meta property=\"og:image:width\" content=\"1500\" \/>\n\t<meta property=\"og:image:height\" content=\"1500\" \/>\n\t<meta property=\"og:image:type\" content=\"image\/jpeg\" \/>\n<meta name=\"twitter:card\" content=\"summary_large_image\" \/>\n<meta name=\"twitter:site\" content=\"@shopbursa\" \/>\n<meta name=\"twitter:label1\" content=\"Fiyat\" \/>\n\t<meta name=\"twitter:data1\" content=\"&#8378;540,00 KDV DAH\u0130L\" \/>\n\t<meta name=\"twitter:label2\" content=\"Availability\" \/>\n\t<meta name=\"twitter:data2\" content=\"In stock\" \/>\n<script type=\"application\/ld+json\" class=\"yoast-schema-graph\">{\"@context\":\"https:\/\/schema.org\",\"@graph\":[{\"@type\":\"WebPage\",\"@id\":\"https:\/\/hobierotikshop.com.tr\/website1\/erotik-shop-urun\/metal-rainbow-tasli-rainbow-anal-plug-kucuk-boy\/\",\"url\":\"https:\/\/hobierotikshop.com.tr\/website1\/erotik-shop-urun\/metal-rainbow-tasli-rainbow-anal-plug-kucuk-boy\/\",\"name\":\"Metal Rainbow Ta\u015fl\u0131 Rainbow Anal Plug K\u00fc\u00e7\u00fck Boy - Bursa Erotik Shop\",\"isPartOf\":{\"@id\":\"https:\/\/hobierotikshop.com.tr\/website1\/#website\"},\"primaryImageOfPage\":{\"@id\":\"https:\/\/hobierotikshop.com.tr\/website1\/erotik-shop-urun\/metal-rainbow-tasli-rainbow-anal-plug-kucuk-boy\/#primaryimage\"},\"image\":{\"@id\":\"https:\/\/hobierotikshop.com.tr\/website1\/erotik-shop-urun\/metal-rainbow-tasli-rainbow-anal-plug-kucuk-boy\/#primaryimage\"},\"thumbnailUrl\":\"https:\/\/haremerotikshop.com\/site\/wp-content\/uploads\/2025\/03\/metal-rainbow-tasli-rainbow-anal-plug-kucuk-boy-1803-2.jpg\",\"datePublished\":\"2025-03-17T09:21:43+00:00\",\"dateModified\":\"2025-03-21T11:04:18+00:00\",\"breadcrumb\":{\"@id\":\"https:\/\/hobierotikshop.com.tr\/website1\/erotik-shop-urun\/metal-rainbow-tasli-rainbow-anal-plug-kucuk-boy\/#breadcrumb\"},\"inLanguage\":\"tr\",\"potentialAction\":[{\"@type\":\"ReadAction\",\"target\":[\"https:\/\/hobierotikshop.com.tr\/website1\/erotik-shop-urun\/metal-rainbow-tasli-rainbow-anal-plug-kucuk-boy\/\"]}]},{\"@type\":\"ImageObject\",\"inLanguage\":\"tr\",\"@id\":\"https:\/\/hobierotikshop.com.tr\/website1\/erotik-shop-urun\/metal-rainbow-tasli-rainbow-anal-plug-kucuk-boy\/#primaryimage\",\"url\":\"https:\/\/haremerotikshop.com\/site\/wp-content\/uploads\/2025\/03\/metal-rainbow-tasli-rainbow-anal-plug-kucuk-boy-1803-2.jpg\",\"contentUrl\":\"https:\/\/haremerotikshop.com\/site\/wp-content\/uploads\/2025\/03\/metal-rainbow-tasli-rainbow-anal-plug-kucuk-boy-1803-2.jpg\",\"width\":1500,\"height\":1500},{\"@type\":\"BreadcrumbList\",\"@id\":\"https:\/\/hobierotikshop.com.tr\/website1\/erotik-shop-urun\/metal-rainbow-tasli-rainbow-anal-plug-kucuk-boy\/#breadcrumb\",\"itemListElement\":[{\"@type\":\"ListItem\",\"position\":1,\"name\":\"Anasayfa\",\"item\":\"https:\/\/hobierotikshop.com.tr\/website1\/\"},{\"@type\":\"ListItem\",\"position\":2,\"name\":\"Erotik Shop \u00dcr\u00fcnleri\",\"item\":\"https:\/\/hobierotikshop.com.tr\/website1\/shop\/\"},{\"@type\":\"ListItem\",\"position\":3,\"name\":\"Metal Rainbow Ta\u015fl\u0131 Rainbow Anal Plug K\u00fc\u00e7\u00fck Boy\"}]},{\"@type\":\"WebSite\",\"@id\":\"https:\/\/hobierotikshop.com.tr\/website1\/#website\",\"url\":\"https:\/\/hobierotikshop.com.tr\/website1\/\",\"name\":\"Bursa Erotik Shop\",\"description\":\"Bursa Erotik Shop ile g\u00fcvenli, gizli ve kaliteli yeti\u015fkin \u00fcr\u00fcnleri al\u0131\u015fveri\u015fi! Geni\u015f \u00fcr\u00fcn yelpazemizi ke\u015ffedin, hemen sipari\u015f verin\",\"publisher\":{\"@id\":\"https:\/\/hobierotikshop.com.tr\/website1\/#organization\"},\"alternateName\":\"Erotik Shop\",\"potentialAction\":[{\"@type\":\"SearchAction\",\"target\":{\"@type\":\"EntryPoint\",\"urlTemplate\":\"https:\/\/hobierotikshop.com.tr\/website1\/?s={search_term_string}\"},\"query-input\":{\"@type\":\"PropertyValueSpecification\",\"valueRequired\":true,\"valueName\":\"search_term_string\"}}],\"inLanguage\":\"tr\"},{\"@type\":\"Organization\",\"@id\":\"https:\/\/hobierotikshop.com.tr\/website1\/#organization\",\"name\":\"Harem Bursa Erotik Shop\",\"url\":\"https:\/\/hobierotikshop.com.tr\/website1\/\",\"logo\":{\"@type\":\"ImageObject\",\"inLanguage\":\"tr\",\"@id\":\"https:\/\/hobierotikshop.com.tr\/website1\/#\/schema\/logo\/image\/\",\"url\":\"https:\/\/haremerotikshop.com\/site\/wp-content\/uploads\/2025\/03\/haremsexshop.png\",\"contentUrl\":\"https:\/\/haremerotikshop.com\/site\/wp-content\/uploads\/2025\/03\/haremsexshop.png\",\"width\":400,\"height\":100,\"caption\":\"Harem Bursa Erotik Shop\"},\"image\":{\"@id\":\"https:\/\/hobierotikshop.com.tr\/website1\/#\/schema\/logo\/image\/\"},\"sameAs\":[\"https:\/\/x.com\/shopbursa\"],\"publishingPrinciples\":\"https:\/\/hobierotikshop.com.tr\/website1\/mesafeli-satis-sozlesmesi\/\",\"ownershipFundingInfo\":\"https:\/\/hobierotikshop.com.tr\/website1\/contact-us\/\",\"actionableFeedbackPolicy\":\"https:\/\/hobierotikshop.com.tr\/website1\/contact-us\/\",\"correctionsPolicy\":\"https:\/\/hobierotikshop.com.tr\/website1\/mesafeli-satis-sozlesmesi\/\"}]}<\/script>\n<meta property=\"product:brand\" content=\"Pembe Tilki\" \/>\n<meta property=\"product:price:amount\" content=\"540.00\" \/>\n<meta property=\"product:price:currency\" content=\"TRY\" \/>\n<meta property=\"og:availability\" content=\"instock\" \/>\n<meta property=\"product:availability\" content=\"instock\" \/>\n<meta property=\"product:retailer_item_id\" content=\"PT-ANXM018SRWRW\" \/>\n<meta property=\"product:condition\" content=\"new\" \/>\n<!-- \/ Yoast SEO Premium plugin. -->","yoast_head_json":{"title":"Metal Rainbow Ta\u015fl\u0131 Rainbow Anal Plug K\u00fc\u00e7\u00fck Boy - Bursa Erotik Shop","robots":{"index":"index","follow":"follow","max-snippet":"max-snippet:-1","max-image-preview":"max-image-preview:large","max-video-preview":"max-video-preview:-1"},"canonical":"https:\/\/hobierotikshop.com.tr\/website1\/erotik-shop-urun\/metal-rainbow-tasli-rainbow-anal-plug-kucuk-boy\/","og_locale":"tr_TR","og_type":"article","og_title":"Metal Rainbow Ta\u015fl\u0131 Rainbow Anal Plug K\u00fc\u00e7\u00fck Boy","og_description":"Metal Rainbow Ta\u015fl\u0131 Rainbow Anal Plug K\u00fc\u00e7\u00fck Boy, zarif ve estetik tasar\u0131m\u0131yla cinsel deneyimlerinize g\u00f6rsel ve fiziksel tatmin sunar. Hem yeni ba\u015flayanlar hem de deneyimli kullan\u0131c\u0131lar i\u00e7in ideal olan bu anal plug, kullan\u0131m\u0131 kolay, g\u00fcvenli ve keyifli bir se\u00e7enek sunar. Hem solo oyunlar hem de partnerli kullan\u0131mlar i\u00e7in m\u00fckemmel olan bu \u00fcr\u00fcn, heyecan verici anlar i\u00e7in vazge\u00e7ilmez bir aksesuard\u0131r.","og_url":"https:\/\/hobierotikshop.com.tr\/website1\/erotik-shop-urun\/metal-rainbow-tasli-rainbow-anal-plug-kucuk-boy\/","og_site_name":"Bursa Erotik Shop","article_modified_time":"2025-03-21T11:04:18+00:00","og_image":[{"width":1500,"height":1500,"url":"https:\/\/hobierotikshop.com.tr\/website1\/wp-content\/uploads\/2025\/03\/metal-rainbow-tasli-rainbow-anal-plug-kucuk-boy-1803-2.jpg","type":"image\/jpeg"}],"twitter_card":"summary_large_image","twitter_site":"@shopbursa","twitter_misc":{"Fiyat":"&#8378;540,00 KDV DAH\u0130L","Availability":"In stock"},"schema":{"@context":"https:\/\/schema.org","@graph":[{"@type":"WebPage","@id":"https:\/\/hobierotikshop.com.tr\/website1\/erotik-shop-urun\/metal-rainbow-tasli-rainbow-anal-plug-kucuk-boy\/","url":"https:\/\/hobierotikshop.com.tr\/website1\/erotik-shop-urun\/metal-rainbow-tasli-rainbow-anal-plug-kucuk-boy\/","name":"Metal Rainbow Ta\u015fl\u0131 Rainbow Anal Plug K\u00fc\u00e7\u00fck Boy - Bursa Erotik Shop","isPartOf":{"@id":"https:\/\/hobierotikshop.com.tr\/website1\/#website"},"primaryImageOfPage":{"@id":"https:\/\/hobierotikshop.com.tr\/website1\/erotik-shop-urun\/metal-rainbow-tasli-rainbow-anal-plug-kucuk-boy\/#primaryimage"},"image":{"@id":"https:\/\/hobierotikshop.com.tr\/website1\/erotik-shop-urun\/metal-rainbow-tasli-rainbow-anal-plug-kucuk-boy\/#primaryimage"},"thumbnailUrl":"https:\/\/haremerotikshop.com\/site\/wp-content\/uploads\/2025\/03\/metal-rainbow-tasli-rainbow-anal-plug-kucuk-boy-1803-2.jpg","datePublished":"2025-03-17T09:21:43+00:00","dateModified":"2025-03-21T11:04:18+00:00","breadcrumb":{"@id":"https:\/\/hobierotikshop.com.tr\/website1\/erotik-shop-urun\/metal-rainbow-tasli-rainbow-anal-plug-kucuk-boy\/#breadcrumb"},"inLanguage":"tr","potentialAction":[{"@type":"ReadAction","target":["https:\/\/hobierotikshop.com.tr\/website1\/erotik-shop-urun\/metal-rainbow-tasli-rainbow-anal-plug-kucuk-boy\/"]}]},{"@type":"ImageObject","inLanguage":"tr","@id":"https:\/\/hobierotikshop.com.tr\/website1\/erotik-shop-urun\/metal-rainbow-tasli-rainbow-anal-plug-kucuk-boy\/#primaryimage","url":"https:\/\/haremerotikshop.com\/site\/wp-content\/uploads\/2025\/03\/metal-rainbow-tasli-rainbow-anal-plug-kucuk-boy-1803-2.jpg","contentUrl":"https:\/\/haremerotikshop.com\/site\/wp-content\/uploads\/2025\/03\/metal-rainbow-tasli-rainbow-anal-plug-kucuk-boy-1803-2.jpg","width":1500,"height":1500},{"@type":"BreadcrumbList","@id":"https:\/\/hobierotikshop.com.tr\/website1\/erotik-shop-urun\/metal-rainbow-tasli-rainbow-anal-plug-kucuk-boy\/#breadcrumb","itemListElement":[{"@type":"ListItem","position":1,"name":"Anasayfa","item":"https:\/\/hobierotikshop.com.tr\/website1\/"},{"@type":"ListItem","position":2,"name":"Erotik Shop \u00dcr\u00fcnleri","item":"https:\/\/hobierotikshop.com.tr\/website1\/shop\/"},{"@type":"ListItem","position":3,"name":"Metal Rainbow Ta\u015fl\u0131 Rainbow Anal Plug K\u00fc\u00e7\u00fck Boy"}]},{"@type":"WebSite","@id":"https:\/\/hobierotikshop.com.tr\/website1\/#website","url":"https:\/\/hobierotikshop.com.tr\/website1\/","name":"Bursa Erotik Shop","description":"Bursa Erotik Shop ile g\u00fcvenli, gizli ve kaliteli yeti\u015fkin \u00fcr\u00fcnleri al\u0131\u015fveri\u015fi! Geni\u015f \u00fcr\u00fcn yelpazemizi ke\u015ffedin, hemen sipari\u015f verin","publisher":{"@id":"https:\/\/hobierotikshop.com.tr\/website1\/#organization"},"alternateName":"Erotik Shop","potentialAction":[{"@type":"SearchAction","target":{"@type":"EntryPoint","urlTemplate":"https:\/\/hobierotikshop.com.tr\/website1\/?s={search_term_string}"},"query-input":{"@type":"PropertyValueSpecification","valueRequired":true,"valueName":"search_term_string"}}],"inLanguage":"tr"},{"@type":"Organization","@id":"https:\/\/hobierotikshop.com.tr\/website1\/#organization","name":"Harem Bursa Erotik Shop","url":"https:\/\/hobierotikshop.com.tr\/website1\/","logo":{"@type":"ImageObject","inLanguage":"tr","@id":"https:\/\/hobierotikshop.com.tr\/website1\/#\/schema\/logo\/image\/","url":"https:\/\/haremerotikshop.com\/site\/wp-content\/uploads\/2025\/03\/haremsexshop.png","contentUrl":"https:\/\/haremerotikshop.com\/site\/wp-content\/uploads\/2025\/03\/haremsexshop.png","width":400,"height":100,"caption":"Harem Bursa Erotik Shop"},"image":{"@id":"https:\/\/hobierotikshop.com.tr\/website1\/#\/schema\/logo\/image\/"},"sameAs":["https:\/\/x.com\/shopbursa"],"publishingPrinciples":"https:\/\/hobierotikshop.com.tr\/website1\/mesafeli-satis-sozlesmesi\/","ownershipFundingInfo":"https:\/\/hobierotikshop.com.tr\/website1\/contact-us\/","actionableFeedbackPolicy":"https:\/\/hobierotikshop.com.tr\/website1\/contact-us\/","correctionsPolicy":"https:\/\/hobierotikshop.com.tr\/website1\/mesafeli-satis-sozlesmesi\/"}]},"product_brand":"Pembe Tilki","product_price_amount":"540.00","product_price_currency":"TRY","og_availability":"instock","product_availability":"instock","product_retailer_item_id":"PT-ANXM018SRWRW","product_condition":"new"},"_links":{"self":[{"href":"https:\/\/haremerotikshop.com\/site\/wp-json\/wp\/v2\/product\/18693","targetHints":{"allow":["GET"]}}],"collection":[{"href":"https:\/\/haremerotikshop.com\/site\/wp-json\/wp\/v2\/product"}],"about":[{"href":"https:\/\/haremerotikshop.com\/site\/wp-json\/wp\/v2\/types\/product"}],"replies":[{"embeddable":true,"href":"https:\/\/haremerotikshop.com\/site\/wp-json\/wp\/v2\/comments?post=18693"}],"version-history":[{"count":0,"href":"https:\/\/haremerotikshop.com\/site\/wp-json\/wp\/v2\/product\/18693\/revisions"}],"wp:featuredmedia":[{"embeddable":true,"href":"https:\/\/haremerotikshop.com\/site\/wp-json\/wp\/v2\/media\/18772"}],"wp:attachment":[{"href":"https:\/\/haremerotikshop.com\/site\/wp-json\/wp\/v2\/media?parent=18693"}],"wp:term":[{"taxonomy":"product_brand","embeddable":true,"href":"https:\/\/haremerotikshop.com\/site\/wp-json\/wp\/v2\/product_brand?post=18693"},{"taxonomy":"product_cat","embeddable":true,"href":"https:\/\/haremerotikshop.com\/site\/wp-json\/wp\/v2\/product_cat?post=18693"},{"taxonomy":"product_tag","embeddable":true,"href":"https:\/\/haremerotikshop.com\/site\/wp-json\/wp\/v2\/product_tag?post=18693"}],"curies":[{"name":"wp","href":"https:\/\/api.w.org\/{rel}","templated":true}]}}