{"id":18724,"date":"2025-03-17T12:22:06","date_gmt":"2025-03-17T09:22:06","guid":{"rendered":"https:\/\/haremerotikshop.com\/site\/?post_type=product&#038;p=18724"},"modified":"2026-01-27T11:33:07","modified_gmt":"2026-01-27T08:33:07","slug":"seffaf-silikon-anal-vibrator-siyah","status":"publish","type":"product","link":"https:\/\/haremerotikshop.com\/site\/erotik-shop-urun\/seffaf-silikon-anal-vibrator-siyah\/","title":{"rendered":"\u015eeffaf Silikon Anal Vibrat\u00f6r Siyah"},"content":{"rendered":"<h3 data-start=\"0\" data-end=\"92\">Geli\u015fmi\u015f Anal Keyif \u0130\u00e7in <strong data-start=\"29\" data-end=\"61\">\u015eeffaf Silikon Anal Vibrat\u00f6r<\/strong> \u2013 Hem Estetik Hem Fonksiyonel!<\/h3>\n<p data-start=\"94\" data-end=\"495\"><strong data-start=\"94\" data-end=\"126\">\u015eeffaf Silikon Anal Vibrat\u00f6r<\/strong>, anal keyfi zirveye ta\u015f\u0131yan, estetik ve i\u015flevselli\u011fi m\u00fckemmel bir \u015fekilde birle\u015ftiren \u00f6zel bir \u00fcr\u00fcnd\u00fcr. Kullan\u0131c\u0131 dostu tasar\u0131m\u0131, su ge\u00e7irmez \u00f6zelli\u011fi ve sa\u011fl\u0131kl\u0131 \u015feffaf silikon malzemesiyle, bu vibrat\u00f6r hem g\u00f6rsel olarak tatmin edici hem de performans a\u00e7\u0131s\u0131ndan beklentileri kar\u015f\u0131lamak \u00fczere tasarlanm\u0131\u015ft\u0131r. <strong data-start=\"436\" data-end=\"459\">Geli\u015fmi\u015f anal keyif<\/strong> arayanlar i\u00e7in ideal bir tercihtir.<\/p>\n<h3 data-start=\"497\" data-end=\"518\">\u00dcr\u00fcn \u00d6zellikleri:<\/h3>\n<h4 data-start=\"520\" data-end=\"552\"><strong data-start=\"525\" data-end=\"552\">\u015eeffaf Silikon Tasar\u0131m:<\/strong><\/h4>\n<ul data-start=\"553\" data-end=\"802\">\n<li data-start=\"553\" data-end=\"802\"><strong data-start=\"555\" data-end=\"580\">G\u00f6z al\u0131c\u0131 ve Sa\u011fl\u0131kl\u0131<\/strong>: <strong data-start=\"582\" data-end=\"600\">\u015eeffaf silikon<\/strong> malzeme, hem estetik bir g\u00f6r\u00fcn\u00fcm sunar hem de sa\u011fl\u0131\u011fa zarar vermeyen, v\u00fccut dostu bir malzeme olarak \u00f6n plana \u00e7\u0131kar. Hijyenik ve kolay temizlenebilir olan silikon, g\u00fcvenli bir kullan\u0131m deneyimi sa\u011flar.<\/li>\n<\/ul>\n<h4 data-start=\"804\" data-end=\"830\"><strong data-start=\"809\" data-end=\"830\">Boyut ve A\u011f\u0131rl\u0131k:<\/strong><\/h4>\n<ul data-start=\"831\" data-end=\"1090\">\n<li data-start=\"831\" data-end=\"1087\"><strong data-start=\"833\" data-end=\"855\">Ergonomik Boyutlar<\/strong>: 60 mm uzunluk ve 35 mm geni\u015flik ile m\u00fckemmel bir uyum sunar. <strong data-start=\"918\" data-end=\"947\">24 graml\u0131k hafif a\u011f\u0131rl\u0131\u011f\u0131<\/strong>, \u00fcr\u00fcn\u00fc ta\u015f\u0131mas\u0131 ve kullanmas\u0131 son derece kolay hale getirir. Bu boyutlar, ba\u015flang\u0131\u00e7 ve deneyimli kullan\u0131c\u0131lar i\u00e7in ideal bir se\u00e7enek sunar.<\/li>\n<\/ul>\n<h4 data-start=\"1091\" data-end=\"1120\"><strong data-start=\"1096\" data-end=\"1120\">Su Ge\u00e7irmez \u00d6zellik:<\/strong><\/h4>\n<ul data-start=\"1121\" data-end=\"1360\">\n<li data-start=\"1121\" data-end=\"1360\"><strong data-start=\"1123\" data-end=\"1147\">Esneklik ve \u00d6zg\u00fcrl\u00fck<\/strong>: Su ge\u00e7irmez \u00f6zelli\u011fi sayesinde, <strong data-start=\"1181\" data-end=\"1201\">du\u015fta veya banyo<\/strong> s\u0131ras\u0131nda dahi g\u00fcvenle kullan\u0131labilir. Bu \u00f6zellik, kullan\u0131c\u0131lara <strong data-start=\"1267\" data-end=\"1279\">\u00f6zg\u00fcrl\u00fck<\/strong> ve daha fazla <strong data-start=\"1294\" data-end=\"1306\">esneklik<\/strong> sunar, b\u00f6ylece her ortamda rahatl\u0131kla kullan\u0131labilir.<\/li>\n<\/ul>\n<h4 data-start=\"1362\" data-end=\"1405\"><strong data-start=\"1367\" data-end=\"1405\">Y\u00fcksek Performans ve G\u00fcvenilirlik:<\/strong><\/h4>\n<ul data-start=\"1406\" data-end=\"1593\">\n<li data-start=\"1406\" data-end=\"1593\"><strong data-start=\"1408\" data-end=\"1431\">Kaliteli ve G\u00fcvenli<\/strong>: \u015eeffaf Silikon Anal Vibrat\u00f6r, dayan\u0131kl\u0131 malzemesi ve sa\u011flam yap\u0131s\u0131 ile uzun \u00f6m\u00fcrl\u00fc kullan\u0131m sunar. Kullan\u0131c\u0131lar\u0131n g\u00fcvenli\u011fi \u00f6n planda tutularak tasarlanm\u0131\u015ft\u0131r.<\/li>\n<\/ul>\n<h4 data-start=\"1595\" data-end=\"1619\"><strong data-start=\"1600\" data-end=\"1619\">Kolay Temizlik:<\/strong><\/h4>\n<ul data-start=\"1620\" data-end=\"1838\">\n<li data-start=\"1620\" data-end=\"1838\"><strong data-start=\"1622\" data-end=\"1643\">Hijyenik Kullan\u0131m<\/strong>: Su ge\u00e7irmez \u00f6zellik, bu \u00fcr\u00fcn\u00fc temizlemeyi kolayla\u015ft\u0131r\u0131r. Kullan\u0131mdan sonra \u0131l\u0131k su ve sabunla rahat\u00e7a temizlenebilir veya \u00f6zel oyuncak temizleyicileriyle hijyenik bir \u015fekilde bak\u0131m yap\u0131labilir.<\/li>\n<\/ul>\n<h3 data-start=\"1840\" data-end=\"1862\">Kullan\u0131m Alanlar\u0131:<\/h3>\n<ul data-start=\"1864\" data-end=\"2251\">\n<li data-start=\"1864\" data-end=\"2011\">\n<p data-start=\"1866\" data-end=\"2011\"><strong data-start=\"1866\" data-end=\"1890\">Anal Ke\u015fif ve Uyar\u0131m<\/strong>: Anal oyunlar s\u0131ras\u0131nda tatmin edici bir deneyim sunar. <strong data-start=\"1947\" data-end=\"1967\">Yeni ba\u015flayanlar<\/strong> ve deneyimli kullan\u0131c\u0131lar i\u00e7in m\u00fckemmeldir.<\/p>\n<\/li>\n<li data-start=\"2015\" data-end=\"2136\">\n<p data-start=\"2017\" data-end=\"2136\"><strong data-start=\"2017\" data-end=\"2032\">Banyo Keyfi<\/strong>: Su ge\u00e7irmez \u00f6zelli\u011fi sayesinde, <strong data-start=\"2066\" data-end=\"2088\">banyoda veya du\u015fta<\/strong> kullan\u0131labilir, b\u00f6ylece farkl\u0131 bir his yarat\u0131r.<\/p>\n<\/li>\n<li data-start=\"2138\" data-end=\"2251\">\n<p data-start=\"2140\" data-end=\"2251\"><strong data-start=\"2140\" data-end=\"2161\">Hediyelik Se\u00e7enek<\/strong>: Hem estetik hem i\u015flevsel tasar\u0131m\u0131yla, <strong data-start=\"2201\" data-end=\"2220\">\u00f6zel bir hediye<\/strong> olarak da ideal bir tercihtir.<\/p>\n<\/li>\n<\/ul>\n<h3 data-start=\"2253\" data-end=\"2276\">G\u00fcvenlik ve Kalite:<\/h3>\n<p data-start=\"2278\" data-end=\"2604\"><strong data-start=\"2278\" data-end=\"2310\">\u015eeffaf Silikon Anal Vibrat\u00f6r<\/strong>, y\u00fcksek kaliteli ve <strong data-start=\"2331\" data-end=\"2355\">v\u00fccuda dostu silikon<\/strong> malzemeden \u00fcretilmi\u015ftir. \u00dcr\u00fcn, g\u00fcvenli\u011fi ve hijyen standartlar\u0131n\u0131 g\u00f6z \u00f6n\u00fcnde bulundurarak titizlikle tasarlanm\u0131\u015f ve test edilmi\u015ftir. <strong data-start=\"2489\" data-end=\"2501\">Sa\u011fl\u0131kl\u0131<\/strong> ve g\u00fcvenli bir kullan\u0131m deneyimi sunar, b\u00f6ylece kullan\u0131c\u0131lar g\u00f6n\u00fcl rahatl\u0131\u011f\u0131yla bu \u00fcr\u00fcn\u00fc kullanabilir.<\/p>\n<h3 data-start=\"2606\" data-end=\"2645\">Neden \u015eeffaf Silikon Anal Vibrat\u00f6r?<\/h3>\n<ul data-start=\"2647\" data-end=\"3000\">\n<li data-start=\"2647\" data-end=\"2731\"><strong data-start=\"2649\" data-end=\"2677\">Sa\u011fl\u0131kl\u0131 Silikon Malzeme<\/strong>: V\u00fccut dostu, hijyenik ve g\u00fcvenli bir kullan\u0131m sunar.<\/li>\n<li data-start=\"2732\" data-end=\"2812\"><strong data-start=\"2734\" data-end=\"2755\">Ergonomik Tasar\u0131m<\/strong>: Boyutlar\u0131, hafifli\u011fi ve tasar\u0131m\u0131yla kullan\u0131c\u0131 dostudur.<\/li>\n<li data-start=\"2813\" data-end=\"2900\"><strong data-start=\"2815\" data-end=\"2830\">Su Ge\u00e7irmez<\/strong>: Su ge\u00e7irmez \u00f6zellik sayesinde her ortamda rahatl\u0131kla kullan\u0131labilir.<\/li>\n<li data-start=\"2901\" data-end=\"3000\"><strong data-start=\"2903\" data-end=\"2928\">Estetik ve Performans<\/strong>: \u015e\u0131k tasar\u0131m\u0131 ve fonksiyonelli\u011fi ile anal keyfi bir \u00fcst seviyeye ta\u015f\u0131r.<\/li>\n<\/ul>\n<h3 data-start=\"3002\" data-end=\"3012\">Sonu\u00e7:<\/h3>\n<p data-start=\"3014\" data-end=\"3452\" data-is-last-node=\"\" data-is-only-node=\"\"><strong data-start=\"3014\" data-end=\"3046\">\u015eeffaf Silikon Anal Vibrat\u00f6r<\/strong>, y\u00fcksek kaliteli silikon malzeme, su ge\u00e7irmez \u00f6zellik ve m\u00fckemmel boyutlar\u0131 ile anal keyif aray\u0131\u015f\u0131ndaki kullan\u0131c\u0131lar i\u00e7in <strong data-start=\"3169\" data-end=\"3191\">ideal bir se\u00e7imdir<\/strong>. Estetik tasar\u0131m\u0131 ve performans a\u00e7\u0131s\u0131ndan tatmin edici \u00f6zellikleriyle, hem yeni ba\u015flayanlar hem de deneyimli kullan\u0131c\u0131lar i\u00e7in harika bir \u00fcr\u00fcnd\u00fcr. Hem estetik hem de fonksiyonel olarak tatmin edici bir deneyim ya\u015famak i\u00e7in bu vibrat\u00f6r\u00fc koleksiyonunuza ekleyin!<\/p>\n","protected":false},"excerpt":{"rendered":"<p><strong data-start=\"94\" data-end=\"126\">\u015eeffaf Silikon Anal Vibrat\u00f6r<\/strong>, anal keyfi zirveye ta\u015f\u0131yan, estetik ve i\u015flevselli\u011fi m\u00fckemmel bir \u015fekilde birle\u015ftiren \u00f6zel bir \u00fcr\u00fcnd\u00fcr. Kullan\u0131c\u0131 dostu tasar\u0131m\u0131, su ge\u00e7irmez \u00f6zelli\u011fi ve sa\u011fl\u0131kl\u0131 \u015feffaf silikon malzemesiyle, bu vibrat\u00f6r hem g\u00f6rsel olarak tatmin edici hem de performans a\u00e7\u0131s\u0131ndan beklentileri kar\u015f\u0131lamak \u00fczere tasarlanm\u0131\u015ft\u0131r. <strong data-start=\"436\" data-end=\"459\">Geli\u015fmi\u015f anal keyif<\/strong> arayanlar i\u00e7in ideal bir tercihtir.<\/p>\n","protected":false},"featured_media":18806,"comment_status":"open","ping_status":"closed","template":"","meta":[],"product_brand":[127],"product_cat":[85],"product_tag":[171],"class_list":{"0":"post-18724","1":"product","2":"type-product","3":"status-publish","4":"has-post-thumbnail","6":"product_brand-pembe-tilki","7":"product_cat-modern-vibrator","8":"product_tag-seffaf-silikon-anal-vibrator-rose","10":"first","11":"instock","12":"taxable","13":"shipping-taxable","14":"purchasable","15":"product-type-simple"},"yoast_head":"<!-- This site is optimized with the Yoast SEO Premium plugin v24.4 (Yoast SEO v27.1.1) - https:\/\/yoast.com\/product\/yoast-seo-premium-wordpress\/ -->\n<title>\u015eeffaf Silikon Anal Vibrat\u00f6r Siyah - Bursa Erotik Shop<\/title>\n<meta name=\"robots\" content=\"index, follow, max-snippet:-1, max-image-preview:large, max-video-preview:-1\" \/>\n<link rel=\"canonical\" href=\"https:\/\/hobierotikshop.com.tr\/website1\/erotik-shop-urun\/seffaf-silikon-anal-vibrator-siyah\/\" \/>\n<meta property=\"og:locale\" content=\"tr_TR\" \/>\n<meta property=\"og:type\" content=\"article\" \/>\n<meta property=\"og:title\" content=\"\u015eeffaf Silikon Anal Vibrat\u00f6r Siyah\" \/>\n<meta property=\"og:description\" content=\"\u015eeffaf Silikon Anal Vibrat\u00f6r, anal keyfi zirveye ta\u015f\u0131yan, estetik ve i\u015flevselli\u011fi m\u00fckemmel bir \u015fekilde birle\u015ftiren \u00f6zel bir \u00fcr\u00fcnd\u00fcr. Kullan\u0131c\u0131 dostu tasar\u0131m\u0131, su ge\u00e7irmez \u00f6zelli\u011fi ve sa\u011fl\u0131kl\u0131 \u015feffaf silikon malzemesiyle, bu vibrat\u00f6r hem g\u00f6rsel olarak tatmin edici hem de performans a\u00e7\u0131s\u0131ndan beklentileri kar\u015f\u0131lamak \u00fczere tasarlanm\u0131\u015ft\u0131r. Geli\u015fmi\u015f anal keyif arayanlar i\u00e7in ideal bir tercihtir.\" \/>\n<meta property=\"og:url\" content=\"https:\/\/hobierotikshop.com.tr\/website1\/erotik-shop-urun\/seffaf-silikon-anal-vibrator-siyah\/\" \/>\n<meta property=\"og:site_name\" content=\"Bursa Erotik Shop\" \/>\n<meta property=\"article:modified_time\" content=\"2026-01-27T08:33:07+00:00\" \/>\n<meta property=\"og:image\" content=\"https:\/\/hobierotikshop.com.tr\/website1\/wp-content\/uploads\/2025\/03\/seffaf-silikon-anal-vibrator-siyah-2516.jpg\" \/>\n\t<meta property=\"og:image:width\" content=\"1500\" \/>\n\t<meta property=\"og:image:height\" content=\"1500\" \/>\n\t<meta property=\"og:image:type\" content=\"image\/jpeg\" \/>\n<meta name=\"twitter:card\" content=\"summary_large_image\" \/>\n<meta name=\"twitter:site\" content=\"@shopbursa\" \/>\n<meta name=\"twitter:label1\" content=\"Fiyat\" \/>\n\t<meta name=\"twitter:data1\" content=\"&#8378;600,00 KDV DAH\u0130L\" \/>\n\t<meta name=\"twitter:label2\" content=\"Availability\" \/>\n\t<meta name=\"twitter:data2\" content=\"In stock\" \/>\n<script type=\"application\/ld+json\" class=\"yoast-schema-graph\">{\"@context\":\"https:\/\/schema.org\",\"@graph\":[{\"@type\":\"WebPage\",\"@id\":\"https:\/\/hobierotikshop.com.tr\/website1\/erotik-shop-urun\/seffaf-silikon-anal-vibrator-siyah\/\",\"url\":\"https:\/\/hobierotikshop.com.tr\/website1\/erotik-shop-urun\/seffaf-silikon-anal-vibrator-siyah\/\",\"name\":\"\u015eeffaf Silikon Anal Vibrat\u00f6r Siyah - Bursa Erotik Shop\",\"isPartOf\":{\"@id\":\"https:\/\/hobierotikshop.com.tr\/website1\/#website\"},\"primaryImageOfPage\":{\"@id\":\"https:\/\/hobierotikshop.com.tr\/website1\/erotik-shop-urun\/seffaf-silikon-anal-vibrator-siyah\/#primaryimage\"},\"image\":{\"@id\":\"https:\/\/hobierotikshop.com.tr\/website1\/erotik-shop-urun\/seffaf-silikon-anal-vibrator-siyah\/#primaryimage\"},\"thumbnailUrl\":\"https:\/\/haremerotikshop.com\/site\/wp-content\/uploads\/2025\/03\/seffaf-silikon-anal-vibrator-siyah-2516.jpg\",\"datePublished\":\"2025-03-17T09:22:06+00:00\",\"dateModified\":\"2026-01-27T08:33:07+00:00\",\"breadcrumb\":{\"@id\":\"https:\/\/hobierotikshop.com.tr\/website1\/erotik-shop-urun\/seffaf-silikon-anal-vibrator-siyah\/#breadcrumb\"},\"inLanguage\":\"tr\",\"potentialAction\":[{\"@type\":\"ReadAction\",\"target\":[\"https:\/\/hobierotikshop.com.tr\/website1\/erotik-shop-urun\/seffaf-silikon-anal-vibrator-siyah\/\"]}]},{\"@type\":\"ImageObject\",\"inLanguage\":\"tr\",\"@id\":\"https:\/\/hobierotikshop.com.tr\/website1\/erotik-shop-urun\/seffaf-silikon-anal-vibrator-siyah\/#primaryimage\",\"url\":\"https:\/\/haremerotikshop.com\/site\/wp-content\/uploads\/2025\/03\/seffaf-silikon-anal-vibrator-siyah-2516.jpg\",\"contentUrl\":\"https:\/\/haremerotikshop.com\/site\/wp-content\/uploads\/2025\/03\/seffaf-silikon-anal-vibrator-siyah-2516.jpg\",\"width\":1500,\"height\":1500},{\"@type\":\"BreadcrumbList\",\"@id\":\"https:\/\/hobierotikshop.com.tr\/website1\/erotik-shop-urun\/seffaf-silikon-anal-vibrator-siyah\/#breadcrumb\",\"itemListElement\":[{\"@type\":\"ListItem\",\"position\":1,\"name\":\"Anasayfa\",\"item\":\"https:\/\/hobierotikshop.com.tr\/website1\/\"},{\"@type\":\"ListItem\",\"position\":2,\"name\":\"Erotik Shop \u00dcr\u00fcnleri\",\"item\":\"https:\/\/hobierotikshop.com.tr\/website1\/shop\/\"},{\"@type\":\"ListItem\",\"position\":3,\"name\":\"\u015eeffaf Silikon Anal Vibrat\u00f6r Siyah\"}]},{\"@type\":\"WebSite\",\"@id\":\"https:\/\/hobierotikshop.com.tr\/website1\/#website\",\"url\":\"https:\/\/hobierotikshop.com.tr\/website1\/\",\"name\":\"Bursa Erotik Shop\",\"description\":\"Bursa Erotik Shop ile g\u00fcvenli, gizli ve kaliteli yeti\u015fkin \u00fcr\u00fcnleri al\u0131\u015fveri\u015fi! Geni\u015f \u00fcr\u00fcn yelpazemizi ke\u015ffedin, hemen sipari\u015f verin\",\"publisher\":{\"@id\":\"https:\/\/hobierotikshop.com.tr\/website1\/#organization\"},\"alternateName\":\"Erotik Shop\",\"potentialAction\":[{\"@type\":\"SearchAction\",\"target\":{\"@type\":\"EntryPoint\",\"urlTemplate\":\"https:\/\/hobierotikshop.com.tr\/website1\/?s={search_term_string}\"},\"query-input\":{\"@type\":\"PropertyValueSpecification\",\"valueRequired\":true,\"valueName\":\"search_term_string\"}}],\"inLanguage\":\"tr\"},{\"@type\":\"Organization\",\"@id\":\"https:\/\/hobierotikshop.com.tr\/website1\/#organization\",\"name\":\"Harem Bursa Erotik Shop\",\"url\":\"https:\/\/hobierotikshop.com.tr\/website1\/\",\"logo\":{\"@type\":\"ImageObject\",\"inLanguage\":\"tr\",\"@id\":\"https:\/\/hobierotikshop.com.tr\/website1\/#\/schema\/logo\/image\/\",\"url\":\"https:\/\/haremerotikshop.com\/wp-content\/uploads\/2025\/03\/haremsexshop.png\",\"contentUrl\":\"https:\/\/haremerotikshop.com\/wp-content\/uploads\/2025\/03\/haremsexshop.png\",\"width\":400,\"height\":100,\"caption\":\"Harem Bursa Erotik Shop\"},\"image\":{\"@id\":\"https:\/\/hobierotikshop.com.tr\/website1\/#\/schema\/logo\/image\/\"},\"sameAs\":[\"https:\/\/x.com\/shopbursa\"],\"publishingPrinciples\":\"https:\/\/hobierotikshop.com.tr\/website1\/mesafeli-satis-sozlesmesi\/\",\"ownershipFundingInfo\":\"https:\/\/hobierotikshop.com.tr\/website1\/contact-us\/\",\"actionableFeedbackPolicy\":\"https:\/\/hobierotikshop.com.tr\/website1\/contact-us\/\",\"correctionsPolicy\":\"https:\/\/hobierotikshop.com.tr\/website1\/mesafeli-satis-sozlesmesi\/\"}]}<\/script>\n<meta property=\"product:brand\" content=\"Pembe Tilki\" \/>\n<meta property=\"product:price:amount\" content=\"600.00\" \/>\n<meta property=\"product:price:currency\" content=\"TRY\" \/>\n<meta property=\"og:availability\" content=\"instock\" \/>\n<meta property=\"product:availability\" content=\"instock\" \/>\n<meta property=\"product:retailer_item_id\" content=\"PT-ANXM201BL\" \/>\n<meta property=\"product:condition\" content=\"new\" \/>\n<!-- \/ Yoast SEO Premium plugin. -->","yoast_head_json":{"title":"\u015eeffaf Silikon Anal Vibrat\u00f6r Siyah - Bursa Erotik Shop","robots":{"index":"index","follow":"follow","max-snippet":"max-snippet:-1","max-image-preview":"max-image-preview:large","max-video-preview":"max-video-preview:-1"},"canonical":"https:\/\/hobierotikshop.com.tr\/website1\/erotik-shop-urun\/seffaf-silikon-anal-vibrator-siyah\/","og_locale":"tr_TR","og_type":"article","og_title":"\u015eeffaf Silikon Anal Vibrat\u00f6r Siyah","og_description":"\u015eeffaf Silikon Anal Vibrat\u00f6r, anal keyfi zirveye ta\u015f\u0131yan, estetik ve i\u015flevselli\u011fi m\u00fckemmel bir \u015fekilde birle\u015ftiren \u00f6zel bir \u00fcr\u00fcnd\u00fcr. Kullan\u0131c\u0131 dostu tasar\u0131m\u0131, su ge\u00e7irmez \u00f6zelli\u011fi ve sa\u011fl\u0131kl\u0131 \u015feffaf silikon malzemesiyle, bu vibrat\u00f6r hem g\u00f6rsel olarak tatmin edici hem de performans a\u00e7\u0131s\u0131ndan beklentileri kar\u015f\u0131lamak \u00fczere tasarlanm\u0131\u015ft\u0131r. Geli\u015fmi\u015f anal keyif arayanlar i\u00e7in ideal bir tercihtir.","og_url":"https:\/\/hobierotikshop.com.tr\/website1\/erotik-shop-urun\/seffaf-silikon-anal-vibrator-siyah\/","og_site_name":"Bursa Erotik Shop","article_modified_time":"2026-01-27T08:33:07+00:00","og_image":[{"width":1500,"height":1500,"url":"https:\/\/hobierotikshop.com.tr\/website1\/wp-content\/uploads\/2025\/03\/seffaf-silikon-anal-vibrator-siyah-2516.jpg","type":"image\/jpeg"}],"twitter_card":"summary_large_image","twitter_site":"@shopbursa","twitter_misc":{"Fiyat":"&#8378;600,00 KDV DAH\u0130L","Availability":"In stock"},"schema":{"@context":"https:\/\/schema.org","@graph":[{"@type":"WebPage","@id":"https:\/\/hobierotikshop.com.tr\/website1\/erotik-shop-urun\/seffaf-silikon-anal-vibrator-siyah\/","url":"https:\/\/hobierotikshop.com.tr\/website1\/erotik-shop-urun\/seffaf-silikon-anal-vibrator-siyah\/","name":"\u015eeffaf Silikon Anal Vibrat\u00f6r Siyah - Bursa Erotik Shop","isPartOf":{"@id":"https:\/\/hobierotikshop.com.tr\/website1\/#website"},"primaryImageOfPage":{"@id":"https:\/\/hobierotikshop.com.tr\/website1\/erotik-shop-urun\/seffaf-silikon-anal-vibrator-siyah\/#primaryimage"},"image":{"@id":"https:\/\/hobierotikshop.com.tr\/website1\/erotik-shop-urun\/seffaf-silikon-anal-vibrator-siyah\/#primaryimage"},"thumbnailUrl":"https:\/\/haremerotikshop.com\/site\/wp-content\/uploads\/2025\/03\/seffaf-silikon-anal-vibrator-siyah-2516.jpg","datePublished":"2025-03-17T09:22:06+00:00","dateModified":"2026-01-27T08:33:07+00:00","breadcrumb":{"@id":"https:\/\/hobierotikshop.com.tr\/website1\/erotik-shop-urun\/seffaf-silikon-anal-vibrator-siyah\/#breadcrumb"},"inLanguage":"tr","potentialAction":[{"@type":"ReadAction","target":["https:\/\/hobierotikshop.com.tr\/website1\/erotik-shop-urun\/seffaf-silikon-anal-vibrator-siyah\/"]}]},{"@type":"ImageObject","inLanguage":"tr","@id":"https:\/\/hobierotikshop.com.tr\/website1\/erotik-shop-urun\/seffaf-silikon-anal-vibrator-siyah\/#primaryimage","url":"https:\/\/haremerotikshop.com\/site\/wp-content\/uploads\/2025\/03\/seffaf-silikon-anal-vibrator-siyah-2516.jpg","contentUrl":"https:\/\/haremerotikshop.com\/site\/wp-content\/uploads\/2025\/03\/seffaf-silikon-anal-vibrator-siyah-2516.jpg","width":1500,"height":1500},{"@type":"BreadcrumbList","@id":"https:\/\/hobierotikshop.com.tr\/website1\/erotik-shop-urun\/seffaf-silikon-anal-vibrator-siyah\/#breadcrumb","itemListElement":[{"@type":"ListItem","position":1,"name":"Anasayfa","item":"https:\/\/hobierotikshop.com.tr\/website1\/"},{"@type":"ListItem","position":2,"name":"Erotik Shop \u00dcr\u00fcnleri","item":"https:\/\/hobierotikshop.com.tr\/website1\/shop\/"},{"@type":"ListItem","position":3,"name":"\u015eeffaf Silikon Anal Vibrat\u00f6r Siyah"}]},{"@type":"WebSite","@id":"https:\/\/hobierotikshop.com.tr\/website1\/#website","url":"https:\/\/hobierotikshop.com.tr\/website1\/","name":"Bursa Erotik Shop","description":"Bursa Erotik Shop ile g\u00fcvenli, gizli ve kaliteli yeti\u015fkin \u00fcr\u00fcnleri al\u0131\u015fveri\u015fi! Geni\u015f \u00fcr\u00fcn yelpazemizi ke\u015ffedin, hemen sipari\u015f verin","publisher":{"@id":"https:\/\/hobierotikshop.com.tr\/website1\/#organization"},"alternateName":"Erotik Shop","potentialAction":[{"@type":"SearchAction","target":{"@type":"EntryPoint","urlTemplate":"https:\/\/hobierotikshop.com.tr\/website1\/?s={search_term_string}"},"query-input":{"@type":"PropertyValueSpecification","valueRequired":true,"valueName":"search_term_string"}}],"inLanguage":"tr"},{"@type":"Organization","@id":"https:\/\/hobierotikshop.com.tr\/website1\/#organization","name":"Harem Bursa Erotik Shop","url":"https:\/\/hobierotikshop.com.tr\/website1\/","logo":{"@type":"ImageObject","inLanguage":"tr","@id":"https:\/\/hobierotikshop.com.tr\/website1\/#\/schema\/logo\/image\/","url":"https:\/\/haremerotikshop.com\/wp-content\/uploads\/2025\/03\/haremsexshop.png","contentUrl":"https:\/\/haremerotikshop.com\/wp-content\/uploads\/2025\/03\/haremsexshop.png","width":400,"height":100,"caption":"Harem Bursa Erotik Shop"},"image":{"@id":"https:\/\/hobierotikshop.com.tr\/website1\/#\/schema\/logo\/image\/"},"sameAs":["https:\/\/x.com\/shopbursa"],"publishingPrinciples":"https:\/\/hobierotikshop.com.tr\/website1\/mesafeli-satis-sozlesmesi\/","ownershipFundingInfo":"https:\/\/hobierotikshop.com.tr\/website1\/contact-us\/","actionableFeedbackPolicy":"https:\/\/hobierotikshop.com.tr\/website1\/contact-us\/","correctionsPolicy":"https:\/\/hobierotikshop.com.tr\/website1\/mesafeli-satis-sozlesmesi\/"}]},"product_brand":"Pembe Tilki","product_price_amount":"600.00","product_price_currency":"TRY","og_availability":"instock","product_availability":"instock","product_retailer_item_id":"PT-ANXM201BL","product_condition":"new"},"_links":{"self":[{"href":"https:\/\/haremerotikshop.com\/site\/wp-json\/wp\/v2\/product\/18724","targetHints":{"allow":["GET"]}}],"collection":[{"href":"https:\/\/haremerotikshop.com\/site\/wp-json\/wp\/v2\/product"}],"about":[{"href":"https:\/\/haremerotikshop.com\/site\/wp-json\/wp\/v2\/types\/product"}],"replies":[{"embeddable":true,"href":"https:\/\/haremerotikshop.com\/site\/wp-json\/wp\/v2\/comments?post=18724"}],"version-history":[{"count":0,"href":"https:\/\/haremerotikshop.com\/site\/wp-json\/wp\/v2\/product\/18724\/revisions"}],"wp:featuredmedia":[{"embeddable":true,"href":"https:\/\/haremerotikshop.com\/site\/wp-json\/wp\/v2\/media\/18806"}],"wp:attachment":[{"href":"https:\/\/haremerotikshop.com\/site\/wp-json\/wp\/v2\/media?parent=18724"}],"wp:term":[{"taxonomy":"product_brand","embeddable":true,"href":"https:\/\/haremerotikshop.com\/site\/wp-json\/wp\/v2\/product_brand?post=18724"},{"taxonomy":"product_cat","embeddable":true,"href":"https:\/\/haremerotikshop.com\/site\/wp-json\/wp\/v2\/product_cat?post=18724"},{"taxonomy":"product_tag","embeddable":true,"href":"https:\/\/haremerotikshop.com\/site\/wp-json\/wp\/v2\/product_tag?post=18724"}],"curies":[{"name":"wp","href":"https:\/\/api.w.org\/{rel}","templated":true}]}}