{"id":18756,"date":"2025-03-17T12:22:27","date_gmt":"2025-03-17T09:22:27","guid":{"rendered":"https:\/\/haremerotikshop.com\/site\/?post_type=product&#038;p=18756"},"modified":"2026-01-27T11:31:08","modified_gmt":"2026-01-27T08:31:08","slug":"kamasutra-zari-siyah","status":"publish","type":"product","link":"https:\/\/haremerotikshop.com\/site\/erotik-shop-urun\/kamasutra-zari-siyah\/","title":{"rendered":"Kamasutra Zar\u0131 Siyah"},"content":{"rendered":"<h3 data-start=\"0\" data-end=\"55\">Kamasutra Zar\u0131: Cinsel Deneyimlerinizi Renklendirin<\/h3>\n<p data-start=\"57\" data-end=\"471\"><strong data-start=\"57\" data-end=\"75\">Kamasutra Zar\u0131<\/strong>, cinsel ke\u015fiflerinizi daha e\u011flenceli ve heyecan verici hale getirmek i\u00e7in tasarlanm\u0131\u015f bir ara\u00e7t\u0131r. <strong data-start=\"175\" data-end=\"201\">Kamasutra pozisyonlar\u0131<\/strong>ndan ilham alarak olu\u015fturulmu\u015f bu zar, her at\u0131\u015fta rastgele bir pozisyon belirler ve partnerinizle birlikte yeni, heyecanl\u0131 deneyimler ke\u015ffetmenize olanak tan\u0131r. Hem cinsel ke\u015fiflere yenilik katmak hem de ili\u015fkinizi canland\u0131rmak isteyen \u00e7iftler i\u00e7in m\u00fckemmel bir \u00fcr\u00fcnd\u00fcr.<\/p>\n<h3 data-start=\"473\" data-end=\"494\">\u00dcr\u00fcn \u00d6zellikleri:<\/h3>\n<ul data-start=\"496\" data-end=\"1548\">\n<li data-start=\"496\" data-end=\"765\">\n<p data-start=\"498\" data-end=\"765\"><strong data-start=\"498\" data-end=\"524\">Kamasutra Pozisyonlar\u0131<\/strong><br data-start=\"524\" data-end=\"527\" \/>Zar \u00fczerinde, cinsel ke\u015fiflerinizi daha renkli hale getirecek \u00e7e\u015fitli <strong data-start=\"597\" data-end=\"623\">Kamasutra pozisyonlar\u0131<\/strong> yer al\u0131r. Bu pozisyonlar, cinsel deneyimlerinizi daha derinlemesine ke\u015ffetmek ve monotonluktan uzakla\u015fmak i\u00e7in ilham verici se\u00e7enekler sunar.<\/p>\n<\/li>\n<li data-start=\"767\" data-end=\"1040\">\n<p data-start=\"769\" data-end=\"1040\"><strong data-start=\"769\" data-end=\"795\">E\u011flenceli ve Heyecanl\u0131<\/strong><br data-start=\"795\" data-end=\"798\" \/>Her at\u0131\u015fta zar rastgele bir pozisyon belirler, bu da her seferinde yeni bir heyecan ve e\u011flence kayna\u011f\u0131 yarat\u0131r. Bu \u00f6zellik, \u00e7iftlerin cinsel ili\u015fkilerini daha spontane ve ke\u015fif dolu hale getirir, heyecan verici anlar ya\u015faman\u0131za yard\u0131mc\u0131 olur.<\/p>\n<\/li>\n<li data-start=\"1042\" data-end=\"1299\">\n<p data-start=\"1044\" data-end=\"1299\"><strong data-start=\"1044\" data-end=\"1065\">Rahat Ta\u015f\u0131nabilir<\/strong><br data-start=\"1065\" data-end=\"1068\" \/>K\u00fc\u00e7\u00fck boyutu sayesinde <strong data-start=\"1091\" data-end=\"1110\">ta\u015f\u0131nabilirli\u011fi<\/strong> olduk\u00e7a kolayd\u0131r. \u0130ster evde ister tatilde, seyahatlerde ya da yeni bir ortamda cinsel ke\u015fif yapmak istedi\u011finizde zar\u0131n\u0131z\u0131 yan\u0131n\u0131zda ta\u015f\u0131yabilirsiniz. Hafifli\u011fi ile her yere kolayca s\u0131\u011far.<\/p>\n<\/li>\n<li data-start=\"1301\" data-end=\"1548\">\n<p data-start=\"1303\" data-end=\"1548\"><strong data-start=\"1303\" data-end=\"1325\">\u00c7iftler \u0130\u00e7in Uygun<\/strong><br data-start=\"1325\" data-end=\"1328\" \/>Bu zar, \u00f6zellikle <strong data-start=\"1346\" data-end=\"1383\">partnerinizle birlikte kullanarak<\/strong> cinsel ke\u015fiflerinizi daha e\u011flenceli ve \u00e7e\u015fitli hale getirebilirsiniz. \u0130li\u015fkinizi canland\u0131rman\u0131n yan\u0131 s\u0131ra, ba\u011f\u0131n\u0131z\u0131 g\u00fc\u00e7lendirir ve monotonluktan ka\u00e7\u0131nman\u0131z\u0131 sa\u011flar.<\/p>\n<\/li>\n<\/ul>\n<h3 data-start=\"1550\" data-end=\"1572\">Kullan\u0131m Alanlar\u0131:<\/h3>\n<ul data-start=\"1574\" data-end=\"2169\">\n<li data-start=\"1574\" data-end=\"1779\"><strong data-start=\"1576\" data-end=\"1618\">Yeni Cinsel Pozisyonlar Ke\u015ffetmek \u0130\u00e7in<\/strong>: Partnerinizle birlikte yeni ve heyecan verici cinsel pozisyonlar deneyebilirsiniz. Bu zar, cinsel hayat\u0131n\u0131za renk katarak ke\u015fiflerinize farkl\u0131 bir boyut ekler.<\/li>\n<li data-start=\"1780\" data-end=\"1957\"><strong data-start=\"1782\" data-end=\"1814\">\u0130li\u015fkinizi Canland\u0131rmak \u0130\u00e7in<\/strong>: \u0130li\u015fkinizdeki monotonlu\u011fu k\u0131rmak ve daha canl\u0131 anlar ya\u015famak i\u00e7in bu zar ideal bir se\u00e7enektir. Yeni pozisyonlarla ili\u015fkinizi heyecanl\u0131 tutun.<\/li>\n<li data-start=\"1958\" data-end=\"2169\"><strong data-start=\"1960\" data-end=\"1989\">E\u011flenceli Hediye Se\u00e7ene\u011fi<\/strong>: Kamasutra Zar\u0131, cinsel ke\u015fiflere ilgi duyan \u00e7iftler i\u00e7in m\u00fckemmel bir hediye olabilir. Partnerinize yarat\u0131c\u0131 ve e\u011flenceli bir hediye sunmak isteyenler i\u00e7in harika bir alternatif.<\/li>\n<\/ul>\n<h3 data-start=\"2171\" data-end=\"2194\">G\u00fcvenlik ve Kalite:<\/h3>\n<p data-start=\"2196\" data-end=\"2486\"><strong data-start=\"2196\" data-end=\"2214\">Kamasutra Zar\u0131<\/strong>, y\u00fcksek kaliteli malzemelerden \u00fcretilmi\u015ftir ve uzun \u00f6m\u00fcrl\u00fc kullan\u0131m\u0131 garanti eder. Zar\u0131n \u00fczerinde yer alan pozisyonlar dikkatle se\u00e7ilmi\u015f olup, g\u00fcvenli ve e\u011flenceli bir deneyim sunar. Y\u00fcksek kaliteli \u00fcretim, zar\u0131n dayan\u0131kl\u0131 olmas\u0131n\u0131 sa\u011flar ve sa\u011fl\u0131kl\u0131 bir kullan\u0131m sa\u011flar.<\/p>\n<h3 data-start=\"2488\" data-end=\"2498\">Sonu\u00e7:<\/h3>\n<p data-start=\"2500\" data-end=\"2853\" data-is-last-node=\"\" data-is-only-node=\"\"><strong data-start=\"2500\" data-end=\"2518\">Kamasutra Zar\u0131<\/strong>, cinsel ke\u015fiflere heyecan ve spontaneite katmak isteyen \u00e7iftler i\u00e7in ideal bir \u00fcr\u00fcnd\u00fcr. <strong data-start=\"2607\" data-end=\"2651\">E\u011flenceli, heyecan verici ve ta\u015f\u0131nabilir<\/strong> \u00f6zellikleri ile cinsel deneyimlerinizi daha canl\u0131 ve farkl\u0131 hale getirebilirsiniz. \u0130ster yeni pozisyonlar ke\u015ffedin, ister monotonluktan kurtulun, <strong data-start=\"2798\" data-end=\"2816\">Kamasutra Zar\u0131<\/strong> ile her at\u0131\u015f bir yeni heyecan demek.<\/p>\n","protected":false},"excerpt":{"rendered":"<p><strong data-start=\"57\" data-end=\"75\">Kamasutra Zar\u0131<\/strong>, cinsel ke\u015fiflerinizi daha e\u011flenceli ve heyecan verici hale getirmek i\u00e7in tasarlanm\u0131\u015f bir ara\u00e7t\u0131r. <strong data-start=\"175\" data-end=\"201\">Kamasutra pozisyonlar\u0131<\/strong>ndan ilham alarak olu\u015fturulmu\u015f bu zar, her at\u0131\u015fta rastgele bir pozisyon belirler ve partnerinizle birlikte yeni, heyecanl\u0131 deneyimler ke\u015ffetmenize olanak tan\u0131r. Hem cinsel ke\u015fiflere yenilik katmak hem de ili\u015fkinizi canland\u0131rmak isteyen \u00e7iftler i\u00e7in m\u00fckemmel bir \u00fcr\u00fcnd\u00fcr.<\/p>\n","protected":false},"featured_media":18853,"comment_status":"open","ping_status":"closed","template":"","meta":[],"product_brand":[127],"product_cat":[100],"product_tag":[209],"class_list":{"0":"post-18756","1":"product","2":"type-product","3":"status-publish","4":"has-post-thumbnail","6":"product_brand-pembe-tilki","7":"product_cat-fantezi-fetis","8":"product_tag-kamasutra-zari-siyah","10":"first","11":"instock","12":"taxable","13":"shipping-taxable","14":"purchasable","15":"product-type-simple"},"yoast_head":"<!-- This site is optimized with the Yoast SEO Premium plugin v24.4 (Yoast SEO v27.1.1) - https:\/\/yoast.com\/product\/yoast-seo-premium-wordpress\/ -->\n<title>Kamasutra Zar\u0131 Siyah - Bursa Erotik Shop<\/title>\n<meta name=\"robots\" content=\"index, follow, max-snippet:-1, max-image-preview:large, max-video-preview:-1\" \/>\n<link rel=\"canonical\" href=\"https:\/\/hobierotikshop.com.tr\/website1\/erotik-shop-urun\/kamasutra-zari-siyah\/\" \/>\n<meta property=\"og:locale\" content=\"tr_TR\" \/>\n<meta property=\"og:type\" content=\"article\" \/>\n<meta property=\"og:title\" content=\"Kamasutra Zar\u0131 Siyah\" \/>\n<meta property=\"og:description\" content=\"Kamasutra Zar\u0131, cinsel ke\u015fiflerinizi daha e\u011flenceli ve heyecan verici hale getirmek i\u00e7in tasarlanm\u0131\u015f bir ara\u00e7t\u0131r. Kamasutra pozisyonlar\u0131ndan ilham alarak olu\u015fturulmu\u015f bu zar, her at\u0131\u015fta rastgele bir pozisyon belirler ve partnerinizle birlikte yeni, heyecanl\u0131 deneyimler ke\u015ffetmenize olanak tan\u0131r. Hem cinsel ke\u015fiflere yenilik katmak hem de ili\u015fkinizi canland\u0131rmak isteyen \u00e7iftler i\u00e7in m\u00fckemmel bir \u00fcr\u00fcnd\u00fcr.\" \/>\n<meta property=\"og:url\" content=\"https:\/\/hobierotikshop.com.tr\/website1\/erotik-shop-urun\/kamasutra-zari-siyah\/\" \/>\n<meta property=\"og:site_name\" content=\"Bursa Erotik Shop\" \/>\n<meta property=\"article:modified_time\" content=\"2026-01-27T08:31:08+00:00\" \/>\n<meta property=\"og:image\" content=\"https:\/\/hobierotikshop.com.tr\/website1\/wp-content\/uploads\/2025\/03\/kamasutra-zari-siyah-1844-2.jpg\" \/>\n\t<meta property=\"og:image:width\" content=\"1500\" \/>\n\t<meta property=\"og:image:height\" content=\"1500\" \/>\n\t<meta property=\"og:image:type\" content=\"image\/jpeg\" \/>\n<meta name=\"twitter:card\" content=\"summary_large_image\" \/>\n<meta name=\"twitter:site\" content=\"@shopbursa\" \/>\n<meta name=\"twitter:label1\" content=\"Fiyat\" \/>\n\t<meta name=\"twitter:data1\" content=\"&#8378;250,00 KDV DAH\u0130L\" \/>\n\t<meta name=\"twitter:label2\" content=\"Availability\" \/>\n\t<meta name=\"twitter:data2\" content=\"In stock\" \/>\n<script type=\"application\/ld+json\" class=\"yoast-schema-graph\">{\"@context\":\"https:\/\/schema.org\",\"@graph\":[{\"@type\":\"WebPage\",\"@id\":\"https:\/\/hobierotikshop.com.tr\/website1\/erotik-shop-urun\/kamasutra-zari-siyah\/\",\"url\":\"https:\/\/hobierotikshop.com.tr\/website1\/erotik-shop-urun\/kamasutra-zari-siyah\/\",\"name\":\"Kamasutra Zar\u0131 Siyah - Bursa Erotik Shop\",\"isPartOf\":{\"@id\":\"https:\/\/hobierotikshop.com.tr\/website1\/#website\"},\"primaryImageOfPage\":{\"@id\":\"https:\/\/hobierotikshop.com.tr\/website1\/erotik-shop-urun\/kamasutra-zari-siyah\/#primaryimage\"},\"image\":{\"@id\":\"https:\/\/hobierotikshop.com.tr\/website1\/erotik-shop-urun\/kamasutra-zari-siyah\/#primaryimage\"},\"thumbnailUrl\":\"https:\/\/haremerotikshop.com\/site\/wp-content\/uploads\/2025\/03\/kamasutra-zari-siyah-1844-2.jpg\",\"datePublished\":\"2025-03-17T09:22:27+00:00\",\"dateModified\":\"2026-01-27T08:31:08+00:00\",\"breadcrumb\":{\"@id\":\"https:\/\/hobierotikshop.com.tr\/website1\/erotik-shop-urun\/kamasutra-zari-siyah\/#breadcrumb\"},\"inLanguage\":\"tr\",\"potentialAction\":[{\"@type\":\"ReadAction\",\"target\":[\"https:\/\/hobierotikshop.com.tr\/website1\/erotik-shop-urun\/kamasutra-zari-siyah\/\"]}]},{\"@type\":\"ImageObject\",\"inLanguage\":\"tr\",\"@id\":\"https:\/\/hobierotikshop.com.tr\/website1\/erotik-shop-urun\/kamasutra-zari-siyah\/#primaryimage\",\"url\":\"https:\/\/haremerotikshop.com\/site\/wp-content\/uploads\/2025\/03\/kamasutra-zari-siyah-1844-2.jpg\",\"contentUrl\":\"https:\/\/haremerotikshop.com\/site\/wp-content\/uploads\/2025\/03\/kamasutra-zari-siyah-1844-2.jpg\",\"width\":1500,\"height\":1500},{\"@type\":\"BreadcrumbList\",\"@id\":\"https:\/\/hobierotikshop.com.tr\/website1\/erotik-shop-urun\/kamasutra-zari-siyah\/#breadcrumb\",\"itemListElement\":[{\"@type\":\"ListItem\",\"position\":1,\"name\":\"Anasayfa\",\"item\":\"https:\/\/hobierotikshop.com.tr\/website1\/\"},{\"@type\":\"ListItem\",\"position\":2,\"name\":\"Erotik Shop \u00dcr\u00fcnleri\",\"item\":\"https:\/\/hobierotikshop.com.tr\/website1\/shop\/\"},{\"@type\":\"ListItem\",\"position\":3,\"name\":\"Kamasutra Zar\u0131 Siyah\"}]},{\"@type\":\"WebSite\",\"@id\":\"https:\/\/hobierotikshop.com.tr\/website1\/#website\",\"url\":\"https:\/\/hobierotikshop.com.tr\/website1\/\",\"name\":\"Bursa Erotik Shop\",\"description\":\"Bursa Erotik Shop ile g\u00fcvenli, gizli ve kaliteli yeti\u015fkin \u00fcr\u00fcnleri al\u0131\u015fveri\u015fi! Geni\u015f \u00fcr\u00fcn yelpazemizi ke\u015ffedin, hemen sipari\u015f verin\",\"publisher\":{\"@id\":\"https:\/\/hobierotikshop.com.tr\/website1\/#organization\"},\"alternateName\":\"Erotik Shop\",\"potentialAction\":[{\"@type\":\"SearchAction\",\"target\":{\"@type\":\"EntryPoint\",\"urlTemplate\":\"https:\/\/hobierotikshop.com.tr\/website1\/?s={search_term_string}\"},\"query-input\":{\"@type\":\"PropertyValueSpecification\",\"valueRequired\":true,\"valueName\":\"search_term_string\"}}],\"inLanguage\":\"tr\"},{\"@type\":\"Organization\",\"@id\":\"https:\/\/hobierotikshop.com.tr\/website1\/#organization\",\"name\":\"Harem Bursa Erotik Shop\",\"url\":\"https:\/\/hobierotikshop.com.tr\/website1\/\",\"logo\":{\"@type\":\"ImageObject\",\"inLanguage\":\"tr\",\"@id\":\"https:\/\/hobierotikshop.com.tr\/website1\/#\/schema\/logo\/image\/\",\"url\":\"https:\/\/haremerotikshop.com\/site\/wp-content\/uploads\/2025\/03\/haremsexshop.png\",\"contentUrl\":\"https:\/\/haremerotikshop.com\/site\/wp-content\/uploads\/2025\/03\/haremsexshop.png\",\"width\":400,\"height\":100,\"caption\":\"Harem Bursa Erotik Shop\"},\"image\":{\"@id\":\"https:\/\/hobierotikshop.com.tr\/website1\/#\/schema\/logo\/image\/\"},\"sameAs\":[\"https:\/\/x.com\/shopbursa\"],\"publishingPrinciples\":\"https:\/\/hobierotikshop.com.tr\/website1\/mesafeli-satis-sozlesmesi\/\",\"ownershipFundingInfo\":\"https:\/\/hobierotikshop.com.tr\/website1\/contact-us\/\",\"actionableFeedbackPolicy\":\"https:\/\/hobierotikshop.com.tr\/website1\/contact-us\/\",\"correctionsPolicy\":\"https:\/\/hobierotikshop.com.tr\/website1\/mesafeli-satis-sozlesmesi\/\"}]}<\/script>\n<meta property=\"product:brand\" content=\"Pembe Tilki\" \/>\n<meta property=\"product:price:amount\" content=\"250.00\" \/>\n<meta property=\"product:price:currency\" content=\"TRY\" \/>\n<meta property=\"og:availability\" content=\"instock\" \/>\n<meta property=\"product:availability\" content=\"instock\" \/>\n<meta property=\"product:retailer_item_id\" content=\"PT-FFXG801BL\" \/>\n<meta property=\"product:condition\" content=\"new\" \/>\n<!-- \/ Yoast SEO Premium plugin. -->","yoast_head_json":{"title":"Kamasutra Zar\u0131 Siyah - Bursa Erotik Shop","robots":{"index":"index","follow":"follow","max-snippet":"max-snippet:-1","max-image-preview":"max-image-preview:large","max-video-preview":"max-video-preview:-1"},"canonical":"https:\/\/hobierotikshop.com.tr\/website1\/erotik-shop-urun\/kamasutra-zari-siyah\/","og_locale":"tr_TR","og_type":"article","og_title":"Kamasutra Zar\u0131 Siyah","og_description":"Kamasutra Zar\u0131, cinsel ke\u015fiflerinizi daha e\u011flenceli ve heyecan verici hale getirmek i\u00e7in tasarlanm\u0131\u015f bir ara\u00e7t\u0131r. Kamasutra pozisyonlar\u0131ndan ilham alarak olu\u015fturulmu\u015f bu zar, her at\u0131\u015fta rastgele bir pozisyon belirler ve partnerinizle birlikte yeni, heyecanl\u0131 deneyimler ke\u015ffetmenize olanak tan\u0131r. Hem cinsel ke\u015fiflere yenilik katmak hem de ili\u015fkinizi canland\u0131rmak isteyen \u00e7iftler i\u00e7in m\u00fckemmel bir \u00fcr\u00fcnd\u00fcr.","og_url":"https:\/\/hobierotikshop.com.tr\/website1\/erotik-shop-urun\/kamasutra-zari-siyah\/","og_site_name":"Bursa Erotik Shop","article_modified_time":"2026-01-27T08:31:08+00:00","og_image":[{"width":1500,"height":1500,"url":"https:\/\/hobierotikshop.com.tr\/website1\/wp-content\/uploads\/2025\/03\/kamasutra-zari-siyah-1844-2.jpg","type":"image\/jpeg"}],"twitter_card":"summary_large_image","twitter_site":"@shopbursa","twitter_misc":{"Fiyat":"&#8378;250,00 KDV DAH\u0130L","Availability":"In stock"},"schema":{"@context":"https:\/\/schema.org","@graph":[{"@type":"WebPage","@id":"https:\/\/hobierotikshop.com.tr\/website1\/erotik-shop-urun\/kamasutra-zari-siyah\/","url":"https:\/\/hobierotikshop.com.tr\/website1\/erotik-shop-urun\/kamasutra-zari-siyah\/","name":"Kamasutra Zar\u0131 Siyah - Bursa Erotik Shop","isPartOf":{"@id":"https:\/\/hobierotikshop.com.tr\/website1\/#website"},"primaryImageOfPage":{"@id":"https:\/\/hobierotikshop.com.tr\/website1\/erotik-shop-urun\/kamasutra-zari-siyah\/#primaryimage"},"image":{"@id":"https:\/\/hobierotikshop.com.tr\/website1\/erotik-shop-urun\/kamasutra-zari-siyah\/#primaryimage"},"thumbnailUrl":"https:\/\/haremerotikshop.com\/site\/wp-content\/uploads\/2025\/03\/kamasutra-zari-siyah-1844-2.jpg","datePublished":"2025-03-17T09:22:27+00:00","dateModified":"2026-01-27T08:31:08+00:00","breadcrumb":{"@id":"https:\/\/hobierotikshop.com.tr\/website1\/erotik-shop-urun\/kamasutra-zari-siyah\/#breadcrumb"},"inLanguage":"tr","potentialAction":[{"@type":"ReadAction","target":["https:\/\/hobierotikshop.com.tr\/website1\/erotik-shop-urun\/kamasutra-zari-siyah\/"]}]},{"@type":"ImageObject","inLanguage":"tr","@id":"https:\/\/hobierotikshop.com.tr\/website1\/erotik-shop-urun\/kamasutra-zari-siyah\/#primaryimage","url":"https:\/\/haremerotikshop.com\/site\/wp-content\/uploads\/2025\/03\/kamasutra-zari-siyah-1844-2.jpg","contentUrl":"https:\/\/haremerotikshop.com\/site\/wp-content\/uploads\/2025\/03\/kamasutra-zari-siyah-1844-2.jpg","width":1500,"height":1500},{"@type":"BreadcrumbList","@id":"https:\/\/hobierotikshop.com.tr\/website1\/erotik-shop-urun\/kamasutra-zari-siyah\/#breadcrumb","itemListElement":[{"@type":"ListItem","position":1,"name":"Anasayfa","item":"https:\/\/hobierotikshop.com.tr\/website1\/"},{"@type":"ListItem","position":2,"name":"Erotik Shop \u00dcr\u00fcnleri","item":"https:\/\/hobierotikshop.com.tr\/website1\/shop\/"},{"@type":"ListItem","position":3,"name":"Kamasutra Zar\u0131 Siyah"}]},{"@type":"WebSite","@id":"https:\/\/hobierotikshop.com.tr\/website1\/#website","url":"https:\/\/hobierotikshop.com.tr\/website1\/","name":"Bursa Erotik Shop","description":"Bursa Erotik Shop ile g\u00fcvenli, gizli ve kaliteli yeti\u015fkin \u00fcr\u00fcnleri al\u0131\u015fveri\u015fi! Geni\u015f \u00fcr\u00fcn yelpazemizi ke\u015ffedin, hemen sipari\u015f verin","publisher":{"@id":"https:\/\/hobierotikshop.com.tr\/website1\/#organization"},"alternateName":"Erotik Shop","potentialAction":[{"@type":"SearchAction","target":{"@type":"EntryPoint","urlTemplate":"https:\/\/hobierotikshop.com.tr\/website1\/?s={search_term_string}"},"query-input":{"@type":"PropertyValueSpecification","valueRequired":true,"valueName":"search_term_string"}}],"inLanguage":"tr"},{"@type":"Organization","@id":"https:\/\/hobierotikshop.com.tr\/website1\/#organization","name":"Harem Bursa Erotik Shop","url":"https:\/\/hobierotikshop.com.tr\/website1\/","logo":{"@type":"ImageObject","inLanguage":"tr","@id":"https:\/\/hobierotikshop.com.tr\/website1\/#\/schema\/logo\/image\/","url":"https:\/\/haremerotikshop.com\/site\/wp-content\/uploads\/2025\/03\/haremsexshop.png","contentUrl":"https:\/\/haremerotikshop.com\/site\/wp-content\/uploads\/2025\/03\/haremsexshop.png","width":400,"height":100,"caption":"Harem Bursa Erotik Shop"},"image":{"@id":"https:\/\/hobierotikshop.com.tr\/website1\/#\/schema\/logo\/image\/"},"sameAs":["https:\/\/x.com\/shopbursa"],"publishingPrinciples":"https:\/\/hobierotikshop.com.tr\/website1\/mesafeli-satis-sozlesmesi\/","ownershipFundingInfo":"https:\/\/hobierotikshop.com.tr\/website1\/contact-us\/","actionableFeedbackPolicy":"https:\/\/hobierotikshop.com.tr\/website1\/contact-us\/","correctionsPolicy":"https:\/\/hobierotikshop.com.tr\/website1\/mesafeli-satis-sozlesmesi\/"}]},"product_brand":"Pembe Tilki","product_price_amount":"250.00","product_price_currency":"TRY","og_availability":"instock","product_availability":"instock","product_retailer_item_id":"PT-FFXG801BL","product_condition":"new"},"_links":{"self":[{"href":"https:\/\/haremerotikshop.com\/site\/wp-json\/wp\/v2\/product\/18756","targetHints":{"allow":["GET"]}}],"collection":[{"href":"https:\/\/haremerotikshop.com\/site\/wp-json\/wp\/v2\/product"}],"about":[{"href":"https:\/\/haremerotikshop.com\/site\/wp-json\/wp\/v2\/types\/product"}],"replies":[{"embeddable":true,"href":"https:\/\/haremerotikshop.com\/site\/wp-json\/wp\/v2\/comments?post=18756"}],"version-history":[{"count":0,"href":"https:\/\/haremerotikshop.com\/site\/wp-json\/wp\/v2\/product\/18756\/revisions"}],"wp:featuredmedia":[{"embeddable":true,"href":"https:\/\/haremerotikshop.com\/site\/wp-json\/wp\/v2\/media\/18853"}],"wp:attachment":[{"href":"https:\/\/haremerotikshop.com\/site\/wp-json\/wp\/v2\/media?parent=18756"}],"wp:term":[{"taxonomy":"product_brand","embeddable":true,"href":"https:\/\/haremerotikshop.com\/site\/wp-json\/wp\/v2\/product_brand?post=18756"},{"taxonomy":"product_cat","embeddable":true,"href":"https:\/\/haremerotikshop.com\/site\/wp-json\/wp\/v2\/product_cat?post=18756"},{"taxonomy":"product_tag","embeddable":true,"href":"https:\/\/haremerotikshop.com\/site\/wp-json\/wp\/v2\/product_tag?post=18756"}],"curies":[{"name":"wp","href":"https:\/\/api.w.org\/{rel}","templated":true}]}}