{"id":18757,"date":"2025-03-17T12:22:27","date_gmt":"2025-03-17T09:22:27","guid":{"rendered":"https:\/\/haremerotikshop.com\/site\/?post_type=product&#038;p=18757"},"modified":"2026-01-27T11:31:27","modified_gmt":"2026-01-27T08:31:27","slug":"kamasutra-zari-beyaz","status":"publish","type":"product","link":"https:\/\/haremerotikshop.com\/site\/erotik-shop-urun\/kamasutra-zari-beyaz\/","title":{"rendered":"Kamasutra Zar\u0131 Beyaz"},"content":{"rendered":"<h3 data-start=\"0\" data-end=\"61\">Kamasutra Zar\u0131: Cinsel Deneyimlerinizi Heyecanla Ke\u015ffedin<\/h3>\n<p data-start=\"63\" data-end=\"491\"><strong data-start=\"63\" data-end=\"81\">Kamasutra Zar\u0131<\/strong>, cinsel ya\u015fam\u0131n\u0131za heyecan ve yenilik katmak i\u00e7in tasarlanm\u0131\u015f e\u015fsiz bir \u00fcr\u00fcnd\u00fcr. <strong data-start=\"163\" data-end=\"176\">Kamasutra<\/strong>\u2019dan ilham alarak \u00e7e\u015fitli cinsel pozisyonlar\u0131 ve etkile\u015fimleri sunan bu zar, her at\u0131\u015fta rastgele bir pozisyon se\u00e7erek, \u00e7iftlerin cinsel ke\u015fiflerini e\u011flenceli ve spontane hale getirir. \u0130ster ili\u015fkilerinize renk katmak, ister monotonluktan kurtulmak isterseniz, Kamasutra Zar\u0131 ile her an\u0131 heyecan dolu k\u0131labilirsiniz.<\/p>\n<h3 data-start=\"493\" data-end=\"514\">\u00dcr\u00fcn \u00d6zellikleri:<\/h3>\n<ul data-start=\"516\" data-end=\"1517\">\n<li data-start=\"516\" data-end=\"779\">\n<p data-start=\"518\" data-end=\"779\"><strong data-start=\"518\" data-end=\"544\">Kamasutra Pozisyonlar\u0131<\/strong><br data-start=\"544\" data-end=\"547\" \/>Zar \u00fczerinde, cinsel ke\u015fiflerinizi ve zevklerinizi derinle\u015ftirecek farkl\u0131 <strong data-start=\"621\" data-end=\"647\">Kamasutra pozisyonlar\u0131<\/strong> bulunmaktad\u0131r. Bu pozisyonlar, ili\u015fkinize farkl\u0131 bir boyut katmak ve yeni deneyimler ya\u015faman\u0131z\u0131 sa\u011flamak i\u00e7in m\u00fckemmel bir ara\u00e7t\u0131r.<\/p>\n<\/li>\n<li data-start=\"781\" data-end=\"1014\">\n<p data-start=\"783\" data-end=\"1014\"><strong data-start=\"783\" data-end=\"809\">E\u011flenceli ve Heyecanl\u0131<\/strong><br data-start=\"809\" data-end=\"812\" \/>Her at\u0131\u015fta yeni bir pozisyon belirler, b\u00f6ylece her deneyim heyecanl\u0131 ve e\u011flenceli hale gelir. Cinsel ke\u015fiflerinize spontane bir dokunu\u015f ekler ve partnerinizle birlikte e\u011flenceli anlar ya\u015faman\u0131z\u0131 sa\u011flar.<\/p>\n<\/li>\n<li data-start=\"1016\" data-end=\"1268\">\n<p data-start=\"1018\" data-end=\"1268\"><strong data-start=\"1018\" data-end=\"1042\">Rahat Ta\u015f\u0131nabilirlik<\/strong><br data-start=\"1042\" data-end=\"1045\" \/>K\u00fc\u00e7\u00fck ve kompakt boyutuyla, <strong data-start=\"1073\" data-end=\"1091\">Kamasutra Zar\u0131<\/strong> son derece ta\u015f\u0131nabilir. Seyahatlerinizde ya da her an ihtiyac\u0131n\u0131z oldu\u011funda rahat\u00e7a yan\u0131n\u0131za alabilirsiniz. Boyutunun k\u00fc\u00e7\u00fck olmas\u0131, zar\u0131n her ortamda kullan\u0131labilmesini sa\u011flar.<\/p>\n<\/li>\n<li data-start=\"1270\" data-end=\"1517\">\n<p data-start=\"1272\" data-end=\"1517\"><strong data-start=\"1272\" data-end=\"1294\">\u00c7iftler \u0130\u00e7in Uygun<\/strong><br data-start=\"1294\" data-end=\"1297\" \/>Partnerinizle birlikte kullanarak, ili\u015fkinizi canland\u0131rabilir ve monotonluktan kurtulabilirsiniz. <strong data-start=\"1395\" data-end=\"1413\">Kamasutra Zar\u0131<\/strong>, \u00e7iftler i\u00e7in ideal bir cinsel ke\u015fif arac\u0131d\u0131r ve birlikte daha heyecanl\u0131 anlar ya\u015faman\u0131za olanak tan\u0131r.<\/p>\n<\/li>\n<\/ul>\n<h3 data-start=\"1519\" data-end=\"1541\">Kullan\u0131m Alanlar\u0131:<\/h3>\n<ul data-start=\"1543\" data-end=\"2151\">\n<li data-start=\"1543\" data-end=\"1814\">\n<p data-start=\"1545\" data-end=\"1814\"><strong data-start=\"1545\" data-end=\"1582\">Yeni Cinsel Pozisyonlar Ke\u015ffetmek<\/strong>: Partnerinizle birlikte Kamasutra Zar\u0131&#8217;n\u0131 kullanarak, yeni ve farkl\u0131 cinsel pozisyonlar ke\u015ffetmek \u00e7ok e\u011flenceli ve heyecan verici olacakt\u0131r. Her at\u0131\u015fta kar\u015f\u0131n\u0131za \u00e7\u0131kacak yeni pozisyonlarla, cinsel hayat\u0131n\u0131za heyecan katabilirsiniz.<\/p>\n<\/li>\n<li data-start=\"1818\" data-end=\"1969\">\n<p data-start=\"1820\" data-end=\"1969\"><strong data-start=\"1820\" data-end=\"1847\">\u0130li\u015fkinizi Canland\u0131rmak<\/strong>: \u0130li\u015fkinizdeki monotonluktan kurtulmak, daha dinamik ve yarat\u0131c\u0131 anlar ya\u015famak i\u00e7in Kamasutra Zar\u0131 m\u00fckemmel bir ara\u00e7t\u0131r.<\/p>\n<\/li>\n<li data-start=\"1971\" data-end=\"2151\">\n<p data-start=\"1973\" data-end=\"2151\"><strong data-start=\"1973\" data-end=\"2002\">E\u011flenceli Hediye Se\u00e7ene\u011fi<\/strong>: Kamasutra Zar\u0131, <strong data-start=\"2020\" data-end=\"2060\">hediye olarak da olduk\u00e7a ilgi \u00e7ekici<\/strong> bir tercihtir. E\u011flenceli ve yarat\u0131c\u0131 bir hediye arayanlar i\u00e7in ideal bir se\u00e7enek olabilir.<\/p>\n<\/li>\n<\/ul>\n<h3 data-start=\"2153\" data-end=\"2176\">G\u00fcvenlik ve Kalite:<\/h3>\n<p data-start=\"2178\" data-end=\"2499\"><strong data-start=\"2178\" data-end=\"2196\">Kamasutra Zar\u0131<\/strong>, <strong data-start=\"2198\" data-end=\"2217\">y\u00fcksek kaliteli<\/strong> ve <strong data-start=\"2221\" data-end=\"2248\">dayan\u0131kl\u0131 malzemelerden<\/strong> \u00fcretilmi\u015ftir. Zar \u00fczerindeki pozisyonlar \u00f6zenle se\u00e7ilmi\u015f ve tasarlanm\u0131\u015f olup, kullan\u0131c\u0131lar\u0131n g\u00fcvenli ve rahat bir \u015fekilde deneyim ya\u015famas\u0131n\u0131 sa\u011flar. Zar\u0131n dayan\u0131kl\u0131l\u0131\u011f\u0131, uzun \u00f6m\u00fcrl\u00fc kullan\u0131m sunar ve kaliteli malzeme, g\u00fcvenli bir kullan\u0131m garantiler.<\/p>\n<h3 data-start=\"2501\" data-end=\"2526\">Neden Kamasutra Zar\u0131?<\/h3>\n<p data-start=\"2528\" data-end=\"2916\"><strong data-start=\"2528\" data-end=\"2546\">Kamasutra Zar\u0131<\/strong>, cinsel ke\u015fiflerinizi e\u011flenceli, heyecan verici ve ke\u015ffetmeye de\u011fer hale getiren bir ara\u00e7t\u0131r. <strong data-start=\"2641\" data-end=\"2667\">Partnerinizle birlikte<\/strong> deneyimleyece\u011finiz her at\u0131\u015fta yeni bir heyecan ya\u015fayacak, cinsel hayat\u0131n\u0131z\u0131 canland\u0131racak ve ili\u015fkinize farkl\u0131 bir bak\u0131\u015f a\u00e7\u0131s\u0131 katacaks\u0131n\u0131z. <strong data-start=\"2809\" data-end=\"2854\">E\u011flenceli, ta\u015f\u0131nabilir ve kullan\u0131m\u0131 kolay<\/strong> olan bu zar, cinsel ke\u015fiflerinizi bir \u00fcst seviyeye ta\u015f\u0131yacak.<\/p>\n<h3 data-start=\"2918\" data-end=\"2928\">Sonu\u00e7:<\/h3>\n<p data-start=\"2930\" data-end=\"3265\" data-is-last-node=\"\" data-is-only-node=\"\">Kamasutra Zar\u0131, cinsel ya\u015fam\u0131n\u0131za heyecan, yenilik ve spontaneite katmak i\u00e7in m\u00fckemmel bir se\u00e7imdir. <strong data-start=\"3031\" data-end=\"3061\">Yeni pozisyonlar ke\u015ffetmek<\/strong> ve <strong data-start=\"3065\" data-end=\"3092\">ili\u015fkinizi canland\u0131rmak<\/strong> i\u00e7in ihtiyac\u0131n\u0131z olan her \u015fey burada. E\u011flenceli bir hediye se\u00e7ene\u011fi ve \u00e7iftler i\u00e7in ideal bir ara\u00e7 olan <strong data-start=\"3197\" data-end=\"3215\">Kamasutra Zar\u0131<\/strong> ile cinsel deneyimlerinizi renklendirebilirsiniz.<\/p>\n","protected":false},"excerpt":{"rendered":"<p><strong data-start=\"63\" data-end=\"81\">Kamasutra Zar\u0131<\/strong>, cinsel ya\u015fam\u0131n\u0131za heyecan ve yenilik katmak i\u00e7in tasarlanm\u0131\u015f e\u015fsiz bir \u00fcr\u00fcnd\u00fcr. <strong data-start=\"163\" data-end=\"176\">Kamasutra<\/strong>\u2019dan ilham alarak \u00e7e\u015fitli cinsel pozisyonlar\u0131 ve etkile\u015fimleri sunan bu zar, her at\u0131\u015fta rastgele bir pozisyon se\u00e7erek, \u00e7iftlerin cinsel ke\u015fiflerini e\u011flenceli ve spontane hale getirir. \u0130ster ili\u015fkilerinize renk katmak, ister monotonluktan kurtulmak isterseniz, Kamasutra Zar\u0131 ile her an\u0131 heyecan dolu k\u0131labilirsiniz.<\/p>\n","protected":false},"featured_media":18856,"comment_status":"open","ping_status":"closed","template":"","meta":[],"product_brand":[127],"product_cat":[100],"product_tag":[210],"class_list":{"0":"post-18757","1":"product","2":"type-product","3":"status-publish","4":"has-post-thumbnail","6":"product_brand-pembe-tilki","7":"product_cat-fantezi-fetis","8":"product_tag-kamasutra-zari-beyaz","10":"first","11":"instock","12":"taxable","13":"shipping-taxable","14":"purchasable","15":"product-type-simple"},"yoast_head":"<!-- This site is optimized with the Yoast SEO Premium plugin v24.4 (Yoast SEO v27.1.1) - https:\/\/yoast.com\/product\/yoast-seo-premium-wordpress\/ -->\n<title>Kamasutra Zar\u0131 Beyaz - Bursa Erotik Shop<\/title>\n<meta name=\"robots\" content=\"index, follow, max-snippet:-1, max-image-preview:large, max-video-preview:-1\" \/>\n<link rel=\"canonical\" href=\"https:\/\/hobierotikshop.com.tr\/website1\/erotik-shop-urun\/kamasutra-zari-beyaz\/\" \/>\n<meta property=\"og:locale\" content=\"tr_TR\" \/>\n<meta property=\"og:type\" content=\"article\" \/>\n<meta property=\"og:title\" content=\"Kamasutra Zar\u0131 Beyaz\" \/>\n<meta property=\"og:description\" content=\"Kamasutra Zar\u0131, cinsel ya\u015fam\u0131n\u0131za heyecan ve yenilik katmak i\u00e7in tasarlanm\u0131\u015f e\u015fsiz bir \u00fcr\u00fcnd\u00fcr. Kamasutra\u2019dan ilham alarak \u00e7e\u015fitli cinsel pozisyonlar\u0131 ve etkile\u015fimleri sunan bu zar, her at\u0131\u015fta rastgele bir pozisyon se\u00e7erek, \u00e7iftlerin cinsel ke\u015fiflerini e\u011flenceli ve spontane hale getirir. \u0130ster ili\u015fkilerinize renk katmak, ister monotonluktan kurtulmak isterseniz, Kamasutra Zar\u0131 ile her an\u0131 heyecan dolu k\u0131labilirsiniz.\" \/>\n<meta property=\"og:url\" content=\"https:\/\/hobierotikshop.com.tr\/website1\/erotik-shop-urun\/kamasutra-zari-beyaz\/\" \/>\n<meta property=\"og:site_name\" content=\"Bursa Erotik Shop\" \/>\n<meta property=\"article:modified_time\" content=\"2026-01-27T08:31:27+00:00\" \/>\n<meta property=\"og:image\" content=\"https:\/\/hobierotikshop.com.tr\/website1\/wp-content\/uploads\/2025\/03\/kamasutra-zari-beyaz-1847-2.jpg\" \/>\n\t<meta property=\"og:image:width\" content=\"1500\" \/>\n\t<meta property=\"og:image:height\" content=\"1500\" \/>\n\t<meta property=\"og:image:type\" content=\"image\/jpeg\" \/>\n<meta name=\"twitter:card\" content=\"summary_large_image\" \/>\n<meta name=\"twitter:site\" content=\"@shopbursa\" \/>\n<meta name=\"twitter:label1\" content=\"Fiyat\" \/>\n\t<meta name=\"twitter:data1\" content=\"&#8378;250,00 KDV DAH\u0130L\" \/>\n\t<meta name=\"twitter:label2\" content=\"Availability\" \/>\n\t<meta name=\"twitter:data2\" content=\"In stock\" \/>\n<script type=\"application\/ld+json\" class=\"yoast-schema-graph\">{\"@context\":\"https:\/\/schema.org\",\"@graph\":[{\"@type\":\"WebPage\",\"@id\":\"https:\/\/hobierotikshop.com.tr\/website1\/erotik-shop-urun\/kamasutra-zari-beyaz\/\",\"url\":\"https:\/\/hobierotikshop.com.tr\/website1\/erotik-shop-urun\/kamasutra-zari-beyaz\/\",\"name\":\"Kamasutra Zar\u0131 Beyaz - Bursa Erotik Shop\",\"isPartOf\":{\"@id\":\"https:\/\/hobierotikshop.com.tr\/website1\/#website\"},\"primaryImageOfPage\":{\"@id\":\"https:\/\/hobierotikshop.com.tr\/website1\/erotik-shop-urun\/kamasutra-zari-beyaz\/#primaryimage\"},\"image\":{\"@id\":\"https:\/\/hobierotikshop.com.tr\/website1\/erotik-shop-urun\/kamasutra-zari-beyaz\/#primaryimage\"},\"thumbnailUrl\":\"https:\/\/haremerotikshop.com\/site\/wp-content\/uploads\/2025\/03\/kamasutra-zari-beyaz-1847-2.jpg\",\"datePublished\":\"2025-03-17T09:22:27+00:00\",\"dateModified\":\"2026-01-27T08:31:27+00:00\",\"breadcrumb\":{\"@id\":\"https:\/\/hobierotikshop.com.tr\/website1\/erotik-shop-urun\/kamasutra-zari-beyaz\/#breadcrumb\"},\"inLanguage\":\"tr\",\"potentialAction\":[{\"@type\":\"ReadAction\",\"target\":[\"https:\/\/hobierotikshop.com.tr\/website1\/erotik-shop-urun\/kamasutra-zari-beyaz\/\"]}]},{\"@type\":\"ImageObject\",\"inLanguage\":\"tr\",\"@id\":\"https:\/\/hobierotikshop.com.tr\/website1\/erotik-shop-urun\/kamasutra-zari-beyaz\/#primaryimage\",\"url\":\"https:\/\/haremerotikshop.com\/site\/wp-content\/uploads\/2025\/03\/kamasutra-zari-beyaz-1847-2.jpg\",\"contentUrl\":\"https:\/\/haremerotikshop.com\/site\/wp-content\/uploads\/2025\/03\/kamasutra-zari-beyaz-1847-2.jpg\",\"width\":1500,\"height\":1500},{\"@type\":\"BreadcrumbList\",\"@id\":\"https:\/\/hobierotikshop.com.tr\/website1\/erotik-shop-urun\/kamasutra-zari-beyaz\/#breadcrumb\",\"itemListElement\":[{\"@type\":\"ListItem\",\"position\":1,\"name\":\"Anasayfa\",\"item\":\"https:\/\/hobierotikshop.com.tr\/website1\/\"},{\"@type\":\"ListItem\",\"position\":2,\"name\":\"Erotik Shop \u00dcr\u00fcnleri\",\"item\":\"https:\/\/hobierotikshop.com.tr\/website1\/shop\/\"},{\"@type\":\"ListItem\",\"position\":3,\"name\":\"Kamasutra Zar\u0131 Beyaz\"}]},{\"@type\":\"WebSite\",\"@id\":\"https:\/\/hobierotikshop.com.tr\/website1\/#website\",\"url\":\"https:\/\/hobierotikshop.com.tr\/website1\/\",\"name\":\"Bursa Erotik Shop\",\"description\":\"Bursa Erotik Shop ile g\u00fcvenli, gizli ve kaliteli yeti\u015fkin \u00fcr\u00fcnleri al\u0131\u015fveri\u015fi! Geni\u015f \u00fcr\u00fcn yelpazemizi ke\u015ffedin, hemen sipari\u015f verin\",\"publisher\":{\"@id\":\"https:\/\/hobierotikshop.com.tr\/website1\/#organization\"},\"alternateName\":\"Erotik Shop\",\"potentialAction\":[{\"@type\":\"SearchAction\",\"target\":{\"@type\":\"EntryPoint\",\"urlTemplate\":\"https:\/\/hobierotikshop.com.tr\/website1\/?s={search_term_string}\"},\"query-input\":{\"@type\":\"PropertyValueSpecification\",\"valueRequired\":true,\"valueName\":\"search_term_string\"}}],\"inLanguage\":\"tr\"},{\"@type\":\"Organization\",\"@id\":\"https:\/\/hobierotikshop.com.tr\/website1\/#organization\",\"name\":\"Harem Bursa Erotik Shop\",\"url\":\"https:\/\/hobierotikshop.com.tr\/website1\/\",\"logo\":{\"@type\":\"ImageObject\",\"inLanguage\":\"tr\",\"@id\":\"https:\/\/hobierotikshop.com.tr\/website1\/#\/schema\/logo\/image\/\",\"url\":\"https:\/\/haremerotikshop.com\/site\/wp-content\/uploads\/2025\/03\/haremsexshop.png\",\"contentUrl\":\"https:\/\/haremerotikshop.com\/site\/wp-content\/uploads\/2025\/03\/haremsexshop.png\",\"width\":400,\"height\":100,\"caption\":\"Harem Bursa Erotik Shop\"},\"image\":{\"@id\":\"https:\/\/hobierotikshop.com.tr\/website1\/#\/schema\/logo\/image\/\"},\"sameAs\":[\"https:\/\/x.com\/shopbursa\"],\"publishingPrinciples\":\"https:\/\/hobierotikshop.com.tr\/website1\/mesafeli-satis-sozlesmesi\/\",\"ownershipFundingInfo\":\"https:\/\/hobierotikshop.com.tr\/website1\/contact-us\/\",\"actionableFeedbackPolicy\":\"https:\/\/hobierotikshop.com.tr\/website1\/contact-us\/\",\"correctionsPolicy\":\"https:\/\/hobierotikshop.com.tr\/website1\/mesafeli-satis-sozlesmesi\/\"}]}<\/script>\n<meta property=\"product:brand\" content=\"Pembe Tilki\" \/>\n<meta property=\"product:price:amount\" content=\"250.00\" \/>\n<meta property=\"product:price:currency\" content=\"TRY\" \/>\n<meta property=\"og:availability\" content=\"instock\" \/>\n<meta property=\"product:availability\" content=\"instock\" \/>\n<meta property=\"product:retailer_item_id\" content=\"PT-FFXG801W\" \/>\n<meta property=\"product:condition\" content=\"new\" \/>\n<!-- \/ Yoast SEO Premium plugin. -->","yoast_head_json":{"title":"Kamasutra Zar\u0131 Beyaz - Bursa Erotik Shop","robots":{"index":"index","follow":"follow","max-snippet":"max-snippet:-1","max-image-preview":"max-image-preview:large","max-video-preview":"max-video-preview:-1"},"canonical":"https:\/\/hobierotikshop.com.tr\/website1\/erotik-shop-urun\/kamasutra-zari-beyaz\/","og_locale":"tr_TR","og_type":"article","og_title":"Kamasutra Zar\u0131 Beyaz","og_description":"Kamasutra Zar\u0131, cinsel ya\u015fam\u0131n\u0131za heyecan ve yenilik katmak i\u00e7in tasarlanm\u0131\u015f e\u015fsiz bir \u00fcr\u00fcnd\u00fcr. Kamasutra\u2019dan ilham alarak \u00e7e\u015fitli cinsel pozisyonlar\u0131 ve etkile\u015fimleri sunan bu zar, her at\u0131\u015fta rastgele bir pozisyon se\u00e7erek, \u00e7iftlerin cinsel ke\u015fiflerini e\u011flenceli ve spontane hale getirir. \u0130ster ili\u015fkilerinize renk katmak, ister monotonluktan kurtulmak isterseniz, Kamasutra Zar\u0131 ile her an\u0131 heyecan dolu k\u0131labilirsiniz.","og_url":"https:\/\/hobierotikshop.com.tr\/website1\/erotik-shop-urun\/kamasutra-zari-beyaz\/","og_site_name":"Bursa Erotik Shop","article_modified_time":"2026-01-27T08:31:27+00:00","og_image":[{"width":1500,"height":1500,"url":"https:\/\/hobierotikshop.com.tr\/website1\/wp-content\/uploads\/2025\/03\/kamasutra-zari-beyaz-1847-2.jpg","type":"image\/jpeg"}],"twitter_card":"summary_large_image","twitter_site":"@shopbursa","twitter_misc":{"Fiyat":"&#8378;250,00 KDV DAH\u0130L","Availability":"In stock"},"schema":{"@context":"https:\/\/schema.org","@graph":[{"@type":"WebPage","@id":"https:\/\/hobierotikshop.com.tr\/website1\/erotik-shop-urun\/kamasutra-zari-beyaz\/","url":"https:\/\/hobierotikshop.com.tr\/website1\/erotik-shop-urun\/kamasutra-zari-beyaz\/","name":"Kamasutra Zar\u0131 Beyaz - Bursa Erotik Shop","isPartOf":{"@id":"https:\/\/hobierotikshop.com.tr\/website1\/#website"},"primaryImageOfPage":{"@id":"https:\/\/hobierotikshop.com.tr\/website1\/erotik-shop-urun\/kamasutra-zari-beyaz\/#primaryimage"},"image":{"@id":"https:\/\/hobierotikshop.com.tr\/website1\/erotik-shop-urun\/kamasutra-zari-beyaz\/#primaryimage"},"thumbnailUrl":"https:\/\/haremerotikshop.com\/site\/wp-content\/uploads\/2025\/03\/kamasutra-zari-beyaz-1847-2.jpg","datePublished":"2025-03-17T09:22:27+00:00","dateModified":"2026-01-27T08:31:27+00:00","breadcrumb":{"@id":"https:\/\/hobierotikshop.com.tr\/website1\/erotik-shop-urun\/kamasutra-zari-beyaz\/#breadcrumb"},"inLanguage":"tr","potentialAction":[{"@type":"ReadAction","target":["https:\/\/hobierotikshop.com.tr\/website1\/erotik-shop-urun\/kamasutra-zari-beyaz\/"]}]},{"@type":"ImageObject","inLanguage":"tr","@id":"https:\/\/hobierotikshop.com.tr\/website1\/erotik-shop-urun\/kamasutra-zari-beyaz\/#primaryimage","url":"https:\/\/haremerotikshop.com\/site\/wp-content\/uploads\/2025\/03\/kamasutra-zari-beyaz-1847-2.jpg","contentUrl":"https:\/\/haremerotikshop.com\/site\/wp-content\/uploads\/2025\/03\/kamasutra-zari-beyaz-1847-2.jpg","width":1500,"height":1500},{"@type":"BreadcrumbList","@id":"https:\/\/hobierotikshop.com.tr\/website1\/erotik-shop-urun\/kamasutra-zari-beyaz\/#breadcrumb","itemListElement":[{"@type":"ListItem","position":1,"name":"Anasayfa","item":"https:\/\/hobierotikshop.com.tr\/website1\/"},{"@type":"ListItem","position":2,"name":"Erotik Shop \u00dcr\u00fcnleri","item":"https:\/\/hobierotikshop.com.tr\/website1\/shop\/"},{"@type":"ListItem","position":3,"name":"Kamasutra Zar\u0131 Beyaz"}]},{"@type":"WebSite","@id":"https:\/\/hobierotikshop.com.tr\/website1\/#website","url":"https:\/\/hobierotikshop.com.tr\/website1\/","name":"Bursa Erotik Shop","description":"Bursa Erotik Shop ile g\u00fcvenli, gizli ve kaliteli yeti\u015fkin \u00fcr\u00fcnleri al\u0131\u015fveri\u015fi! Geni\u015f \u00fcr\u00fcn yelpazemizi ke\u015ffedin, hemen sipari\u015f verin","publisher":{"@id":"https:\/\/hobierotikshop.com.tr\/website1\/#organization"},"alternateName":"Erotik Shop","potentialAction":[{"@type":"SearchAction","target":{"@type":"EntryPoint","urlTemplate":"https:\/\/hobierotikshop.com.tr\/website1\/?s={search_term_string}"},"query-input":{"@type":"PropertyValueSpecification","valueRequired":true,"valueName":"search_term_string"}}],"inLanguage":"tr"},{"@type":"Organization","@id":"https:\/\/hobierotikshop.com.tr\/website1\/#organization","name":"Harem Bursa Erotik Shop","url":"https:\/\/hobierotikshop.com.tr\/website1\/","logo":{"@type":"ImageObject","inLanguage":"tr","@id":"https:\/\/hobierotikshop.com.tr\/website1\/#\/schema\/logo\/image\/","url":"https:\/\/haremerotikshop.com\/site\/wp-content\/uploads\/2025\/03\/haremsexshop.png","contentUrl":"https:\/\/haremerotikshop.com\/site\/wp-content\/uploads\/2025\/03\/haremsexshop.png","width":400,"height":100,"caption":"Harem Bursa Erotik Shop"},"image":{"@id":"https:\/\/hobierotikshop.com.tr\/website1\/#\/schema\/logo\/image\/"},"sameAs":["https:\/\/x.com\/shopbursa"],"publishingPrinciples":"https:\/\/hobierotikshop.com.tr\/website1\/mesafeli-satis-sozlesmesi\/","ownershipFundingInfo":"https:\/\/hobierotikshop.com.tr\/website1\/contact-us\/","actionableFeedbackPolicy":"https:\/\/hobierotikshop.com.tr\/website1\/contact-us\/","correctionsPolicy":"https:\/\/hobierotikshop.com.tr\/website1\/mesafeli-satis-sozlesmesi\/"}]},"product_brand":"Pembe Tilki","product_price_amount":"250.00","product_price_currency":"TRY","og_availability":"instock","product_availability":"instock","product_retailer_item_id":"PT-FFXG801W","product_condition":"new"},"_links":{"self":[{"href":"https:\/\/haremerotikshop.com\/site\/wp-json\/wp\/v2\/product\/18757","targetHints":{"allow":["GET"]}}],"collection":[{"href":"https:\/\/haremerotikshop.com\/site\/wp-json\/wp\/v2\/product"}],"about":[{"href":"https:\/\/haremerotikshop.com\/site\/wp-json\/wp\/v2\/types\/product"}],"replies":[{"embeddable":true,"href":"https:\/\/haremerotikshop.com\/site\/wp-json\/wp\/v2\/comments?post=18757"}],"version-history":[{"count":0,"href":"https:\/\/haremerotikshop.com\/site\/wp-json\/wp\/v2\/product\/18757\/revisions"}],"wp:featuredmedia":[{"embeddable":true,"href":"https:\/\/haremerotikshop.com\/site\/wp-json\/wp\/v2\/media\/18856"}],"wp:attachment":[{"href":"https:\/\/haremerotikshop.com\/site\/wp-json\/wp\/v2\/media?parent=18757"}],"wp:term":[{"taxonomy":"product_brand","embeddable":true,"href":"https:\/\/haremerotikshop.com\/site\/wp-json\/wp\/v2\/product_brand?post=18757"},{"taxonomy":"product_cat","embeddable":true,"href":"https:\/\/haremerotikshop.com\/site\/wp-json\/wp\/v2\/product_cat?post=18757"},{"taxonomy":"product_tag","embeddable":true,"href":"https:\/\/haremerotikshop.com\/site\/wp-json\/wp\/v2\/product_tag?post=18757"}],"curies":[{"name":"wp","href":"https:\/\/api.w.org\/{rel}","templated":true}]}}