{"id":18817,"date":"2025-03-17T12:23:12","date_gmt":"2025-03-17T09:23:12","guid":{"rendered":"https:\/\/haremerotikshop.com\/site\/?post_type=product&#038;p=18817"},"modified":"2026-01-26T16:37:36","modified_gmt":"2026-01-26T13:37:36","slug":"cabs-glide-kayganlastirici-jel-120-ml","status":"publish","type":"product","link":"https:\/\/haremerotikshop.com\/site\/erotik-shop-urun\/cabs-glide-kayganlastirici-jel-120-ml\/","title":{"rendered":"Cabs Glide Kayganla\u015ft\u0131r\u0131c\u0131 Jel 120 Ml."},"content":{"rendered":"<h2 class=\"uni-title\"><strong style=\"font-size: 22px\" data-start=\"4\" data-end=\"84\">Cabs Glide Su Bazl\u0131 Kayganla\u015ft\u0131r\u0131c\u0131 Jel 120 ML &#8211; Konforlu ve G\u00fcvenli Deneyim<\/strong><\/h2>\n<section class=\"uni-content\">\n<p data-start=\"86\" data-end=\"486\"><strong data-start=\"86\" data-end=\"129\">Cabs Glide Su Bazl\u0131 Kayganla\u015ft\u0131r\u0131c\u0131 Jel<\/strong>, \u00f6zel form\u00fcl\u00fc sayesinde cinsel deneyimlerinizi daha rahat ve keyifli hale getirir. <strong data-start=\"213\" data-end=\"223\">120 ML<\/strong>&#8216;lik hacmiyle uzun s\u00fcreli kullan\u0131m sa\u011flar ve cinsel ili\u015fkiniz boyunca gerekli olan kayganl\u0131k seviyesini m\u00fckemmel bir \u015fekilde sunar. <strong data-start=\"355\" data-end=\"373\">Kolay kullan\u0131m<\/strong>, <strong data-start=\"375\" data-end=\"401\">prezervatif uyumlulu\u011fu<\/strong> ve <strong data-start=\"405\" data-end=\"452\">klinikk testlerden ba\u015far\u0131yla ge\u00e7mi\u015f form\u00fcl\u00fc<\/strong> ile g\u00fcvenle tercih edebilirsiniz.<\/p>\n<h3 data-start=\"488\" data-end=\"512\"><strong data-start=\"492\" data-end=\"512\">\u00dcr\u00fcn \u00d6zellikleri<\/strong><\/h3>\n<ul data-start=\"514\" data-end=\"1507\">\n<li data-start=\"514\" data-end=\"832\">\n<p data-start=\"516\" data-end=\"832\"><strong data-start=\"516\" data-end=\"535\">Kolay Kullan\u0131m:<\/strong> Cabs Glide Su Bazl\u0131 Kayganla\u015ft\u0131r\u0131c\u0131 Jel, kullan\u0131m\u0131 olduk\u00e7a pratik olan bir \u00fcr\u00fcnd\u00fcr. Kayganla\u015ft\u0131rma gereksinimi duyulan b\u00f6lgeye <strong data-start=\"663\" data-end=\"678\">az miktarda<\/strong> d\u00f6k\u00fcn, ard\u0131ndan nazik\u00e7e ovalayarak jel haz\u0131r hale gelir. Ekstra bir uygulama gerekmeden b\u00f6lgeniz kayganla\u015f\u0131r ve cinsel deneyiminiz daha rahat hale gelir.<\/p>\n<\/li>\n<li data-start=\"836\" data-end=\"1072\">\n<p data-start=\"838\" data-end=\"1072\"><strong data-start=\"838\" data-end=\"869\">Prezervatiflerle Uyumludur:<\/strong> Cabs Glide, <strong data-start=\"882\" data-end=\"909\">%100 prezervatif uyumlu<\/strong> olup, korunma sa\u011flamaktan \u00f6d\u00fcn vermek zorunda kalmadan cinsel ili\u015fki s\u0131ras\u0131nda ekstra kayganl\u0131k sa\u011flar. Hem rahatl\u0131k hem de g\u00fcvenlik i\u00e7in m\u00fckemmel bir se\u00e7enektir.<\/p>\n<\/li>\n<li data-start=\"1074\" data-end=\"1348\">\n<p data-start=\"1076\" data-end=\"1348\"><strong data-start=\"1076\" data-end=\"1108\">Klinik Testlerden Ge\u00e7mi\u015ftir:<\/strong> Hacettepe \u00dcniversitesi taraf\u0131ndan yap\u0131lan <strong data-start=\"1151\" data-end=\"1178\">klinik testlerde ba\u015far\u0131<\/strong> elde etmi\u015f bir \u00fcr\u00fcnd\u00fcr. <strong data-start=\"1203\" data-end=\"1213\">Alerji<\/strong> veya yan etkiler g\u00f6zlemlenmemi\u015ftir, ayr\u0131ca <strong data-start=\"1257\" data-end=\"1284\">toksin maddeler i\u00e7ermez<\/strong>. Tahri\u015f olma durumunu engelleyerek sa\u011fl\u0131kl\u0131 bir kullan\u0131m sunar.<\/p>\n<\/li>\n<li data-start=\"1350\" data-end=\"1507\">\n<p data-start=\"1352\" data-end=\"1507\"><strong data-start=\"1352\" data-end=\"1372\">Su Bazl\u0131 Form\u00fcl:<\/strong> Su bazl\u0131 yap\u0131s\u0131 sayesinde <strong data-start=\"1399\" data-end=\"1421\">kolayca temizlenir<\/strong> ve lekesiz bir deneyim sa\u011flar. Ayr\u0131ca, cildinize dosttur ve rahat bir kullan\u0131m sunar.<\/p>\n<\/li>\n<\/ul>\n<h3 data-start=\"1509\" data-end=\"1539\"><strong data-start=\"1513\" data-end=\"1539\">Faydalar ve Avantajlar<\/strong><\/h3>\n<ul data-start=\"1541\" data-end=\"1999\">\n<li data-start=\"1541\" data-end=\"1670\">\n<p data-start=\"1543\" data-end=\"1670\"><strong data-start=\"1543\" data-end=\"1566\">Rahatl\u0131k ve Konfor:<\/strong> Su bazl\u0131 form\u00fcl\u00fcyle hassas b\u00f6lgeler i\u00e7in uygundur, cinsel ili\u015fkide kayganl\u0131k sa\u011flayarak rahatl\u0131k sunar.<\/p>\n<\/li>\n<li data-start=\"1674\" data-end=\"1828\">\n<p data-start=\"1676\" data-end=\"1828\"><strong data-start=\"1676\" data-end=\"1702\">Uzun S\u00fcreli Kayganl\u0131k:<\/strong> 120 ML\u2019lik pratik ambalaj\u0131, uzun s\u00fcreli kullan\u0131m sa\u011flar ve cinsel deneyimlerinizde s\u00fcrekli olarak etkili bir kayganl\u0131k sunar.<\/p>\n<\/li>\n<li data-start=\"1830\" data-end=\"1999\">\n<p data-start=\"1832\" data-end=\"1999\"><strong data-start=\"1832\" data-end=\"1861\">Hipoalerjenik ve G\u00fcvenli:<\/strong> Klinik testlerden ge\u00e7mi\u015f olan bu jel, g\u00fcvenli bir \u015fekilde kullan\u0131labilir ve cilt dostudur. Alerji yapmaz ve tahri\u015f riskini minimize eder.<\/p>\n<\/li>\n<\/ul>\n<h3 data-start=\"2001\" data-end=\"2029\"><strong data-start=\"2005\" data-end=\"2029\">Kullan\u0131m Talimatlar\u0131<\/strong><\/h3>\n<ol data-start=\"2031\" data-end=\"2292\">\n<li data-start=\"2031\" data-end=\"2105\">Kayganla\u015ft\u0131r\u0131c\u0131 jeli, ihtiya\u00e7 duydu\u011funuz b\u00f6lgeye <strong data-start=\"2083\" data-end=\"2098\">az miktarda<\/strong> d\u00f6k\u00fcn.<\/li>\n<li data-start=\"2106\" data-end=\"2158\">Nazik\u00e7e ovalayarak kayganla\u015ft\u0131r\u0131c\u0131y\u0131 iyice yay\u0131n.<\/li>\n<li data-start=\"2159\" data-end=\"2234\">Cabs Glide, <strong data-start=\"2174\" data-end=\"2209\">ekstra bir uygulama gerektirmez<\/strong>, kayganl\u0131k hemen ba\u015flar.<\/li>\n<li data-start=\"2235\" data-end=\"2292\"><strong data-start=\"2238\" data-end=\"2263\">Temizlenmesi kolayd\u0131r<\/strong>, su ile rahat\u00e7a y\u0131kanabilir.<\/li>\n<\/ol>\n<h3 data-start=\"2294\" data-end=\"2651\" data-is-last-node=\"\" data-is-only-node=\"\"><strong data-start=\"2298\" data-end=\"2348\">Cabs Glide Su Bazl\u0131 Kayganla\u015ft\u0131r\u0131c\u0131 Jel 120 ML<\/strong>, g\u00fcvenli, etkili ve konforlu bir cinsel deneyim i\u00e7in m\u00fckemmel bir tercihtir. <strong data-start=\"2426\" data-end=\"2453\">Prezervatiflerle uyumlu<\/strong>, <strong data-start=\"2455\" data-end=\"2493\">klinik testlerden ba\u015far\u0131yla ge\u00e7mi\u015f<\/strong>, <strong data-start=\"2495\" data-end=\"2526\">toksin i\u00e7ermeyen form\u00fcl\u00fcyle<\/strong> sa\u011fl\u0131kl\u0131 bir kullan\u0131m sa\u011flar. Cinsel sa\u011fl\u0131\u011f\u0131n\u0131z\u0131 ve rahatl\u0131\u011f\u0131n\u0131z\u0131 \u00f6n planda tutarak, her ili\u015fkiyi daha keyifli hale getirir.<\/h3>\n<\/section>\n","protected":false},"excerpt":{"rendered":"<p><strong data-start=\"86\" data-end=\"129\">Cabs Glide Su Bazl\u0131 Kayganla\u015ft\u0131r\u0131c\u0131 Jel<\/strong>, \u00f6zel form\u00fcl\u00fc sayesinde cinsel deneyimlerinizi daha rahat ve keyifli hale getirir. <strong data-start=\"213\" data-end=\"223\">120 ML<\/strong>&#8216;lik hacmiyle uzun s\u00fcreli kullan\u0131m sa\u011flar ve cinsel ili\u015fkiniz boyunca gerekli olan kayganl\u0131k seviyesini m\u00fckemmel bir \u015fekilde sunar. <strong data-start=\"355\" data-end=\"373\">Kolay kullan\u0131m<\/strong>, <strong data-start=\"375\" data-end=\"401\">prezervatif uyumlulu\u011fu<\/strong> ve <strong data-start=\"405\" data-end=\"452\">klinikk testlerden ba\u015far\u0131yla ge\u00e7mi\u015f form\u00fcl\u00fc<\/strong> ile g\u00fcvenle tercih edebilirsiniz.<\/p>\n","protected":false},"featured_media":18911,"comment_status":"open","ping_status":"closed","template":"","meta":[],"product_brand":[170],"product_cat":[131],"product_tag":[133],"class_list":{"0":"post-18817","1":"product","2":"type-product","3":"status-publish","4":"has-post-thumbnail","6":"product_brand-cabs","7":"product_cat-kayganlastirici","8":"product_tag-cabs-glide-kayganlastirici-jel-250-ml","10":"first","11":"instock","12":"taxable","13":"shipping-taxable","14":"purchasable","15":"product-type-simple"},"yoast_head":"<!-- This site is optimized with the Yoast SEO Premium plugin v24.4 (Yoast SEO v27.1.1) - https:\/\/yoast.com\/product\/yoast-seo-premium-wordpress\/ -->\n<title>Cabs Glide Kayganla\u015ft\u0131r\u0131c\u0131 Jel 120 Ml. - Bursa Erotik Shop<\/title>\n<meta name=\"robots\" content=\"index, follow, max-snippet:-1, max-image-preview:large, max-video-preview:-1\" \/>\n<link rel=\"canonical\" href=\"https:\/\/hobierotikshop.com.tr\/website1\/erotik-shop-urun\/cabs-glide-kayganlastirici-jel-120-ml\/\" \/>\n<meta property=\"og:locale\" content=\"tr_TR\" \/>\n<meta property=\"og:type\" content=\"article\" \/>\n<meta property=\"og:title\" content=\"Cabs Glide Kayganla\u015ft\u0131r\u0131c\u0131 Jel 120 Ml.\" \/>\n<meta property=\"og:description\" content=\"Cabs Glide Su Bazl\u0131 Kayganla\u015ft\u0131r\u0131c\u0131 Jel, \u00f6zel form\u00fcl\u00fc sayesinde cinsel deneyimlerinizi daha rahat ve keyifli hale getirir. 120 ML&#039;lik hacmiyle uzun s\u00fcreli kullan\u0131m sa\u011flar ve cinsel ili\u015fkiniz boyunca gerekli olan kayganl\u0131k seviyesini m\u00fckemmel bir \u015fekilde sunar. Kolay kullan\u0131m, prezervatif uyumlulu\u011fu ve klinikk testlerden ba\u015far\u0131yla ge\u00e7mi\u015f form\u00fcl\u00fc ile g\u00fcvenle tercih edebilirsiniz.\" \/>\n<meta property=\"og:url\" content=\"https:\/\/hobierotikshop.com.tr\/website1\/erotik-shop-urun\/cabs-glide-kayganlastirici-jel-120-ml\/\" \/>\n<meta property=\"og:site_name\" content=\"Bursa Erotik Shop\" \/>\n<meta property=\"article:modified_time\" content=\"2026-01-26T13:37:36+00:00\" \/>\n<meta property=\"og:image\" content=\"https:\/\/hobierotikshop.com.tr\/website1\/wp-content\/uploads\/2025\/03\/cabs-glide-kayganlastirici-jel-120-ml-5028.jpg\" \/>\n\t<meta property=\"og:image:width\" content=\"1500\" \/>\n\t<meta property=\"og:image:height\" content=\"1500\" \/>\n\t<meta property=\"og:image:type\" content=\"image\/jpeg\" \/>\n<meta name=\"twitter:card\" content=\"summary_large_image\" \/>\n<meta name=\"twitter:site\" content=\"@shopbursa\" \/>\n<meta name=\"twitter:label1\" content=\"Fiyat\" \/>\n\t<meta name=\"twitter:data1\" content=\"&#8378;300,00 KDV DAH\u0130L\" \/>\n\t<meta name=\"twitter:label2\" content=\"Availability\" \/>\n\t<meta name=\"twitter:data2\" content=\"In stock\" \/>\n<script type=\"application\/ld+json\" class=\"yoast-schema-graph\">{\"@context\":\"https:\/\/schema.org\",\"@graph\":[{\"@type\":\"WebPage\",\"@id\":\"https:\/\/hobierotikshop.com.tr\/website1\/erotik-shop-urun\/cabs-glide-kayganlastirici-jel-120-ml\/\",\"url\":\"https:\/\/hobierotikshop.com.tr\/website1\/erotik-shop-urun\/cabs-glide-kayganlastirici-jel-120-ml\/\",\"name\":\"Cabs Glide Kayganla\u015ft\u0131r\u0131c\u0131 Jel 120 Ml. - Bursa Erotik Shop\",\"isPartOf\":{\"@id\":\"https:\/\/hobierotikshop.com.tr\/website1\/#website\"},\"primaryImageOfPage\":{\"@id\":\"https:\/\/hobierotikshop.com.tr\/website1\/erotik-shop-urun\/cabs-glide-kayganlastirici-jel-120-ml\/#primaryimage\"},\"image\":{\"@id\":\"https:\/\/hobierotikshop.com.tr\/website1\/erotik-shop-urun\/cabs-glide-kayganlastirici-jel-120-ml\/#primaryimage\"},\"thumbnailUrl\":\"https:\/\/haremerotikshop.com\/site\/wp-content\/uploads\/2025\/03\/cabs-glide-kayganlastirici-jel-120-ml-5028.jpg\",\"datePublished\":\"2025-03-17T09:23:12+00:00\",\"dateModified\":\"2026-01-26T13:37:36+00:00\",\"breadcrumb\":{\"@id\":\"https:\/\/hobierotikshop.com.tr\/website1\/erotik-shop-urun\/cabs-glide-kayganlastirici-jel-120-ml\/#breadcrumb\"},\"inLanguage\":\"tr\",\"potentialAction\":[{\"@type\":\"ReadAction\",\"target\":[\"https:\/\/hobierotikshop.com.tr\/website1\/erotik-shop-urun\/cabs-glide-kayganlastirici-jel-120-ml\/\"]}]},{\"@type\":\"ImageObject\",\"inLanguage\":\"tr\",\"@id\":\"https:\/\/hobierotikshop.com.tr\/website1\/erotik-shop-urun\/cabs-glide-kayganlastirici-jel-120-ml\/#primaryimage\",\"url\":\"https:\/\/haremerotikshop.com\/site\/wp-content\/uploads\/2025\/03\/cabs-glide-kayganlastirici-jel-120-ml-5028.jpg\",\"contentUrl\":\"https:\/\/haremerotikshop.com\/site\/wp-content\/uploads\/2025\/03\/cabs-glide-kayganlastirici-jel-120-ml-5028.jpg\",\"width\":1500,\"height\":1500},{\"@type\":\"BreadcrumbList\",\"@id\":\"https:\/\/hobierotikshop.com.tr\/website1\/erotik-shop-urun\/cabs-glide-kayganlastirici-jel-120-ml\/#breadcrumb\",\"itemListElement\":[{\"@type\":\"ListItem\",\"position\":1,\"name\":\"Anasayfa\",\"item\":\"https:\/\/hobierotikshop.com.tr\/website1\/\"},{\"@type\":\"ListItem\",\"position\":2,\"name\":\"Erotik Shop \u00dcr\u00fcnleri\",\"item\":\"https:\/\/hobierotikshop.com.tr\/website1\/shop\/\"},{\"@type\":\"ListItem\",\"position\":3,\"name\":\"Cabs Glide Kayganla\u015ft\u0131r\u0131c\u0131 Jel 120 Ml.\"}]},{\"@type\":\"WebSite\",\"@id\":\"https:\/\/hobierotikshop.com.tr\/website1\/#website\",\"url\":\"https:\/\/hobierotikshop.com.tr\/website1\/\",\"name\":\"Bursa Erotik Shop\",\"description\":\"Bursa Erotik Shop ile g\u00fcvenli, gizli ve kaliteli yeti\u015fkin \u00fcr\u00fcnleri al\u0131\u015fveri\u015fi! Geni\u015f \u00fcr\u00fcn yelpazemizi ke\u015ffedin, hemen sipari\u015f verin\",\"publisher\":{\"@id\":\"https:\/\/hobierotikshop.com.tr\/website1\/#organization\"},\"alternateName\":\"Erotik Shop\",\"potentialAction\":[{\"@type\":\"SearchAction\",\"target\":{\"@type\":\"EntryPoint\",\"urlTemplate\":\"https:\/\/hobierotikshop.com.tr\/website1\/?s={search_term_string}\"},\"query-input\":{\"@type\":\"PropertyValueSpecification\",\"valueRequired\":true,\"valueName\":\"search_term_string\"}}],\"inLanguage\":\"tr\"},{\"@type\":\"Organization\",\"@id\":\"https:\/\/hobierotikshop.com.tr\/website1\/#organization\",\"name\":\"Harem Bursa Erotik Shop\",\"url\":\"https:\/\/hobierotikshop.com.tr\/website1\/\",\"logo\":{\"@type\":\"ImageObject\",\"inLanguage\":\"tr\",\"@id\":\"https:\/\/hobierotikshop.com.tr\/website1\/#\/schema\/logo\/image\/\",\"url\":\"https:\/\/haremerotikshop.com\/site\/wp-content\/uploads\/2025\/03\/haremsexshop.png\",\"contentUrl\":\"https:\/\/haremerotikshop.com\/site\/wp-content\/uploads\/2025\/03\/haremsexshop.png\",\"width\":400,\"height\":100,\"caption\":\"Harem Bursa Erotik Shop\"},\"image\":{\"@id\":\"https:\/\/hobierotikshop.com.tr\/website1\/#\/schema\/logo\/image\/\"},\"sameAs\":[\"https:\/\/x.com\/shopbursa\"],\"publishingPrinciples\":\"https:\/\/hobierotikshop.com.tr\/website1\/mesafeli-satis-sozlesmesi\/\",\"ownershipFundingInfo\":\"https:\/\/hobierotikshop.com.tr\/website1\/contact-us\/\",\"actionableFeedbackPolicy\":\"https:\/\/hobierotikshop.com.tr\/website1\/contact-us\/\",\"correctionsPolicy\":\"https:\/\/hobierotikshop.com.tr\/website1\/mesafeli-satis-sozlesmesi\/\"}]}<\/script>\n<meta property=\"product:brand\" content=\"Cabs\" \/>\n<meta property=\"product:price:amount\" content=\"300.00\" \/>\n<meta property=\"product:price:currency\" content=\"TRY\" \/>\n<meta property=\"og:availability\" content=\"instock\" \/>\n<meta property=\"product:availability\" content=\"instock\" \/>\n<meta property=\"product:retailer_item_id\" content=\"PT-KC1534\" \/>\n<meta property=\"product:condition\" content=\"new\" \/>\n<!-- \/ Yoast SEO Premium plugin. -->","yoast_head_json":{"title":"Cabs Glide Kayganla\u015ft\u0131r\u0131c\u0131 Jel 120 Ml. - Bursa Erotik Shop","robots":{"index":"index","follow":"follow","max-snippet":"max-snippet:-1","max-image-preview":"max-image-preview:large","max-video-preview":"max-video-preview:-1"},"canonical":"https:\/\/hobierotikshop.com.tr\/website1\/erotik-shop-urun\/cabs-glide-kayganlastirici-jel-120-ml\/","og_locale":"tr_TR","og_type":"article","og_title":"Cabs Glide Kayganla\u015ft\u0131r\u0131c\u0131 Jel 120 Ml.","og_description":"Cabs Glide Su Bazl\u0131 Kayganla\u015ft\u0131r\u0131c\u0131 Jel, \u00f6zel form\u00fcl\u00fc sayesinde cinsel deneyimlerinizi daha rahat ve keyifli hale getirir. 120 ML'lik hacmiyle uzun s\u00fcreli kullan\u0131m sa\u011flar ve cinsel ili\u015fkiniz boyunca gerekli olan kayganl\u0131k seviyesini m\u00fckemmel bir \u015fekilde sunar. Kolay kullan\u0131m, prezervatif uyumlulu\u011fu ve klinikk testlerden ba\u015far\u0131yla ge\u00e7mi\u015f form\u00fcl\u00fc ile g\u00fcvenle tercih edebilirsiniz.","og_url":"https:\/\/hobierotikshop.com.tr\/website1\/erotik-shop-urun\/cabs-glide-kayganlastirici-jel-120-ml\/","og_site_name":"Bursa Erotik Shop","article_modified_time":"2026-01-26T13:37:36+00:00","og_image":[{"width":1500,"height":1500,"url":"https:\/\/hobierotikshop.com.tr\/website1\/wp-content\/uploads\/2025\/03\/cabs-glide-kayganlastirici-jel-120-ml-5028.jpg","type":"image\/jpeg"}],"twitter_card":"summary_large_image","twitter_site":"@shopbursa","twitter_misc":{"Fiyat":"&#8378;300,00 KDV DAH\u0130L","Availability":"In stock"},"schema":{"@context":"https:\/\/schema.org","@graph":[{"@type":"WebPage","@id":"https:\/\/hobierotikshop.com.tr\/website1\/erotik-shop-urun\/cabs-glide-kayganlastirici-jel-120-ml\/","url":"https:\/\/hobierotikshop.com.tr\/website1\/erotik-shop-urun\/cabs-glide-kayganlastirici-jel-120-ml\/","name":"Cabs Glide Kayganla\u015ft\u0131r\u0131c\u0131 Jel 120 Ml. - Bursa Erotik Shop","isPartOf":{"@id":"https:\/\/hobierotikshop.com.tr\/website1\/#website"},"primaryImageOfPage":{"@id":"https:\/\/hobierotikshop.com.tr\/website1\/erotik-shop-urun\/cabs-glide-kayganlastirici-jel-120-ml\/#primaryimage"},"image":{"@id":"https:\/\/hobierotikshop.com.tr\/website1\/erotik-shop-urun\/cabs-glide-kayganlastirici-jel-120-ml\/#primaryimage"},"thumbnailUrl":"https:\/\/haremerotikshop.com\/site\/wp-content\/uploads\/2025\/03\/cabs-glide-kayganlastirici-jel-120-ml-5028.jpg","datePublished":"2025-03-17T09:23:12+00:00","dateModified":"2026-01-26T13:37:36+00:00","breadcrumb":{"@id":"https:\/\/hobierotikshop.com.tr\/website1\/erotik-shop-urun\/cabs-glide-kayganlastirici-jel-120-ml\/#breadcrumb"},"inLanguage":"tr","potentialAction":[{"@type":"ReadAction","target":["https:\/\/hobierotikshop.com.tr\/website1\/erotik-shop-urun\/cabs-glide-kayganlastirici-jel-120-ml\/"]}]},{"@type":"ImageObject","inLanguage":"tr","@id":"https:\/\/hobierotikshop.com.tr\/website1\/erotik-shop-urun\/cabs-glide-kayganlastirici-jel-120-ml\/#primaryimage","url":"https:\/\/haremerotikshop.com\/site\/wp-content\/uploads\/2025\/03\/cabs-glide-kayganlastirici-jel-120-ml-5028.jpg","contentUrl":"https:\/\/haremerotikshop.com\/site\/wp-content\/uploads\/2025\/03\/cabs-glide-kayganlastirici-jel-120-ml-5028.jpg","width":1500,"height":1500},{"@type":"BreadcrumbList","@id":"https:\/\/hobierotikshop.com.tr\/website1\/erotik-shop-urun\/cabs-glide-kayganlastirici-jel-120-ml\/#breadcrumb","itemListElement":[{"@type":"ListItem","position":1,"name":"Anasayfa","item":"https:\/\/hobierotikshop.com.tr\/website1\/"},{"@type":"ListItem","position":2,"name":"Erotik Shop \u00dcr\u00fcnleri","item":"https:\/\/hobierotikshop.com.tr\/website1\/shop\/"},{"@type":"ListItem","position":3,"name":"Cabs Glide Kayganla\u015ft\u0131r\u0131c\u0131 Jel 120 Ml."}]},{"@type":"WebSite","@id":"https:\/\/hobierotikshop.com.tr\/website1\/#website","url":"https:\/\/hobierotikshop.com.tr\/website1\/","name":"Bursa Erotik Shop","description":"Bursa Erotik Shop ile g\u00fcvenli, gizli ve kaliteli yeti\u015fkin \u00fcr\u00fcnleri al\u0131\u015fveri\u015fi! Geni\u015f \u00fcr\u00fcn yelpazemizi ke\u015ffedin, hemen sipari\u015f verin","publisher":{"@id":"https:\/\/hobierotikshop.com.tr\/website1\/#organization"},"alternateName":"Erotik Shop","potentialAction":[{"@type":"SearchAction","target":{"@type":"EntryPoint","urlTemplate":"https:\/\/hobierotikshop.com.tr\/website1\/?s={search_term_string}"},"query-input":{"@type":"PropertyValueSpecification","valueRequired":true,"valueName":"search_term_string"}}],"inLanguage":"tr"},{"@type":"Organization","@id":"https:\/\/hobierotikshop.com.tr\/website1\/#organization","name":"Harem Bursa Erotik Shop","url":"https:\/\/hobierotikshop.com.tr\/website1\/","logo":{"@type":"ImageObject","inLanguage":"tr","@id":"https:\/\/hobierotikshop.com.tr\/website1\/#\/schema\/logo\/image\/","url":"https:\/\/haremerotikshop.com\/site\/wp-content\/uploads\/2025\/03\/haremsexshop.png","contentUrl":"https:\/\/haremerotikshop.com\/site\/wp-content\/uploads\/2025\/03\/haremsexshop.png","width":400,"height":100,"caption":"Harem Bursa Erotik Shop"},"image":{"@id":"https:\/\/hobierotikshop.com.tr\/website1\/#\/schema\/logo\/image\/"},"sameAs":["https:\/\/x.com\/shopbursa"],"publishingPrinciples":"https:\/\/hobierotikshop.com.tr\/website1\/mesafeli-satis-sozlesmesi\/","ownershipFundingInfo":"https:\/\/hobierotikshop.com.tr\/website1\/contact-us\/","actionableFeedbackPolicy":"https:\/\/hobierotikshop.com.tr\/website1\/contact-us\/","correctionsPolicy":"https:\/\/hobierotikshop.com.tr\/website1\/mesafeli-satis-sozlesmesi\/"}]},"product_brand":"Cabs","product_price_amount":"300.00","product_price_currency":"TRY","og_availability":"instock","product_availability":"instock","product_retailer_item_id":"PT-KC1534","product_condition":"new"},"_links":{"self":[{"href":"https:\/\/haremerotikshop.com\/site\/wp-json\/wp\/v2\/product\/18817","targetHints":{"allow":["GET"]}}],"collection":[{"href":"https:\/\/haremerotikshop.com\/site\/wp-json\/wp\/v2\/product"}],"about":[{"href":"https:\/\/haremerotikshop.com\/site\/wp-json\/wp\/v2\/types\/product"}],"replies":[{"embeddable":true,"href":"https:\/\/haremerotikshop.com\/site\/wp-json\/wp\/v2\/comments?post=18817"}],"version-history":[{"count":0,"href":"https:\/\/haremerotikshop.com\/site\/wp-json\/wp\/v2\/product\/18817\/revisions"}],"wp:featuredmedia":[{"embeddable":true,"href":"https:\/\/haremerotikshop.com\/site\/wp-json\/wp\/v2\/media\/18911"}],"wp:attachment":[{"href":"https:\/\/haremerotikshop.com\/site\/wp-json\/wp\/v2\/media?parent=18817"}],"wp:term":[{"taxonomy":"product_brand","embeddable":true,"href":"https:\/\/haremerotikshop.com\/site\/wp-json\/wp\/v2\/product_brand?post=18817"},{"taxonomy":"product_cat","embeddable":true,"href":"https:\/\/haremerotikshop.com\/site\/wp-json\/wp\/v2\/product_cat?post=18817"},{"taxonomy":"product_tag","embeddable":true,"href":"https:\/\/haremerotikshop.com\/site\/wp-json\/wp\/v2\/product_tag?post=18817"}],"curies":[{"name":"wp","href":"https:\/\/api.w.org\/{rel}","templated":true}]}}