{"id":18819,"date":"2025-03-17T12:23:13","date_gmt":"2025-03-17T09:23:13","guid":{"rendered":"https:\/\/haremerotikshop.com\/site\/?post_type=product&#038;p=18819"},"modified":"2026-01-26T16:35:43","modified_gmt":"2026-01-26T13:35:43","slug":"viaxi-intimate-femiwash-intim-kopuk-100ml","status":"publish","type":"product","link":"https:\/\/haremerotikshop.com\/site\/erotik-shop-urun\/viaxi-intimate-femiwash-intim-kopuk-100ml\/","title":{"rendered":"Viaxi Intimate Femiwash I\u0307ntim K\u00f6p\u00fck 100Ml"},"content":{"rendered":"<h3 data-start=\"0\" data-end=\"84\"><strong data-start=\"4\" data-end=\"82\">Viaxi \u0130ntimate FemiWash \u2013 G\u00fcnl\u00fck Genital B\u00f6lge Temizli\u011fi \u0130\u00e7in Hassas Bak\u0131m<\/strong><\/h3>\n<p data-start=\"86\" data-end=\"418\">Kad\u0131nlar\u0131n <strong data-start=\"97\" data-end=\"158\">genital b\u00f6lge hijyenini korumak ve ferah bir his sa\u011flamak<\/strong> i\u00e7in \u00f6zel olarak form\u00fcle edilen <strong data-start=\"191\" data-end=\"218\">Viaxi \u0130ntimate FemiWash<\/strong>, <strong data-start=\"220\" data-end=\"239\">sabun i\u00e7ermeyen<\/strong> ve <strong data-start=\"243\" data-end=\"257\">pH dengeli<\/strong> yap\u0131s\u0131yla cildinizin do\u011fal floras\u0131n\u0131 destekler. <strong data-start=\"306\" data-end=\"363\">Hassas dokular i\u00e7in g\u00fcvenli ve tahri\u015f etmeyen form\u00fcl\u00fc<\/strong> sayesinde g\u00fcnl\u00fck kullan\u0131m i\u00e7in ideal bir se\u00e7enektir.<\/p>\n<h3 data-start=\"420\" data-end=\"450\"><strong data-start=\"424\" data-end=\"448\">\u00d6ne \u00c7\u0131kan \u00d6zellikler<\/strong><\/h3>\n<p data-start=\"452\" data-end=\"621\">\u2705 <strong data-start=\"454\" data-end=\"482\">Nazik ve Etkili Temizlik<\/strong><br data-start=\"482\" data-end=\"485\" \/>Sabun i\u00e7ermeyen \u00f6zel form\u00fcl\u00fc, <strong data-start=\"515\" data-end=\"572\">genital b\u00f6lgeyi kurutmadan ve tahri\u015f etmeden temizler<\/strong>. <strong data-start=\"574\" data-end=\"618\">Cildinizde ipeksi bir yumu\u015fakl\u0131k b\u0131rak\u0131r<\/strong>.<\/p>\n<p data-start=\"623\" data-end=\"831\">\u2705 <strong data-start=\"625\" data-end=\"663\">pH Dengesi ile Do\u011fal Floray\u0131 Korur<\/strong><br data-start=\"663\" data-end=\"666\" \/>\u0130\u00e7eri\u011finde bulunan <strong data-start=\"685\" data-end=\"700\">laktik asit<\/strong>, genital b\u00f6lgenin <strong data-start=\"719\" data-end=\"764\">asidik dengesini optimum seviyede tutarak<\/strong> do\u011fal yap\u0131s\u0131n\u0131 destekler. <strong data-start=\"791\" data-end=\"828\">D\u0131\u015f etkenlere kar\u015f\u0131 koruma sa\u011flar<\/strong>.<\/p>\n<p data-start=\"833\" data-end=\"877\">\u2705 <strong data-start=\"835\" data-end=\"875\">Hassas Ciltler \u0130\u00e7in G\u00fcvenli Kullan\u0131m<\/strong><\/p>\n<ul data-start=\"878\" data-end=\"1076\">\n<li data-start=\"878\" data-end=\"939\"><strong data-start=\"880\" data-end=\"936\">Hipoalerjenik ve dermatolojik olarak test edilmi\u015ftir<\/strong>.<\/li>\n<li data-start=\"940\" data-end=\"1000\"><strong data-start=\"942\" data-end=\"997\">Paraben, koruyucu madde ve sert kimyasallar i\u00e7ermez<\/strong>.<\/li>\n<li data-start=\"1001\" data-end=\"1076\"><strong data-start=\"1003\" data-end=\"1073\">Hassas b\u00f6lgelerde g\u00fcvenle kullan\u0131labilir, tahri\u015f ve kuruluk yapmaz<\/strong>.<\/li>\n<\/ul>\n<p data-start=\"1078\" data-end=\"1237\">\u2705 <strong data-start=\"1080\" data-end=\"1115\">Ferahlat\u0131c\u0131 ve Rahatlat\u0131c\u0131 Etki<\/strong><br data-start=\"1115\" data-end=\"1118\" \/>G\u00fcnl\u00fck kullan\u0131mda <strong data-start=\"1136\" data-end=\"1183\">temizlik hissini art\u0131r\u0131r ve ferahl\u0131k sa\u011flar<\/strong>. G\u00fcn boyu <strong data-start=\"1194\" data-end=\"1234\">rahat ve g\u00fcvende hissetmenizi sa\u011flar<\/strong>.<\/p>\n<p data-start=\"1239\" data-end=\"1382\">\u2705 <strong data-start=\"1241\" data-end=\"1263\">\u00c7ok Y\u00f6nl\u00fc Kullan\u0131m<\/strong><br data-start=\"1263\" data-end=\"1266\" \/><strong data-start=\"1266\" data-end=\"1309\">Genital b\u00f6lge temizli\u011fi i\u00e7in ideal olup<\/strong>, ayn\u0131 zamanda <strong data-start=\"1324\" data-end=\"1379\">v\u00fccudun di\u011fer hassas b\u00f6lgelerinde de kullan\u0131labilir<\/strong>.<\/p>\n<h3 data-start=\"1384\" data-end=\"1414\"><strong data-start=\"1388\" data-end=\"1412\">Kullan\u0131m Talimatlar\u0131<\/strong><\/h3>\n<p data-start=\"1415\" data-end=\"1630\">1\ufe0f\u20e3 <strong data-start=\"1419\" data-end=\"1438\">Pompaya basarak<\/strong> avucunuza bir miktar <strong data-start=\"1460\" data-end=\"1492\">Viaxi \u0130ntimate FemiWash al\u0131n<\/strong>.<br data-start=\"1493\" data-end=\"1496\" \/>2\ufe0f\u20e3 <strong data-start=\"1500\" data-end=\"1560\">Genital b\u00f6lgeye nazik\u00e7e uygulay\u0131n ve hafif\u00e7e masaj yap\u0131n<\/strong>.<br data-start=\"1561\" data-end=\"1564\" \/>3\ufe0f\u20e3 <strong data-start=\"1568\" data-end=\"1592\">Bol su ile durulay\u0131n<\/strong> ve g\u00fcnl\u00fck bak\u0131m rutininize ekleyin.<\/p>\n<p data-start=\"1632\" data-end=\"1835\" data-is-last-node=\"\" data-is-only-node=\"\"><strong data-start=\"1632\" data-end=\"1659\">Viaxi \u0130ntimate FemiWash<\/strong>, <strong data-start=\"1661\" data-end=\"1714\">g\u00fcnl\u00fck genital hijyeniniz i\u00e7in m\u00fckemmel bir se\u00e7im<\/strong> sunarak <strong data-start=\"1723\" data-end=\"1767\">temiz, ferah ve sa\u011fl\u0131kl\u0131 bir his b\u0131rak\u0131r<\/strong>. <strong data-start=\"1769\" data-end=\"1809\">Cildinizin do\u011fal dengesini koruyarak<\/strong> konforunuzu art\u0131r\u0131r! \ud83c\udf38\ud83d\udca7<\/p>\n","protected":false},"excerpt":{"rendered":"<p>Kad\u0131nlar\u0131n <strong data-start=\"97\" data-end=\"158\">genital b\u00f6lge hijyenini korumak ve ferah bir his sa\u011flamak<\/strong> i\u00e7in \u00f6zel olarak form\u00fcle edilen <strong data-start=\"191\" data-end=\"218\">Viaxi \u0130ntimate FemiWash<\/strong>, <strong data-start=\"220\" data-end=\"239\">sabun i\u00e7ermeyen<\/strong> ve <strong data-start=\"243\" data-end=\"257\">pH dengeli<\/strong> yap\u0131s\u0131yla cildinizin do\u011fal floras\u0131n\u0131 destekler. <strong data-start=\"306\" data-end=\"363\">Hassas dokular i\u00e7in g\u00fcvenli ve tahri\u015f etmeyen form\u00fcl\u00fc<\/strong> sayesinde g\u00fcnl\u00fck kullan\u0131m i\u00e7in ideal bir se\u00e7enektir.<\/p>\n","protected":false},"featured_media":18918,"comment_status":"open","ping_status":"closed","template":"","meta":[],"product_brand":[167],"product_cat":[125],"product_tag":[222],"class_list":{"0":"post-18819","1":"product","2":"type-product","3":"status-publish","4":"has-post-thumbnail","6":"product_brand-viaxi","7":"product_cat-hijyen-urunu","8":"product_tag-viaxi-intimate-femiwash-intim-kopuk-100ml","10":"first","11":"outofstock","12":"taxable","13":"shipping-taxable","14":"purchasable","15":"product-type-simple"},"yoast_head":"<!-- This site is optimized with the Yoast SEO Premium plugin v24.4 (Yoast SEO v27.1.1) - https:\/\/yoast.com\/product\/yoast-seo-premium-wordpress\/ -->\n<title>Viaxi Intimate Femiwash I\u0307ntim K\u00f6p\u00fck 100Ml - Bursa Erotik Shop<\/title>\n<meta name=\"robots\" content=\"index, follow, max-snippet:-1, max-image-preview:large, max-video-preview:-1\" \/>\n<link rel=\"canonical\" href=\"https:\/\/hobierotikshop.com.tr\/website1\/erotik-shop-urun\/viaxi-intimate-femiwash-intim-kopuk-100ml\/\" \/>\n<meta property=\"og:locale\" content=\"tr_TR\" \/>\n<meta property=\"og:type\" content=\"article\" \/>\n<meta property=\"og:title\" content=\"Viaxi Intimate Femiwash I\u0307ntim K\u00f6p\u00fck 100Ml\" \/>\n<meta property=\"og:description\" content=\"Kad\u0131nlar\u0131n genital b\u00f6lge hijyenini korumak ve ferah bir his sa\u011flamak i\u00e7in \u00f6zel olarak form\u00fcle edilen Viaxi \u0130ntimate FemiWash, sabun i\u00e7ermeyen ve pH dengeli yap\u0131s\u0131yla cildinizin do\u011fal floras\u0131n\u0131 destekler. Hassas dokular i\u00e7in g\u00fcvenli ve tahri\u015f etmeyen form\u00fcl\u00fc sayesinde g\u00fcnl\u00fck kullan\u0131m i\u00e7in ideal bir se\u00e7enektir.\" \/>\n<meta property=\"og:url\" content=\"https:\/\/hobierotikshop.com.tr\/website1\/erotik-shop-urun\/viaxi-intimate-femiwash-intim-kopuk-100ml\/\" \/>\n<meta property=\"og:site_name\" content=\"Bursa Erotik Shop\" \/>\n<meta property=\"article:modified_time\" content=\"2026-01-26T13:35:43+00:00\" \/>\n<meta property=\"og:image\" content=\"https:\/\/hobierotikshop.com.tr\/website1\/wp-content\/uploads\/2025\/03\/viaxi-intimate-femiwash-intim-kopuk-100ml-1457.jpg\" \/>\n\t<meta property=\"og:image:width\" content=\"1000\" \/>\n\t<meta property=\"og:image:height\" content=\"1499\" \/>\n\t<meta property=\"og:image:type\" content=\"image\/jpeg\" \/>\n<meta name=\"twitter:card\" content=\"summary_large_image\" \/>\n<meta name=\"twitter:site\" content=\"@shopbursa\" \/>\n<meta name=\"twitter:label1\" content=\"Fiyat\" \/>\n\t<meta name=\"twitter:data1\" content=\"&#8378;375,00 KDV DAH\u0130L\" \/>\n\t<meta name=\"twitter:label2\" content=\"Availability\" \/>\n\t<meta name=\"twitter:data2\" content=\"Out of stock\" \/>\n<script type=\"application\/ld+json\" class=\"yoast-schema-graph\">{\"@context\":\"https:\/\/schema.org\",\"@graph\":[{\"@type\":\"WebPage\",\"@id\":\"https:\/\/hobierotikshop.com.tr\/website1\/erotik-shop-urun\/viaxi-intimate-femiwash-intim-kopuk-100ml\/\",\"url\":\"https:\/\/hobierotikshop.com.tr\/website1\/erotik-shop-urun\/viaxi-intimate-femiwash-intim-kopuk-100ml\/\",\"name\":\"Viaxi Intimate Femiwash I\u0307ntim K\u00f6p\u00fck 100Ml - Bursa Erotik Shop\",\"isPartOf\":{\"@id\":\"https:\/\/hobierotikshop.com.tr\/website1\/#website\"},\"primaryImageOfPage\":{\"@id\":\"https:\/\/hobierotikshop.com.tr\/website1\/erotik-shop-urun\/viaxi-intimate-femiwash-intim-kopuk-100ml\/#primaryimage\"},\"image\":{\"@id\":\"https:\/\/hobierotikshop.com.tr\/website1\/erotik-shop-urun\/viaxi-intimate-femiwash-intim-kopuk-100ml\/#primaryimage\"},\"thumbnailUrl\":\"https:\/\/haremerotikshop.com\/site\/wp-content\/uploads\/2025\/03\/viaxi-intimate-femiwash-intim-kopuk-100ml-1457.jpg\",\"datePublished\":\"2025-03-17T09:23:13+00:00\",\"dateModified\":\"2026-01-26T13:35:43+00:00\",\"breadcrumb\":{\"@id\":\"https:\/\/hobierotikshop.com.tr\/website1\/erotik-shop-urun\/viaxi-intimate-femiwash-intim-kopuk-100ml\/#breadcrumb\"},\"inLanguage\":\"tr\",\"potentialAction\":[{\"@type\":\"ReadAction\",\"target\":[\"https:\/\/hobierotikshop.com.tr\/website1\/erotik-shop-urun\/viaxi-intimate-femiwash-intim-kopuk-100ml\/\"]}]},{\"@type\":\"ImageObject\",\"inLanguage\":\"tr\",\"@id\":\"https:\/\/hobierotikshop.com.tr\/website1\/erotik-shop-urun\/viaxi-intimate-femiwash-intim-kopuk-100ml\/#primaryimage\",\"url\":\"https:\/\/haremerotikshop.com\/site\/wp-content\/uploads\/2025\/03\/viaxi-intimate-femiwash-intim-kopuk-100ml-1457.jpg\",\"contentUrl\":\"https:\/\/haremerotikshop.com\/site\/wp-content\/uploads\/2025\/03\/viaxi-intimate-femiwash-intim-kopuk-100ml-1457.jpg\",\"width\":1000,\"height\":1499},{\"@type\":\"BreadcrumbList\",\"@id\":\"https:\/\/hobierotikshop.com.tr\/website1\/erotik-shop-urun\/viaxi-intimate-femiwash-intim-kopuk-100ml\/#breadcrumb\",\"itemListElement\":[{\"@type\":\"ListItem\",\"position\":1,\"name\":\"Anasayfa\",\"item\":\"https:\/\/hobierotikshop.com.tr\/website1\/\"},{\"@type\":\"ListItem\",\"position\":2,\"name\":\"Erotik Shop \u00dcr\u00fcnleri\",\"item\":\"https:\/\/hobierotikshop.com.tr\/website1\/shop\/\"},{\"@type\":\"ListItem\",\"position\":3,\"name\":\"Viaxi Intimate Femiwash I\u0307ntim K\u00f6p\u00fck 100Ml\"}]},{\"@type\":\"WebSite\",\"@id\":\"https:\/\/hobierotikshop.com.tr\/website1\/#website\",\"url\":\"https:\/\/hobierotikshop.com.tr\/website1\/\",\"name\":\"Bursa Erotik Shop\",\"description\":\"Bursa Erotik Shop ile g\u00fcvenli, gizli ve kaliteli yeti\u015fkin \u00fcr\u00fcnleri al\u0131\u015fveri\u015fi! Geni\u015f \u00fcr\u00fcn yelpazemizi ke\u015ffedin, hemen sipari\u015f verin\",\"publisher\":{\"@id\":\"https:\/\/hobierotikshop.com.tr\/website1\/#organization\"},\"alternateName\":\"Erotik Shop\",\"potentialAction\":[{\"@type\":\"SearchAction\",\"target\":{\"@type\":\"EntryPoint\",\"urlTemplate\":\"https:\/\/hobierotikshop.com.tr\/website1\/?s={search_term_string}\"},\"query-input\":{\"@type\":\"PropertyValueSpecification\",\"valueRequired\":true,\"valueName\":\"search_term_string\"}}],\"inLanguage\":\"tr\"},{\"@type\":\"Organization\",\"@id\":\"https:\/\/hobierotikshop.com.tr\/website1\/#organization\",\"name\":\"Harem Bursa Erotik Shop\",\"url\":\"https:\/\/hobierotikshop.com.tr\/website1\/\",\"logo\":{\"@type\":\"ImageObject\",\"inLanguage\":\"tr\",\"@id\":\"https:\/\/hobierotikshop.com.tr\/website1\/#\/schema\/logo\/image\/\",\"url\":\"https:\/\/haremerotikshop.com\/wp-content\/uploads\/2025\/03\/haremsexshop.png\",\"contentUrl\":\"https:\/\/haremerotikshop.com\/wp-content\/uploads\/2025\/03\/haremsexshop.png\",\"width\":400,\"height\":100,\"caption\":\"Harem Bursa Erotik Shop\"},\"image\":{\"@id\":\"https:\/\/hobierotikshop.com.tr\/website1\/#\/schema\/logo\/image\/\"},\"sameAs\":[\"https:\/\/x.com\/shopbursa\"],\"publishingPrinciples\":\"https:\/\/hobierotikshop.com.tr\/website1\/mesafeli-satis-sozlesmesi\/\",\"ownershipFundingInfo\":\"https:\/\/hobierotikshop.com.tr\/website1\/contact-us\/\",\"actionableFeedbackPolicy\":\"https:\/\/hobierotikshop.com.tr\/website1\/contact-us\/\",\"correctionsPolicy\":\"https:\/\/hobierotikshop.com.tr\/website1\/mesafeli-satis-sozlesmesi\/\"}]}<\/script>\n<meta property=\"product:brand\" content=\"Viaxi\" \/>\n<meta property=\"product:price:amount\" content=\"375.00\" \/>\n<meta property=\"product:price:currency\" content=\"TRY\" \/>\n<meta property=\"og:availability\" content=\"out of stock\" \/>\n<meta property=\"product:availability\" content=\"out of stock\" \/>\n<meta property=\"product:retailer_item_id\" content=\"PT-KC0382\" \/>\n<meta property=\"product:condition\" content=\"new\" \/>\n<!-- \/ Yoast SEO Premium plugin. -->","yoast_head_json":{"title":"Viaxi Intimate Femiwash I\u0307ntim K\u00f6p\u00fck 100Ml - Bursa Erotik Shop","robots":{"index":"index","follow":"follow","max-snippet":"max-snippet:-1","max-image-preview":"max-image-preview:large","max-video-preview":"max-video-preview:-1"},"canonical":"https:\/\/hobierotikshop.com.tr\/website1\/erotik-shop-urun\/viaxi-intimate-femiwash-intim-kopuk-100ml\/","og_locale":"tr_TR","og_type":"article","og_title":"Viaxi Intimate Femiwash I\u0307ntim K\u00f6p\u00fck 100Ml","og_description":"Kad\u0131nlar\u0131n genital b\u00f6lge hijyenini korumak ve ferah bir his sa\u011flamak i\u00e7in \u00f6zel olarak form\u00fcle edilen Viaxi \u0130ntimate FemiWash, sabun i\u00e7ermeyen ve pH dengeli yap\u0131s\u0131yla cildinizin do\u011fal floras\u0131n\u0131 destekler. Hassas dokular i\u00e7in g\u00fcvenli ve tahri\u015f etmeyen form\u00fcl\u00fc sayesinde g\u00fcnl\u00fck kullan\u0131m i\u00e7in ideal bir se\u00e7enektir.","og_url":"https:\/\/hobierotikshop.com.tr\/website1\/erotik-shop-urun\/viaxi-intimate-femiwash-intim-kopuk-100ml\/","og_site_name":"Bursa Erotik Shop","article_modified_time":"2026-01-26T13:35:43+00:00","og_image":[{"width":1000,"height":1499,"url":"https:\/\/hobierotikshop.com.tr\/website1\/wp-content\/uploads\/2025\/03\/viaxi-intimate-femiwash-intim-kopuk-100ml-1457.jpg","type":"image\/jpeg"}],"twitter_card":"summary_large_image","twitter_site":"@shopbursa","twitter_misc":{"Fiyat":"&#8378;375,00 KDV DAH\u0130L","Availability":"Out of stock"},"schema":{"@context":"https:\/\/schema.org","@graph":[{"@type":"WebPage","@id":"https:\/\/hobierotikshop.com.tr\/website1\/erotik-shop-urun\/viaxi-intimate-femiwash-intim-kopuk-100ml\/","url":"https:\/\/hobierotikshop.com.tr\/website1\/erotik-shop-urun\/viaxi-intimate-femiwash-intim-kopuk-100ml\/","name":"Viaxi Intimate Femiwash I\u0307ntim K\u00f6p\u00fck 100Ml - Bursa Erotik Shop","isPartOf":{"@id":"https:\/\/hobierotikshop.com.tr\/website1\/#website"},"primaryImageOfPage":{"@id":"https:\/\/hobierotikshop.com.tr\/website1\/erotik-shop-urun\/viaxi-intimate-femiwash-intim-kopuk-100ml\/#primaryimage"},"image":{"@id":"https:\/\/hobierotikshop.com.tr\/website1\/erotik-shop-urun\/viaxi-intimate-femiwash-intim-kopuk-100ml\/#primaryimage"},"thumbnailUrl":"https:\/\/haremerotikshop.com\/site\/wp-content\/uploads\/2025\/03\/viaxi-intimate-femiwash-intim-kopuk-100ml-1457.jpg","datePublished":"2025-03-17T09:23:13+00:00","dateModified":"2026-01-26T13:35:43+00:00","breadcrumb":{"@id":"https:\/\/hobierotikshop.com.tr\/website1\/erotik-shop-urun\/viaxi-intimate-femiwash-intim-kopuk-100ml\/#breadcrumb"},"inLanguage":"tr","potentialAction":[{"@type":"ReadAction","target":["https:\/\/hobierotikshop.com.tr\/website1\/erotik-shop-urun\/viaxi-intimate-femiwash-intim-kopuk-100ml\/"]}]},{"@type":"ImageObject","inLanguage":"tr","@id":"https:\/\/hobierotikshop.com.tr\/website1\/erotik-shop-urun\/viaxi-intimate-femiwash-intim-kopuk-100ml\/#primaryimage","url":"https:\/\/haremerotikshop.com\/site\/wp-content\/uploads\/2025\/03\/viaxi-intimate-femiwash-intim-kopuk-100ml-1457.jpg","contentUrl":"https:\/\/haremerotikshop.com\/site\/wp-content\/uploads\/2025\/03\/viaxi-intimate-femiwash-intim-kopuk-100ml-1457.jpg","width":1000,"height":1499},{"@type":"BreadcrumbList","@id":"https:\/\/hobierotikshop.com.tr\/website1\/erotik-shop-urun\/viaxi-intimate-femiwash-intim-kopuk-100ml\/#breadcrumb","itemListElement":[{"@type":"ListItem","position":1,"name":"Anasayfa","item":"https:\/\/hobierotikshop.com.tr\/website1\/"},{"@type":"ListItem","position":2,"name":"Erotik Shop \u00dcr\u00fcnleri","item":"https:\/\/hobierotikshop.com.tr\/website1\/shop\/"},{"@type":"ListItem","position":3,"name":"Viaxi Intimate Femiwash I\u0307ntim K\u00f6p\u00fck 100Ml"}]},{"@type":"WebSite","@id":"https:\/\/hobierotikshop.com.tr\/website1\/#website","url":"https:\/\/hobierotikshop.com.tr\/website1\/","name":"Bursa Erotik Shop","description":"Bursa Erotik Shop ile g\u00fcvenli, gizli ve kaliteli yeti\u015fkin \u00fcr\u00fcnleri al\u0131\u015fveri\u015fi! Geni\u015f \u00fcr\u00fcn yelpazemizi ke\u015ffedin, hemen sipari\u015f verin","publisher":{"@id":"https:\/\/hobierotikshop.com.tr\/website1\/#organization"},"alternateName":"Erotik Shop","potentialAction":[{"@type":"SearchAction","target":{"@type":"EntryPoint","urlTemplate":"https:\/\/hobierotikshop.com.tr\/website1\/?s={search_term_string}"},"query-input":{"@type":"PropertyValueSpecification","valueRequired":true,"valueName":"search_term_string"}}],"inLanguage":"tr"},{"@type":"Organization","@id":"https:\/\/hobierotikshop.com.tr\/website1\/#organization","name":"Harem Bursa Erotik Shop","url":"https:\/\/hobierotikshop.com.tr\/website1\/","logo":{"@type":"ImageObject","inLanguage":"tr","@id":"https:\/\/hobierotikshop.com.tr\/website1\/#\/schema\/logo\/image\/","url":"https:\/\/haremerotikshop.com\/wp-content\/uploads\/2025\/03\/haremsexshop.png","contentUrl":"https:\/\/haremerotikshop.com\/wp-content\/uploads\/2025\/03\/haremsexshop.png","width":400,"height":100,"caption":"Harem Bursa Erotik Shop"},"image":{"@id":"https:\/\/hobierotikshop.com.tr\/website1\/#\/schema\/logo\/image\/"},"sameAs":["https:\/\/x.com\/shopbursa"],"publishingPrinciples":"https:\/\/hobierotikshop.com.tr\/website1\/mesafeli-satis-sozlesmesi\/","ownershipFundingInfo":"https:\/\/hobierotikshop.com.tr\/website1\/contact-us\/","actionableFeedbackPolicy":"https:\/\/hobierotikshop.com.tr\/website1\/contact-us\/","correctionsPolicy":"https:\/\/hobierotikshop.com.tr\/website1\/mesafeli-satis-sozlesmesi\/"}]},"product_brand":"Viaxi","product_price_amount":"375.00","product_price_currency":"TRY","og_availability":"out of stock","product_availability":"out of stock","product_retailer_item_id":"PT-KC0382","product_condition":"new"},"_links":{"self":[{"href":"https:\/\/haremerotikshop.com\/site\/wp-json\/wp\/v2\/product\/18819","targetHints":{"allow":["GET"]}}],"collection":[{"href":"https:\/\/haremerotikshop.com\/site\/wp-json\/wp\/v2\/product"}],"about":[{"href":"https:\/\/haremerotikshop.com\/site\/wp-json\/wp\/v2\/types\/product"}],"replies":[{"embeddable":true,"href":"https:\/\/haremerotikshop.com\/site\/wp-json\/wp\/v2\/comments?post=18819"}],"version-history":[{"count":0,"href":"https:\/\/haremerotikshop.com\/site\/wp-json\/wp\/v2\/product\/18819\/revisions"}],"wp:featuredmedia":[{"embeddable":true,"href":"https:\/\/haremerotikshop.com\/site\/wp-json\/wp\/v2\/media\/18918"}],"wp:attachment":[{"href":"https:\/\/haremerotikshop.com\/site\/wp-json\/wp\/v2\/media?parent=18819"}],"wp:term":[{"taxonomy":"product_brand","embeddable":true,"href":"https:\/\/haremerotikshop.com\/site\/wp-json\/wp\/v2\/product_brand?post=18819"},{"taxonomy":"product_cat","embeddable":true,"href":"https:\/\/haremerotikshop.com\/site\/wp-json\/wp\/v2\/product_cat?post=18819"},{"taxonomy":"product_tag","embeddable":true,"href":"https:\/\/haremerotikshop.com\/site\/wp-json\/wp\/v2\/product_tag?post=18819"}],"curies":[{"name":"wp","href":"https:\/\/api.w.org\/{rel}","templated":true}]}}