{"id":18848,"date":"2025-03-17T12:23:34","date_gmt":"2025-03-17T09:23:34","guid":{"rendered":"https:\/\/haremerotikshop.com\/site\/?post_type=product&#038;p=18848"},"modified":"2026-01-26T16:35:26","modified_gmt":"2026-01-26T13:35:26","slug":"modern-hareketli-rabbit-vibrator","status":"publish","type":"product","link":"https:\/\/haremerotikshop.com\/site\/erotik-shop-urun\/modern-hareketli-rabbit-vibrator\/","title":{"rendered":"Modern Hareketli Rabbit Vibrat\u00f6r"},"content":{"rendered":"<div class=\"flex-shrink-0 flex flex-col relative items-end\">\n<div>\n<div class=\"pt-0\">\n<div class=\"gizmo-bot-avatar flex h-8 w-8 items-center justify-center overflow-hidden rounded-full\">\n<div class=\"relative p-1 rounded-sm flex items-center justify-center bg-token-main-surface-primary text-token-text-primary h-8 w-8\"><\/div>\n<\/div>\n<\/div>\n<\/div>\n<\/div>\n<div class=\"group\/conversation-turn relative flex w-full min-w-0 flex-col agent-turn\">\n<div class=\"flex-col gap-1 md:gap-3\">\n<div class=\"flex max-w-full flex-col flex-grow\">\n<div class=\"min-h-8 text-message flex w-full flex-col items-end gap-2 whitespace-normal break-words :mt-5\" data-message-author-role=\"assistant\" data-message-id=\"52b157a9-a276-4d21-9182-410adab6dc60\" data-message-model-slug=\"gpt-4o\">\n<div class=\"flex w-full flex-col gap-1 empty:hidden first:pt-\">\n<div class=\"markdown prose w-full break-words dark:prose-invert light\">\n<h3 data-start=\"0\" data-end=\"62\"><strong data-start=\"4\" data-end=\"60\">Pembe Tilki Modern Hareketli Rabbit Vibrat\u00f6r \u2013 Pembe<\/strong><\/h3>\n<p data-start=\"64\" data-end=\"454\">Kad\u0131nlar\u0131n cinsel deneyimini <strong data-start=\"93\" data-end=\"139\">maksimum haz ve tatmin ile zenginle\u015ftirmek<\/strong> i\u00e7in tasarlanan <strong data-start=\"156\" data-end=\"204\">Pembe Tilki Modern Hareketli Rabbit Vibrat\u00f6r<\/strong>, <strong data-start=\"206\" data-end=\"278\">ger\u00e7ek dokunma hissi, g\u00fc\u00e7l\u00fc titre\u015fim modlar\u0131 ve su ge\u00e7irmez tasar\u0131m\u0131<\/strong> ile \u00f6ne \u00e7\u0131k\u0131yor. <strong data-start=\"296\" data-end=\"346\">Klitoral ve G-spot uyar\u0131m\u0131n\u0131 bir arada sunarak<\/strong> \u00e7ift y\u00f6nl\u00fc bir deneyim sa\u011flayan bu \u00f6zel vibrat\u00f6r, <strong data-start=\"397\" data-end=\"433\">estetik ve ergonomik tasar\u0131m\u0131yla<\/strong> da dikkat \u00e7ekiyor.<\/p>\n<h3 data-start=\"456\" data-end=\"486\"><strong data-start=\"460\" data-end=\"484\">\u00d6ne \u00c7\u0131kan \u00d6zellikler<\/strong><\/h3>\n<p data-start=\"488\" data-end=\"683\">\u2705 <strong data-start=\"490\" data-end=\"524\">Cilt Dostu &amp; Dayan\u0131kl\u0131 Malzeme<\/strong><br data-start=\"524\" data-end=\"527\" \/><strong data-start=\"527\" data-end=\"581\">T\u0131bbi s\u0131n\u0131f silikon ve ABS malzemeden \u00fcretilmi\u015ftir<\/strong>. <strong data-start=\"583\" data-end=\"634\">Hipoalerjenik, yumu\u015fak dokulu ve v\u00fccut dostudur<\/strong>, hassas b\u00f6lgeler i\u00e7in g\u00fcvenli kullan\u0131m sa\u011flar.<\/p>\n<p data-start=\"685\" data-end=\"889\">\u2705 <strong data-start=\"687\" data-end=\"738\">Ger\u00e7ek Dokunmatik His \u2013 Do\u011fal ve Rahat Kullan\u0131m<\/strong><br data-start=\"738\" data-end=\"741\" \/>\u00d6zel tasar\u0131m\u0131 sayesinde <strong data-start=\"765\" data-end=\"833\">ger\u00e7ek dokunu\u015f hissi veren p\u00fcr\u00fczs\u00fcz ve esnek bir yap\u0131ya sahiptir<\/strong>. Kullan\u0131c\u0131ya <strong data-start=\"847\" data-end=\"886\">do\u011fal ve konforlu bir deneyim sunar<\/strong>.<\/p>\n<p data-start=\"891\" data-end=\"941\">\u2705 <strong data-start=\"893\" data-end=\"939\">G\u00fc\u00e7l\u00fc Titre\u015fim Fonksiyonlar\u0131 ile Yo\u011fun Haz<\/strong><\/p>\n<ul data-start=\"942\" data-end=\"1133\">\n<li data-start=\"942\" data-end=\"1047\"><strong data-start=\"944\" data-end=\"980\">Farkl\u0131 h\u0131z ve mod se\u00e7enekleriyle<\/strong> titre\u015fim seviyesini ki\u015fisel tercihinize g\u00f6re ayarlayabilirsiniz.<\/li>\n<li data-start=\"1048\" data-end=\"1133\"><strong data-start=\"1050\" data-end=\"1100\">Klitoral ve vajinal uyar\u0131m\u0131 e\u015f zamanl\u0131 sunarak<\/strong> hazz\u0131 en \u00fcst seviyeye \u00e7\u0131kar\u0131r.<\/li>\n<\/ul>\n<p data-start=\"1135\" data-end=\"1360\">\u2705 <strong data-start=\"1137\" data-end=\"1190\">Su Ge\u00e7irmez Tasar\u0131m \u2013 Du\u015fta veya Banyoda Kullan\u0131m<\/strong><br data-start=\"1190\" data-end=\"1193\" \/><strong data-start=\"1193\" data-end=\"1228\">IPX7 su ge\u00e7irmezlik sertifikas\u0131<\/strong> sayesinde <strong data-start=\"1239\" data-end=\"1296\">du\u015fta, banyoda veya su alt\u0131nda g\u00fcvenle kullan\u0131labilir<\/strong>. <strong data-start=\"1298\" data-end=\"1329\">Kolay temizlenebilir yap\u0131s\u0131<\/strong> hijyenik bir kullan\u0131m sunar.<\/p>\n<p data-start=\"1362\" data-end=\"1399\">\u2705 <strong data-start=\"1364\" data-end=\"1397\">Kompakt &amp; Ta\u015f\u0131nabilir Tasar\u0131m<\/strong><\/p>\n<ul data-start=\"1400\" data-end=\"1544\">\n<li data-start=\"1400\" data-end=\"1431\"><strong data-start=\"1402\" data-end=\"1412\">Boyut:<\/strong> 25.5 cm x 3.5 cm<\/li>\n<li data-start=\"1432\" data-end=\"1544\"><strong data-start=\"1434\" data-end=\"1465\">Hafif ve ergonomik tasar\u0131m\u0131<\/strong> ile \u00e7antan\u0131zda kolayca ta\u015f\u0131yabilir, istedi\u011finiz her yerde kullanabilirsiniz.<\/li>\n<\/ul>\n<p data-start=\"1546\" data-end=\"1590\">\u2705 <strong data-start=\"1548\" data-end=\"1588\">Kolay Kullan\u0131m \u2013 AAA Pil ile \u00c7al\u0131\u015fma<\/strong><\/p>\n<ul data-start=\"1591\" data-end=\"1717\">\n<li data-start=\"1591\" data-end=\"1650\"><strong data-start=\"1593\" data-end=\"1623\">2 adet AAA pil ile \u00e7al\u0131\u015f\u0131r<\/strong> (piller dahil de\u011fildir).<\/li>\n<li data-start=\"1651\" data-end=\"1717\"><strong data-start=\"1653\" data-end=\"1684\">Pratik pil de\u011fi\u015fim \u00f6zelli\u011fi<\/strong> ile her an kullan\u0131ma haz\u0131rd\u0131r.<\/li>\n<\/ul>\n<p data-start=\"1719\" data-end=\"1826\">\u2705 <strong data-start=\"1721\" data-end=\"1750\">Zarif &amp; \u015e\u0131k Pembe Tasar\u0131m<\/strong><br data-start=\"1750\" data-end=\"1753\" \/>Pembe renkli modern tasar\u0131m\u0131, <strong data-start=\"1783\" data-end=\"1823\">zarif ve g\u00f6z al\u0131c\u0131 bir g\u00f6r\u00fcn\u00fcm sunar<\/strong>.<\/p>\n<h3 data-start=\"1828\" data-end=\"1909\"><strong data-start=\"1832\" data-end=\"1907\">Pembe Tilki Modern Hareketli Rabbit Vibrat\u00f6r ile Benzersiz Bir Deneyim!<\/strong><\/h3>\n<p data-start=\"1910\" data-end=\"2173\" data-is-last-node=\"\" data-is-only-node=\"\">E\u011fer <strong data-start=\"1915\" data-end=\"2012\">\u00e7ift fonksiyonlu, ger\u00e7ek\u00e7i dokunu\u015f hissi veren ve g\u00fc\u00e7l\u00fc titre\u015fim modlar\u0131na sahip bir vibrat\u00f6r<\/strong> ar\u0131yorsan\u0131z, <strong data-start=\"2026\" data-end=\"2082\">Pembe Tilki Modern Hareketli Rabbit Vibrat\u00f6r \u2013 Pembe<\/strong> tam size g\u00f6re! <strong data-start=\"2098\" data-end=\"2168\">\u015eimdi sipari\u015f verin ve cinsel hazz\u0131n\u0131z\u0131 yeni bir seviyeye ta\u015f\u0131y\u0131n!<\/strong> \ud83d\ude80\ud83d\udc97<\/p>\n<\/div>\n<\/div>\n<\/div>\n<\/div>\n<\/div>\n<\/div>\n","protected":false},"excerpt":{"rendered":"<p>Kad\u0131nlar\u0131n cinsel deneyimini <strong data-start=\"93\" data-end=\"139\">maksimum haz ve tatmin ile zenginle\u015ftirmek<\/strong> i\u00e7in tasarlanan <strong data-start=\"156\" data-end=\"204\">Pembe Tilki Modern Hareketli Rabbit Vibrat\u00f6r<\/strong>, <strong data-start=\"206\" data-end=\"278\">ger\u00e7ek dokunma hissi, g\u00fc\u00e7l\u00fc titre\u015fim modlar\u0131 ve su ge\u00e7irmez tasar\u0131m\u0131<\/strong> ile \u00f6ne \u00e7\u0131k\u0131yor. <strong data-start=\"296\" data-end=\"346\">Klitoral ve G-spot uyar\u0131m\u0131n\u0131 bir arada sunarak<\/strong> \u00e7ift y\u00f6nl\u00fc bir deneyim sa\u011flayan bu \u00f6zel vibrat\u00f6r, <strong data-start=\"397\" data-end=\"433\">estetik ve ergonomik tasar\u0131m\u0131yla<\/strong> da dikkat \u00e7ekiyor.<\/p>\n","protected":false},"featured_media":18962,"comment_status":"open","ping_status":"closed","template":"","meta":[],"product_brand":[127],"product_cat":[85],"product_tag":[226],"class_list":{"0":"post-18848","1":"product","2":"type-product","3":"status-publish","4":"has-post-thumbnail","6":"product_brand-pembe-tilki","7":"product_cat-modern-vibrator","8":"product_tag-modern-hareketli-rabbit-vibrator","10":"first","11":"instock","12":"taxable","13":"shipping-taxable","14":"purchasable","15":"product-type-simple"},"yoast_head":"<!-- This site is optimized with the Yoast SEO Premium plugin v24.4 (Yoast SEO v27.1.1) - https:\/\/yoast.com\/product\/yoast-seo-premium-wordpress\/ -->\n<title>Modern Hareketli Rabbit Vibrat\u00f6r - Bursa Erotik Shop<\/title>\n<meta name=\"robots\" content=\"index, follow, max-snippet:-1, max-image-preview:large, max-video-preview:-1\" \/>\n<link rel=\"canonical\" href=\"https:\/\/hobierotikshop.com.tr\/website1\/erotik-shop-urun\/modern-hareketli-rabbit-vibrator\/\" \/>\n<meta property=\"og:locale\" content=\"tr_TR\" \/>\n<meta property=\"og:type\" content=\"article\" \/>\n<meta property=\"og:title\" content=\"Modern Hareketli Rabbit Vibrat\u00f6r\" \/>\n<meta property=\"og:description\" content=\"Kad\u0131nlar\u0131n cinsel deneyimini maksimum haz ve tatmin ile zenginle\u015ftirmek i\u00e7in tasarlanan Pembe Tilki Modern Hareketli Rabbit Vibrat\u00f6r, ger\u00e7ek dokunma hissi, g\u00fc\u00e7l\u00fc titre\u015fim modlar\u0131 ve su ge\u00e7irmez tasar\u0131m\u0131 ile \u00f6ne \u00e7\u0131k\u0131yor. Klitoral ve G-spot uyar\u0131m\u0131n\u0131 bir arada sunarak \u00e7ift y\u00f6nl\u00fc bir deneyim sa\u011flayan bu \u00f6zel vibrat\u00f6r, estetik ve ergonomik tasar\u0131m\u0131yla da dikkat \u00e7ekiyor.\" \/>\n<meta property=\"og:url\" content=\"https:\/\/hobierotikshop.com.tr\/website1\/erotik-shop-urun\/modern-hareketli-rabbit-vibrator\/\" \/>\n<meta property=\"og:site_name\" content=\"Bursa Erotik Shop\" \/>\n<meta property=\"article:modified_time\" content=\"2026-01-26T13:35:26+00:00\" \/>\n<meta property=\"og:image\" content=\"https:\/\/hobierotikshop.com.tr\/website1\/wp-content\/uploads\/2025\/03\/modern-hareketli-rabbit-vibrator-1917.jpg\" \/>\n\t<meta property=\"og:image:width\" content=\"1500\" \/>\n\t<meta property=\"og:image:height\" content=\"1500\" \/>\n\t<meta property=\"og:image:type\" content=\"image\/jpeg\" \/>\n<meta name=\"twitter:card\" content=\"summary_large_image\" \/>\n<meta name=\"twitter:site\" content=\"@shopbursa\" \/>\n<meta name=\"twitter:label1\" content=\"Fiyat\" \/>\n\t<meta name=\"twitter:data1\" content=\"&#8378;2.000,00 KDV DAH\u0130L\" \/>\n\t<meta name=\"twitter:label2\" content=\"Availability\" \/>\n\t<meta name=\"twitter:data2\" content=\"In stock\" \/>\n<script type=\"application\/ld+json\" class=\"yoast-schema-graph\">{\"@context\":\"https:\/\/schema.org\",\"@graph\":[{\"@type\":\"WebPage\",\"@id\":\"https:\/\/hobierotikshop.com.tr\/website1\/erotik-shop-urun\/modern-hareketli-rabbit-vibrator\/\",\"url\":\"https:\/\/hobierotikshop.com.tr\/website1\/erotik-shop-urun\/modern-hareketli-rabbit-vibrator\/\",\"name\":\"Modern Hareketli Rabbit Vibrat\u00f6r - Bursa Erotik Shop\",\"isPartOf\":{\"@id\":\"https:\/\/hobierotikshop.com.tr\/website1\/#website\"},\"primaryImageOfPage\":{\"@id\":\"https:\/\/hobierotikshop.com.tr\/website1\/erotik-shop-urun\/modern-hareketli-rabbit-vibrator\/#primaryimage\"},\"image\":{\"@id\":\"https:\/\/hobierotikshop.com.tr\/website1\/erotik-shop-urun\/modern-hareketli-rabbit-vibrator\/#primaryimage\"},\"thumbnailUrl\":\"https:\/\/haremerotikshop.com\/site\/wp-content\/uploads\/2025\/03\/modern-hareketli-rabbit-vibrator-1917.jpg\",\"datePublished\":\"2025-03-17T09:23:34+00:00\",\"dateModified\":\"2026-01-26T13:35:26+00:00\",\"breadcrumb\":{\"@id\":\"https:\/\/hobierotikshop.com.tr\/website1\/erotik-shop-urun\/modern-hareketli-rabbit-vibrator\/#breadcrumb\"},\"inLanguage\":\"tr\",\"potentialAction\":[{\"@type\":\"ReadAction\",\"target\":[\"https:\/\/hobierotikshop.com.tr\/website1\/erotik-shop-urun\/modern-hareketli-rabbit-vibrator\/\"]}]},{\"@type\":\"ImageObject\",\"inLanguage\":\"tr\",\"@id\":\"https:\/\/hobierotikshop.com.tr\/website1\/erotik-shop-urun\/modern-hareketli-rabbit-vibrator\/#primaryimage\",\"url\":\"https:\/\/haremerotikshop.com\/site\/wp-content\/uploads\/2025\/03\/modern-hareketli-rabbit-vibrator-1917.jpg\",\"contentUrl\":\"https:\/\/haremerotikshop.com\/site\/wp-content\/uploads\/2025\/03\/modern-hareketli-rabbit-vibrator-1917.jpg\",\"width\":1500,\"height\":1500},{\"@type\":\"BreadcrumbList\",\"@id\":\"https:\/\/hobierotikshop.com.tr\/website1\/erotik-shop-urun\/modern-hareketli-rabbit-vibrator\/#breadcrumb\",\"itemListElement\":[{\"@type\":\"ListItem\",\"position\":1,\"name\":\"Anasayfa\",\"item\":\"https:\/\/hobierotikshop.com.tr\/website1\/\"},{\"@type\":\"ListItem\",\"position\":2,\"name\":\"Erotik Shop \u00dcr\u00fcnleri\",\"item\":\"https:\/\/hobierotikshop.com.tr\/website1\/shop\/\"},{\"@type\":\"ListItem\",\"position\":3,\"name\":\"Modern Hareketli Rabbit Vibrat\u00f6r\"}]},{\"@type\":\"WebSite\",\"@id\":\"https:\/\/hobierotikshop.com.tr\/website1\/#website\",\"url\":\"https:\/\/hobierotikshop.com.tr\/website1\/\",\"name\":\"Bursa Erotik Shop\",\"description\":\"Bursa Erotik Shop ile g\u00fcvenli, gizli ve kaliteli yeti\u015fkin \u00fcr\u00fcnleri al\u0131\u015fveri\u015fi! Geni\u015f \u00fcr\u00fcn yelpazemizi ke\u015ffedin, hemen sipari\u015f verin\",\"publisher\":{\"@id\":\"https:\/\/hobierotikshop.com.tr\/website1\/#organization\"},\"alternateName\":\"Erotik Shop\",\"potentialAction\":[{\"@type\":\"SearchAction\",\"target\":{\"@type\":\"EntryPoint\",\"urlTemplate\":\"https:\/\/hobierotikshop.com.tr\/website1\/?s={search_term_string}\"},\"query-input\":{\"@type\":\"PropertyValueSpecification\",\"valueRequired\":true,\"valueName\":\"search_term_string\"}}],\"inLanguage\":\"tr\"},{\"@type\":\"Organization\",\"@id\":\"https:\/\/hobierotikshop.com.tr\/website1\/#organization\",\"name\":\"Harem Bursa Erotik Shop\",\"url\":\"https:\/\/hobierotikshop.com.tr\/website1\/\",\"logo\":{\"@type\":\"ImageObject\",\"inLanguage\":\"tr\",\"@id\":\"https:\/\/hobierotikshop.com.tr\/website1\/#\/schema\/logo\/image\/\",\"url\":\"https:\/\/haremerotikshop.com\/wp-content\/uploads\/2025\/03\/haremsexshop.png\",\"contentUrl\":\"https:\/\/haremerotikshop.com\/wp-content\/uploads\/2025\/03\/haremsexshop.png\",\"width\":400,\"height\":100,\"caption\":\"Harem Bursa Erotik Shop\"},\"image\":{\"@id\":\"https:\/\/hobierotikshop.com.tr\/website1\/#\/schema\/logo\/image\/\"},\"sameAs\":[\"https:\/\/x.com\/shopbursa\"],\"publishingPrinciples\":\"https:\/\/hobierotikshop.com.tr\/website1\/mesafeli-satis-sozlesmesi\/\",\"ownershipFundingInfo\":\"https:\/\/hobierotikshop.com.tr\/website1\/contact-us\/\",\"actionableFeedbackPolicy\":\"https:\/\/hobierotikshop.com.tr\/website1\/contact-us\/\",\"correctionsPolicy\":\"https:\/\/hobierotikshop.com.tr\/website1\/mesafeli-satis-sozlesmesi\/\"}]}<\/script>\n<meta property=\"product:brand\" content=\"Pembe Tilki\" \/>\n<meta property=\"product:price:amount\" content=\"2000.00\" \/>\n<meta property=\"product:price:currency\" content=\"TRY\" \/>\n<meta property=\"og:availability\" content=\"instock\" \/>\n<meta property=\"product:availability\" content=\"instock\" \/>\n<meta property=\"product:retailer_item_id\" content=\"PT-DVXA023\" \/>\n<meta property=\"product:condition\" content=\"new\" \/>\n<!-- \/ Yoast SEO Premium plugin. -->","yoast_head_json":{"title":"Modern Hareketli Rabbit Vibrat\u00f6r - Bursa Erotik Shop","robots":{"index":"index","follow":"follow","max-snippet":"max-snippet:-1","max-image-preview":"max-image-preview:large","max-video-preview":"max-video-preview:-1"},"canonical":"https:\/\/hobierotikshop.com.tr\/website1\/erotik-shop-urun\/modern-hareketli-rabbit-vibrator\/","og_locale":"tr_TR","og_type":"article","og_title":"Modern Hareketli Rabbit Vibrat\u00f6r","og_description":"Kad\u0131nlar\u0131n cinsel deneyimini maksimum haz ve tatmin ile zenginle\u015ftirmek i\u00e7in tasarlanan Pembe Tilki Modern Hareketli Rabbit Vibrat\u00f6r, ger\u00e7ek dokunma hissi, g\u00fc\u00e7l\u00fc titre\u015fim modlar\u0131 ve su ge\u00e7irmez tasar\u0131m\u0131 ile \u00f6ne \u00e7\u0131k\u0131yor. Klitoral ve G-spot uyar\u0131m\u0131n\u0131 bir arada sunarak \u00e7ift y\u00f6nl\u00fc bir deneyim sa\u011flayan bu \u00f6zel vibrat\u00f6r, estetik ve ergonomik tasar\u0131m\u0131yla da dikkat \u00e7ekiyor.","og_url":"https:\/\/hobierotikshop.com.tr\/website1\/erotik-shop-urun\/modern-hareketli-rabbit-vibrator\/","og_site_name":"Bursa Erotik Shop","article_modified_time":"2026-01-26T13:35:26+00:00","og_image":[{"width":1500,"height":1500,"url":"https:\/\/hobierotikshop.com.tr\/website1\/wp-content\/uploads\/2025\/03\/modern-hareketli-rabbit-vibrator-1917.jpg","type":"image\/jpeg"}],"twitter_card":"summary_large_image","twitter_site":"@shopbursa","twitter_misc":{"Fiyat":"&#8378;2.000,00 KDV DAH\u0130L","Availability":"In stock"},"schema":{"@context":"https:\/\/schema.org","@graph":[{"@type":"WebPage","@id":"https:\/\/hobierotikshop.com.tr\/website1\/erotik-shop-urun\/modern-hareketli-rabbit-vibrator\/","url":"https:\/\/hobierotikshop.com.tr\/website1\/erotik-shop-urun\/modern-hareketli-rabbit-vibrator\/","name":"Modern Hareketli Rabbit Vibrat\u00f6r - Bursa Erotik Shop","isPartOf":{"@id":"https:\/\/hobierotikshop.com.tr\/website1\/#website"},"primaryImageOfPage":{"@id":"https:\/\/hobierotikshop.com.tr\/website1\/erotik-shop-urun\/modern-hareketli-rabbit-vibrator\/#primaryimage"},"image":{"@id":"https:\/\/hobierotikshop.com.tr\/website1\/erotik-shop-urun\/modern-hareketli-rabbit-vibrator\/#primaryimage"},"thumbnailUrl":"https:\/\/haremerotikshop.com\/site\/wp-content\/uploads\/2025\/03\/modern-hareketli-rabbit-vibrator-1917.jpg","datePublished":"2025-03-17T09:23:34+00:00","dateModified":"2026-01-26T13:35:26+00:00","breadcrumb":{"@id":"https:\/\/hobierotikshop.com.tr\/website1\/erotik-shop-urun\/modern-hareketli-rabbit-vibrator\/#breadcrumb"},"inLanguage":"tr","potentialAction":[{"@type":"ReadAction","target":["https:\/\/hobierotikshop.com.tr\/website1\/erotik-shop-urun\/modern-hareketli-rabbit-vibrator\/"]}]},{"@type":"ImageObject","inLanguage":"tr","@id":"https:\/\/hobierotikshop.com.tr\/website1\/erotik-shop-urun\/modern-hareketli-rabbit-vibrator\/#primaryimage","url":"https:\/\/haremerotikshop.com\/site\/wp-content\/uploads\/2025\/03\/modern-hareketli-rabbit-vibrator-1917.jpg","contentUrl":"https:\/\/haremerotikshop.com\/site\/wp-content\/uploads\/2025\/03\/modern-hareketli-rabbit-vibrator-1917.jpg","width":1500,"height":1500},{"@type":"BreadcrumbList","@id":"https:\/\/hobierotikshop.com.tr\/website1\/erotik-shop-urun\/modern-hareketli-rabbit-vibrator\/#breadcrumb","itemListElement":[{"@type":"ListItem","position":1,"name":"Anasayfa","item":"https:\/\/hobierotikshop.com.tr\/website1\/"},{"@type":"ListItem","position":2,"name":"Erotik Shop \u00dcr\u00fcnleri","item":"https:\/\/hobierotikshop.com.tr\/website1\/shop\/"},{"@type":"ListItem","position":3,"name":"Modern Hareketli Rabbit Vibrat\u00f6r"}]},{"@type":"WebSite","@id":"https:\/\/hobierotikshop.com.tr\/website1\/#website","url":"https:\/\/hobierotikshop.com.tr\/website1\/","name":"Bursa Erotik Shop","description":"Bursa Erotik Shop ile g\u00fcvenli, gizli ve kaliteli yeti\u015fkin \u00fcr\u00fcnleri al\u0131\u015fveri\u015fi! Geni\u015f \u00fcr\u00fcn yelpazemizi ke\u015ffedin, hemen sipari\u015f verin","publisher":{"@id":"https:\/\/hobierotikshop.com.tr\/website1\/#organization"},"alternateName":"Erotik Shop","potentialAction":[{"@type":"SearchAction","target":{"@type":"EntryPoint","urlTemplate":"https:\/\/hobierotikshop.com.tr\/website1\/?s={search_term_string}"},"query-input":{"@type":"PropertyValueSpecification","valueRequired":true,"valueName":"search_term_string"}}],"inLanguage":"tr"},{"@type":"Organization","@id":"https:\/\/hobierotikshop.com.tr\/website1\/#organization","name":"Harem Bursa Erotik Shop","url":"https:\/\/hobierotikshop.com.tr\/website1\/","logo":{"@type":"ImageObject","inLanguage":"tr","@id":"https:\/\/hobierotikshop.com.tr\/website1\/#\/schema\/logo\/image\/","url":"https:\/\/haremerotikshop.com\/wp-content\/uploads\/2025\/03\/haremsexshop.png","contentUrl":"https:\/\/haremerotikshop.com\/wp-content\/uploads\/2025\/03\/haremsexshop.png","width":400,"height":100,"caption":"Harem Bursa Erotik Shop"},"image":{"@id":"https:\/\/hobierotikshop.com.tr\/website1\/#\/schema\/logo\/image\/"},"sameAs":["https:\/\/x.com\/shopbursa"],"publishingPrinciples":"https:\/\/hobierotikshop.com.tr\/website1\/mesafeli-satis-sozlesmesi\/","ownershipFundingInfo":"https:\/\/hobierotikshop.com.tr\/website1\/contact-us\/","actionableFeedbackPolicy":"https:\/\/hobierotikshop.com.tr\/website1\/contact-us\/","correctionsPolicy":"https:\/\/hobierotikshop.com.tr\/website1\/mesafeli-satis-sozlesmesi\/"}]},"product_brand":"Pembe Tilki","product_price_amount":"2000.00","product_price_currency":"TRY","og_availability":"instock","product_availability":"instock","product_retailer_item_id":"PT-DVXA023","product_condition":"new"},"_links":{"self":[{"href":"https:\/\/haremerotikshop.com\/site\/wp-json\/wp\/v2\/product\/18848","targetHints":{"allow":["GET"]}}],"collection":[{"href":"https:\/\/haremerotikshop.com\/site\/wp-json\/wp\/v2\/product"}],"about":[{"href":"https:\/\/haremerotikshop.com\/site\/wp-json\/wp\/v2\/types\/product"}],"replies":[{"embeddable":true,"href":"https:\/\/haremerotikshop.com\/site\/wp-json\/wp\/v2\/comments?post=18848"}],"version-history":[{"count":0,"href":"https:\/\/haremerotikshop.com\/site\/wp-json\/wp\/v2\/product\/18848\/revisions"}],"wp:featuredmedia":[{"embeddable":true,"href":"https:\/\/haremerotikshop.com\/site\/wp-json\/wp\/v2\/media\/18962"}],"wp:attachment":[{"href":"https:\/\/haremerotikshop.com\/site\/wp-json\/wp\/v2\/media?parent=18848"}],"wp:term":[{"taxonomy":"product_brand","embeddable":true,"href":"https:\/\/haremerotikshop.com\/site\/wp-json\/wp\/v2\/product_brand?post=18848"},{"taxonomy":"product_cat","embeddable":true,"href":"https:\/\/haremerotikshop.com\/site\/wp-json\/wp\/v2\/product_cat?post=18848"},{"taxonomy":"product_tag","embeddable":true,"href":"https:\/\/haremerotikshop.com\/site\/wp-json\/wp\/v2\/product_tag?post=18848"}],"curies":[{"name":"wp","href":"https:\/\/api.w.org\/{rel}","templated":true}]}}