{"id":18930,"date":"2025-03-17T12:24:46","date_gmt":"2025-03-17T09:24:46","guid":{"rendered":"https:\/\/haremerotikshop.com\/site\/?post_type=product&#038;p=18930"},"modified":"2025-03-19T17:25:40","modified_gmt":"2025-03-19T14:25:40","slug":"potioon-damla-bayanlara-ozel-takviye","status":"publish","type":"product","link":"https:\/\/haremerotikshop.com\/site\/erotik-shop-urun\/potioon-damla-bayanlara-ozel-takviye\/","title":{"rendered":"Potioon Damla Bayanlara \u00d6zel Takviye"},"content":{"rendered":"<h3 data-start=\"0\" data-end=\"57\"><strong data-start=\"4\" data-end=\"57\">CABS Potion: Enerji ve Canlanma \u0130\u00e7in Do\u011fal Destek<\/strong><\/h3>\n<p data-start=\"59\" data-end=\"454\"><strong data-start=\"59\" data-end=\"74\">CABS Potion<\/strong>, v\u00fccudunuzu canland\u0131rmak ve enerji seviyenizi art\u0131rmak i\u00e7in \u00f6zel olarak form\u00fcle edilmi\u015f bir i\u00e7ecektir. \u0130\u00e7eri\u011findeki do\u011fal bile\u015fenler ve y\u00fcksek kaliteli maddeler sayesinde, g\u00fcn\u00fcn her saatinde ihtiyac\u0131n\u0131z olan enerjiyi size sunar. <strong data-start=\"304\" data-end=\"319\">CABS Potion<\/strong>, i\u00e7eri\u011findeki <strong data-start=\"334\" data-end=\"344\">kafein<\/strong>, <strong data-start=\"346\" data-end=\"365\">L-askorbik asit<\/strong>, <strong data-start=\"367\" data-end=\"380\">L-arjinin<\/strong> ve <strong data-start=\"384\" data-end=\"404\">meyan k\u00f6k\u00fc \u00f6z\u00fct\u00fc<\/strong> ile zihinsel ve fiziksel performans\u0131n\u0131z\u0131 art\u0131r\u0131r.<\/p>\n<hr data-start=\"456\" data-end=\"459\" \/>\n<h3 data-start=\"461\" data-end=\"502\"><strong data-start=\"465\" data-end=\"502\">CABS Potion \u0130\u00e7eri\u011fi ve Faydalar\u0131:<\/strong><\/h3>\n<h4 data-start=\"504\" data-end=\"544\"><strong data-start=\"509\" data-end=\"544\">1. L-Askorbik Asit (Vitamin C):<\/strong><\/h4>\n<p data-start=\"545\" data-end=\"874\">CABS Potion, <strong data-start=\"558\" data-end=\"577\">L-askorbik asit<\/strong> i\u00e7erir, yani <strong data-start=\"591\" data-end=\"604\">vitamin C<\/strong> kayna\u011f\u0131d\u0131r. Bu g\u00fc\u00e7l\u00fc antioksidan, ba\u011f\u0131\u015f\u0131kl\u0131k sisteminizi destekler, v\u00fccudunuzun serbest radikallere kar\u015f\u0131 korunmas\u0131na yard\u0131mc\u0131 olur ve enerji seviyenizi art\u0131r\u0131r. Ayn\u0131 zamanda <strong data-start=\"780\" data-end=\"796\">cilt sa\u011fl\u0131\u011f\u0131<\/strong>, <strong data-start=\"798\" data-end=\"821\">daha h\u0131zl\u0131 iyile\u015fme<\/strong> ve <strong data-start=\"825\" data-end=\"849\">genel sa\u011fl\u0131\u011f\u0131 koruma<\/strong> a\u00e7\u0131s\u0131ndan da faydal\u0131d\u0131r.<\/p>\n<h4 data-start=\"876\" data-end=\"898\"><strong data-start=\"881\" data-end=\"898\">2. L-Arjinin:<\/strong><\/h4>\n<p data-start=\"899\" data-end=\"1169\">CABS Potion\u2019daki <strong data-start=\"916\" data-end=\"929\">L-arjinin<\/strong>, <strong data-start=\"931\" data-end=\"959\">nitrojen oksit \u00fcretimini<\/strong> destekler. Bu, damarlar\u0131 geni\u015fletir ve kan ak\u0131\u015f\u0131n\u0131 iyile\u015ftirir. Sonu\u00e7 olarak, <strong data-start=\"1038\" data-end=\"1077\">daha fazla oksijen ve besin maddesi<\/strong> kaslar\u0131n\u0131za ula\u015f\u0131r, bu da dayan\u0131kl\u0131l\u0131\u011f\u0131n\u0131z\u0131 art\u0131r\u0131r ve fiziksel performans\u0131n\u0131z\u0131 geli\u015ftirir.<\/p>\n<h4 data-start=\"1171\" data-end=\"1200\"><strong data-start=\"1176\" data-end=\"1200\">3. Meyan K\u00f6k\u00fc \u00d6z\u00fct\u00fc:<\/strong><\/h4>\n<p data-start=\"1201\" data-end=\"1500\">Do\u011fal bir \u015fifa kayna\u011f\u0131 olan <strong data-start=\"1229\" data-end=\"1249\">meyan k\u00f6k\u00fc \u00f6z\u00fct\u00fc<\/strong>, v\u00fccudu rahatlat\u0131r ve sindirim sistemini destekler. Ayn\u0131 zamanda <strong data-start=\"1315\" data-end=\"1347\">anti-inflamatuar \u00f6zelliklere<\/strong> sahip olup, genel v\u00fccut sa\u011fl\u0131\u011f\u0131n\u0131 iyile\u015ftirir. CABS Potion&#8217;daki bu i\u00e7erik, ba\u011f\u0131\u015f\u0131kl\u0131k sisteminizi g\u00fc\u00e7lendirirken enerjinizi dengelemenize yard\u0131mc\u0131 olur.<\/p>\n<h4 data-start=\"1502\" data-end=\"1531\"><strong data-start=\"1507\" data-end=\"1531\">4. Kafein (150mg\/L):<\/strong><\/h4>\n<p data-start=\"1532\" data-end=\"1792\">\u0130\u00e7eri\u011findeki <strong data-start=\"1545\" data-end=\"1555\">kafein<\/strong>, <strong data-start=\"1557\" data-end=\"1568\">150mg\/L<\/strong> oran\u0131nda enerji verici bir bile\u015fendir. Kafein, zihinsel uyan\u0131kl\u0131\u011f\u0131 art\u0131r\u0131r, odaklanma yetene\u011finizi geli\u015ftirir ve yorgunluk hissini ortadan kald\u0131r\u0131r. G\u00fcn\u00fc daha verimli ge\u00e7irmenize yard\u0131mc\u0131 olmak i\u00e7in m\u00fckemmel bir bile\u015fendir.<\/p>\n<h4 data-start=\"1794\" data-end=\"1840\"><strong data-start=\"1799\" data-end=\"1840\">5. Potasyum Sorbat ve Sodyum Benzoat:<\/strong><\/h4>\n<p data-start=\"1841\" data-end=\"2033\">Bu koruyucu bile\u015fenler, i\u00e7ece\u011fin uzun s\u00fcre taze kalmas\u0131n\u0131 sa\u011flar ve <strong data-start=\"1909\" data-end=\"1932\">mikrobiyal b\u00fcy\u00fcmeyi<\/strong> engeller. Ayr\u0131ca, i\u00e7ece\u011fin <strong data-start=\"1960\" data-end=\"1979\">g\u00fcvenli ve taze<\/strong> kalmas\u0131n\u0131 sa\u011flayarak sa\u011fl\u0131\u011f\u0131n\u0131z i\u00e7in risk olu\u015fturmaz.<\/p>\n<hr data-start=\"2035\" data-end=\"2038\" \/>\n<h3 data-start=\"2040\" data-end=\"2077\"><strong data-start=\"2044\" data-end=\"2077\">CABS Potion Nas\u0131l Kullan\u0131l\u0131r?<\/strong><\/h3>\n<p data-start=\"2079\" data-end=\"2392\"><strong data-start=\"2079\" data-end=\"2094\">CABS Potion<\/strong>, pratik kullan\u0131m\u0131 sayesinde her an ula\u015fabilece\u011finiz enerji kayna\u011f\u0131n\u0131z haline gelir. Diledi\u011finiz zaman, yorgun hissetti\u011finizde veya fiziksel olarak daha fazla enerjiye ihtiya\u00e7 duydu\u011funuzda <strong data-start=\"2283\" data-end=\"2298\">CABS Potion<\/strong> i\u00e7ebilirsiniz. \u0130\u00e7eri\u011findeki do\u011fal bile\u015fenler sayesinde herhangi bir zararl\u0131 kimyasal i\u00e7ermez.<\/p>\n<p data-start=\"2394\" data-end=\"2419\"><strong data-start=\"2394\" data-end=\"2419\">Kullan\u0131m Talimatlar\u0131:<\/strong><\/p>\n<ul data-start=\"2420\" data-end=\"2613\">\n<li data-start=\"2420\" data-end=\"2440\">\u015ei\u015feyi \u00e7alkalay\u0131n.<\/li>\n<li data-start=\"2441\" data-end=\"2507\">G\u00fcnl\u00fck olarak <strong data-start=\"2457\" data-end=\"2473\">bir porsiyon<\/strong> (genellikle 250ml) i\u00e7ebilirsiniz.<\/li>\n<li data-start=\"2508\" data-end=\"2613\">\u0130htiyac\u0131n\u0131za g\u00f6re, spor \u00f6ncesinde, \u00f6\u011f\u00fcn aralar\u0131nda veya yo\u011fun bir g\u00fcn\u00fcn ba\u015flang\u0131c\u0131nda t\u00fcketebilirsiniz.<\/li>\n<\/ul>\n<hr data-start=\"2615\" data-end=\"2618\" \/>\n<h3 data-start=\"2620\" data-end=\"2662\"><strong data-start=\"2624\" data-end=\"2662\">CABS Potion Neden Tercih Edilmeli?<\/strong><\/h3>\n<ul data-start=\"2664\" data-end=\"3203\">\n<li data-start=\"2664\" data-end=\"2824\"><strong data-start=\"2666\" data-end=\"2706\">Do\u011fal i\u00e7eriklerle g\u00fc\u00e7lendirilmi\u015ftir:<\/strong> CABS Potion, <strong data-start=\"2720\" data-end=\"2733\">vitamin C<\/strong>, <strong data-start=\"2735\" data-end=\"2748\">L-arjinin<\/strong>, <strong data-start=\"2750\" data-end=\"2770\">meyan k\u00f6k\u00fc \u00f6z\u00fct\u00fc<\/strong> ve <strong data-start=\"2774\" data-end=\"2784\">kafein<\/strong> gibi do\u011fal ve etkili bile\u015fenler i\u00e7erir.<\/li>\n<li data-start=\"2825\" data-end=\"2945\"><strong data-start=\"2827\" data-end=\"2852\">Enerji art\u0131\u015f\u0131 sa\u011flar:<\/strong> <strong data-start=\"2853\" data-end=\"2863\">Kafein<\/strong>, v\u00fccudunuzu h\u0131zla canland\u0131rarak zihinsel ve fiziksel yorgunlu\u011fu ortadan kald\u0131r\u0131r.<\/li>\n<li data-start=\"2946\" data-end=\"3097\"><strong data-start=\"2948\" data-end=\"2972\">Performans art\u0131r\u0131c\u0131:<\/strong> \u0130\u00e7eri\u011findeki <strong data-start=\"2986\" data-end=\"2999\">L-arjinin<\/strong> sayesinde kaslar\u0131n\u0131za oksijen ve besin ta\u015f\u0131yarak daha y\u00fcksek bir performans sergilemenizi sa\u011flar.<\/li>\n<li data-start=\"3098\" data-end=\"3203\"><strong data-start=\"3100\" data-end=\"3119\">Sindirim dostu:<\/strong> <strong data-start=\"3120\" data-end=\"3140\">Meyan k\u00f6k\u00fc \u00f6z\u00fct\u00fc<\/strong>, sindirim sisteminizi rahatlat\u0131rken ba\u011f\u0131\u015f\u0131kl\u0131\u011f\u0131n\u0131z\u0131 destekler.<\/li>\n<\/ul>\n<hr data-start=\"3205\" data-end=\"3208\" \/>\n<h3 data-start=\"3210\" data-end=\"3253\"><strong data-start=\"3214\" data-end=\"3253\">CABS Potion ile Yeni Bir Ba\u015flang\u0131\u00e7:<\/strong><\/h3>\n<p data-start=\"3255\" data-end=\"3631\"><strong data-start=\"3255\" data-end=\"3270\">CABS Potion<\/strong>, enerjik ve zinde bir ya\u015fam tarz\u0131 i\u00e7in ihtiyac\u0131n\u0131z olan t\u00fcm do\u011fal bile\u015fenleri bir araya getirir. Kafein ve L-arjinin gibi etkili i\u00e7erikler ile zihinsel ve fiziksel olarak daha verimli olman\u0131z\u0131 sa\u011flar. <strong data-start=\"3472\" data-end=\"3499\">Y\u00fcksek kaliteli i\u00e7eri\u011fi<\/strong> ve <strong data-start=\"3503\" data-end=\"3523\">do\u011fal form\u00fcl\u00fcyle<\/strong>, her g\u00fcn\u00fcn ba\u015flang\u0131c\u0131nda veya ihtiya\u00e7 duydu\u011funuz her an kullanabilece\u011finiz m\u00fckemmel bir enerji i\u00e7ece\u011fidir.<\/p>\n<hr data-start=\"3633\" data-end=\"3636\" \/>\n<p data-start=\"3638\" data-end=\"3811\" data-is-last-node=\"\" data-is-only-node=\"\"><strong data-start=\"3638\" data-end=\"3653\">CABS Potion<\/strong> ile g\u00fcn\u00fcn her an\u0131nda enerjik ve dinamik kal\u0131n. \u015eimdi <strong data-start=\"3707\" data-end=\"3722\">Pembe Tilki<\/strong> \u00fczerinden kolayca sipari\u015f verebilir, hayat\u0131n\u0131za h\u0131zl\u0131 bir enerji kayna\u011f\u0131 katabilirsiniz.<\/p>\n","protected":false},"excerpt":{"rendered":"<p><strong data-start=\"59\" data-end=\"74\">CABS Potion<\/strong>, v\u00fccudunuzu canland\u0131rmak ve enerji seviyenizi art\u0131rmak i\u00e7in \u00f6zel olarak form\u00fcle edilmi\u015f bir i\u00e7ecektir. \u0130\u00e7eri\u011findeki do\u011fal bile\u015fenler ve y\u00fcksek kaliteli maddeler sayesinde, g\u00fcn\u00fcn her saatinde ihtiyac\u0131n\u0131z olan enerjiyi size sunar. <strong data-start=\"304\" data-end=\"319\">CABS Potion<\/strong>, i\u00e7eri\u011findeki <strong data-start=\"334\" data-end=\"344\">kafein<\/strong>, <strong data-start=\"346\" data-end=\"365\">L-askorbik asit<\/strong>, <strong data-start=\"367\" data-end=\"380\">L-arjinin<\/strong> ve <strong data-start=\"384\" data-end=\"404\">meyan k\u00f6k\u00fc \u00f6z\u00fct\u00fc<\/strong> ile zihinsel ve fiziksel performans\u0131n\u0131z\u0131 art\u0131r\u0131r.<\/p>\n","protected":false},"featured_media":19025,"comment_status":"open","ping_status":"closed","template":"","meta":[],"product_brand":[170],"product_cat":[72],"product_tag":[242],"class_list":{"0":"post-18930","1":"product","2":"type-product","3":"status-publish","4":"has-post-thumbnail","6":"product_brand-cabs","7":"product_cat-erkekler-icin","8":"product_tag-potioon-damla-bayanlara-ozel-takviye","10":"first","11":"instock","12":"taxable","13":"shipping-taxable","14":"purchasable","15":"product-type-simple"},"yoast_head":"<!-- This site is optimized with the Yoast SEO Premium plugin v24.4 (Yoast SEO v27.1.1) - https:\/\/yoast.com\/product\/yoast-seo-premium-wordpress\/ -->\n<title>Potioon Damla Bayanlara \u00d6zel Takviye - Bursa Erotik Shop<\/title>\n<meta name=\"robots\" content=\"index, follow, max-snippet:-1, max-image-preview:large, max-video-preview:-1\" \/>\n<link rel=\"canonical\" href=\"https:\/\/hobierotikshop.com.tr\/website1\/erotik-shop-urun\/potioon-damla-bayanlara-ozel-takviye\/\" \/>\n<meta property=\"og:locale\" content=\"tr_TR\" \/>\n<meta property=\"og:type\" content=\"article\" \/>\n<meta property=\"og:title\" content=\"Potioon Damla Bayanlara \u00d6zel Takviye\" \/>\n<meta property=\"og:description\" content=\"CABS Potion, v\u00fccudunuzu canland\u0131rmak ve enerji seviyenizi art\u0131rmak i\u00e7in \u00f6zel olarak form\u00fcle edilmi\u015f bir i\u00e7ecektir. \u0130\u00e7eri\u011findeki do\u011fal bile\u015fenler ve y\u00fcksek kaliteli maddeler sayesinde, g\u00fcn\u00fcn her saatinde ihtiyac\u0131n\u0131z olan enerjiyi size sunar. CABS Potion, i\u00e7eri\u011findeki kafein, L-askorbik asit, L-arjinin ve meyan k\u00f6k\u00fc \u00f6z\u00fct\u00fc ile zihinsel ve fiziksel performans\u0131n\u0131z\u0131 art\u0131r\u0131r.\" \/>\n<meta property=\"og:url\" content=\"https:\/\/hobierotikshop.com.tr\/website1\/erotik-shop-urun\/potioon-damla-bayanlara-ozel-takviye\/\" \/>\n<meta property=\"og:site_name\" content=\"Bursa Erotik Shop\" \/>\n<meta property=\"article:modified_time\" content=\"2025-03-19T14:25:40+00:00\" \/>\n<meta property=\"og:image\" content=\"https:\/\/hobierotikshop.com.tr\/website1\/wp-content\/uploads\/2025\/03\/potioon-damla-bayanlara-ozel-takviye-331.jpg\" \/>\n\t<meta property=\"og:image:width\" content=\"1000\" \/>\n\t<meta property=\"og:image:height\" content=\"901\" \/>\n\t<meta property=\"og:image:type\" content=\"image\/jpeg\" \/>\n<meta name=\"twitter:card\" content=\"summary_large_image\" \/>\n<meta name=\"twitter:site\" content=\"@shopbursa\" \/>\n<meta name=\"twitter:label1\" content=\"Fiyat\" \/>\n\t<meta name=\"twitter:data1\" content=\"&#8378;300,00 KDV DAH\u0130L\" \/>\n\t<meta name=\"twitter:label2\" content=\"Availability\" \/>\n\t<meta name=\"twitter:data2\" content=\"In stock\" \/>\n<script type=\"application\/ld+json\" class=\"yoast-schema-graph\">{\"@context\":\"https:\/\/schema.org\",\"@graph\":[{\"@type\":\"WebPage\",\"@id\":\"https:\/\/hobierotikshop.com.tr\/website1\/erotik-shop-urun\/potioon-damla-bayanlara-ozel-takviye\/\",\"url\":\"https:\/\/hobierotikshop.com.tr\/website1\/erotik-shop-urun\/potioon-damla-bayanlara-ozel-takviye\/\",\"name\":\"Potioon Damla Bayanlara \u00d6zel Takviye - Bursa Erotik Shop\",\"isPartOf\":{\"@id\":\"https:\/\/hobierotikshop.com.tr\/website1\/#website\"},\"primaryImageOfPage\":{\"@id\":\"https:\/\/hobierotikshop.com.tr\/website1\/erotik-shop-urun\/potioon-damla-bayanlara-ozel-takviye\/#primaryimage\"},\"image\":{\"@id\":\"https:\/\/hobierotikshop.com.tr\/website1\/erotik-shop-urun\/potioon-damla-bayanlara-ozel-takviye\/#primaryimage\"},\"thumbnailUrl\":\"https:\/\/haremerotikshop.com\/site\/wp-content\/uploads\/2025\/03\/potioon-damla-bayanlara-ozel-takviye-331.jpg\",\"datePublished\":\"2025-03-17T09:24:46+00:00\",\"dateModified\":\"2025-03-19T14:25:40+00:00\",\"breadcrumb\":{\"@id\":\"https:\/\/hobierotikshop.com.tr\/website1\/erotik-shop-urun\/potioon-damla-bayanlara-ozel-takviye\/#breadcrumb\"},\"inLanguage\":\"tr\",\"potentialAction\":[{\"@type\":\"ReadAction\",\"target\":[\"https:\/\/hobierotikshop.com.tr\/website1\/erotik-shop-urun\/potioon-damla-bayanlara-ozel-takviye\/\"]}]},{\"@type\":\"ImageObject\",\"inLanguage\":\"tr\",\"@id\":\"https:\/\/hobierotikshop.com.tr\/website1\/erotik-shop-urun\/potioon-damla-bayanlara-ozel-takviye\/#primaryimage\",\"url\":\"https:\/\/haremerotikshop.com\/site\/wp-content\/uploads\/2025\/03\/potioon-damla-bayanlara-ozel-takviye-331.jpg\",\"contentUrl\":\"https:\/\/haremerotikshop.com\/site\/wp-content\/uploads\/2025\/03\/potioon-damla-bayanlara-ozel-takviye-331.jpg\",\"width\":1000,\"height\":901},{\"@type\":\"BreadcrumbList\",\"@id\":\"https:\/\/hobierotikshop.com.tr\/website1\/erotik-shop-urun\/potioon-damla-bayanlara-ozel-takviye\/#breadcrumb\",\"itemListElement\":[{\"@type\":\"ListItem\",\"position\":1,\"name\":\"Anasayfa\",\"item\":\"https:\/\/hobierotikshop.com.tr\/website1\/\"},{\"@type\":\"ListItem\",\"position\":2,\"name\":\"Erotik Shop \u00dcr\u00fcnleri\",\"item\":\"https:\/\/hobierotikshop.com.tr\/website1\/shop\/\"},{\"@type\":\"ListItem\",\"position\":3,\"name\":\"Potioon Damla Bayanlara \u00d6zel Takviye\"}]},{\"@type\":\"WebSite\",\"@id\":\"https:\/\/hobierotikshop.com.tr\/website1\/#website\",\"url\":\"https:\/\/hobierotikshop.com.tr\/website1\/\",\"name\":\"Bursa Erotik Shop\",\"description\":\"Bursa Erotik Shop ile g\u00fcvenli, gizli ve kaliteli yeti\u015fkin \u00fcr\u00fcnleri al\u0131\u015fveri\u015fi! Geni\u015f \u00fcr\u00fcn yelpazemizi ke\u015ffedin, hemen sipari\u015f verin\",\"publisher\":{\"@id\":\"https:\/\/hobierotikshop.com.tr\/website1\/#organization\"},\"alternateName\":\"Erotik Shop\",\"potentialAction\":[{\"@type\":\"SearchAction\",\"target\":{\"@type\":\"EntryPoint\",\"urlTemplate\":\"https:\/\/hobierotikshop.com.tr\/website1\/?s={search_term_string}\"},\"query-input\":{\"@type\":\"PropertyValueSpecification\",\"valueRequired\":true,\"valueName\":\"search_term_string\"}}],\"inLanguage\":\"tr\"},{\"@type\":\"Organization\",\"@id\":\"https:\/\/hobierotikshop.com.tr\/website1\/#organization\",\"name\":\"Harem Bursa Erotik Shop\",\"url\":\"https:\/\/hobierotikshop.com.tr\/website1\/\",\"logo\":{\"@type\":\"ImageObject\",\"inLanguage\":\"tr\",\"@id\":\"https:\/\/hobierotikshop.com.tr\/website1\/#\/schema\/logo\/image\/\",\"url\":\"https:\/\/haremerotikshop.com\/site\/wp-content\/uploads\/2025\/03\/haremsexshop.png\",\"contentUrl\":\"https:\/\/haremerotikshop.com\/site\/wp-content\/uploads\/2025\/03\/haremsexshop.png\",\"width\":400,\"height\":100,\"caption\":\"Harem Bursa Erotik Shop\"},\"image\":{\"@id\":\"https:\/\/hobierotikshop.com.tr\/website1\/#\/schema\/logo\/image\/\"},\"sameAs\":[\"https:\/\/x.com\/shopbursa\"],\"publishingPrinciples\":\"https:\/\/hobierotikshop.com.tr\/website1\/mesafeli-satis-sozlesmesi\/\",\"ownershipFundingInfo\":\"https:\/\/hobierotikshop.com.tr\/website1\/contact-us\/\",\"actionableFeedbackPolicy\":\"https:\/\/hobierotikshop.com.tr\/website1\/contact-us\/\",\"correctionsPolicy\":\"https:\/\/hobierotikshop.com.tr\/website1\/mesafeli-satis-sozlesmesi\/\"}]}<\/script>\n<meta property=\"product:brand\" content=\"Cabs\" \/>\n<meta property=\"product:price:amount\" content=\"300.00\" \/>\n<meta property=\"product:price:currency\" content=\"TRY\" \/>\n<meta property=\"og:availability\" content=\"instock\" \/>\n<meta property=\"product:availability\" content=\"instock\" \/>\n<meta property=\"product:retailer_item_id\" content=\"PT-KC1545\" \/>\n<meta property=\"product:condition\" content=\"new\" \/>\n<!-- \/ Yoast SEO Premium plugin. -->","yoast_head_json":{"title":"Potioon Damla Bayanlara \u00d6zel Takviye - Bursa Erotik Shop","robots":{"index":"index","follow":"follow","max-snippet":"max-snippet:-1","max-image-preview":"max-image-preview:large","max-video-preview":"max-video-preview:-1"},"canonical":"https:\/\/hobierotikshop.com.tr\/website1\/erotik-shop-urun\/potioon-damla-bayanlara-ozel-takviye\/","og_locale":"tr_TR","og_type":"article","og_title":"Potioon Damla Bayanlara \u00d6zel Takviye","og_description":"CABS Potion, v\u00fccudunuzu canland\u0131rmak ve enerji seviyenizi art\u0131rmak i\u00e7in \u00f6zel olarak form\u00fcle edilmi\u015f bir i\u00e7ecektir. \u0130\u00e7eri\u011findeki do\u011fal bile\u015fenler ve y\u00fcksek kaliteli maddeler sayesinde, g\u00fcn\u00fcn her saatinde ihtiyac\u0131n\u0131z olan enerjiyi size sunar. CABS Potion, i\u00e7eri\u011findeki kafein, L-askorbik asit, L-arjinin ve meyan k\u00f6k\u00fc \u00f6z\u00fct\u00fc ile zihinsel ve fiziksel performans\u0131n\u0131z\u0131 art\u0131r\u0131r.","og_url":"https:\/\/hobierotikshop.com.tr\/website1\/erotik-shop-urun\/potioon-damla-bayanlara-ozel-takviye\/","og_site_name":"Bursa Erotik Shop","article_modified_time":"2025-03-19T14:25:40+00:00","og_image":[{"width":1000,"height":901,"url":"https:\/\/hobierotikshop.com.tr\/website1\/wp-content\/uploads\/2025\/03\/potioon-damla-bayanlara-ozel-takviye-331.jpg","type":"image\/jpeg"}],"twitter_card":"summary_large_image","twitter_site":"@shopbursa","twitter_misc":{"Fiyat":"&#8378;300,00 KDV DAH\u0130L","Availability":"In stock"},"schema":{"@context":"https:\/\/schema.org","@graph":[{"@type":"WebPage","@id":"https:\/\/hobierotikshop.com.tr\/website1\/erotik-shop-urun\/potioon-damla-bayanlara-ozel-takviye\/","url":"https:\/\/hobierotikshop.com.tr\/website1\/erotik-shop-urun\/potioon-damla-bayanlara-ozel-takviye\/","name":"Potioon Damla Bayanlara \u00d6zel Takviye - Bursa Erotik Shop","isPartOf":{"@id":"https:\/\/hobierotikshop.com.tr\/website1\/#website"},"primaryImageOfPage":{"@id":"https:\/\/hobierotikshop.com.tr\/website1\/erotik-shop-urun\/potioon-damla-bayanlara-ozel-takviye\/#primaryimage"},"image":{"@id":"https:\/\/hobierotikshop.com.tr\/website1\/erotik-shop-urun\/potioon-damla-bayanlara-ozel-takviye\/#primaryimage"},"thumbnailUrl":"https:\/\/haremerotikshop.com\/site\/wp-content\/uploads\/2025\/03\/potioon-damla-bayanlara-ozel-takviye-331.jpg","datePublished":"2025-03-17T09:24:46+00:00","dateModified":"2025-03-19T14:25:40+00:00","breadcrumb":{"@id":"https:\/\/hobierotikshop.com.tr\/website1\/erotik-shop-urun\/potioon-damla-bayanlara-ozel-takviye\/#breadcrumb"},"inLanguage":"tr","potentialAction":[{"@type":"ReadAction","target":["https:\/\/hobierotikshop.com.tr\/website1\/erotik-shop-urun\/potioon-damla-bayanlara-ozel-takviye\/"]}]},{"@type":"ImageObject","inLanguage":"tr","@id":"https:\/\/hobierotikshop.com.tr\/website1\/erotik-shop-urun\/potioon-damla-bayanlara-ozel-takviye\/#primaryimage","url":"https:\/\/haremerotikshop.com\/site\/wp-content\/uploads\/2025\/03\/potioon-damla-bayanlara-ozel-takviye-331.jpg","contentUrl":"https:\/\/haremerotikshop.com\/site\/wp-content\/uploads\/2025\/03\/potioon-damla-bayanlara-ozel-takviye-331.jpg","width":1000,"height":901},{"@type":"BreadcrumbList","@id":"https:\/\/hobierotikshop.com.tr\/website1\/erotik-shop-urun\/potioon-damla-bayanlara-ozel-takviye\/#breadcrumb","itemListElement":[{"@type":"ListItem","position":1,"name":"Anasayfa","item":"https:\/\/hobierotikshop.com.tr\/website1\/"},{"@type":"ListItem","position":2,"name":"Erotik Shop \u00dcr\u00fcnleri","item":"https:\/\/hobierotikshop.com.tr\/website1\/shop\/"},{"@type":"ListItem","position":3,"name":"Potioon Damla Bayanlara \u00d6zel Takviye"}]},{"@type":"WebSite","@id":"https:\/\/hobierotikshop.com.tr\/website1\/#website","url":"https:\/\/hobierotikshop.com.tr\/website1\/","name":"Bursa Erotik Shop","description":"Bursa Erotik Shop ile g\u00fcvenli, gizli ve kaliteli yeti\u015fkin \u00fcr\u00fcnleri al\u0131\u015fveri\u015fi! Geni\u015f \u00fcr\u00fcn yelpazemizi ke\u015ffedin, hemen sipari\u015f verin","publisher":{"@id":"https:\/\/hobierotikshop.com.tr\/website1\/#organization"},"alternateName":"Erotik Shop","potentialAction":[{"@type":"SearchAction","target":{"@type":"EntryPoint","urlTemplate":"https:\/\/hobierotikshop.com.tr\/website1\/?s={search_term_string}"},"query-input":{"@type":"PropertyValueSpecification","valueRequired":true,"valueName":"search_term_string"}}],"inLanguage":"tr"},{"@type":"Organization","@id":"https:\/\/hobierotikshop.com.tr\/website1\/#organization","name":"Harem Bursa Erotik Shop","url":"https:\/\/hobierotikshop.com.tr\/website1\/","logo":{"@type":"ImageObject","inLanguage":"tr","@id":"https:\/\/hobierotikshop.com.tr\/website1\/#\/schema\/logo\/image\/","url":"https:\/\/haremerotikshop.com\/site\/wp-content\/uploads\/2025\/03\/haremsexshop.png","contentUrl":"https:\/\/haremerotikshop.com\/site\/wp-content\/uploads\/2025\/03\/haremsexshop.png","width":400,"height":100,"caption":"Harem Bursa Erotik Shop"},"image":{"@id":"https:\/\/hobierotikshop.com.tr\/website1\/#\/schema\/logo\/image\/"},"sameAs":["https:\/\/x.com\/shopbursa"],"publishingPrinciples":"https:\/\/hobierotikshop.com.tr\/website1\/mesafeli-satis-sozlesmesi\/","ownershipFundingInfo":"https:\/\/hobierotikshop.com.tr\/website1\/contact-us\/","actionableFeedbackPolicy":"https:\/\/hobierotikshop.com.tr\/website1\/contact-us\/","correctionsPolicy":"https:\/\/hobierotikshop.com.tr\/website1\/mesafeli-satis-sozlesmesi\/"}]},"product_brand":"Cabs","product_price_amount":"300.00","product_price_currency":"TRY","og_availability":"instock","product_availability":"instock","product_retailer_item_id":"PT-KC1545","product_condition":"new"},"_links":{"self":[{"href":"https:\/\/haremerotikshop.com\/site\/wp-json\/wp\/v2\/product\/18930","targetHints":{"allow":["GET"]}}],"collection":[{"href":"https:\/\/haremerotikshop.com\/site\/wp-json\/wp\/v2\/product"}],"about":[{"href":"https:\/\/haremerotikshop.com\/site\/wp-json\/wp\/v2\/types\/product"}],"replies":[{"embeddable":true,"href":"https:\/\/haremerotikshop.com\/site\/wp-json\/wp\/v2\/comments?post=18930"}],"version-history":[{"count":0,"href":"https:\/\/haremerotikshop.com\/site\/wp-json\/wp\/v2\/product\/18930\/revisions"}],"wp:featuredmedia":[{"embeddable":true,"href":"https:\/\/haremerotikshop.com\/site\/wp-json\/wp\/v2\/media\/19025"}],"wp:attachment":[{"href":"https:\/\/haremerotikshop.com\/site\/wp-json\/wp\/v2\/media?parent=18930"}],"wp:term":[{"taxonomy":"product_brand","embeddable":true,"href":"https:\/\/haremerotikshop.com\/site\/wp-json\/wp\/v2\/product_brand?post=18930"},{"taxonomy":"product_cat","embeddable":true,"href":"https:\/\/haremerotikshop.com\/site\/wp-json\/wp\/v2\/product_cat?post=18930"},{"taxonomy":"product_tag","embeddable":true,"href":"https:\/\/haremerotikshop.com\/site\/wp-json\/wp\/v2\/product_tag?post=18930"}],"curies":[{"name":"wp","href":"https:\/\/api.w.org\/{rel}","templated":true}]}}