{"id":18987,"date":"2025-03-17T12:25:37","date_gmt":"2025-03-17T09:25:37","guid":{"rendered":"https:\/\/haremerotikshop.com\/site\/?post_type=product&#038;p=18987"},"modified":"2026-01-26T16:27:28","modified_gmt":"2026-01-26T13:27:28","slug":"fantezi-fetis-pembe","status":"publish","type":"product","link":"https:\/\/haremerotikshop.com\/site\/erotik-shop-urun\/fantezi-fetis-pembe\/","title":{"rendered":"Fantezi Feti\u015f Pembe"},"content":{"rendered":"<h3 data-start=\"0\" data-end=\"62\"><strong data-start=\"4\" data-end=\"62\">Fantezi Seti: Cinsel Ke\u015fif ve Heyecan Dolu Bir Deneyim<\/strong><\/h3>\n<p data-start=\"64\" data-end=\"459\"><strong data-start=\"64\" data-end=\"80\">Fantezi Seti<\/strong>, cinsel ke\u015fif ve heyecan arayanlar i\u00e7in \u00f6zel olarak tasarlanm\u0131\u015f bir \u00fcr\u00fcnd\u00fcr. Bu set, partnerinizle birlikte daha cesur, tutkulu ve ke\u015fif dolu bir deneyim ya\u015faman\u0131z\u0131 sa\u011flayacak t\u00fcm unsurlar\u0131 sunar. Cinsel hayat\u0131n\u0131za heyecan katacak, s\u0131n\u0131rlar\u0131n\u0131z\u0131 zorlayacak ve yeni zevkler ke\u015ffetmenize olanak tan\u0131yacak bu set, <strong data-start=\"392\" data-end=\"405\">yenilik\u00e7i<\/strong>, <strong data-start=\"407\" data-end=\"418\">g\u00fcvenli<\/strong> ve <strong data-start=\"422\" data-end=\"435\">e\u011flenceli<\/strong> \u00f6zellikler ile doludur.<\/p>\n<hr data-start=\"461\" data-end=\"464\" \/>\n<h3 data-start=\"466\" data-end=\"495\"><strong data-start=\"470\" data-end=\"495\">Fantezi Seti \u0130\u00e7eri\u011fi:<\/strong><\/h3>\n<h4 data-start=\"497\" data-end=\"515\">\u2714 <strong data-start=\"504\" data-end=\"515\">K\u0131rba\u00e7:<\/strong><\/h4>\n<ul data-start=\"516\" data-end=\"689\">\n<li data-start=\"516\" data-end=\"689\"><strong data-start=\"518\" data-end=\"528\">K\u0131rba\u00e7<\/strong>, hafif dokunu\u015flardan \u015fiddetli vuru\u015flara kadar de\u011fi\u015fken hisler sunarak heyecanl\u0131 bir deneyim ya\u015fat\u0131r. Cinsel ke\u015fiflerinizin ba\u015flang\u0131c\u0131 i\u00e7in m\u00fckemmel bir ara\u00e7t\u0131r.<\/li>\n<\/ul>\n<h4 data-start=\"691\" data-end=\"711\">\u2714 <strong data-start=\"698\" data-end=\"711\">Vibrat\u00f6r:<\/strong><\/h4>\n<ul data-start=\"712\" data-end=\"903\">\n<li data-start=\"712\" data-end=\"903\"><strong data-start=\"714\" data-end=\"737\">Titre\u015fimli vibrat\u00f6r<\/strong>, cinsel uyar\u0131m seviyesini art\u0131rarak yeni zevkler ke\u015ffetmenizi sa\u011flar. Farkl\u0131 titre\u015fim modlar\u0131, partnerinizle birbirinizi daha derinden ke\u015ffetmeniz i\u00e7in olanak tan\u0131r.<\/li>\n<\/ul>\n<h4 data-start=\"905\" data-end=\"939\">\u2714 <strong data-start=\"912\" data-end=\"939\">El ve Ayak Kelep\u00e7eleri:<\/strong><\/h4>\n<ul data-start=\"940\" data-end=\"1135\">\n<li data-start=\"940\" data-end=\"1135\"><strong data-start=\"942\" data-end=\"956\">Kelep\u00e7eler<\/strong>, ba\u011flanma, kontrol etme ve g\u00fc\u00e7 dinamiklerini ke\u015ffetmek i\u00e7in idealdir. Bu \u00f6\u011fe, g\u00fcvenli bir \u015fekilde s\u0131n\u0131rlar\u0131n\u0131z\u0131 zorlayarak daha heyecan verici deneyimler ya\u015faman\u0131za olanak tan\u0131r.<\/li>\n<\/ul>\n<h4 data-start=\"1137\" data-end=\"1163\">\u2714 <strong data-start=\"1144\" data-end=\"1163\">Kamasutra Zar\u0131:<\/strong><\/h4>\n<ul data-start=\"1164\" data-end=\"1334\">\n<li data-start=\"1164\" data-end=\"1334\"><strong data-start=\"1166\" data-end=\"1184\">Kamasutra zar\u0131<\/strong>, farkl\u0131 ve heyecan verici pozisyonlar\u0131 deneyimlemenizi sa\u011flar. Bu zar, her bir at\u0131\u015fta farkl\u0131 cinsel pozisyonlar sunarak ke\u015fif dolu bir deneyim sunar.<\/li>\n<\/ul>\n<h4 data-start=\"1336\" data-end=\"1353\">\u2714 <strong data-start=\"1343\" data-end=\"1353\">Tasma:<\/strong><\/h4>\n<ul data-start=\"1354\" data-end=\"1517\">\n<li data-start=\"1354\" data-end=\"1517\"><strong data-start=\"1356\" data-end=\"1365\">Tasma<\/strong>, hakimiyet ve itaatin heyecan verici dinamiklerini ke\u015ffetmek isteyenler i\u00e7in m\u00fckemmel bir se\u00e7enek sunar. Bu \u00f6\u011fe, cinsel ili\u015fkiye derinlik ve g\u00fc\u00e7 katar.<\/li>\n<\/ul>\n<h4 data-start=\"1519\" data-end=\"1540\">\u2714 <strong data-start=\"1526\" data-end=\"1540\">G\u00f6z Band\u0131:<\/strong><\/h4>\n<ul data-start=\"1541\" data-end=\"1710\">\n<li data-start=\"1541\" data-end=\"1710\"><strong data-start=\"1543\" data-end=\"1556\">G\u00f6z band\u0131<\/strong>, duyusal alg\u0131n\u0131z\u0131 s\u0131n\u0131rlayarak heyecan\u0131 art\u0131r\u0131r. Dokunu\u015flar\u0131 daha derinden hissederek partnerinizle cinsel deneyiminizi daha yo\u011fun hale getirebilirsiniz.<\/li>\n<\/ul>\n<h4 data-start=\"1712\" data-end=\"1733\">\u2714 <strong data-start=\"1719\" data-end=\"1733\">A\u011f\u0131z Topu:<\/strong><\/h4>\n<ul data-start=\"1734\" data-end=\"1890\">\n<li data-start=\"1734\" data-end=\"1890\"><strong data-start=\"1736\" data-end=\"1749\">A\u011f\u0131z topu<\/strong>, s\u00f6zl\u00fc ileti\u015fimi k\u0131s\u0131tlar ve kontrol alt\u0131na al\u0131r. Bu, partnerinizin kontrol\u00fc ele almas\u0131na olanak tan\u0131r ve yeni heyecanlar ya\u015faman\u0131z\u0131 sa\u011flar.<\/li>\n<\/ul>\n<h4 data-start=\"1892\" data-end=\"1920\">\u2714 <strong data-start=\"1899\" data-end=\"1920\">Meme Ucu Mandal\u0131:<\/strong><\/h4>\n<ul data-start=\"1921\" data-end=\"2080\">\n<li data-start=\"1921\" data-end=\"2080\"><strong data-start=\"1923\" data-end=\"1943\">Meme ucu mandal\u0131<\/strong>, meme u\u00e7lar\u0131n\u0131 uyararak ve hassas b\u00f6lgelere bask\u0131 yaparak <strong data-start=\"2002\" data-end=\"2015\">ek uyar\u0131m<\/strong> sa\u011flar. Yeni ve yo\u011fun zevkler ke\u015ffetmek i\u00e7in harika bir ara\u00e7t\u0131r.<\/li>\n<\/ul>\n<h4 data-start=\"2082\" data-end=\"2103\">\u2714 <strong data-start=\"2089\" data-end=\"2103\">Butt Plug:<\/strong><\/h4>\n<ul data-start=\"2104\" data-end=\"2269\">\n<li data-start=\"2104\" data-end=\"2269\"><strong data-start=\"2106\" data-end=\"2119\">Butt plug<\/strong>, anal zevkleri deneyimlemek isteyenler i\u00e7in tasarlanm\u0131\u015ft\u0131r. Bu \u00f6\u011fe, <strong data-start=\"2188\" data-end=\"2196\">butt<\/strong> b\u00f6lgesini uyararak yeni ve daha derin zevkler ke\u015ffetmenize olanak tan\u0131r.<\/li>\n<\/ul>\n<h4 data-start=\"2271\" data-end=\"2294\">\u2714 <strong data-start=\"2278\" data-end=\"2294\">Deri Paddle:<\/strong><\/h4>\n<ul data-start=\"2295\" data-end=\"2447\">\n<li data-start=\"2295\" data-end=\"2447\"><strong data-start=\"2297\" data-end=\"2312\">Deri paddle<\/strong>, farkl\u0131 sertlikte vuru\u015flar sunarak heyecan verici bir deneyim ya\u015fat\u0131r. \u0130ster hafif ister daha sert, her vuru\u015fla heyecan\u0131n\u0131z\u0131 artt\u0131r\u0131r.<\/li>\n<\/ul>\n<h4 data-start=\"2449\" data-end=\"2472\">\u2714 <strong data-start=\"2456\" data-end=\"2472\">\u0130p ve Kemer:<\/strong><\/h4>\n<ul data-start=\"2473\" data-end=\"2642\">\n<li data-start=\"2473\" data-end=\"2642\"><strong data-start=\"2475\" data-end=\"2490\">\u0130p ve kemer<\/strong>, hareket k\u0131s\u0131tlamas\u0131 ve partnerinizle ba\u011fl\u0131l\u0131k hissini art\u0131rmak i\u00e7in m\u00fckemmeldir. Bu \u00f6\u011fe, cinsel ke\u015fif s\u0131ras\u0131nda farkl\u0131 dinamikler ke\u015ffetmenizi sa\u011flar.<\/li>\n<\/ul>\n<hr data-start=\"2644\" data-end=\"2647\" \/>\n<h3 data-start=\"2649\" data-end=\"2675\"><strong data-start=\"2653\" data-end=\"2675\">Kullan\u0131m Alanlar\u0131:<\/strong><\/h3>\n<ul data-start=\"2677\" data-end=\"3120\">\n<li data-start=\"2677\" data-end=\"2761\"><strong data-start=\"2679\" data-end=\"2722\">Cinsel ke\u015fif ve heyecan dolu deneyimler<\/strong> ya\u015famak isteyen \u00e7iftler i\u00e7in idealdir.<\/li>\n<li data-start=\"2762\" data-end=\"2896\"><strong data-start=\"2764\" data-end=\"2796\">Fantezi d\u00fcnyas\u0131na ad\u0131m atmak<\/strong>, s\u0131n\u0131rlar\u0131n\u0131z\u0131 geni\u015fletmek ve daha \u00f6nce ke\u015ffetmedi\u011finiz zevkleri ya\u015famak i\u00e7in m\u00fckemmel bir ara\u00e7t\u0131r.<\/li>\n<li data-start=\"2897\" data-end=\"2991\"><strong data-start=\"2899\" data-end=\"2924\">Cinsel ili\u015fkide g\u00fcven<\/strong> ve ba\u011fl\u0131l\u0131k hissini art\u0131rarak duyusal uyar\u0131mlar\u0131 harekete ge\u00e7irir.<\/li>\n<li data-start=\"2992\" data-end=\"3120\">Hem <strong data-start=\"2998\" data-end=\"3010\">bireysel<\/strong> hem de <strong data-start=\"3018\" data-end=\"3040\">partnerli ke\u015fifler<\/strong> i\u00e7in uygundur ve cesur bir cinsel deneyim arayanlar i\u00e7in m\u00fckemmel bir se\u00e7imdir.<\/li>\n<\/ul>\n<hr data-start=\"3122\" data-end=\"3125\" \/>\n<h3 data-start=\"3127\" data-end=\"3154\"><strong data-start=\"3131\" data-end=\"3154\">G\u00fcvenlik ve Kalite:<\/strong><\/h3>\n<p data-start=\"3156\" data-end=\"3545\"><strong data-start=\"3156\" data-end=\"3172\">Fantezi Seti<\/strong>, y\u00fcksek kaliteli ve <strong data-start=\"3193\" data-end=\"3218\">g\u00fcvenli malzemelerden<\/strong> \u00fcretilmi\u015ftir. T\u00fcm set \u00f6\u011feleri, kullan\u0131c\u0131 g\u00fcvenli\u011fini \u00f6n planda tutarak titiz kalite kontrol s\u00fcre\u00e7lerinden ge\u00e7irilmi\u015ftir. Cilt dostu malzemeler kullan\u0131larak, her bir \u00fcr\u00fcn rahat, g\u00fcvenli ve uzun \u00f6m\u00fcrl\u00fc bir kullan\u0131m sa\u011flar. <strong data-start=\"3440\" data-end=\"3462\">Sa\u011fl\u0131k ve g\u00fcvenlik<\/strong> a\u00e7\u0131s\u0131ndan tamamen uyumlu olan bu set, cinsel ke\u015fiflerde rahatl\u0131kla kullan\u0131labilir.<\/p>\n<hr data-start=\"3547\" data-end=\"3550\" \/>\n<h3 data-start=\"3552\" data-end=\"3607\"><strong data-start=\"3556\" data-end=\"3607\">Fantezi Seti ile Heyecanl\u0131 Ke\u015fiflere Ad\u0131m At\u0131n!<\/strong><\/h3>\n<p data-start=\"3609\" data-end=\"3960\"><strong data-start=\"3609\" data-end=\"3625\">Fantezi Seti<\/strong>, cinsel ke\u015ffinizi zirveye ta\u015f\u0131yacak bir deneyim sunar. Partnerinizle birlikte <strong data-start=\"3704\" data-end=\"3722\">heyecan verici<\/strong>, <strong data-start=\"3724\" data-end=\"3733\">cesur<\/strong> ve <strong data-start=\"3737\" data-end=\"3750\">e\u011flenceli<\/strong> anlar ya\u015faman\u0131z\u0131 sa\u011flayacak her t\u00fcrl\u00fc arac\u0131 i\u00e7erir. Hem <strong data-start=\"3807\" data-end=\"3818\">g\u00fcvenli<\/strong> hem de <strong data-start=\"3826\" data-end=\"3838\">kaliteli<\/strong> malzemelerden \u00fcretilen bu set, cinsel ili\u015fkinize farkl\u0131 bir boyut katarak, ili\u015fkinizi daha derin ve anlaml\u0131 hale getirir.<\/p>\n<p data-start=\"3962\" data-end=\"4066\" data-is-last-node=\"\" data-is-only-node=\"\"><strong data-start=\"3962\" data-end=\"3978\">Fantezi Seti<\/strong> ile heyecan dolu bir ke\u015fif yolculu\u011funa \u00e7\u0131k\u0131n ve cinsel ya\u015fam\u0131n\u0131za yeni bir boyut kat\u0131n!<\/p>\n","protected":false},"excerpt":{"rendered":"<p><strong data-start=\"64\" data-end=\"80\">Fantezi Seti<\/strong>, cinsel ke\u015fif ve heyecan arayanlar i\u00e7in \u00f6zel olarak tasarlanm\u0131\u015f bir \u00fcr\u00fcnd\u00fcr. Bu set, partnerinizle birlikte daha cesur, tutkulu ve ke\u015fif dolu bir deneyim ya\u015faman\u0131z\u0131 sa\u011flayacak t\u00fcm unsurlar\u0131 sunar. Cinsel hayat\u0131n\u0131za heyecan katacak, s\u0131n\u0131rlar\u0131n\u0131z\u0131 zorlayacak ve yeni zevkler ke\u015ffetmenize olanak tan\u0131yacak bu set, <strong data-start=\"392\" data-end=\"405\">yenilik\u00e7i<\/strong>, <strong data-start=\"407\" data-end=\"418\">g\u00fcvenli<\/strong> ve <strong data-start=\"422\" data-end=\"435\">e\u011flenceli<\/strong> \u00f6zellikler ile doludur.<\/p>\n","protected":false},"featured_media":19085,"comment_status":"open","ping_status":"closed","template":"","meta":[],"product_brand":[127],"product_cat":[100],"product_tag":[259],"class_list":{"0":"post-18987","1":"product","2":"type-product","3":"status-publish","4":"has-post-thumbnail","6":"product_brand-pembe-tilki","7":"product_cat-fantezi-fetis","8":"product_tag-fantezi-fetis-pembe","10":"first","11":"instock","12":"taxable","13":"shipping-taxable","14":"purchasable","15":"product-type-simple"},"yoast_head":"<!-- This site is optimized with the Yoast SEO Premium plugin v24.4 (Yoast SEO v27.1.1) - https:\/\/yoast.com\/product\/yoast-seo-premium-wordpress\/ -->\n<title>Fantezi Feti\u015f Pembe - Bursa Erotik Shop<\/title>\n<meta name=\"robots\" content=\"index, follow, max-snippet:-1, max-image-preview:large, max-video-preview:-1\" \/>\n<link rel=\"canonical\" href=\"https:\/\/hobierotikshop.com.tr\/website1\/erotik-shop-urun\/fantezi-fetis-pembe\/\" \/>\n<meta property=\"og:locale\" content=\"tr_TR\" \/>\n<meta property=\"og:type\" content=\"article\" \/>\n<meta property=\"og:title\" content=\"Fantezi Feti\u015f Pembe\" \/>\n<meta property=\"og:description\" content=\"Fantezi Seti, cinsel ke\u015fif ve heyecan arayanlar i\u00e7in \u00f6zel olarak tasarlanm\u0131\u015f bir \u00fcr\u00fcnd\u00fcr. Bu set, partnerinizle birlikte daha cesur, tutkulu ve ke\u015fif dolu bir deneyim ya\u015faman\u0131z\u0131 sa\u011flayacak t\u00fcm unsurlar\u0131 sunar. Cinsel hayat\u0131n\u0131za heyecan katacak, s\u0131n\u0131rlar\u0131n\u0131z\u0131 zorlayacak ve yeni zevkler ke\u015ffetmenize olanak tan\u0131yacak bu set, yenilik\u00e7i, g\u00fcvenli ve e\u011flenceli \u00f6zellikler ile doludur.\" \/>\n<meta property=\"og:url\" content=\"https:\/\/hobierotikshop.com.tr\/website1\/erotik-shop-urun\/fantezi-fetis-pembe\/\" \/>\n<meta property=\"og:site_name\" content=\"Bursa Erotik Shop\" \/>\n<meta property=\"article:modified_time\" content=\"2026-01-26T13:27:28+00:00\" \/>\n<meta property=\"og:image\" content=\"https:\/\/hobierotikshop.com.tr\/website1\/wp-content\/uploads\/2025\/03\/fantezi-fetis-seti-pembe-1817.jpg\" \/>\n\t<meta property=\"og:image:width\" content=\"1500\" \/>\n\t<meta property=\"og:image:height\" content=\"1500\" \/>\n\t<meta property=\"og:image:type\" content=\"image\/jpeg\" \/>\n<meta name=\"twitter:card\" content=\"summary_large_image\" \/>\n<meta name=\"twitter:site\" content=\"@shopbursa\" \/>\n<meta name=\"twitter:label1\" content=\"Fiyat\" \/>\n\t<meta name=\"twitter:data1\" content=\"&#8378;2.000,00 KDV DAH\u0130L\" \/>\n\t<meta name=\"twitter:label2\" content=\"Availability\" \/>\n\t<meta name=\"twitter:data2\" content=\"In stock\" \/>\n<script type=\"application\/ld+json\" class=\"yoast-schema-graph\">{\"@context\":\"https:\/\/schema.org\",\"@graph\":[{\"@type\":\"WebPage\",\"@id\":\"https:\/\/hobierotikshop.com.tr\/website1\/erotik-shop-urun\/fantezi-fetis-pembe\/\",\"url\":\"https:\/\/hobierotikshop.com.tr\/website1\/erotik-shop-urun\/fantezi-fetis-pembe\/\",\"name\":\"Fantezi Feti\u015f Pembe - Bursa Erotik Shop\",\"isPartOf\":{\"@id\":\"https:\/\/hobierotikshop.com.tr\/website1\/#website\"},\"primaryImageOfPage\":{\"@id\":\"https:\/\/hobierotikshop.com.tr\/website1\/erotik-shop-urun\/fantezi-fetis-pembe\/#primaryimage\"},\"image\":{\"@id\":\"https:\/\/hobierotikshop.com.tr\/website1\/erotik-shop-urun\/fantezi-fetis-pembe\/#primaryimage\"},\"thumbnailUrl\":\"https:\/\/haremerotikshop.com\/site\/wp-content\/uploads\/2025\/03\/fantezi-fetis-seti-pembe-1817.jpg\",\"datePublished\":\"2025-03-17T09:25:37+00:00\",\"dateModified\":\"2026-01-26T13:27:28+00:00\",\"breadcrumb\":{\"@id\":\"https:\/\/hobierotikshop.com.tr\/website1\/erotik-shop-urun\/fantezi-fetis-pembe\/#breadcrumb\"},\"inLanguage\":\"tr\",\"potentialAction\":[{\"@type\":\"ReadAction\",\"target\":[\"https:\/\/hobierotikshop.com.tr\/website1\/erotik-shop-urun\/fantezi-fetis-pembe\/\"]}]},{\"@type\":\"ImageObject\",\"inLanguage\":\"tr\",\"@id\":\"https:\/\/hobierotikshop.com.tr\/website1\/erotik-shop-urun\/fantezi-fetis-pembe\/#primaryimage\",\"url\":\"https:\/\/haremerotikshop.com\/site\/wp-content\/uploads\/2025\/03\/fantezi-fetis-seti-pembe-1817.jpg\",\"contentUrl\":\"https:\/\/haremerotikshop.com\/site\/wp-content\/uploads\/2025\/03\/fantezi-fetis-seti-pembe-1817.jpg\",\"width\":1500,\"height\":1500},{\"@type\":\"BreadcrumbList\",\"@id\":\"https:\/\/hobierotikshop.com.tr\/website1\/erotik-shop-urun\/fantezi-fetis-pembe\/#breadcrumb\",\"itemListElement\":[{\"@type\":\"ListItem\",\"position\":1,\"name\":\"Anasayfa\",\"item\":\"https:\/\/hobierotikshop.com.tr\/website1\/\"},{\"@type\":\"ListItem\",\"position\":2,\"name\":\"Erotik Shop \u00dcr\u00fcnleri\",\"item\":\"https:\/\/hobierotikshop.com.tr\/website1\/shop\/\"},{\"@type\":\"ListItem\",\"position\":3,\"name\":\"Fantezi Feti\u015f Pembe\"}]},{\"@type\":\"WebSite\",\"@id\":\"https:\/\/hobierotikshop.com.tr\/website1\/#website\",\"url\":\"https:\/\/hobierotikshop.com.tr\/website1\/\",\"name\":\"Bursa Erotik Shop\",\"description\":\"Bursa Erotik Shop ile g\u00fcvenli, gizli ve kaliteli yeti\u015fkin \u00fcr\u00fcnleri al\u0131\u015fveri\u015fi! Geni\u015f \u00fcr\u00fcn yelpazemizi ke\u015ffedin, hemen sipari\u015f verin\",\"publisher\":{\"@id\":\"https:\/\/hobierotikshop.com.tr\/website1\/#organization\"},\"alternateName\":\"Erotik Shop\",\"potentialAction\":[{\"@type\":\"SearchAction\",\"target\":{\"@type\":\"EntryPoint\",\"urlTemplate\":\"https:\/\/hobierotikshop.com.tr\/website1\/?s={search_term_string}\"},\"query-input\":{\"@type\":\"PropertyValueSpecification\",\"valueRequired\":true,\"valueName\":\"search_term_string\"}}],\"inLanguage\":\"tr\"},{\"@type\":\"Organization\",\"@id\":\"https:\/\/hobierotikshop.com.tr\/website1\/#organization\",\"name\":\"Harem Bursa Erotik Shop\",\"url\":\"https:\/\/hobierotikshop.com.tr\/website1\/\",\"logo\":{\"@type\":\"ImageObject\",\"inLanguage\":\"tr\",\"@id\":\"https:\/\/hobierotikshop.com.tr\/website1\/#\/schema\/logo\/image\/\",\"url\":\"https:\/\/haremerotikshop.com\/wp-content\/uploads\/2025\/03\/haremsexshop.png\",\"contentUrl\":\"https:\/\/haremerotikshop.com\/wp-content\/uploads\/2025\/03\/haremsexshop.png\",\"width\":400,\"height\":100,\"caption\":\"Harem Bursa Erotik Shop\"},\"image\":{\"@id\":\"https:\/\/hobierotikshop.com.tr\/website1\/#\/schema\/logo\/image\/\"},\"sameAs\":[\"https:\/\/x.com\/shopbursa\"],\"publishingPrinciples\":\"https:\/\/hobierotikshop.com.tr\/website1\/mesafeli-satis-sozlesmesi\/\",\"ownershipFundingInfo\":\"https:\/\/hobierotikshop.com.tr\/website1\/contact-us\/\",\"actionableFeedbackPolicy\":\"https:\/\/hobierotikshop.com.tr\/website1\/contact-us\/\",\"correctionsPolicy\":\"https:\/\/hobierotikshop.com.tr\/website1\/mesafeli-satis-sozlesmesi\/\"}]}<\/script>\n<meta property=\"product:brand\" content=\"Pembe Tilki\" \/>\n<meta property=\"product:price:amount\" content=\"2000.00\" \/>\n<meta property=\"product:price:currency\" content=\"TRY\" \/>\n<meta property=\"og:availability\" content=\"instock\" \/>\n<meta property=\"product:availability\" content=\"instock\" \/>\n<meta property=\"product:retailer_item_id\" content=\"PT-FFXG006PNK\" \/>\n<meta property=\"product:condition\" content=\"new\" \/>\n<!-- \/ Yoast SEO Premium plugin. -->","yoast_head_json":{"title":"Fantezi Feti\u015f Pembe - Bursa Erotik Shop","robots":{"index":"index","follow":"follow","max-snippet":"max-snippet:-1","max-image-preview":"max-image-preview:large","max-video-preview":"max-video-preview:-1"},"canonical":"https:\/\/hobierotikshop.com.tr\/website1\/erotik-shop-urun\/fantezi-fetis-pembe\/","og_locale":"tr_TR","og_type":"article","og_title":"Fantezi Feti\u015f Pembe","og_description":"Fantezi Seti, cinsel ke\u015fif ve heyecan arayanlar i\u00e7in \u00f6zel olarak tasarlanm\u0131\u015f bir \u00fcr\u00fcnd\u00fcr. Bu set, partnerinizle birlikte daha cesur, tutkulu ve ke\u015fif dolu bir deneyim ya\u015faman\u0131z\u0131 sa\u011flayacak t\u00fcm unsurlar\u0131 sunar. Cinsel hayat\u0131n\u0131za heyecan katacak, s\u0131n\u0131rlar\u0131n\u0131z\u0131 zorlayacak ve yeni zevkler ke\u015ffetmenize olanak tan\u0131yacak bu set, yenilik\u00e7i, g\u00fcvenli ve e\u011flenceli \u00f6zellikler ile doludur.","og_url":"https:\/\/hobierotikshop.com.tr\/website1\/erotik-shop-urun\/fantezi-fetis-pembe\/","og_site_name":"Bursa Erotik Shop","article_modified_time":"2026-01-26T13:27:28+00:00","og_image":[{"width":1500,"height":1500,"url":"https:\/\/hobierotikshop.com.tr\/website1\/wp-content\/uploads\/2025\/03\/fantezi-fetis-seti-pembe-1817.jpg","type":"image\/jpeg"}],"twitter_card":"summary_large_image","twitter_site":"@shopbursa","twitter_misc":{"Fiyat":"&#8378;2.000,00 KDV DAH\u0130L","Availability":"In stock"},"schema":{"@context":"https:\/\/schema.org","@graph":[{"@type":"WebPage","@id":"https:\/\/hobierotikshop.com.tr\/website1\/erotik-shop-urun\/fantezi-fetis-pembe\/","url":"https:\/\/hobierotikshop.com.tr\/website1\/erotik-shop-urun\/fantezi-fetis-pembe\/","name":"Fantezi Feti\u015f Pembe - Bursa Erotik Shop","isPartOf":{"@id":"https:\/\/hobierotikshop.com.tr\/website1\/#website"},"primaryImageOfPage":{"@id":"https:\/\/hobierotikshop.com.tr\/website1\/erotik-shop-urun\/fantezi-fetis-pembe\/#primaryimage"},"image":{"@id":"https:\/\/hobierotikshop.com.tr\/website1\/erotik-shop-urun\/fantezi-fetis-pembe\/#primaryimage"},"thumbnailUrl":"https:\/\/haremerotikshop.com\/site\/wp-content\/uploads\/2025\/03\/fantezi-fetis-seti-pembe-1817.jpg","datePublished":"2025-03-17T09:25:37+00:00","dateModified":"2026-01-26T13:27:28+00:00","breadcrumb":{"@id":"https:\/\/hobierotikshop.com.tr\/website1\/erotik-shop-urun\/fantezi-fetis-pembe\/#breadcrumb"},"inLanguage":"tr","potentialAction":[{"@type":"ReadAction","target":["https:\/\/hobierotikshop.com.tr\/website1\/erotik-shop-urun\/fantezi-fetis-pembe\/"]}]},{"@type":"ImageObject","inLanguage":"tr","@id":"https:\/\/hobierotikshop.com.tr\/website1\/erotik-shop-urun\/fantezi-fetis-pembe\/#primaryimage","url":"https:\/\/haremerotikshop.com\/site\/wp-content\/uploads\/2025\/03\/fantezi-fetis-seti-pembe-1817.jpg","contentUrl":"https:\/\/haremerotikshop.com\/site\/wp-content\/uploads\/2025\/03\/fantezi-fetis-seti-pembe-1817.jpg","width":1500,"height":1500},{"@type":"BreadcrumbList","@id":"https:\/\/hobierotikshop.com.tr\/website1\/erotik-shop-urun\/fantezi-fetis-pembe\/#breadcrumb","itemListElement":[{"@type":"ListItem","position":1,"name":"Anasayfa","item":"https:\/\/hobierotikshop.com.tr\/website1\/"},{"@type":"ListItem","position":2,"name":"Erotik Shop \u00dcr\u00fcnleri","item":"https:\/\/hobierotikshop.com.tr\/website1\/shop\/"},{"@type":"ListItem","position":3,"name":"Fantezi Feti\u015f Pembe"}]},{"@type":"WebSite","@id":"https:\/\/hobierotikshop.com.tr\/website1\/#website","url":"https:\/\/hobierotikshop.com.tr\/website1\/","name":"Bursa Erotik Shop","description":"Bursa Erotik Shop ile g\u00fcvenli, gizli ve kaliteli yeti\u015fkin \u00fcr\u00fcnleri al\u0131\u015fveri\u015fi! Geni\u015f \u00fcr\u00fcn yelpazemizi ke\u015ffedin, hemen sipari\u015f verin","publisher":{"@id":"https:\/\/hobierotikshop.com.tr\/website1\/#organization"},"alternateName":"Erotik Shop","potentialAction":[{"@type":"SearchAction","target":{"@type":"EntryPoint","urlTemplate":"https:\/\/hobierotikshop.com.tr\/website1\/?s={search_term_string}"},"query-input":{"@type":"PropertyValueSpecification","valueRequired":true,"valueName":"search_term_string"}}],"inLanguage":"tr"},{"@type":"Organization","@id":"https:\/\/hobierotikshop.com.tr\/website1\/#organization","name":"Harem Bursa Erotik Shop","url":"https:\/\/hobierotikshop.com.tr\/website1\/","logo":{"@type":"ImageObject","inLanguage":"tr","@id":"https:\/\/hobierotikshop.com.tr\/website1\/#\/schema\/logo\/image\/","url":"https:\/\/haremerotikshop.com\/wp-content\/uploads\/2025\/03\/haremsexshop.png","contentUrl":"https:\/\/haremerotikshop.com\/wp-content\/uploads\/2025\/03\/haremsexshop.png","width":400,"height":100,"caption":"Harem Bursa Erotik Shop"},"image":{"@id":"https:\/\/hobierotikshop.com.tr\/website1\/#\/schema\/logo\/image\/"},"sameAs":["https:\/\/x.com\/shopbursa"],"publishingPrinciples":"https:\/\/hobierotikshop.com.tr\/website1\/mesafeli-satis-sozlesmesi\/","ownershipFundingInfo":"https:\/\/hobierotikshop.com.tr\/website1\/contact-us\/","actionableFeedbackPolicy":"https:\/\/hobierotikshop.com.tr\/website1\/contact-us\/","correctionsPolicy":"https:\/\/hobierotikshop.com.tr\/website1\/mesafeli-satis-sozlesmesi\/"}]},"product_brand":"Pembe Tilki","product_price_amount":"2000.00","product_price_currency":"TRY","og_availability":"instock","product_availability":"instock","product_retailer_item_id":"PT-FFXG006PNK","product_condition":"new"},"_links":{"self":[{"href":"https:\/\/haremerotikshop.com\/site\/wp-json\/wp\/v2\/product\/18987","targetHints":{"allow":["GET"]}}],"collection":[{"href":"https:\/\/haremerotikshop.com\/site\/wp-json\/wp\/v2\/product"}],"about":[{"href":"https:\/\/haremerotikshop.com\/site\/wp-json\/wp\/v2\/types\/product"}],"replies":[{"embeddable":true,"href":"https:\/\/haremerotikshop.com\/site\/wp-json\/wp\/v2\/comments?post=18987"}],"version-history":[{"count":0,"href":"https:\/\/haremerotikshop.com\/site\/wp-json\/wp\/v2\/product\/18987\/revisions"}],"wp:featuredmedia":[{"embeddable":true,"href":"https:\/\/haremerotikshop.com\/site\/wp-json\/wp\/v2\/media\/19085"}],"wp:attachment":[{"href":"https:\/\/haremerotikshop.com\/site\/wp-json\/wp\/v2\/media?parent=18987"}],"wp:term":[{"taxonomy":"product_brand","embeddable":true,"href":"https:\/\/haremerotikshop.com\/site\/wp-json\/wp\/v2\/product_brand?post=18987"},{"taxonomy":"product_cat","embeddable":true,"href":"https:\/\/haremerotikshop.com\/site\/wp-json\/wp\/v2\/product_cat?post=18987"},{"taxonomy":"product_tag","embeddable":true,"href":"https:\/\/haremerotikshop.com\/site\/wp-json\/wp\/v2\/product_tag?post=18987"}],"curies":[{"name":"wp","href":"https:\/\/api.w.org\/{rel}","templated":true}]}}