{"id":19049,"date":"2025-03-17T12:26:49","date_gmt":"2025-03-17T09:26:49","guid":{"rendered":"https:\/\/haremerotikshop.com\/site\/?post_type=product&#038;p=19049"},"modified":"2026-01-26T16:26:41","modified_gmt":"2026-01-26T13:26:41","slug":"modern-bullet-vibrator-sari","status":"publish","type":"product","link":"https:\/\/haremerotikshop.com\/site\/erotik-shop-urun\/modern-bullet-vibrator-sari\/","title":{"rendered":"Modern Bullet Vibrat\u00f6r Sar\u0131"},"content":{"rendered":"<h3 data-start=\"0\" data-end=\"66\"><strong data-start=\"4\" data-end=\"66\">Modern Bullet Vibrat\u00f6r: \u015e\u0131kl\u0131k ve Fonksiyonellik Bir Arada<\/strong><\/h3>\n<p data-start=\"68\" data-end=\"549\"><strong data-start=\"68\" data-end=\"94\">Modern Bullet Vibrat\u00f6r<\/strong>, zarif tasar\u0131m\u0131 ve \u00fcst\u00fcn performans\u0131 ile <strong data-start=\"136\" data-end=\"157\">ki\u015fisel zevkinizi<\/strong> en \u00fcst seviyeye ta\u015f\u0131yacak. <strong data-start=\"185\" data-end=\"199\">Minimalist<\/strong> ve <strong data-start=\"203\" data-end=\"210\">\u015f\u0131k<\/strong> yap\u0131s\u0131 sayesinde hem estetik a\u00e7\u0131dan hem de kullan\u0131m kolayl\u0131\u011f\u0131 a\u00e7\u0131s\u0131ndan m\u00fckemmel bir deneyim sunar. <strong data-start=\"311\" data-end=\"332\">Kompakt boyutlar\u0131<\/strong>, <strong data-start=\"334\" data-end=\"364\">\u00e7oklu titre\u015fim se\u00e7enekleri<\/strong> ve <strong data-start=\"368\" data-end=\"392\">su ge\u00e7irmez tasar\u0131m\u0131<\/strong> ile her an\u0131n\u0131za <strong data-start=\"409\" data-end=\"418\">keyif<\/strong> katar. <strong data-start=\"426\" data-end=\"441\">Pembe Tilki<\/strong> g\u00fcvencesiyle tasarlanm\u0131\u015f olan bu vibrat\u00f6r, hem <strong data-start=\"489\" data-end=\"501\">bireysel<\/strong> hem de <strong data-start=\"509\" data-end=\"522\">partnerli<\/strong> kullan\u0131mlar i\u00e7in idealdir.<\/p>\n<hr data-start=\"551\" data-end=\"554\" \/>\n<h3 data-start=\"556\" data-end=\"585\"><strong data-start=\"560\" data-end=\"585\">\u00d6ne \u00c7\u0131kan \u00d6zellikler:<\/strong><\/h3>\n<h4 data-start=\"587\" data-end=\"622\">\u2714 <strong data-start=\"594\" data-end=\"622\">10 Farkl\u0131 Titre\u015fim Modu:<\/strong><\/h4>\n<ul data-start=\"623\" data-end=\"923\">\n<li data-start=\"623\" data-end=\"923\"><strong data-start=\"625\" data-end=\"651\">Modern Bullet Vibrat\u00f6r<\/strong>, <strong data-start=\"653\" data-end=\"680\">10 farkl\u0131 titre\u015fim modu<\/strong> ile <strong data-start=\"685\" data-end=\"725\">kendi zevkinize g\u00f6re \u00f6zelle\u015ftirilmi\u015f<\/strong> bir deneyim sunar. \u0130ster <strong data-start=\"751\" data-end=\"760\">hafif<\/strong>, ister <strong data-start=\"768\" data-end=\"777\">yo\u011fun<\/strong> titre\u015fimler tercih edin, istedi\u011finiz hissiyat\u0131 elde edebilirsiniz. Farkl\u0131 yo\u011funluklardaki titre\u015fimler, her kullan\u0131mda <strong data-start=\"896\" data-end=\"916\">yeni bir deneyim<\/strong> sunar.<\/li>\n<\/ul>\n<h4 data-start=\"925\" data-end=\"968\">\u2714 <strong data-start=\"932\" data-end=\"968\">Kompakt ve Ta\u015f\u0131nabilir Boyutlar:<\/strong><\/h4>\n<ul data-start=\"969\" data-end=\"1275\">\n<li data-start=\"969\" data-end=\"1275\"><strong data-start=\"971\" data-end=\"991\">2,5 cm x 10,3 cm<\/strong> boyutlar\u0131yla olduk\u00e7a <strong data-start=\"1013\" data-end=\"1024\">kompakt<\/strong> ve <strong data-start=\"1028\" data-end=\"1043\">ta\u015f\u0131nabilir<\/strong> olan bu vibrat\u00f6r, \u00e7antan\u0131zda veya cebinizde rahat\u00e7a ta\u015f\u0131yabilece\u011finiz \u015fekilde tasarlanm\u0131\u015ft\u0131r. <strong data-start=\"1138\" data-end=\"1150\">Gizlilik<\/strong> ve <strong data-start=\"1154\" data-end=\"1178\">kolay ta\u015f\u0131nabilirlik<\/strong> isteyen kullan\u0131c\u0131lar i\u00e7in m\u00fckemmel bir se\u00e7imdir. Her yerde, her an rahatl\u0131kla kullanabilirsiniz.<\/li>\n<\/ul>\n<h4 data-start=\"1277\" data-end=\"1312\">\u2714 <strong data-start=\"1284\" data-end=\"1312\">Y\u00fcksek Kaliteli Malzeme:<\/strong><\/h4>\n<ul data-start=\"1313\" data-end=\"1569\">\n<li data-start=\"1313\" data-end=\"1569\"><strong data-start=\"1315\" data-end=\"1333\">ABS ve silikon<\/strong> malzemeden \u00fcretilmi\u015f olan bu vibrat\u00f6r, <strong data-start=\"1373\" data-end=\"1387\">cilt dostu<\/strong>, <strong data-start=\"1389\" data-end=\"1401\">hijyenik<\/strong> ve <strong data-start=\"1405\" data-end=\"1418\">dayan\u0131kl\u0131<\/strong> bir yap\u0131ya sahiptir. Yumu\u015fak <strong data-start=\"1448\" data-end=\"1467\">silikon kaplama<\/strong>, ciltle uyumlu olup uzun s\u00fcreli kullan\u0131mda konfor sa\u011flar. <strong data-start=\"1526\" data-end=\"1539\">ABS g\u00f6vde<\/strong> ise sa\u011flam ve uzun \u00f6m\u00fcrl\u00fcd\u00fcr.<\/li>\n<\/ul>\n<h4 data-start=\"1571\" data-end=\"1606\">\u2714 <strong data-start=\"1578\" data-end=\"1606\">USB ile \u015earj Edilebilir:<\/strong><\/h4>\n<ul data-start=\"1607\" data-end=\"1800\">\n<li data-start=\"1607\" data-end=\"1800\"><strong data-start=\"1609\" data-end=\"1630\">USB \u015farj \u00f6zelli\u011fi<\/strong>, pil de\u011fi\u015ftirme derdini ortadan kald\u0131r\u0131r. <strong data-start=\"1673\" data-end=\"1687\">H\u0131zl\u0131 \u015farj<\/strong> imkan\u0131 ile istedi\u011finiz her yerde kolayca \u015farj edebilir ve uzun s\u00fcreli kullan\u0131m i\u00e7in haz\u0131r hale getirebilirsiniz.<\/li>\n<\/ul>\n<h4 data-start=\"1802\" data-end=\"1833\">\u2714 <strong data-start=\"1809\" data-end=\"1833\">Su Ge\u00e7irmez Tasar\u0131m:<\/strong><\/h4>\n<ul data-start=\"1834\" data-end=\"2073\">\n<li data-start=\"1834\" data-end=\"2073\"><strong data-start=\"1836\" data-end=\"1860\">Su ge\u00e7irmez tasar\u0131m\u0131<\/strong> sayesinde, <strong data-start=\"1872\" data-end=\"1881\">du\u015fta<\/strong> veya <strong data-start=\"1887\" data-end=\"1898\">banyoda<\/strong> kullanabilirsiniz. Ayr\u0131ca, temizlik konusunda da <strong data-start=\"1948\" data-end=\"1960\">kolayl\u0131k<\/strong> sa\u011flar. Hijyen a\u00e7\u0131s\u0131ndan son derece <strong data-start=\"1997\" data-end=\"2007\">pratik<\/strong> olan bu \u00f6zellik, kullan\u0131m sonras\u0131 temizlik yapmay\u0131 kolayla\u015ft\u0131r\u0131r.<\/li>\n<\/ul>\n<hr data-start=\"2075\" data-end=\"2078\" \/>\n<h3 data-start=\"2080\" data-end=\"2116\"><strong data-start=\"2084\" data-end=\"2116\">Boyutlar ve Teknik Detaylar:<\/strong><\/h3>\n<ul data-start=\"2118\" data-end=\"2370\">\n<li data-start=\"2118\" data-end=\"2150\"><strong data-start=\"2120\" data-end=\"2133\">Boyutlar:<\/strong> 2,5 cm x 10,3 cm<\/li>\n<li data-start=\"2151\" data-end=\"2205\"><strong data-start=\"2153\" data-end=\"2165\">Malzeme:<\/strong> ABS ve silikon (cilt dostu ve hijyenik)<\/li>\n<li data-start=\"2206\" data-end=\"2253\"><strong data-start=\"2208\" data-end=\"2229\">Titre\u015fim Modlar\u0131:<\/strong> 10 farkl\u0131 titre\u015fim modu<\/li>\n<li data-start=\"2254\" data-end=\"2307\"><strong data-start=\"2256\" data-end=\"2274\">\u015earj \u00d6zelli\u011fi:<\/strong> USB \u015farj (piller dahil de\u011fildir)<\/li>\n<li data-start=\"2308\" data-end=\"2334\"><strong data-start=\"2310\" data-end=\"2329\">Su Ge\u00e7irmezlik:<\/strong> Evet<\/li>\n<li data-start=\"2335\" data-end=\"2370\"><strong data-start=\"2337\" data-end=\"2349\">A\u011f\u0131rl\u0131k:<\/strong> Hafif ve ta\u015f\u0131nabilir<\/li>\n<\/ul>\n<hr data-start=\"2372\" data-end=\"2375\" \/>\n<h3 data-start=\"2377\" data-end=\"2414\"><strong data-start=\"2381\" data-end=\"2414\">Neden Modern Bullet Vibrat\u00f6r?<\/strong><\/h3>\n<p data-start=\"2416\" data-end=\"2794\"><strong data-start=\"2416\" data-end=\"2442\">Modern Bullet Vibrat\u00f6r<\/strong>, <strong data-start=\"2444\" data-end=\"2467\">minimalist tasar\u0131m\u0131<\/strong> ve <strong data-start=\"2471\" data-end=\"2510\">\u00f6zelle\u015ftirilebilir titre\u015fim modlar\u0131<\/strong> ile kullan\u0131c\u0131lar\u0131na rahatl\u0131k ve performans sunar. <strong data-start=\"2561\" data-end=\"2579\">Kompakt yap\u0131s\u0131<\/strong>, <strong data-start=\"2581\" data-end=\"2596\">su ge\u00e7irmez<\/strong> tasar\u0131m\u0131 ve <strong data-start=\"2609\" data-end=\"2621\">USB \u015farj<\/strong> \u00f6zelli\u011fi, \u00fcr\u00fcn\u00fc <strong data-start=\"2638\" data-end=\"2648\">pratik<\/strong> ve <strong data-start=\"2652\" data-end=\"2682\">g\u00fcnl\u00fck kullan\u0131m i\u00e7in ideal<\/strong> hale getirir. Hem bireysel kullan\u0131mda hem de partnerli ke\u015fiflerde, keyifli ve tatmin edici bir deneyim ya\u015fat\u0131r.<\/p>\n<hr data-start=\"2796\" data-end=\"2799\" \/>\n<h3 data-start=\"2801\" data-end=\"2845\"><strong data-start=\"2805\" data-end=\"2845\">Ki\u015fisel Deneyiminizi Zenginle\u015ftirin:<\/strong><\/h3>\n<p data-start=\"2847\" data-end=\"3123\"><strong data-start=\"2847\" data-end=\"2873\">Modern Bullet Vibrat\u00f6r<\/strong>, <strong data-start=\"2875\" data-end=\"2889\">minimalist<\/strong> tasar\u0131m\u0131 ve <strong data-start=\"2902\" data-end=\"2924\">y\u00fcksek performans\u0131<\/strong> ile her kullan\u0131c\u0131n\u0131n ihtiyac\u0131n\u0131 kar\u015f\u0131layacak \u015fekilde tasarlanm\u0131\u015ft\u0131r. <strong data-start=\"2994\" data-end=\"3006\">Gizlilik<\/strong>, <strong data-start=\"3008\" data-end=\"3018\">konfor<\/strong> ve <strong data-start=\"3022\" data-end=\"3032\">\u015f\u0131kl\u0131k<\/strong> arayanlar i\u00e7in ideal olan bu vibrat\u00f6r, her an\u0131n\u0131za keyif katmak i\u00e7in m\u00fckemmel bir \u00fcr\u00fcnd\u00fcr.<\/p>\n<hr data-start=\"3125\" data-end=\"3128\" \/>\n<p data-start=\"3130\" data-end=\"3241\" data-is-last-node=\"\" data-is-only-node=\"\"><strong data-start=\"3130\" data-end=\"3145\">Pembe Tilki<\/strong> kalitesiyle sunulan <strong data-start=\"3166\" data-end=\"3192\">Modern Bullet Vibrat\u00f6r<\/strong> ile, her an\u0131n\u0131zda rahatlamay\u0131 ve keyfi hissedin.<\/p>\n","protected":false},"excerpt":{"rendered":"<p><strong data-start=\"68\" data-end=\"94\">Modern Bullet Vibrat\u00f6r<\/strong>, zarif tasar\u0131m\u0131 ve \u00fcst\u00fcn performans\u0131 ile <strong data-start=\"136\" data-end=\"157\">ki\u015fisel zevkinizi<\/strong> en \u00fcst seviyeye ta\u015f\u0131yacak. <strong data-start=\"185\" data-end=\"199\">Minimalist<\/strong> ve <strong data-start=\"203\" data-end=\"210\">\u015f\u0131k<\/strong> yap\u0131s\u0131 sayesinde hem estetik a\u00e7\u0131dan hem de kullan\u0131m kolayl\u0131\u011f\u0131 a\u00e7\u0131s\u0131ndan m\u00fckemmel bir deneyim sunar. <strong data-start=\"311\" data-end=\"332\">Kompakt boyutlar\u0131<\/strong>, <strong data-start=\"334\" data-end=\"364\">\u00e7oklu titre\u015fim se\u00e7enekleri<\/strong> ve <strong data-start=\"368\" data-end=\"392\">su ge\u00e7irmez tasar\u0131m\u0131<\/strong> ile her an\u0131n\u0131za <strong data-start=\"409\" data-end=\"418\">keyif<\/strong> katar. <strong data-start=\"426\" data-end=\"441\">Pembe Tilki<\/strong> g\u00fcvencesiyle tasarlanm\u0131\u015f olan bu vibrat\u00f6r, hem <strong data-start=\"489\" data-end=\"501\">bireysel<\/strong> hem de <strong data-start=\"509\" data-end=\"522\">partnerli<\/strong> kullan\u0131mlar i\u00e7in idealdir.<\/p>\n","protected":false},"featured_media":19108,"comment_status":"open","ping_status":"closed","template":"","meta":[],"product_brand":[127],"product_cat":[85],"product_tag":[265],"class_list":{"0":"post-19049","1":"product","2":"type-product","3":"status-publish","4":"has-post-thumbnail","6":"product_brand-pembe-tilki","7":"product_cat-modern-vibrator","8":"product_tag-modern-bullet-vibrator-sari","10":"first","11":"outofstock","12":"taxable","13":"shipping-taxable","14":"purchasable","15":"product-type-simple"},"yoast_head":"<!-- This site is optimized with the Yoast SEO Premium plugin v24.4 (Yoast SEO v27.1.1) - https:\/\/yoast.com\/product\/yoast-seo-premium-wordpress\/ -->\n<title>Modern Bullet Vibrat\u00f6r Sar\u0131 - Bursa Erotik Shop<\/title>\n<meta name=\"robots\" content=\"index, follow, max-snippet:-1, max-image-preview:large, max-video-preview:-1\" \/>\n<link rel=\"canonical\" href=\"https:\/\/hobierotikshop.com.tr\/website1\/erotik-shop-urun\/modern-bullet-vibrator-sari\/\" \/>\n<meta property=\"og:locale\" content=\"tr_TR\" \/>\n<meta property=\"og:type\" content=\"article\" \/>\n<meta property=\"og:title\" content=\"Modern Bullet Vibrat\u00f6r Sar\u0131\" \/>\n<meta property=\"og:description\" content=\"Modern Bullet Vibrat\u00f6r, zarif tasar\u0131m\u0131 ve \u00fcst\u00fcn performans\u0131 ile ki\u015fisel zevkinizi en \u00fcst seviyeye ta\u015f\u0131yacak. Minimalist ve \u015f\u0131k yap\u0131s\u0131 sayesinde hem estetik a\u00e7\u0131dan hem de kullan\u0131m kolayl\u0131\u011f\u0131 a\u00e7\u0131s\u0131ndan m\u00fckemmel bir deneyim sunar. Kompakt boyutlar\u0131, \u00e7oklu titre\u015fim se\u00e7enekleri ve su ge\u00e7irmez tasar\u0131m\u0131 ile her an\u0131n\u0131za keyif katar. Pembe Tilki g\u00fcvencesiyle tasarlanm\u0131\u015f olan bu vibrat\u00f6r, hem bireysel hem de partnerli kullan\u0131mlar i\u00e7in idealdir.\" \/>\n<meta property=\"og:url\" content=\"https:\/\/hobierotikshop.com.tr\/website1\/erotik-shop-urun\/modern-bullet-vibrator-sari\/\" \/>\n<meta property=\"og:site_name\" content=\"Bursa Erotik Shop\" \/>\n<meta property=\"article:modified_time\" content=\"2026-01-26T13:26:41+00:00\" \/>\n<meta property=\"og:image\" content=\"https:\/\/hobierotikshop.com.tr\/website1\/wp-content\/uploads\/2025\/03\/modern-bullet-vibrator-sari-1999.jpg\" \/>\n\t<meta property=\"og:image:width\" content=\"1500\" \/>\n\t<meta property=\"og:image:height\" content=\"1500\" \/>\n\t<meta property=\"og:image:type\" content=\"image\/jpeg\" \/>\n<meta name=\"twitter:card\" content=\"summary_large_image\" \/>\n<meta name=\"twitter:site\" content=\"@shopbursa\" \/>\n<meta name=\"twitter:label1\" content=\"Fiyat\" \/>\n\t<meta name=\"twitter:data1\" content=\"&#8378;660,00 KDV DAH\u0130L\" \/>\n\t<meta name=\"twitter:label2\" content=\"Availability\" \/>\n\t<meta name=\"twitter:data2\" content=\"Out of stock\" \/>\n<script type=\"application\/ld+json\" class=\"yoast-schema-graph\">{\"@context\":\"https:\/\/schema.org\",\"@graph\":[{\"@type\":\"WebPage\",\"@id\":\"https:\/\/hobierotikshop.com.tr\/website1\/erotik-shop-urun\/modern-bullet-vibrator-sari\/\",\"url\":\"https:\/\/hobierotikshop.com.tr\/website1\/erotik-shop-urun\/modern-bullet-vibrator-sari\/\",\"name\":\"Modern Bullet Vibrat\u00f6r Sar\u0131 - Bursa Erotik Shop\",\"isPartOf\":{\"@id\":\"https:\/\/hobierotikshop.com.tr\/website1\/#website\"},\"primaryImageOfPage\":{\"@id\":\"https:\/\/hobierotikshop.com.tr\/website1\/erotik-shop-urun\/modern-bullet-vibrator-sari\/#primaryimage\"},\"image\":{\"@id\":\"https:\/\/hobierotikshop.com.tr\/website1\/erotik-shop-urun\/modern-bullet-vibrator-sari\/#primaryimage\"},\"thumbnailUrl\":\"https:\/\/haremerotikshop.com\/site\/wp-content\/uploads\/2025\/03\/modern-bullet-vibrator-sari-1999.jpg\",\"datePublished\":\"2025-03-17T09:26:49+00:00\",\"dateModified\":\"2026-01-26T13:26:41+00:00\",\"breadcrumb\":{\"@id\":\"https:\/\/hobierotikshop.com.tr\/website1\/erotik-shop-urun\/modern-bullet-vibrator-sari\/#breadcrumb\"},\"inLanguage\":\"tr\",\"potentialAction\":[{\"@type\":\"ReadAction\",\"target\":[\"https:\/\/hobierotikshop.com.tr\/website1\/erotik-shop-urun\/modern-bullet-vibrator-sari\/\"]}]},{\"@type\":\"ImageObject\",\"inLanguage\":\"tr\",\"@id\":\"https:\/\/hobierotikshop.com.tr\/website1\/erotik-shop-urun\/modern-bullet-vibrator-sari\/#primaryimage\",\"url\":\"https:\/\/haremerotikshop.com\/site\/wp-content\/uploads\/2025\/03\/modern-bullet-vibrator-sari-1999.jpg\",\"contentUrl\":\"https:\/\/haremerotikshop.com\/site\/wp-content\/uploads\/2025\/03\/modern-bullet-vibrator-sari-1999.jpg\",\"width\":1500,\"height\":1500},{\"@type\":\"BreadcrumbList\",\"@id\":\"https:\/\/hobierotikshop.com.tr\/website1\/erotik-shop-urun\/modern-bullet-vibrator-sari\/#breadcrumb\",\"itemListElement\":[{\"@type\":\"ListItem\",\"position\":1,\"name\":\"Anasayfa\",\"item\":\"https:\/\/hobierotikshop.com.tr\/website1\/\"},{\"@type\":\"ListItem\",\"position\":2,\"name\":\"Erotik Shop \u00dcr\u00fcnleri\",\"item\":\"https:\/\/hobierotikshop.com.tr\/website1\/shop\/\"},{\"@type\":\"ListItem\",\"position\":3,\"name\":\"Modern Bullet Vibrat\u00f6r Sar\u0131\"}]},{\"@type\":\"WebSite\",\"@id\":\"https:\/\/hobierotikshop.com.tr\/website1\/#website\",\"url\":\"https:\/\/hobierotikshop.com.tr\/website1\/\",\"name\":\"Bursa Erotik Shop\",\"description\":\"Bursa Erotik Shop ile g\u00fcvenli, gizli ve kaliteli yeti\u015fkin \u00fcr\u00fcnleri al\u0131\u015fveri\u015fi! Geni\u015f \u00fcr\u00fcn yelpazemizi ke\u015ffedin, hemen sipari\u015f verin\",\"publisher\":{\"@id\":\"https:\/\/hobierotikshop.com.tr\/website1\/#organization\"},\"alternateName\":\"Erotik Shop\",\"potentialAction\":[{\"@type\":\"SearchAction\",\"target\":{\"@type\":\"EntryPoint\",\"urlTemplate\":\"https:\/\/hobierotikshop.com.tr\/website1\/?s={search_term_string}\"},\"query-input\":{\"@type\":\"PropertyValueSpecification\",\"valueRequired\":true,\"valueName\":\"search_term_string\"}}],\"inLanguage\":\"tr\"},{\"@type\":\"Organization\",\"@id\":\"https:\/\/hobierotikshop.com.tr\/website1\/#organization\",\"name\":\"Harem Bursa Erotik Shop\",\"url\":\"https:\/\/hobierotikshop.com.tr\/website1\/\",\"logo\":{\"@type\":\"ImageObject\",\"inLanguage\":\"tr\",\"@id\":\"https:\/\/hobierotikshop.com.tr\/website1\/#\/schema\/logo\/image\/\",\"url\":\"https:\/\/haremerotikshop.com\/site\/wp-content\/uploads\/2025\/03\/haremsexshop.png\",\"contentUrl\":\"https:\/\/haremerotikshop.com\/site\/wp-content\/uploads\/2025\/03\/haremsexshop.png\",\"width\":400,\"height\":100,\"caption\":\"Harem Bursa Erotik Shop\"},\"image\":{\"@id\":\"https:\/\/hobierotikshop.com.tr\/website1\/#\/schema\/logo\/image\/\"},\"sameAs\":[\"https:\/\/x.com\/shopbursa\"],\"publishingPrinciples\":\"https:\/\/hobierotikshop.com.tr\/website1\/mesafeli-satis-sozlesmesi\/\",\"ownershipFundingInfo\":\"https:\/\/hobierotikshop.com.tr\/website1\/contact-us\/\",\"actionableFeedbackPolicy\":\"https:\/\/hobierotikshop.com.tr\/website1\/contact-us\/\",\"correctionsPolicy\":\"https:\/\/hobierotikshop.com.tr\/website1\/mesafeli-satis-sozlesmesi\/\"}]}<\/script>\n<meta property=\"product:brand\" content=\"Pembe Tilki\" \/>\n<meta property=\"product:price:amount\" content=\"660.00\" \/>\n<meta property=\"product:price:currency\" content=\"TRY\" \/>\n<meta property=\"og:availability\" content=\"out of stock\" \/>\n<meta property=\"product:availability\" content=\"out of stock\" \/>\n<meta property=\"product:retailer_item_id\" content=\"PT-DVXA447YLW\" \/>\n<meta property=\"product:condition\" content=\"new\" \/>\n<!-- \/ Yoast SEO Premium plugin. -->","yoast_head_json":{"title":"Modern Bullet Vibrat\u00f6r Sar\u0131 - Bursa Erotik Shop","robots":{"index":"index","follow":"follow","max-snippet":"max-snippet:-1","max-image-preview":"max-image-preview:large","max-video-preview":"max-video-preview:-1"},"canonical":"https:\/\/hobierotikshop.com.tr\/website1\/erotik-shop-urun\/modern-bullet-vibrator-sari\/","og_locale":"tr_TR","og_type":"article","og_title":"Modern Bullet Vibrat\u00f6r Sar\u0131","og_description":"Modern Bullet Vibrat\u00f6r, zarif tasar\u0131m\u0131 ve \u00fcst\u00fcn performans\u0131 ile ki\u015fisel zevkinizi en \u00fcst seviyeye ta\u015f\u0131yacak. Minimalist ve \u015f\u0131k yap\u0131s\u0131 sayesinde hem estetik a\u00e7\u0131dan hem de kullan\u0131m kolayl\u0131\u011f\u0131 a\u00e7\u0131s\u0131ndan m\u00fckemmel bir deneyim sunar. Kompakt boyutlar\u0131, \u00e7oklu titre\u015fim se\u00e7enekleri ve su ge\u00e7irmez tasar\u0131m\u0131 ile her an\u0131n\u0131za keyif katar. Pembe Tilki g\u00fcvencesiyle tasarlanm\u0131\u015f olan bu vibrat\u00f6r, hem bireysel hem de partnerli kullan\u0131mlar i\u00e7in idealdir.","og_url":"https:\/\/hobierotikshop.com.tr\/website1\/erotik-shop-urun\/modern-bullet-vibrator-sari\/","og_site_name":"Bursa Erotik Shop","article_modified_time":"2026-01-26T13:26:41+00:00","og_image":[{"width":1500,"height":1500,"url":"https:\/\/hobierotikshop.com.tr\/website1\/wp-content\/uploads\/2025\/03\/modern-bullet-vibrator-sari-1999.jpg","type":"image\/jpeg"}],"twitter_card":"summary_large_image","twitter_site":"@shopbursa","twitter_misc":{"Fiyat":"&#8378;660,00 KDV DAH\u0130L","Availability":"Out of stock"},"schema":{"@context":"https:\/\/schema.org","@graph":[{"@type":"WebPage","@id":"https:\/\/hobierotikshop.com.tr\/website1\/erotik-shop-urun\/modern-bullet-vibrator-sari\/","url":"https:\/\/hobierotikshop.com.tr\/website1\/erotik-shop-urun\/modern-bullet-vibrator-sari\/","name":"Modern Bullet Vibrat\u00f6r Sar\u0131 - Bursa Erotik Shop","isPartOf":{"@id":"https:\/\/hobierotikshop.com.tr\/website1\/#website"},"primaryImageOfPage":{"@id":"https:\/\/hobierotikshop.com.tr\/website1\/erotik-shop-urun\/modern-bullet-vibrator-sari\/#primaryimage"},"image":{"@id":"https:\/\/hobierotikshop.com.tr\/website1\/erotik-shop-urun\/modern-bullet-vibrator-sari\/#primaryimage"},"thumbnailUrl":"https:\/\/haremerotikshop.com\/site\/wp-content\/uploads\/2025\/03\/modern-bullet-vibrator-sari-1999.jpg","datePublished":"2025-03-17T09:26:49+00:00","dateModified":"2026-01-26T13:26:41+00:00","breadcrumb":{"@id":"https:\/\/hobierotikshop.com.tr\/website1\/erotik-shop-urun\/modern-bullet-vibrator-sari\/#breadcrumb"},"inLanguage":"tr","potentialAction":[{"@type":"ReadAction","target":["https:\/\/hobierotikshop.com.tr\/website1\/erotik-shop-urun\/modern-bullet-vibrator-sari\/"]}]},{"@type":"ImageObject","inLanguage":"tr","@id":"https:\/\/hobierotikshop.com.tr\/website1\/erotik-shop-urun\/modern-bullet-vibrator-sari\/#primaryimage","url":"https:\/\/haremerotikshop.com\/site\/wp-content\/uploads\/2025\/03\/modern-bullet-vibrator-sari-1999.jpg","contentUrl":"https:\/\/haremerotikshop.com\/site\/wp-content\/uploads\/2025\/03\/modern-bullet-vibrator-sari-1999.jpg","width":1500,"height":1500},{"@type":"BreadcrumbList","@id":"https:\/\/hobierotikshop.com.tr\/website1\/erotik-shop-urun\/modern-bullet-vibrator-sari\/#breadcrumb","itemListElement":[{"@type":"ListItem","position":1,"name":"Anasayfa","item":"https:\/\/hobierotikshop.com.tr\/website1\/"},{"@type":"ListItem","position":2,"name":"Erotik Shop \u00dcr\u00fcnleri","item":"https:\/\/hobierotikshop.com.tr\/website1\/shop\/"},{"@type":"ListItem","position":3,"name":"Modern Bullet Vibrat\u00f6r Sar\u0131"}]},{"@type":"WebSite","@id":"https:\/\/hobierotikshop.com.tr\/website1\/#website","url":"https:\/\/hobierotikshop.com.tr\/website1\/","name":"Bursa Erotik Shop","description":"Bursa Erotik Shop ile g\u00fcvenli, gizli ve kaliteli yeti\u015fkin \u00fcr\u00fcnleri al\u0131\u015fveri\u015fi! Geni\u015f \u00fcr\u00fcn yelpazemizi ke\u015ffedin, hemen sipari\u015f verin","publisher":{"@id":"https:\/\/hobierotikshop.com.tr\/website1\/#organization"},"alternateName":"Erotik Shop","potentialAction":[{"@type":"SearchAction","target":{"@type":"EntryPoint","urlTemplate":"https:\/\/hobierotikshop.com.tr\/website1\/?s={search_term_string}"},"query-input":{"@type":"PropertyValueSpecification","valueRequired":true,"valueName":"search_term_string"}}],"inLanguage":"tr"},{"@type":"Organization","@id":"https:\/\/hobierotikshop.com.tr\/website1\/#organization","name":"Harem Bursa Erotik Shop","url":"https:\/\/hobierotikshop.com.tr\/website1\/","logo":{"@type":"ImageObject","inLanguage":"tr","@id":"https:\/\/hobierotikshop.com.tr\/website1\/#\/schema\/logo\/image\/","url":"https:\/\/haremerotikshop.com\/site\/wp-content\/uploads\/2025\/03\/haremsexshop.png","contentUrl":"https:\/\/haremerotikshop.com\/site\/wp-content\/uploads\/2025\/03\/haremsexshop.png","width":400,"height":100,"caption":"Harem Bursa Erotik Shop"},"image":{"@id":"https:\/\/hobierotikshop.com.tr\/website1\/#\/schema\/logo\/image\/"},"sameAs":["https:\/\/x.com\/shopbursa"],"publishingPrinciples":"https:\/\/hobierotikshop.com.tr\/website1\/mesafeli-satis-sozlesmesi\/","ownershipFundingInfo":"https:\/\/hobierotikshop.com.tr\/website1\/contact-us\/","actionableFeedbackPolicy":"https:\/\/hobierotikshop.com.tr\/website1\/contact-us\/","correctionsPolicy":"https:\/\/hobierotikshop.com.tr\/website1\/mesafeli-satis-sozlesmesi\/"}]},"product_brand":"Pembe Tilki","product_price_amount":"660.00","product_price_currency":"TRY","og_availability":"out of stock","product_availability":"out of stock","product_retailer_item_id":"PT-DVXA447YLW","product_condition":"new"},"_links":{"self":[{"href":"https:\/\/haremerotikshop.com\/site\/wp-json\/wp\/v2\/product\/19049","targetHints":{"allow":["GET"]}}],"collection":[{"href":"https:\/\/haremerotikshop.com\/site\/wp-json\/wp\/v2\/product"}],"about":[{"href":"https:\/\/haremerotikshop.com\/site\/wp-json\/wp\/v2\/types\/product"}],"replies":[{"embeddable":true,"href":"https:\/\/haremerotikshop.com\/site\/wp-json\/wp\/v2\/comments?post=19049"}],"version-history":[{"count":0,"href":"https:\/\/haremerotikshop.com\/site\/wp-json\/wp\/v2\/product\/19049\/revisions"}],"wp:featuredmedia":[{"embeddable":true,"href":"https:\/\/haremerotikshop.com\/site\/wp-json\/wp\/v2\/media\/19108"}],"wp:attachment":[{"href":"https:\/\/haremerotikshop.com\/site\/wp-json\/wp\/v2\/media?parent=19049"}],"wp:term":[{"taxonomy":"product_brand","embeddable":true,"href":"https:\/\/haremerotikshop.com\/site\/wp-json\/wp\/v2\/product_brand?post=19049"},{"taxonomy":"product_cat","embeddable":true,"href":"https:\/\/haremerotikshop.com\/site\/wp-json\/wp\/v2\/product_cat?post=19049"},{"taxonomy":"product_tag","embeddable":true,"href":"https:\/\/haremerotikshop.com\/site\/wp-json\/wp\/v2\/product_tag?post=19049"}],"curies":[{"name":"wp","href":"https:\/\/api.w.org\/{rel}","templated":true}]}}