{"id":19072,"date":"2025-03-17T12:27:11","date_gmt":"2025-03-17T09:27:11","guid":{"rendered":"https:\/\/haremerotikshop.com\/site\/?post_type=product&#038;p=19072"},"modified":"2026-01-26T16:25:47","modified_gmt":"2026-01-26T13:25:47","slug":"modern-dilli-rabbit-vibrator","status":"publish","type":"product","link":"https:\/\/haremerotikshop.com\/site\/erotik-shop-urun\/modern-dilli-rabbit-vibrator\/","title":{"rendered":"Modern Dilli Rabbit Vibrat\u00f6r"},"content":{"rendered":"<p><P><STRONG>Pembe Tilki<\/STRONG>&#8216;nin <STRONG>Modern Rabbit Vibrat\u00f6r<\/STRONG> modeli, benzersiz teknolojik \u00f6zellikleri ve zarif tasar\u0131m\u0131yla cinsel sa\u011fl\u0131\u011f\u0131n\u0131za ve keyfinize hitap eden, \u00f6zel bir deneyim sunmak \u00fczere tasarlanm\u0131\u015ft\u0131r. Bu etkileyici cihaz, \u00e7ift y\u00f6nl\u00fc uyar\u0131m sa\u011flayarak, hem teleskopik ileri geri hareket kabiliyeti hem de klitoris uyar\u0131c\u0131s\u0131yla yo\u011fun bir haz ya\u015fat\u0131r. Modern Rabbit Vibrat\u00f6r, keyifli bir kullan\u0131m s\u00fcreci boyunca, bedeninizin farkl\u0131 b\u00f6lgelerine uyumlu \u015fekilde hareket eder ve en \u00fcst d\u00fczeyde tatmin sa\u011flamak i\u00e7in tasarlanm\u0131\u015ft\u0131r.<\/P><br \/>\n<P>Cihaz\u0131n \u0131s\u0131nma \u00f6zelli\u011fi, kullan\u0131c\u0131ya daha do\u011fal bir deneyim sa\u011flamak amac\u0131yla 39,5 dereceye kadar ula\u015farak benzersiz bir s\u0131cakl\u0131k hissi verir. Bu \u00f6zellik, \u00f6zellikle daha yo\u011fun ve ger\u00e7ek\u00e7i bir his arayan kullan\u0131c\u0131lar i\u00e7in ideal bir deneyim sunar. Ayr\u0131ca, d\u00fc\u015f\u00fck ses seviyesi (50 desibel alt\u0131) ile bu g\u00fc\u00e7l\u00fc cihaz\u0131n sundu\u011fu deneyimin tad\u0131n\u0131 \u00e7\u0131kar\u0131rken gizlili\u011finizi de korur. \u0130ster evde ister seyahatlerde kullan\u0131m i\u00e7in ideal olan Modern Rabbit Vibrat\u00f6r, ses seviyesiyle de sessiz bir deneyim sa\u011flar.<\/P><br \/>\n<P>Cihaz\u0131n su ge\u00e7irmez yap\u0131s\u0131, farkl\u0131 ortamlarda, \u00f6zellikle suyun rahatlat\u0131c\u0131 etkisi alt\u0131nda bile g\u00fcvenle kullan\u0131lmas\u0131na olanak tan\u0131r. Bu \u00f6zellik, temizli\u011fi de kolayla\u015ft\u0131r\u0131r ve hijyen standartlar\u0131n\u0131 \u00fcst d\u00fczeyde tutar. \u015earj edilebilir yap\u0131s\u0131 sayesinde DC \u015farj giri\u015fi ile pratik bir \u015fekilde \u015farj olur, uzun s\u00fcreli kullan\u0131mlarda bile performans\u0131ndan \u00f6d\u00fcn vermez.<\/P><br \/>\n<P>\u00d6l\u00e7\u00fcleri itibar\u0131yla, kullan\u0131mda 13,5 cm\u2019lik ideal bir uzunluk ve 3,3 cm kal\u0131nl\u0131k sunarak, kullan\u0131c\u0131ya m\u00fckemmel bir konfor sa\u011flar. Toplam uzunlu\u011fu 23,2 cm olan bu cihaz, ergonomik yap\u0131s\u0131 sayesinde ele tam oturur ve kolay kullan\u0131m sunar. Klitoris uyar\u0131c\u0131 uzunlu\u011fu da \u00f6zel olarak tasarlanm\u0131\u015f olup, \u00f6zellikle klitoral hassasiyet isteyen kullan\u0131c\u0131lar i\u00e7in etkili sonu\u00e7lar verir.<\/P><br \/>\n<P>Rose rengi ile estetik bir zarafet yans\u0131tan <STRONG>Modern Rabbit Vibrat\u00f6r<\/STRONG>, ciltle uyumlu kaliteli malzemeden \u00fcretilmi\u015ftir ve <STRONG>Pembe Tilki<\/STRONG> markas\u0131n\u0131n g\u00fcvenilirli\u011fi ile sat\u0131\u015fa sunulmaktad\u0131r. Kendinize \u00f6zel anlar yaratmak isteyenler i\u00e7in ideal bir se\u00e7enek olan bu \u00fcr\u00fcn, hem teknolojik hem de tasar\u0131msal olarak beklentilerinizi fazlas\u0131yla kar\u015f\u0131lar.<\/P><\/p>\n","protected":false},"excerpt":{"rendered":"<p>Pembe Tilki&#8216;nin Modern Rabbit Vibrat\u00f6r modeli, benzersiz teknolojik \u00f6zellikleri ve zarif tasar\u0131m\u0131yla cinsel sa\u011fl\u0131\u011f\u0131n\u0131za ve keyfinize hitap eden, \u00f6zel bir<\/p>\n","protected":false},"featured_media":19139,"comment_status":"open","ping_status":"closed","template":"","meta":[],"product_brand":[127],"product_cat":[85],"product_tag":[271],"class_list":{"0":"post-19072","1":"product","2":"type-product","3":"status-publish","4":"has-post-thumbnail","6":"product_brand-pembe-tilki","7":"product_cat-modern-vibrator","8":"product_tag-modern-dilli-rabbit-vibrator","10":"first","11":"instock","12":"taxable","13":"shipping-taxable","14":"purchasable","15":"product-type-simple"},"yoast_head":"<!-- This site is optimized with the Yoast SEO Premium plugin v24.4 (Yoast SEO v27.1.1) - https:\/\/yoast.com\/product\/yoast-seo-premium-wordpress\/ -->\n<title>Modern Dilli Rabbit Vibrat\u00f6r - Bursa Erotik Shop<\/title>\n<meta name=\"robots\" content=\"index, follow, max-snippet:-1, max-image-preview:large, max-video-preview:-1\" \/>\n<link rel=\"canonical\" href=\"https:\/\/hobierotikshop.com.tr\/website1\/erotik-shop-urun\/modern-dilli-rabbit-vibrator\/\" \/>\n<meta property=\"og:locale\" content=\"tr_TR\" \/>\n<meta property=\"og:type\" content=\"article\" \/>\n<meta property=\"og:title\" content=\"Modern Dilli Rabbit Vibrat\u00f6r\" \/>\n<meta property=\"og:description\" content=\"Pembe Tilki&#8216;nin Modern Rabbit Vibrat\u00f6r modeli, benzersiz teknolojik \u00f6zellikleri ve zarif tasar\u0131m\u0131yla cinsel sa\u011fl\u0131\u011f\u0131n\u0131za ve keyfinize hitap eden, \u00f6zel bir\" \/>\n<meta property=\"og:url\" content=\"https:\/\/hobierotikshop.com.tr\/website1\/erotik-shop-urun\/modern-dilli-rabbit-vibrator\/\" \/>\n<meta property=\"og:site_name\" content=\"Bursa Erotik Shop\" \/>\n<meta property=\"article:modified_time\" content=\"2026-01-26T13:25:47+00:00\" \/>\n<meta property=\"og:image\" content=\"https:\/\/hobierotikshop.com.tr\/website1\/wp-content\/uploads\/2025\/03\/modern-dilli-rabbit-vibrator-1924.jpg\" \/>\n\t<meta property=\"og:image:width\" content=\"900\" \/>\n\t<meta property=\"og:image:height\" content=\"900\" \/>\n\t<meta property=\"og:image:type\" content=\"image\/jpeg\" \/>\n<meta name=\"twitter:card\" content=\"summary_large_image\" \/>\n<meta name=\"twitter:site\" content=\"@shopbursa\" \/>\n<meta name=\"twitter:label1\" content=\"Fiyat\" \/>\n\t<meta name=\"twitter:data1\" content=\"&#8378;4.000,00 KDV DAH\u0130L\" \/>\n\t<meta name=\"twitter:label2\" content=\"Availability\" \/>\n\t<meta name=\"twitter:data2\" content=\"In stock\" \/>\n<script type=\"application\/ld+json\" class=\"yoast-schema-graph\">{\"@context\":\"https:\/\/schema.org\",\"@graph\":[{\"@type\":\"WebPage\",\"@id\":\"https:\/\/hobierotikshop.com.tr\/website1\/erotik-shop-urun\/modern-dilli-rabbit-vibrator\/\",\"url\":\"https:\/\/hobierotikshop.com.tr\/website1\/erotik-shop-urun\/modern-dilli-rabbit-vibrator\/\",\"name\":\"Modern Dilli Rabbit Vibrat\u00f6r - Bursa Erotik Shop\",\"isPartOf\":{\"@id\":\"https:\/\/hobierotikshop.com.tr\/website1\/#website\"},\"primaryImageOfPage\":{\"@id\":\"https:\/\/hobierotikshop.com.tr\/website1\/erotik-shop-urun\/modern-dilli-rabbit-vibrator\/#primaryimage\"},\"image\":{\"@id\":\"https:\/\/hobierotikshop.com.tr\/website1\/erotik-shop-urun\/modern-dilli-rabbit-vibrator\/#primaryimage\"},\"thumbnailUrl\":\"https:\/\/haremerotikshop.com\/site\/wp-content\/uploads\/2025\/03\/modern-dilli-rabbit-vibrator-1924.jpg\",\"datePublished\":\"2025-03-17T09:27:11+00:00\",\"dateModified\":\"2026-01-26T13:25:47+00:00\",\"breadcrumb\":{\"@id\":\"https:\/\/hobierotikshop.com.tr\/website1\/erotik-shop-urun\/modern-dilli-rabbit-vibrator\/#breadcrumb\"},\"inLanguage\":\"tr\",\"potentialAction\":[{\"@type\":\"ReadAction\",\"target\":[\"https:\/\/hobierotikshop.com.tr\/website1\/erotik-shop-urun\/modern-dilli-rabbit-vibrator\/\"]}]},{\"@type\":\"ImageObject\",\"inLanguage\":\"tr\",\"@id\":\"https:\/\/hobierotikshop.com.tr\/website1\/erotik-shop-urun\/modern-dilli-rabbit-vibrator\/#primaryimage\",\"url\":\"https:\/\/haremerotikshop.com\/site\/wp-content\/uploads\/2025\/03\/modern-dilli-rabbit-vibrator-1924.jpg\",\"contentUrl\":\"https:\/\/haremerotikshop.com\/site\/wp-content\/uploads\/2025\/03\/modern-dilli-rabbit-vibrator-1924.jpg\",\"width\":900,\"height\":900},{\"@type\":\"BreadcrumbList\",\"@id\":\"https:\/\/hobierotikshop.com.tr\/website1\/erotik-shop-urun\/modern-dilli-rabbit-vibrator\/#breadcrumb\",\"itemListElement\":[{\"@type\":\"ListItem\",\"position\":1,\"name\":\"Anasayfa\",\"item\":\"https:\/\/hobierotikshop.com.tr\/website1\/\"},{\"@type\":\"ListItem\",\"position\":2,\"name\":\"Erotik Shop \u00dcr\u00fcnleri\",\"item\":\"https:\/\/hobierotikshop.com.tr\/website1\/shop\/\"},{\"@type\":\"ListItem\",\"position\":3,\"name\":\"Modern Dilli Rabbit Vibrat\u00f6r\"}]},{\"@type\":\"WebSite\",\"@id\":\"https:\/\/hobierotikshop.com.tr\/website1\/#website\",\"url\":\"https:\/\/hobierotikshop.com.tr\/website1\/\",\"name\":\"Bursa Erotik Shop\",\"description\":\"Bursa Erotik Shop ile g\u00fcvenli, gizli ve kaliteli yeti\u015fkin \u00fcr\u00fcnleri al\u0131\u015fveri\u015fi! Geni\u015f \u00fcr\u00fcn yelpazemizi ke\u015ffedin, hemen sipari\u015f verin\",\"publisher\":{\"@id\":\"https:\/\/hobierotikshop.com.tr\/website1\/#organization\"},\"alternateName\":\"Erotik Shop\",\"potentialAction\":[{\"@type\":\"SearchAction\",\"target\":{\"@type\":\"EntryPoint\",\"urlTemplate\":\"https:\/\/hobierotikshop.com.tr\/website1\/?s={search_term_string}\"},\"query-input\":{\"@type\":\"PropertyValueSpecification\",\"valueRequired\":true,\"valueName\":\"search_term_string\"}}],\"inLanguage\":\"tr\"},{\"@type\":\"Organization\",\"@id\":\"https:\/\/hobierotikshop.com.tr\/website1\/#organization\",\"name\":\"Harem Bursa Erotik Shop\",\"url\":\"https:\/\/hobierotikshop.com.tr\/website1\/\",\"logo\":{\"@type\":\"ImageObject\",\"inLanguage\":\"tr\",\"@id\":\"https:\/\/hobierotikshop.com.tr\/website1\/#\/schema\/logo\/image\/\",\"url\":\"https:\/\/haremerotikshop.com\/site\/wp-content\/uploads\/2025\/03\/haremsexshop.png\",\"contentUrl\":\"https:\/\/haremerotikshop.com\/site\/wp-content\/uploads\/2025\/03\/haremsexshop.png\",\"width\":400,\"height\":100,\"caption\":\"Harem Bursa Erotik Shop\"},\"image\":{\"@id\":\"https:\/\/hobierotikshop.com.tr\/website1\/#\/schema\/logo\/image\/\"},\"sameAs\":[\"https:\/\/x.com\/shopbursa\"],\"publishingPrinciples\":\"https:\/\/hobierotikshop.com.tr\/website1\/mesafeli-satis-sozlesmesi\/\",\"ownershipFundingInfo\":\"https:\/\/hobierotikshop.com.tr\/website1\/contact-us\/\",\"actionableFeedbackPolicy\":\"https:\/\/hobierotikshop.com.tr\/website1\/contact-us\/\",\"correctionsPolicy\":\"https:\/\/hobierotikshop.com.tr\/website1\/mesafeli-satis-sozlesmesi\/\"}]}<\/script>\n<meta property=\"product:brand\" content=\"Pembe Tilki\" \/>\n<meta property=\"product:price:amount\" content=\"4000.00\" \/>\n<meta property=\"product:price:currency\" content=\"TRY\" \/>\n<meta property=\"og:availability\" content=\"instock\" \/>\n<meta property=\"product:availability\" content=\"instock\" \/>\n<meta property=\"product:retailer_item_id\" content=\"PT-DVXA027B\" \/>\n<meta property=\"product:condition\" content=\"new\" \/>\n<!-- \/ Yoast SEO Premium plugin. -->","yoast_head_json":{"title":"Modern Dilli Rabbit Vibrat\u00f6r - Bursa Erotik Shop","robots":{"index":"index","follow":"follow","max-snippet":"max-snippet:-1","max-image-preview":"max-image-preview:large","max-video-preview":"max-video-preview:-1"},"canonical":"https:\/\/hobierotikshop.com.tr\/website1\/erotik-shop-urun\/modern-dilli-rabbit-vibrator\/","og_locale":"tr_TR","og_type":"article","og_title":"Modern Dilli Rabbit Vibrat\u00f6r","og_description":"Pembe Tilki&#8216;nin Modern Rabbit Vibrat\u00f6r modeli, benzersiz teknolojik \u00f6zellikleri ve zarif tasar\u0131m\u0131yla cinsel sa\u011fl\u0131\u011f\u0131n\u0131za ve keyfinize hitap eden, \u00f6zel bir","og_url":"https:\/\/hobierotikshop.com.tr\/website1\/erotik-shop-urun\/modern-dilli-rabbit-vibrator\/","og_site_name":"Bursa Erotik Shop","article_modified_time":"2026-01-26T13:25:47+00:00","og_image":[{"width":900,"height":900,"url":"https:\/\/hobierotikshop.com.tr\/website1\/wp-content\/uploads\/2025\/03\/modern-dilli-rabbit-vibrator-1924.jpg","type":"image\/jpeg"}],"twitter_card":"summary_large_image","twitter_site":"@shopbursa","twitter_misc":{"Fiyat":"&#8378;4.000,00 KDV DAH\u0130L","Availability":"In stock"},"schema":{"@context":"https:\/\/schema.org","@graph":[{"@type":"WebPage","@id":"https:\/\/hobierotikshop.com.tr\/website1\/erotik-shop-urun\/modern-dilli-rabbit-vibrator\/","url":"https:\/\/hobierotikshop.com.tr\/website1\/erotik-shop-urun\/modern-dilli-rabbit-vibrator\/","name":"Modern Dilli Rabbit Vibrat\u00f6r - Bursa Erotik Shop","isPartOf":{"@id":"https:\/\/hobierotikshop.com.tr\/website1\/#website"},"primaryImageOfPage":{"@id":"https:\/\/hobierotikshop.com.tr\/website1\/erotik-shop-urun\/modern-dilli-rabbit-vibrator\/#primaryimage"},"image":{"@id":"https:\/\/hobierotikshop.com.tr\/website1\/erotik-shop-urun\/modern-dilli-rabbit-vibrator\/#primaryimage"},"thumbnailUrl":"https:\/\/haremerotikshop.com\/site\/wp-content\/uploads\/2025\/03\/modern-dilli-rabbit-vibrator-1924.jpg","datePublished":"2025-03-17T09:27:11+00:00","dateModified":"2026-01-26T13:25:47+00:00","breadcrumb":{"@id":"https:\/\/hobierotikshop.com.tr\/website1\/erotik-shop-urun\/modern-dilli-rabbit-vibrator\/#breadcrumb"},"inLanguage":"tr","potentialAction":[{"@type":"ReadAction","target":["https:\/\/hobierotikshop.com.tr\/website1\/erotik-shop-urun\/modern-dilli-rabbit-vibrator\/"]}]},{"@type":"ImageObject","inLanguage":"tr","@id":"https:\/\/hobierotikshop.com.tr\/website1\/erotik-shop-urun\/modern-dilli-rabbit-vibrator\/#primaryimage","url":"https:\/\/haremerotikshop.com\/site\/wp-content\/uploads\/2025\/03\/modern-dilli-rabbit-vibrator-1924.jpg","contentUrl":"https:\/\/haremerotikshop.com\/site\/wp-content\/uploads\/2025\/03\/modern-dilli-rabbit-vibrator-1924.jpg","width":900,"height":900},{"@type":"BreadcrumbList","@id":"https:\/\/hobierotikshop.com.tr\/website1\/erotik-shop-urun\/modern-dilli-rabbit-vibrator\/#breadcrumb","itemListElement":[{"@type":"ListItem","position":1,"name":"Anasayfa","item":"https:\/\/hobierotikshop.com.tr\/website1\/"},{"@type":"ListItem","position":2,"name":"Erotik Shop \u00dcr\u00fcnleri","item":"https:\/\/hobierotikshop.com.tr\/website1\/shop\/"},{"@type":"ListItem","position":3,"name":"Modern Dilli Rabbit Vibrat\u00f6r"}]},{"@type":"WebSite","@id":"https:\/\/hobierotikshop.com.tr\/website1\/#website","url":"https:\/\/hobierotikshop.com.tr\/website1\/","name":"Bursa Erotik Shop","description":"Bursa Erotik Shop ile g\u00fcvenli, gizli ve kaliteli yeti\u015fkin \u00fcr\u00fcnleri al\u0131\u015fveri\u015fi! Geni\u015f \u00fcr\u00fcn yelpazemizi ke\u015ffedin, hemen sipari\u015f verin","publisher":{"@id":"https:\/\/hobierotikshop.com.tr\/website1\/#organization"},"alternateName":"Erotik Shop","potentialAction":[{"@type":"SearchAction","target":{"@type":"EntryPoint","urlTemplate":"https:\/\/hobierotikshop.com.tr\/website1\/?s={search_term_string}"},"query-input":{"@type":"PropertyValueSpecification","valueRequired":true,"valueName":"search_term_string"}}],"inLanguage":"tr"},{"@type":"Organization","@id":"https:\/\/hobierotikshop.com.tr\/website1\/#organization","name":"Harem Bursa Erotik Shop","url":"https:\/\/hobierotikshop.com.tr\/website1\/","logo":{"@type":"ImageObject","inLanguage":"tr","@id":"https:\/\/hobierotikshop.com.tr\/website1\/#\/schema\/logo\/image\/","url":"https:\/\/haremerotikshop.com\/site\/wp-content\/uploads\/2025\/03\/haremsexshop.png","contentUrl":"https:\/\/haremerotikshop.com\/site\/wp-content\/uploads\/2025\/03\/haremsexshop.png","width":400,"height":100,"caption":"Harem Bursa Erotik Shop"},"image":{"@id":"https:\/\/hobierotikshop.com.tr\/website1\/#\/schema\/logo\/image\/"},"sameAs":["https:\/\/x.com\/shopbursa"],"publishingPrinciples":"https:\/\/hobierotikshop.com.tr\/website1\/mesafeli-satis-sozlesmesi\/","ownershipFundingInfo":"https:\/\/hobierotikshop.com.tr\/website1\/contact-us\/","actionableFeedbackPolicy":"https:\/\/hobierotikshop.com.tr\/website1\/contact-us\/","correctionsPolicy":"https:\/\/hobierotikshop.com.tr\/website1\/mesafeli-satis-sozlesmesi\/"}]},"product_brand":"Pembe Tilki","product_price_amount":"4000.00","product_price_currency":"TRY","og_availability":"instock","product_availability":"instock","product_retailer_item_id":"PT-DVXA027B","product_condition":"new"},"_links":{"self":[{"href":"https:\/\/haremerotikshop.com\/site\/wp-json\/wp\/v2\/product\/19072","targetHints":{"allow":["GET"]}}],"collection":[{"href":"https:\/\/haremerotikshop.com\/site\/wp-json\/wp\/v2\/product"}],"about":[{"href":"https:\/\/haremerotikshop.com\/site\/wp-json\/wp\/v2\/types\/product"}],"replies":[{"embeddable":true,"href":"https:\/\/haremerotikshop.com\/site\/wp-json\/wp\/v2\/comments?post=19072"}],"version-history":[{"count":0,"href":"https:\/\/haremerotikshop.com\/site\/wp-json\/wp\/v2\/product\/19072\/revisions"}],"wp:featuredmedia":[{"embeddable":true,"href":"https:\/\/haremerotikshop.com\/site\/wp-json\/wp\/v2\/media\/19139"}],"wp:attachment":[{"href":"https:\/\/haremerotikshop.com\/site\/wp-json\/wp\/v2\/media?parent=19072"}],"wp:term":[{"taxonomy":"product_brand","embeddable":true,"href":"https:\/\/haremerotikshop.com\/site\/wp-json\/wp\/v2\/product_brand?post=19072"},{"taxonomy":"product_cat","embeddable":true,"href":"https:\/\/haremerotikshop.com\/site\/wp-json\/wp\/v2\/product_cat?post=19072"},{"taxonomy":"product_tag","embeddable":true,"href":"https:\/\/haremerotikshop.com\/site\/wp-json\/wp\/v2\/product_tag?post=19072"}],"curies":[{"name":"wp","href":"https:\/\/api.w.org\/{rel}","templated":true}]}}