{"id":19169,"date":"2025-03-17T12:28:57","date_gmt":"2025-03-17T09:28:57","guid":{"rendered":"https:\/\/haremerotikshop.com\/site\/?post_type=product&#038;p=19169"},"modified":"2026-01-26T16:17:04","modified_gmt":"2026-01-26T13:17:04","slug":"uzaktan-kumandali-modern-vibrator","status":"publish","type":"product","link":"https:\/\/haremerotikshop.com\/site\/erotik-shop-urun\/uzaktan-kumandali-modern-vibrator\/","title":{"rendered":"Uzaktan Kumandal\u0131 Modern Vibrator"},"content":{"rendered":"<h3 data-start=\"0\" data-end=\"94\"><strong data-start=\"4\" data-end=\"92\">Pembe Tilki Uzaktan Kumandal\u0131 Modern Vibrat\u00f6r \u2013 Konfor ve Kontrol\u00fcn Bulu\u015ftu\u011fu Nokta!<\/strong><\/h3>\n<p data-start=\"96\" data-end=\"416\">\u00d6zel tasar\u0131m\u0131 ve geli\u015fmi\u015f fonksiyonlar\u0131yla <strong data-start=\"139\" data-end=\"181\">Pembe Tilki Uzaktan Kumandal\u0131 Vibrat\u00f6r<\/strong>, kullan\u0131c\u0131ya <strong data-start=\"195\" data-end=\"239\">\u00fcst d\u00fczey bir deneyim ve maksimum konfor<\/strong> sunar. <strong data-start=\"247\" data-end=\"318\">Ergonomik yap\u0131s\u0131, g\u00fc\u00e7l\u00fc titre\u015fim modlar\u0131 ve kablosuz kontrol imkan\u0131<\/strong> ile hem bireysel kullan\u0131m hem de partnerinizle keyifli anlar ya\u015famak i\u00e7in ideal bir se\u00e7enektir.<\/p>\n<hr data-start=\"418\" data-end=\"421\" \/>\n<h3 data-start=\"423\" data-end=\"452\"><strong data-start=\"427\" data-end=\"450\">\ud83d\udd39 \u00dcr\u00fcn \u00d6zellikleri<\/strong><\/h3>\n<p data-start=\"454\" data-end=\"488\">\u2714 <strong data-start=\"456\" data-end=\"486\">Cilt Dostu Premium Malzeme<\/strong><\/p>\n<ul data-start=\"489\" data-end=\"620\">\n<li data-start=\"489\" data-end=\"535\"><strong data-start=\"491\" data-end=\"533\">Y\u00fcksek kaliteli silikon ve ABS malzeme<\/strong><\/li>\n<li data-start=\"536\" data-end=\"575\"><strong data-start=\"538\" data-end=\"573\">Yumu\u015fak, p\u00fcr\u00fczs\u00fcz ve esnek yap\u0131<\/strong><\/li>\n<li data-start=\"576\" data-end=\"620\"><strong data-start=\"578\" data-end=\"618\">Hassas ciltler i\u00e7in g\u00fcvenli kullan\u0131m<\/strong><\/li>\n<\/ul>\n<p data-start=\"622\" data-end=\"661\">\u2714 <strong data-start=\"624\" data-end=\"659\">10 Farkl\u0131 Titre\u015fim ve \u0130tme Modu<\/strong><\/p>\n<ul data-start=\"662\" data-end=\"834\">\n<li data-start=\"662\" data-end=\"703\"><strong data-start=\"664\" data-end=\"701\">9 farkl\u0131 titre\u015fim ve sal\u0131n\u0131m modu<\/strong><\/li>\n<li data-start=\"704\" data-end=\"775\"><strong data-start=\"706\" data-end=\"773\">Ki\u015fisel tercihlere g\u00f6re \u00f6zelle\u015ftirilebilir yo\u011funluk se\u00e7enekleri<\/strong><\/li>\n<li data-start=\"776\" data-end=\"834\"><strong data-start=\"778\" data-end=\"832\">Hem kad\u0131nlar hem de erkekler i\u00e7in \u00e7ok y\u00f6nl\u00fc uyar\u0131m<\/strong><\/li>\n<\/ul>\n<p data-start=\"836\" data-end=\"880\">\u2714 <strong data-start=\"838\" data-end=\"878\">Uzaktan Kumanda ile Kablosuz Kontrol<\/strong><\/p>\n<ul data-start=\"881\" data-end=\"1044\">\n<li data-start=\"881\" data-end=\"928\"><strong data-start=\"883\" data-end=\"926\">10 metreye kadar uzaktan kontrol imkan\u0131<\/strong><\/li>\n<li data-start=\"929\" data-end=\"990\"><strong data-start=\"931\" data-end=\"988\">\u00c7iftler i\u00e7in interaktif ve heyecan verici bir deneyim<\/strong><\/li>\n<li data-start=\"991\" data-end=\"1044\"><strong data-start=\"993\" data-end=\"1042\">Tek ba\u015f\u0131na veya partnerle kullan\u0131m i\u00e7in uygun<\/strong><\/li>\n<\/ul>\n<p data-start=\"1046\" data-end=\"1100\">\u2714 <strong data-start=\"1048\" data-end=\"1098\">USB ile \u015earj Edilebilir \u2013 Uzun S\u00fcreli Kullan\u0131m<\/strong><\/p>\n<ul data-start=\"1101\" data-end=\"1187\">\n<li data-start=\"1101\" data-end=\"1142\"><strong data-start=\"1103\" data-end=\"1140\">Kolay ve pratik USB \u015farj \u00f6zelli\u011fi<\/strong><\/li>\n<li data-start=\"1143\" data-end=\"1187\"><strong data-start=\"1145\" data-end=\"1185\">Pil derdi olmadan kesintisiz deneyim<\/strong><\/li>\n<\/ul>\n<p data-start=\"1189\" data-end=\"1221\">\u2714 <strong data-start=\"1191\" data-end=\"1219\">IPX6 Su Ge\u00e7irmez Tasar\u0131m<\/strong><\/p>\n<ul data-start=\"1222\" data-end=\"1308\">\n<li data-start=\"1222\" data-end=\"1265\"><strong data-start=\"1224\" data-end=\"1263\">Du\u015fta veya banyoda g\u00fcvenle kullan\u0131m<\/strong><\/li>\n<li data-start=\"1266\" data-end=\"1308\"><strong data-start=\"1268\" data-end=\"1306\">Kolay temizlenebilir hijyenik yap\u0131<\/strong><\/li>\n<\/ul>\n<p data-start=\"1310\" data-end=\"1340\">\u2714 <strong data-start=\"1312\" data-end=\"1338\">Kompakt ve Ta\u015f\u0131nabilir<\/strong><\/p>\n<ul data-start=\"1341\" data-end=\"1458\">\n<li data-start=\"1341\" data-end=\"1382\"><strong data-start=\"1343\" data-end=\"1356\">Boyutlar:<\/strong> 10 cm x 6,2 cm x 3,2 cm<\/li>\n<li data-start=\"1383\" data-end=\"1411\"><strong data-start=\"1385\" data-end=\"1397\">A\u011f\u0131rl\u0131k:<\/strong> 165g &#8211; 200g<\/li>\n<li data-start=\"1412\" data-end=\"1458\"><strong data-start=\"1414\" data-end=\"1456\">Seyahat dostu, hafif ve pratik tasar\u0131m<\/strong><\/li>\n<\/ul>\n<hr data-start=\"1460\" data-end=\"1463\" \/>\n<h3 data-start=\"1465\" data-end=\"1523\"><strong data-start=\"1469\" data-end=\"1521\">\ud83d\udd39 Neden Pembe Tilki Uzaktan Kumandal\u0131 Vibrat\u00f6r?<\/strong><\/h3>\n<p data-start=\"1525\" data-end=\"1976\">\u2714 <strong data-start=\"1527\" data-end=\"1569\">Y\u00fcksek Performans &amp; Geli\u015fmi\u015f Teknoloji<\/strong> \u2013 G\u00fc\u00e7l\u00fc motoru sayesinde yo\u011fun uyar\u0131m sunar.<br data-start=\"1614\" data-end=\"1617\" \/>\u2714 <strong data-start=\"1619\" data-end=\"1648\">Kablosuz Kontrol Avantaj\u0131<\/strong> \u2013 Uzaktan kumandayla diledi\u011finiz gibi kontrol edebilirsiniz.<br data-start=\"1709\" data-end=\"1712\" \/>\u2714 <strong data-start=\"1714\" data-end=\"1741\">Ergonomik &amp; \u015e\u0131k Tasar\u0131m<\/strong> \u2013 V\u00fccut anatomisine uygun, konforlu bir kullan\u0131m sa\u011flar.<br data-start=\"1798\" data-end=\"1801\" \/>\u2714 <strong data-start=\"1803\" data-end=\"1841\">Suya Dayan\u0131kl\u0131 &amp; Hijyenik Kullan\u0131m<\/strong> \u2013 IPX6 su ge\u00e7irmezlik seviyesi ile g\u00fcvenle kullan\u0131labilir.<br data-start=\"1900\" data-end=\"1903\" \/>\u2714 <strong data-start=\"1905\" data-end=\"1933\">Sessiz &amp; Diskret \u00c7al\u0131\u015fma<\/strong> \u2013 D\u00fc\u015f\u00fck ses seviyesi ile gizlilik sunar.<\/p>\n<p data-start=\"1978\" data-end=\"2080\">\ud83d\udc96 <strong data-start=\"1981\" data-end=\"2078\">Pembe Tilki\u2019nin modern ve yenilik\u00e7i tasar\u0131m\u0131yla en \u00f6zel anlar\u0131n\u0131z\u0131 daha keyifli hale getirin!<\/strong><\/p>\n<p data-start=\"2082\" data-end=\"2149\" data-is-last-node=\"\" data-is-only-node=\"\">\ud83d\udd25 <strong data-start=\"2085\" data-end=\"2146\">\u015eimdi sipari\u015f verin, konfor ve tutkuyu bir arada ya\u015fay\u0131n!<\/strong> \ud83d\ude80<\/p>\n","protected":false},"excerpt":{"rendered":"<p>\u00d6zel tasar\u0131m\u0131 ve geli\u015fmi\u015f fonksiyonlar\u0131yla <strong data-start=\"139\" data-end=\"181\">Pembe Tilki Uzaktan Kumandal\u0131 Vibrat\u00f6r<\/strong>, kullan\u0131c\u0131ya <strong data-start=\"195\" data-end=\"239\">\u00fcst d\u00fczey bir deneyim ve maksimum konfor<\/strong> sunar. <strong data-start=\"247\" data-end=\"318\">Ergonomik yap\u0131s\u0131, g\u00fc\u00e7l\u00fc titre\u015fim modlar\u0131 ve kablosuz kontrol imkan\u0131<\/strong> ile hem bireysel kullan\u0131m hem de partnerinizle keyifli anlar ya\u015famak i\u00e7in ideal bir se\u00e7enektir.<\/p>\n","protected":false},"featured_media":19227,"comment_status":"open","ping_status":"closed","template":"","meta":[],"product_brand":[127],"product_cat":[85],"product_tag":[286],"class_list":{"0":"post-19169","1":"product","2":"type-product","3":"status-publish","4":"has-post-thumbnail","6":"product_brand-pembe-tilki","7":"product_cat-modern-vibrator","8":"product_tag-uzaktan-kumandali-modern-vibrator","10":"first","11":"instock","12":"taxable","13":"shipping-taxable","14":"purchasable","15":"product-type-simple"},"yoast_head":"<!-- This site is optimized with the Yoast SEO Premium plugin v24.4 (Yoast SEO v27.1.1) - https:\/\/yoast.com\/product\/yoast-seo-premium-wordpress\/ -->\n<title>Uzaktan Kumandal\u0131 Modern Vibrator - Bursa Erotik Shop<\/title>\n<meta name=\"robots\" content=\"index, follow, max-snippet:-1, max-image-preview:large, max-video-preview:-1\" \/>\n<link rel=\"canonical\" href=\"https:\/\/hobierotikshop.com.tr\/website1\/erotik-shop-urun\/uzaktan-kumandali-modern-vibrator\/\" \/>\n<meta property=\"og:locale\" content=\"tr_TR\" \/>\n<meta property=\"og:type\" content=\"article\" \/>\n<meta property=\"og:title\" content=\"Uzaktan Kumandal\u0131 Modern Vibrator\" \/>\n<meta property=\"og:description\" content=\"\u00d6zel tasar\u0131m\u0131 ve geli\u015fmi\u015f fonksiyonlar\u0131yla Pembe Tilki Uzaktan Kumandal\u0131 Vibrat\u00f6r, kullan\u0131c\u0131ya \u00fcst d\u00fczey bir deneyim ve maksimum konfor sunar. Ergonomik yap\u0131s\u0131, g\u00fc\u00e7l\u00fc titre\u015fim modlar\u0131 ve kablosuz kontrol imkan\u0131 ile hem bireysel kullan\u0131m hem de partnerinizle keyifli anlar ya\u015famak i\u00e7in ideal bir se\u00e7enektir.\" \/>\n<meta property=\"og:url\" content=\"https:\/\/hobierotikshop.com.tr\/website1\/erotik-shop-urun\/uzaktan-kumandali-modern-vibrator\/\" \/>\n<meta property=\"og:site_name\" content=\"Bursa Erotik Shop\" \/>\n<meta property=\"article:modified_time\" content=\"2026-01-26T13:17:04+00:00\" \/>\n<meta property=\"og:image\" content=\"https:\/\/hobierotikshop.com.tr\/website1\/wp-content\/uploads\/2025\/03\/uzaktan-kumandali-modern-vibrator-1954.jpg\" \/>\n\t<meta property=\"og:image:width\" content=\"1500\" \/>\n\t<meta property=\"og:image:height\" content=\"1500\" \/>\n\t<meta property=\"og:image:type\" content=\"image\/jpeg\" \/>\n<meta name=\"twitter:card\" content=\"summary_large_image\" \/>\n<meta name=\"twitter:site\" content=\"@shopbursa\" \/>\n<meta name=\"twitter:label1\" content=\"Fiyat\" \/>\n\t<meta name=\"twitter:data1\" content=\"&#8378;3.000,00 KDV DAH\u0130L\" \/>\n\t<meta name=\"twitter:label2\" content=\"Availability\" \/>\n\t<meta name=\"twitter:data2\" content=\"In stock\" \/>\n<script type=\"application\/ld+json\" class=\"yoast-schema-graph\">{\"@context\":\"https:\/\/schema.org\",\"@graph\":[{\"@type\":\"WebPage\",\"@id\":\"https:\/\/hobierotikshop.com.tr\/website1\/erotik-shop-urun\/uzaktan-kumandali-modern-vibrator\/\",\"url\":\"https:\/\/hobierotikshop.com.tr\/website1\/erotik-shop-urun\/uzaktan-kumandali-modern-vibrator\/\",\"name\":\"Uzaktan Kumandal\u0131 Modern Vibrator - Bursa Erotik Shop\",\"isPartOf\":{\"@id\":\"https:\/\/hobierotikshop.com.tr\/website1\/#website\"},\"primaryImageOfPage\":{\"@id\":\"https:\/\/hobierotikshop.com.tr\/website1\/erotik-shop-urun\/uzaktan-kumandali-modern-vibrator\/#primaryimage\"},\"image\":{\"@id\":\"https:\/\/hobierotikshop.com.tr\/website1\/erotik-shop-urun\/uzaktan-kumandali-modern-vibrator\/#primaryimage\"},\"thumbnailUrl\":\"https:\/\/haremerotikshop.com\/site\/wp-content\/uploads\/2025\/03\/uzaktan-kumandali-modern-vibrator-1954.jpg\",\"datePublished\":\"2025-03-17T09:28:57+00:00\",\"dateModified\":\"2026-01-26T13:17:04+00:00\",\"breadcrumb\":{\"@id\":\"https:\/\/hobierotikshop.com.tr\/website1\/erotik-shop-urun\/uzaktan-kumandali-modern-vibrator\/#breadcrumb\"},\"inLanguage\":\"tr\",\"potentialAction\":[{\"@type\":\"ReadAction\",\"target\":[\"https:\/\/hobierotikshop.com.tr\/website1\/erotik-shop-urun\/uzaktan-kumandali-modern-vibrator\/\"]}]},{\"@type\":\"ImageObject\",\"inLanguage\":\"tr\",\"@id\":\"https:\/\/hobierotikshop.com.tr\/website1\/erotik-shop-urun\/uzaktan-kumandali-modern-vibrator\/#primaryimage\",\"url\":\"https:\/\/haremerotikshop.com\/site\/wp-content\/uploads\/2025\/03\/uzaktan-kumandali-modern-vibrator-1954.jpg\",\"contentUrl\":\"https:\/\/haremerotikshop.com\/site\/wp-content\/uploads\/2025\/03\/uzaktan-kumandali-modern-vibrator-1954.jpg\",\"width\":1500,\"height\":1500},{\"@type\":\"BreadcrumbList\",\"@id\":\"https:\/\/hobierotikshop.com.tr\/website1\/erotik-shop-urun\/uzaktan-kumandali-modern-vibrator\/#breadcrumb\",\"itemListElement\":[{\"@type\":\"ListItem\",\"position\":1,\"name\":\"Anasayfa\",\"item\":\"https:\/\/hobierotikshop.com.tr\/website1\/\"},{\"@type\":\"ListItem\",\"position\":2,\"name\":\"Erotik Shop \u00dcr\u00fcnleri\",\"item\":\"https:\/\/hobierotikshop.com.tr\/website1\/shop\/\"},{\"@type\":\"ListItem\",\"position\":3,\"name\":\"Uzaktan Kumandal\u0131 Modern Vibrator\"}]},{\"@type\":\"WebSite\",\"@id\":\"https:\/\/hobierotikshop.com.tr\/website1\/#website\",\"url\":\"https:\/\/hobierotikshop.com.tr\/website1\/\",\"name\":\"Bursa Erotik Shop\",\"description\":\"Bursa Erotik Shop ile g\u00fcvenli, gizli ve kaliteli yeti\u015fkin \u00fcr\u00fcnleri al\u0131\u015fveri\u015fi! Geni\u015f \u00fcr\u00fcn yelpazemizi ke\u015ffedin, hemen sipari\u015f verin\",\"publisher\":{\"@id\":\"https:\/\/hobierotikshop.com.tr\/website1\/#organization\"},\"alternateName\":\"Erotik Shop\",\"potentialAction\":[{\"@type\":\"SearchAction\",\"target\":{\"@type\":\"EntryPoint\",\"urlTemplate\":\"https:\/\/hobierotikshop.com.tr\/website1\/?s={search_term_string}\"},\"query-input\":{\"@type\":\"PropertyValueSpecification\",\"valueRequired\":true,\"valueName\":\"search_term_string\"}}],\"inLanguage\":\"tr\"},{\"@type\":\"Organization\",\"@id\":\"https:\/\/hobierotikshop.com.tr\/website1\/#organization\",\"name\":\"Harem Bursa Erotik Shop\",\"url\":\"https:\/\/hobierotikshop.com.tr\/website1\/\",\"logo\":{\"@type\":\"ImageObject\",\"inLanguage\":\"tr\",\"@id\":\"https:\/\/hobierotikshop.com.tr\/website1\/#\/schema\/logo\/image\/\",\"url\":\"https:\/\/haremerotikshop.com\/site\/wp-content\/uploads\/2025\/03\/haremsexshop.png\",\"contentUrl\":\"https:\/\/haremerotikshop.com\/site\/wp-content\/uploads\/2025\/03\/haremsexshop.png\",\"width\":400,\"height\":100,\"caption\":\"Harem Bursa Erotik Shop\"},\"image\":{\"@id\":\"https:\/\/hobierotikshop.com.tr\/website1\/#\/schema\/logo\/image\/\"},\"sameAs\":[\"https:\/\/x.com\/shopbursa\"],\"publishingPrinciples\":\"https:\/\/hobierotikshop.com.tr\/website1\/mesafeli-satis-sozlesmesi\/\",\"ownershipFundingInfo\":\"https:\/\/hobierotikshop.com.tr\/website1\/contact-us\/\",\"actionableFeedbackPolicy\":\"https:\/\/hobierotikshop.com.tr\/website1\/contact-us\/\",\"correctionsPolicy\":\"https:\/\/hobierotikshop.com.tr\/website1\/mesafeli-satis-sozlesmesi\/\"}]}<\/script>\n<meta property=\"product:brand\" content=\"Pembe Tilki\" \/>\n<meta property=\"product:price:amount\" content=\"3000.00\" \/>\n<meta property=\"product:price:currency\" content=\"TRY\" \/>\n<meta property=\"og:availability\" content=\"instock\" \/>\n<meta property=\"product:availability\" content=\"instock\" \/>\n<meta property=\"product:retailer_item_id\" content=\"PT-DVXM571\" \/>\n<meta property=\"product:condition\" content=\"new\" \/>\n<!-- \/ Yoast SEO Premium plugin. -->","yoast_head_json":{"title":"Uzaktan Kumandal\u0131 Modern Vibrator - Bursa Erotik Shop","robots":{"index":"index","follow":"follow","max-snippet":"max-snippet:-1","max-image-preview":"max-image-preview:large","max-video-preview":"max-video-preview:-1"},"canonical":"https:\/\/hobierotikshop.com.tr\/website1\/erotik-shop-urun\/uzaktan-kumandali-modern-vibrator\/","og_locale":"tr_TR","og_type":"article","og_title":"Uzaktan Kumandal\u0131 Modern Vibrator","og_description":"\u00d6zel tasar\u0131m\u0131 ve geli\u015fmi\u015f fonksiyonlar\u0131yla Pembe Tilki Uzaktan Kumandal\u0131 Vibrat\u00f6r, kullan\u0131c\u0131ya \u00fcst d\u00fczey bir deneyim ve maksimum konfor sunar. Ergonomik yap\u0131s\u0131, g\u00fc\u00e7l\u00fc titre\u015fim modlar\u0131 ve kablosuz kontrol imkan\u0131 ile hem bireysel kullan\u0131m hem de partnerinizle keyifli anlar ya\u015famak i\u00e7in ideal bir se\u00e7enektir.","og_url":"https:\/\/hobierotikshop.com.tr\/website1\/erotik-shop-urun\/uzaktan-kumandali-modern-vibrator\/","og_site_name":"Bursa Erotik Shop","article_modified_time":"2026-01-26T13:17:04+00:00","og_image":[{"width":1500,"height":1500,"url":"https:\/\/hobierotikshop.com.tr\/website1\/wp-content\/uploads\/2025\/03\/uzaktan-kumandali-modern-vibrator-1954.jpg","type":"image\/jpeg"}],"twitter_card":"summary_large_image","twitter_site":"@shopbursa","twitter_misc":{"Fiyat":"&#8378;3.000,00 KDV DAH\u0130L","Availability":"In stock"},"schema":{"@context":"https:\/\/schema.org","@graph":[{"@type":"WebPage","@id":"https:\/\/hobierotikshop.com.tr\/website1\/erotik-shop-urun\/uzaktan-kumandali-modern-vibrator\/","url":"https:\/\/hobierotikshop.com.tr\/website1\/erotik-shop-urun\/uzaktan-kumandali-modern-vibrator\/","name":"Uzaktan Kumandal\u0131 Modern Vibrator - Bursa Erotik Shop","isPartOf":{"@id":"https:\/\/hobierotikshop.com.tr\/website1\/#website"},"primaryImageOfPage":{"@id":"https:\/\/hobierotikshop.com.tr\/website1\/erotik-shop-urun\/uzaktan-kumandali-modern-vibrator\/#primaryimage"},"image":{"@id":"https:\/\/hobierotikshop.com.tr\/website1\/erotik-shop-urun\/uzaktan-kumandali-modern-vibrator\/#primaryimage"},"thumbnailUrl":"https:\/\/haremerotikshop.com\/site\/wp-content\/uploads\/2025\/03\/uzaktan-kumandali-modern-vibrator-1954.jpg","datePublished":"2025-03-17T09:28:57+00:00","dateModified":"2026-01-26T13:17:04+00:00","breadcrumb":{"@id":"https:\/\/hobierotikshop.com.tr\/website1\/erotik-shop-urun\/uzaktan-kumandali-modern-vibrator\/#breadcrumb"},"inLanguage":"tr","potentialAction":[{"@type":"ReadAction","target":["https:\/\/hobierotikshop.com.tr\/website1\/erotik-shop-urun\/uzaktan-kumandali-modern-vibrator\/"]}]},{"@type":"ImageObject","inLanguage":"tr","@id":"https:\/\/hobierotikshop.com.tr\/website1\/erotik-shop-urun\/uzaktan-kumandali-modern-vibrator\/#primaryimage","url":"https:\/\/haremerotikshop.com\/site\/wp-content\/uploads\/2025\/03\/uzaktan-kumandali-modern-vibrator-1954.jpg","contentUrl":"https:\/\/haremerotikshop.com\/site\/wp-content\/uploads\/2025\/03\/uzaktan-kumandali-modern-vibrator-1954.jpg","width":1500,"height":1500},{"@type":"BreadcrumbList","@id":"https:\/\/hobierotikshop.com.tr\/website1\/erotik-shop-urun\/uzaktan-kumandali-modern-vibrator\/#breadcrumb","itemListElement":[{"@type":"ListItem","position":1,"name":"Anasayfa","item":"https:\/\/hobierotikshop.com.tr\/website1\/"},{"@type":"ListItem","position":2,"name":"Erotik Shop \u00dcr\u00fcnleri","item":"https:\/\/hobierotikshop.com.tr\/website1\/shop\/"},{"@type":"ListItem","position":3,"name":"Uzaktan Kumandal\u0131 Modern Vibrator"}]},{"@type":"WebSite","@id":"https:\/\/hobierotikshop.com.tr\/website1\/#website","url":"https:\/\/hobierotikshop.com.tr\/website1\/","name":"Bursa Erotik Shop","description":"Bursa Erotik Shop ile g\u00fcvenli, gizli ve kaliteli yeti\u015fkin \u00fcr\u00fcnleri al\u0131\u015fveri\u015fi! Geni\u015f \u00fcr\u00fcn yelpazemizi ke\u015ffedin, hemen sipari\u015f verin","publisher":{"@id":"https:\/\/hobierotikshop.com.tr\/website1\/#organization"},"alternateName":"Erotik Shop","potentialAction":[{"@type":"SearchAction","target":{"@type":"EntryPoint","urlTemplate":"https:\/\/hobierotikshop.com.tr\/website1\/?s={search_term_string}"},"query-input":{"@type":"PropertyValueSpecification","valueRequired":true,"valueName":"search_term_string"}}],"inLanguage":"tr"},{"@type":"Organization","@id":"https:\/\/hobierotikshop.com.tr\/website1\/#organization","name":"Harem Bursa Erotik Shop","url":"https:\/\/hobierotikshop.com.tr\/website1\/","logo":{"@type":"ImageObject","inLanguage":"tr","@id":"https:\/\/hobierotikshop.com.tr\/website1\/#\/schema\/logo\/image\/","url":"https:\/\/haremerotikshop.com\/site\/wp-content\/uploads\/2025\/03\/haremsexshop.png","contentUrl":"https:\/\/haremerotikshop.com\/site\/wp-content\/uploads\/2025\/03\/haremsexshop.png","width":400,"height":100,"caption":"Harem Bursa Erotik Shop"},"image":{"@id":"https:\/\/hobierotikshop.com.tr\/website1\/#\/schema\/logo\/image\/"},"sameAs":["https:\/\/x.com\/shopbursa"],"publishingPrinciples":"https:\/\/hobierotikshop.com.tr\/website1\/mesafeli-satis-sozlesmesi\/","ownershipFundingInfo":"https:\/\/hobierotikshop.com.tr\/website1\/contact-us\/","actionableFeedbackPolicy":"https:\/\/hobierotikshop.com.tr\/website1\/contact-us\/","correctionsPolicy":"https:\/\/hobierotikshop.com.tr\/website1\/mesafeli-satis-sozlesmesi\/"}]},"product_brand":"Pembe Tilki","product_price_amount":"3000.00","product_price_currency":"TRY","og_availability":"instock","product_availability":"instock","product_retailer_item_id":"PT-DVXM571","product_condition":"new"},"_links":{"self":[{"href":"https:\/\/haremerotikshop.com\/site\/wp-json\/wp\/v2\/product\/19169","targetHints":{"allow":["GET"]}}],"collection":[{"href":"https:\/\/haremerotikshop.com\/site\/wp-json\/wp\/v2\/product"}],"about":[{"href":"https:\/\/haremerotikshop.com\/site\/wp-json\/wp\/v2\/types\/product"}],"replies":[{"embeddable":true,"href":"https:\/\/haremerotikshop.com\/site\/wp-json\/wp\/v2\/comments?post=19169"}],"version-history":[{"count":0,"href":"https:\/\/haremerotikshop.com\/site\/wp-json\/wp\/v2\/product\/19169\/revisions"}],"wp:featuredmedia":[{"embeddable":true,"href":"https:\/\/haremerotikshop.com\/site\/wp-json\/wp\/v2\/media\/19227"}],"wp:attachment":[{"href":"https:\/\/haremerotikshop.com\/site\/wp-json\/wp\/v2\/media?parent=19169"}],"wp:term":[{"taxonomy":"product_brand","embeddable":true,"href":"https:\/\/haremerotikshop.com\/site\/wp-json\/wp\/v2\/product_brand?post=19169"},{"taxonomy":"product_cat","embeddable":true,"href":"https:\/\/haremerotikshop.com\/site\/wp-json\/wp\/v2\/product_cat?post=19169"},{"taxonomy":"product_tag","embeddable":true,"href":"https:\/\/haremerotikshop.com\/site\/wp-json\/wp\/v2\/product_tag?post=19169"}],"curies":[{"name":"wp","href":"https:\/\/api.w.org\/{rel}","templated":true}]}}