{"id":19188,"date":"2025-03-17T12:29:20","date_gmt":"2025-03-17T09:29:20","guid":{"rendered":"https:\/\/haremerotikshop.com\/site\/?post_type=product&#038;p=19188"},"modified":"2026-01-26T16:16:39","modified_gmt":"2026-01-26T13:16:39","slug":"tilki-kuyruk-anal-plug-karisik-renkler-kucuk-boy","status":"publish","type":"product","link":"https:\/\/haremerotikshop.com\/site\/erotik-shop-urun\/tilki-kuyruk-anal-plug-karisik-renkler-kucuk-boy\/","title":{"rendered":"Tilki Kuyruk Anal Plug Kar\u0131\u015f\u0131k Renkler K\u00fc\u00e7\u00fck Boy"},"content":{"rendered":"<h3 data-start=\"0\" data-end=\"58\"><strong data-start=\"4\" data-end=\"56\">Tilki Kuyruk Anal Plug \u2013 Fantazinize Renk Kat\u0131n!<\/strong><\/h3>\n<p data-start=\"60\" data-end=\"367\">Fantazi d\u00fcnyan\u0131z\u0131 daha \u00e7ekici ve e\u011flenceli hale getirmek i\u00e7in tasarlanan <strong data-start=\"133\" data-end=\"159\">Tilki Kuyruk Anal Plug<\/strong>, <strong data-start=\"161\" data-end=\"246\">ger\u00e7ek\u00e7i kuyruk g\u00f6r\u00fcn\u00fcm\u00fc, dayan\u0131kl\u0131 metal plug yap\u0131s\u0131 ve yumu\u015fak dokulu kuma\u015f\u0131yla<\/strong> fark yarat\u0131r. <strong data-start=\"261\" data-end=\"281\">Estetik tasar\u0131m\u0131<\/strong> ve <strong data-start=\"285\" data-end=\"301\">i\u015flevselli\u011fi<\/strong> bir arada sunarak \u00f6zel anlar\u0131n\u0131za e\u015fsiz bir deneyim kazand\u0131r\u0131r.<\/p>\n<hr data-start=\"369\" data-end=\"372\" \/>\n<h3 data-start=\"374\" data-end=\"403\"><strong data-start=\"378\" data-end=\"401\">\ud83d\udd39 \u00dcr\u00fcn \u00d6zellikleri<\/strong><\/h3>\n<p data-start=\"405\" data-end=\"437\">\u2714 <strong data-start=\"407\" data-end=\"435\">Ger\u00e7ek\u00e7i Kuyruk Tasar\u0131m\u0131<\/strong><\/p>\n<ul data-start=\"438\" data-end=\"554\">\n<li data-start=\"438\" data-end=\"460\"><strong data-start=\"440\" data-end=\"452\">Uzunluk:<\/strong> 40 cm<\/li>\n<li data-start=\"461\" data-end=\"503\"><strong data-start=\"463\" data-end=\"501\">Yumu\u015fak ve cilt dostu kuma\u015f dokusu<\/strong><\/li>\n<li data-start=\"504\" data-end=\"554\"><strong data-start=\"506\" data-end=\"552\">Hassas cilde zarar vermeyen rahat kullan\u0131m<\/strong><\/li>\n<\/ul>\n<p data-start=\"556\" data-end=\"602\">\u2714 <strong data-start=\"558\" data-end=\"600\">Metal Anal Plug \u2013 Hijyenik &amp; Dayan\u0131kl\u0131<\/strong><\/p>\n<ul data-start=\"603\" data-end=\"793\">\n<li data-start=\"603\" data-end=\"624\"><strong data-start=\"605\" data-end=\"617\">Uzunluk:<\/strong> 7 cm<\/li>\n<li data-start=\"625\" data-end=\"649\"><strong data-start=\"627\" data-end=\"640\">Geni\u015flik:<\/strong> 3,2 cm<\/li>\n<li data-start=\"650\" data-end=\"695\"><strong data-start=\"652\" data-end=\"693\">P\u00fcr\u00fczs\u00fcz, so\u011fuk ve kaygan y\u00fczey hissi<\/strong><\/li>\n<li data-start=\"696\" data-end=\"736\"><strong data-start=\"698\" data-end=\"734\">Hijyenik ve kolay temizlenebilir<\/strong><\/li>\n<li data-start=\"737\" data-end=\"793\"><strong data-start=\"739\" data-end=\"791\">Dayan\u0131kl\u0131 metal malzeme ile uzun \u00f6m\u00fcrl\u00fc kullan\u0131m<\/strong><\/li>\n<\/ul>\n<p data-start=\"795\" data-end=\"828\">\u2714 <strong data-start=\"797\" data-end=\"826\">Hafif &amp; Konforlu Kullan\u0131m<\/strong><\/p>\n<ul data-start=\"829\" data-end=\"942\">\n<li data-start=\"829\" data-end=\"895\"><strong data-start=\"831\" data-end=\"843\">A\u011f\u0131rl\u0131k:<\/strong> 82 gr \u2013 <strong data-start=\"852\" data-end=\"893\">Uzun s\u00fcreli rahat kullan\u0131m i\u00e7in ideal<\/strong><\/li>\n<li data-start=\"896\" data-end=\"942\"><strong data-start=\"898\" data-end=\"940\">Ergonomik tasar\u0131m sayesinde kolay uyum<\/strong><\/li>\n<\/ul>\n<p data-start=\"944\" data-end=\"976\">\u2714 <strong data-start=\"946\" data-end=\"974\">Kar\u0131\u015f\u0131k Renk Se\u00e7enekleri<\/strong><\/p>\n<ul data-start=\"977\" data-end=\"1076\">\n<li data-start=\"977\" data-end=\"1028\"><strong data-start=\"979\" data-end=\"1026\">Stok durumuna g\u00f6re farkl\u0131 ve \u00e7ekici renkler<\/strong><\/li>\n<li data-start=\"1029\" data-end=\"1076\"><strong data-start=\"1031\" data-end=\"1074\">Her sipari\u015fte s\u00fcrpriz bir renk deneyimi<\/strong><\/li>\n<\/ul>\n<hr data-start=\"1078\" data-end=\"1081\" \/>\n<h3 data-start=\"1083\" data-end=\"1125\"><strong data-start=\"1087\" data-end=\"1123\">\ud83d\udd39 Neden Tilki Kuyruk Anal Plug?<\/strong><\/h3>\n<p data-start=\"1127\" data-end=\"1535\">\u2714 <strong data-start=\"1129\" data-end=\"1161\">Estetik ve Fantastik Tasar\u0131m<\/strong> \u2013 E\u011flenceli ve \u00e7ekici bir g\u00f6r\u00fcn\u00fcm sunar.<br data-start=\"1202\" data-end=\"1205\" \/>\u2714 <strong data-start=\"1207\" data-end=\"1237\">Y\u00fcksek Kaliteli Metal Plug<\/strong> \u2013 Hijyenik, kaygan ve dayan\u0131kl\u0131d\u0131r.<br data-start=\"1273\" data-end=\"1276\" \/>\u2714 <strong data-start=\"1278\" data-end=\"1307\">Konforlu &amp; Ergonomik Yap\u0131<\/strong> \u2013 Yeni ba\u015flayanlar ve deneyimli kullan\u0131c\u0131lar i\u00e7in uygundur.<br data-start=\"1367\" data-end=\"1370\" \/>\u2714 <strong data-start=\"1372\" data-end=\"1403\">Cilt Dostu Kuyruk Malzemesi<\/strong> \u2013 Yumu\u015fak dokusuyla hassas cilde zarar vermez.<br data-start=\"1450\" data-end=\"1453\" \/>\u2714 <strong data-start=\"1455\" data-end=\"1482\">Farkl\u0131 Renk Se\u00e7enekleri<\/strong> \u2013 Stok durumuna g\u00f6re kar\u0131\u015f\u0131k renklerde g\u00f6nderilir.<\/p>\n<p data-start=\"1537\" data-end=\"1709\">\ud83d\udc9c <strong data-start=\"1540\" data-end=\"1612\">Pembe Tilki\u2019nin yenilik\u00e7i ve kaliteli tasar\u0131mlar\u0131yla fark\u0131 ke\u015ffedin!<\/strong> Tilki Kuyruk Anal Plug, fantazi oyunlar\u0131n\u0131za \u015f\u0131kl\u0131k ve heyecan katmak i\u00e7in m\u00fckemmel bir se\u00e7im.<\/p>\n<p data-start=\"1711\" data-end=\"1769\" data-is-last-node=\"\" data-is-only-node=\"\">\ud83d\udd25 <strong data-start=\"1714\" data-end=\"1766\">\u015eimdi sipari\u015f verin, \u00f6zel anlar\u0131n\u0131za renk kat\u0131n!<\/strong> \ud83d\ude80<\/p>\n","protected":false},"excerpt":{"rendered":"<p>Fantazi d\u00fcnyan\u0131z\u0131 daha \u00e7ekici ve e\u011flenceli hale getirmek i\u00e7in tasarlanan <strong data-start=\"133\" data-end=\"159\">Tilki Kuyruk Anal Plug<\/strong>, <strong data-start=\"161\" data-end=\"246\">ger\u00e7ek\u00e7i kuyruk g\u00f6r\u00fcn\u00fcm\u00fc, dayan\u0131kl\u0131 metal plug yap\u0131s\u0131 ve yumu\u015fak dokulu kuma\u015f\u0131yla<\/strong> fark yarat\u0131r. <strong data-start=\"261\" data-end=\"281\">Estetik tasar\u0131m\u0131<\/strong> ve <strong data-start=\"285\" data-end=\"301\">i\u015flevselli\u011fi<\/strong> bir arada sunarak \u00f6zel anlar\u0131n\u0131za e\u015fsiz bir deneyim kazand\u0131r\u0131r.<\/p>\n","protected":false},"featured_media":19262,"comment_status":"open","ping_status":"closed","template":"","meta":[],"product_brand":[127],"product_cat":[89],"product_tag":[292],"class_list":{"0":"post-19188","1":"product","2":"type-product","3":"status-publish","4":"has-post-thumbnail","6":"product_brand-pembe-tilki","7":"product_cat-anal-plug","8":"product_tag-tilki-kuyruk-anal-plug-karisik-renkler-kucuk-boy","10":"first","11":"instock","12":"taxable","13":"shipping-taxable","14":"purchasable","15":"product-type-simple"},"yoast_head":"<!-- This site is optimized with the Yoast SEO Premium plugin v24.4 (Yoast SEO v27.1.1) - https:\/\/yoast.com\/product\/yoast-seo-premium-wordpress\/ -->\n<title>Tilki Kuyruk Anal Plug Kar\u0131\u015f\u0131k Renkler K\u00fc\u00e7\u00fck Boy - Bursa Erotik Shop<\/title>\n<meta name=\"robots\" content=\"index, follow, max-snippet:-1, max-image-preview:large, max-video-preview:-1\" \/>\n<link rel=\"canonical\" href=\"https:\/\/hobierotikshop.com.tr\/website1\/erotik-shop-urun\/tilki-kuyruk-anal-plug-karisik-renkler-kucuk-boy\/\" \/>\n<meta property=\"og:locale\" content=\"tr_TR\" \/>\n<meta property=\"og:type\" content=\"article\" \/>\n<meta property=\"og:title\" content=\"Tilki Kuyruk Anal Plug Kar\u0131\u015f\u0131k Renkler K\u00fc\u00e7\u00fck Boy\" \/>\n<meta property=\"og:description\" content=\"Fantazi d\u00fcnyan\u0131z\u0131 daha \u00e7ekici ve e\u011flenceli hale getirmek i\u00e7in tasarlanan Tilki Kuyruk Anal Plug, ger\u00e7ek\u00e7i kuyruk g\u00f6r\u00fcn\u00fcm\u00fc, dayan\u0131kl\u0131 metal plug yap\u0131s\u0131 ve yumu\u015fak dokulu kuma\u015f\u0131yla fark yarat\u0131r. Estetik tasar\u0131m\u0131 ve i\u015flevselli\u011fi bir arada sunarak \u00f6zel anlar\u0131n\u0131za e\u015fsiz bir deneyim kazand\u0131r\u0131r.\" \/>\n<meta property=\"og:url\" content=\"https:\/\/hobierotikshop.com.tr\/website1\/erotik-shop-urun\/tilki-kuyruk-anal-plug-karisik-renkler-kucuk-boy\/\" \/>\n<meta property=\"og:site_name\" content=\"Bursa Erotik Shop\" \/>\n<meta property=\"article:modified_time\" content=\"2026-01-26T13:16:39+00:00\" \/>\n<meta property=\"og:image\" content=\"https:\/\/hobierotikshop.com.tr\/website1\/wp-content\/uploads\/2025\/03\/tilki-kuyruk-anal-plug-karisik-renkler-kucuk-boy-1975.jpg\" \/>\n\t<meta property=\"og:image:width\" content=\"800\" \/>\n\t<meta property=\"og:image:height\" content=\"800\" \/>\n\t<meta property=\"og:image:type\" content=\"image\/jpeg\" \/>\n<meta name=\"twitter:card\" content=\"summary_large_image\" \/>\n<meta name=\"twitter:site\" content=\"@shopbursa\" \/>\n<meta name=\"twitter:label1\" content=\"Fiyat\" \/>\n\t<meta name=\"twitter:data1\" content=\"&#8378;1.000,00 KDV DAH\u0130L\" \/>\n\t<meta name=\"twitter:label2\" content=\"Availability\" \/>\n\t<meta name=\"twitter:data2\" content=\"In stock\" \/>\n<script type=\"application\/ld+json\" class=\"yoast-schema-graph\">{\"@context\":\"https:\/\/schema.org\",\"@graph\":[{\"@type\":\"WebPage\",\"@id\":\"https:\/\/hobierotikshop.com.tr\/website1\/erotik-shop-urun\/tilki-kuyruk-anal-plug-karisik-renkler-kucuk-boy\/\",\"url\":\"https:\/\/hobierotikshop.com.tr\/website1\/erotik-shop-urun\/tilki-kuyruk-anal-plug-karisik-renkler-kucuk-boy\/\",\"name\":\"Tilki Kuyruk Anal Plug Kar\u0131\u015f\u0131k Renkler K\u00fc\u00e7\u00fck Boy - Bursa Erotik Shop\",\"isPartOf\":{\"@id\":\"https:\/\/hobierotikshop.com.tr\/website1\/#website\"},\"primaryImageOfPage\":{\"@id\":\"https:\/\/hobierotikshop.com.tr\/website1\/erotik-shop-urun\/tilki-kuyruk-anal-plug-karisik-renkler-kucuk-boy\/#primaryimage\"},\"image\":{\"@id\":\"https:\/\/hobierotikshop.com.tr\/website1\/erotik-shop-urun\/tilki-kuyruk-anal-plug-karisik-renkler-kucuk-boy\/#primaryimage\"},\"thumbnailUrl\":\"https:\/\/haremerotikshop.com\/site\/wp-content\/uploads\/2025\/03\/tilki-kuyruk-anal-plug-karisik-renkler-kucuk-boy-1975.jpg\",\"datePublished\":\"2025-03-17T09:29:20+00:00\",\"dateModified\":\"2026-01-26T13:16:39+00:00\",\"breadcrumb\":{\"@id\":\"https:\/\/hobierotikshop.com.tr\/website1\/erotik-shop-urun\/tilki-kuyruk-anal-plug-karisik-renkler-kucuk-boy\/#breadcrumb\"},\"inLanguage\":\"tr\",\"potentialAction\":[{\"@type\":\"ReadAction\",\"target\":[\"https:\/\/hobierotikshop.com.tr\/website1\/erotik-shop-urun\/tilki-kuyruk-anal-plug-karisik-renkler-kucuk-boy\/\"]}]},{\"@type\":\"ImageObject\",\"inLanguage\":\"tr\",\"@id\":\"https:\/\/hobierotikshop.com.tr\/website1\/erotik-shop-urun\/tilki-kuyruk-anal-plug-karisik-renkler-kucuk-boy\/#primaryimage\",\"url\":\"https:\/\/haremerotikshop.com\/site\/wp-content\/uploads\/2025\/03\/tilki-kuyruk-anal-plug-karisik-renkler-kucuk-boy-1975.jpg\",\"contentUrl\":\"https:\/\/haremerotikshop.com\/site\/wp-content\/uploads\/2025\/03\/tilki-kuyruk-anal-plug-karisik-renkler-kucuk-boy-1975.jpg\",\"width\":800,\"height\":800},{\"@type\":\"BreadcrumbList\",\"@id\":\"https:\/\/hobierotikshop.com.tr\/website1\/erotik-shop-urun\/tilki-kuyruk-anal-plug-karisik-renkler-kucuk-boy\/#breadcrumb\",\"itemListElement\":[{\"@type\":\"ListItem\",\"position\":1,\"name\":\"Anasayfa\",\"item\":\"https:\/\/hobierotikshop.com.tr\/website1\/\"},{\"@type\":\"ListItem\",\"position\":2,\"name\":\"Erotik Shop \u00dcr\u00fcnleri\",\"item\":\"https:\/\/hobierotikshop.com.tr\/website1\/shop\/\"},{\"@type\":\"ListItem\",\"position\":3,\"name\":\"Tilki Kuyruk Anal Plug Kar\u0131\u015f\u0131k Renkler K\u00fc\u00e7\u00fck Boy\"}]},{\"@type\":\"WebSite\",\"@id\":\"https:\/\/hobierotikshop.com.tr\/website1\/#website\",\"url\":\"https:\/\/hobierotikshop.com.tr\/website1\/\",\"name\":\"Bursa Erotik Shop\",\"description\":\"Bursa Erotik Shop ile g\u00fcvenli, gizli ve kaliteli yeti\u015fkin \u00fcr\u00fcnleri al\u0131\u015fveri\u015fi! Geni\u015f \u00fcr\u00fcn yelpazemizi ke\u015ffedin, hemen sipari\u015f verin\",\"publisher\":{\"@id\":\"https:\/\/hobierotikshop.com.tr\/website1\/#organization\"},\"alternateName\":\"Erotik Shop\",\"potentialAction\":[{\"@type\":\"SearchAction\",\"target\":{\"@type\":\"EntryPoint\",\"urlTemplate\":\"https:\/\/hobierotikshop.com.tr\/website1\/?s={search_term_string}\"},\"query-input\":{\"@type\":\"PropertyValueSpecification\",\"valueRequired\":true,\"valueName\":\"search_term_string\"}}],\"inLanguage\":\"tr\"},{\"@type\":\"Organization\",\"@id\":\"https:\/\/hobierotikshop.com.tr\/website1\/#organization\",\"name\":\"Harem Bursa Erotik Shop\",\"url\":\"https:\/\/hobierotikshop.com.tr\/website1\/\",\"logo\":{\"@type\":\"ImageObject\",\"inLanguage\":\"tr\",\"@id\":\"https:\/\/hobierotikshop.com.tr\/website1\/#\/schema\/logo\/image\/\",\"url\":\"https:\/\/haremerotikshop.com\/site\/wp-content\/uploads\/2025\/03\/haremsexshop.png\",\"contentUrl\":\"https:\/\/haremerotikshop.com\/site\/wp-content\/uploads\/2025\/03\/haremsexshop.png\",\"width\":400,\"height\":100,\"caption\":\"Harem Bursa Erotik Shop\"},\"image\":{\"@id\":\"https:\/\/hobierotikshop.com.tr\/website1\/#\/schema\/logo\/image\/\"},\"sameAs\":[\"https:\/\/x.com\/shopbursa\"],\"publishingPrinciples\":\"https:\/\/hobierotikshop.com.tr\/website1\/mesafeli-satis-sozlesmesi\/\",\"ownershipFundingInfo\":\"https:\/\/hobierotikshop.com.tr\/website1\/contact-us\/\",\"actionableFeedbackPolicy\":\"https:\/\/hobierotikshop.com.tr\/website1\/contact-us\/\",\"correctionsPolicy\":\"https:\/\/hobierotikshop.com.tr\/website1\/mesafeli-satis-sozlesmesi\/\"}]}<\/script>\n<meta property=\"product:brand\" content=\"Pembe Tilki\" \/>\n<meta property=\"product:price:amount\" content=\"1000.00\" \/>\n<meta property=\"product:price:currency\" content=\"TRY\" \/>\n<meta property=\"og:availability\" content=\"instock\" \/>\n<meta property=\"product:availability\" content=\"instock\" \/>\n<meta property=\"product:retailer_item_id\" content=\"PT-ANXM024\" \/>\n<meta property=\"product:condition\" content=\"new\" \/>\n<!-- \/ Yoast SEO Premium plugin. -->","yoast_head_json":{"title":"Tilki Kuyruk Anal Plug Kar\u0131\u015f\u0131k Renkler K\u00fc\u00e7\u00fck Boy - Bursa Erotik Shop","robots":{"index":"index","follow":"follow","max-snippet":"max-snippet:-1","max-image-preview":"max-image-preview:large","max-video-preview":"max-video-preview:-1"},"canonical":"https:\/\/hobierotikshop.com.tr\/website1\/erotik-shop-urun\/tilki-kuyruk-anal-plug-karisik-renkler-kucuk-boy\/","og_locale":"tr_TR","og_type":"article","og_title":"Tilki Kuyruk Anal Plug Kar\u0131\u015f\u0131k Renkler K\u00fc\u00e7\u00fck Boy","og_description":"Fantazi d\u00fcnyan\u0131z\u0131 daha \u00e7ekici ve e\u011flenceli hale getirmek i\u00e7in tasarlanan Tilki Kuyruk Anal Plug, ger\u00e7ek\u00e7i kuyruk g\u00f6r\u00fcn\u00fcm\u00fc, dayan\u0131kl\u0131 metal plug yap\u0131s\u0131 ve yumu\u015fak dokulu kuma\u015f\u0131yla fark yarat\u0131r. Estetik tasar\u0131m\u0131 ve i\u015flevselli\u011fi bir arada sunarak \u00f6zel anlar\u0131n\u0131za e\u015fsiz bir deneyim kazand\u0131r\u0131r.","og_url":"https:\/\/hobierotikshop.com.tr\/website1\/erotik-shop-urun\/tilki-kuyruk-anal-plug-karisik-renkler-kucuk-boy\/","og_site_name":"Bursa Erotik Shop","article_modified_time":"2026-01-26T13:16:39+00:00","og_image":[{"width":800,"height":800,"url":"https:\/\/hobierotikshop.com.tr\/website1\/wp-content\/uploads\/2025\/03\/tilki-kuyruk-anal-plug-karisik-renkler-kucuk-boy-1975.jpg","type":"image\/jpeg"}],"twitter_card":"summary_large_image","twitter_site":"@shopbursa","twitter_misc":{"Fiyat":"&#8378;1.000,00 KDV DAH\u0130L","Availability":"In stock"},"schema":{"@context":"https:\/\/schema.org","@graph":[{"@type":"WebPage","@id":"https:\/\/hobierotikshop.com.tr\/website1\/erotik-shop-urun\/tilki-kuyruk-anal-plug-karisik-renkler-kucuk-boy\/","url":"https:\/\/hobierotikshop.com.tr\/website1\/erotik-shop-urun\/tilki-kuyruk-anal-plug-karisik-renkler-kucuk-boy\/","name":"Tilki Kuyruk Anal Plug Kar\u0131\u015f\u0131k Renkler K\u00fc\u00e7\u00fck Boy - Bursa Erotik Shop","isPartOf":{"@id":"https:\/\/hobierotikshop.com.tr\/website1\/#website"},"primaryImageOfPage":{"@id":"https:\/\/hobierotikshop.com.tr\/website1\/erotik-shop-urun\/tilki-kuyruk-anal-plug-karisik-renkler-kucuk-boy\/#primaryimage"},"image":{"@id":"https:\/\/hobierotikshop.com.tr\/website1\/erotik-shop-urun\/tilki-kuyruk-anal-plug-karisik-renkler-kucuk-boy\/#primaryimage"},"thumbnailUrl":"https:\/\/haremerotikshop.com\/site\/wp-content\/uploads\/2025\/03\/tilki-kuyruk-anal-plug-karisik-renkler-kucuk-boy-1975.jpg","datePublished":"2025-03-17T09:29:20+00:00","dateModified":"2026-01-26T13:16:39+00:00","breadcrumb":{"@id":"https:\/\/hobierotikshop.com.tr\/website1\/erotik-shop-urun\/tilki-kuyruk-anal-plug-karisik-renkler-kucuk-boy\/#breadcrumb"},"inLanguage":"tr","potentialAction":[{"@type":"ReadAction","target":["https:\/\/hobierotikshop.com.tr\/website1\/erotik-shop-urun\/tilki-kuyruk-anal-plug-karisik-renkler-kucuk-boy\/"]}]},{"@type":"ImageObject","inLanguage":"tr","@id":"https:\/\/hobierotikshop.com.tr\/website1\/erotik-shop-urun\/tilki-kuyruk-anal-plug-karisik-renkler-kucuk-boy\/#primaryimage","url":"https:\/\/haremerotikshop.com\/site\/wp-content\/uploads\/2025\/03\/tilki-kuyruk-anal-plug-karisik-renkler-kucuk-boy-1975.jpg","contentUrl":"https:\/\/haremerotikshop.com\/site\/wp-content\/uploads\/2025\/03\/tilki-kuyruk-anal-plug-karisik-renkler-kucuk-boy-1975.jpg","width":800,"height":800},{"@type":"BreadcrumbList","@id":"https:\/\/hobierotikshop.com.tr\/website1\/erotik-shop-urun\/tilki-kuyruk-anal-plug-karisik-renkler-kucuk-boy\/#breadcrumb","itemListElement":[{"@type":"ListItem","position":1,"name":"Anasayfa","item":"https:\/\/hobierotikshop.com.tr\/website1\/"},{"@type":"ListItem","position":2,"name":"Erotik Shop \u00dcr\u00fcnleri","item":"https:\/\/hobierotikshop.com.tr\/website1\/shop\/"},{"@type":"ListItem","position":3,"name":"Tilki Kuyruk Anal Plug Kar\u0131\u015f\u0131k Renkler K\u00fc\u00e7\u00fck Boy"}]},{"@type":"WebSite","@id":"https:\/\/hobierotikshop.com.tr\/website1\/#website","url":"https:\/\/hobierotikshop.com.tr\/website1\/","name":"Bursa Erotik Shop","description":"Bursa Erotik Shop ile g\u00fcvenli, gizli ve kaliteli yeti\u015fkin \u00fcr\u00fcnleri al\u0131\u015fveri\u015fi! Geni\u015f \u00fcr\u00fcn yelpazemizi ke\u015ffedin, hemen sipari\u015f verin","publisher":{"@id":"https:\/\/hobierotikshop.com.tr\/website1\/#organization"},"alternateName":"Erotik Shop","potentialAction":[{"@type":"SearchAction","target":{"@type":"EntryPoint","urlTemplate":"https:\/\/hobierotikshop.com.tr\/website1\/?s={search_term_string}"},"query-input":{"@type":"PropertyValueSpecification","valueRequired":true,"valueName":"search_term_string"}}],"inLanguage":"tr"},{"@type":"Organization","@id":"https:\/\/hobierotikshop.com.tr\/website1\/#organization","name":"Harem Bursa Erotik Shop","url":"https:\/\/hobierotikshop.com.tr\/website1\/","logo":{"@type":"ImageObject","inLanguage":"tr","@id":"https:\/\/hobierotikshop.com.tr\/website1\/#\/schema\/logo\/image\/","url":"https:\/\/haremerotikshop.com\/site\/wp-content\/uploads\/2025\/03\/haremsexshop.png","contentUrl":"https:\/\/haremerotikshop.com\/site\/wp-content\/uploads\/2025\/03\/haremsexshop.png","width":400,"height":100,"caption":"Harem Bursa Erotik Shop"},"image":{"@id":"https:\/\/hobierotikshop.com.tr\/website1\/#\/schema\/logo\/image\/"},"sameAs":["https:\/\/x.com\/shopbursa"],"publishingPrinciples":"https:\/\/hobierotikshop.com.tr\/website1\/mesafeli-satis-sozlesmesi\/","ownershipFundingInfo":"https:\/\/hobierotikshop.com.tr\/website1\/contact-us\/","actionableFeedbackPolicy":"https:\/\/hobierotikshop.com.tr\/website1\/contact-us\/","correctionsPolicy":"https:\/\/hobierotikshop.com.tr\/website1\/mesafeli-satis-sozlesmesi\/"}]},"product_brand":"Pembe Tilki","product_price_amount":"1000.00","product_price_currency":"TRY","og_availability":"instock","product_availability":"instock","product_retailer_item_id":"PT-ANXM024","product_condition":"new"},"_links":{"self":[{"href":"https:\/\/haremerotikshop.com\/site\/wp-json\/wp\/v2\/product\/19188","targetHints":{"allow":["GET"]}}],"collection":[{"href":"https:\/\/haremerotikshop.com\/site\/wp-json\/wp\/v2\/product"}],"about":[{"href":"https:\/\/haremerotikshop.com\/site\/wp-json\/wp\/v2\/types\/product"}],"replies":[{"embeddable":true,"href":"https:\/\/haremerotikshop.com\/site\/wp-json\/wp\/v2\/comments?post=19188"}],"version-history":[{"count":0,"href":"https:\/\/haremerotikshop.com\/site\/wp-json\/wp\/v2\/product\/19188\/revisions"}],"wp:featuredmedia":[{"embeddable":true,"href":"https:\/\/haremerotikshop.com\/site\/wp-json\/wp\/v2\/media\/19262"}],"wp:attachment":[{"href":"https:\/\/haremerotikshop.com\/site\/wp-json\/wp\/v2\/media?parent=19188"}],"wp:term":[{"taxonomy":"product_brand","embeddable":true,"href":"https:\/\/haremerotikshop.com\/site\/wp-json\/wp\/v2\/product_brand?post=19188"},{"taxonomy":"product_cat","embeddable":true,"href":"https:\/\/haremerotikshop.com\/site\/wp-json\/wp\/v2\/product_cat?post=19188"},{"taxonomy":"product_tag","embeddable":true,"href":"https:\/\/haremerotikshop.com\/site\/wp-json\/wp\/v2\/product_tag?post=19188"}],"curies":[{"name":"wp","href":"https:\/\/api.w.org\/{rel}","templated":true}]}}