{"id":19233,"date":"2025-03-17T12:30:18","date_gmt":"2025-03-17T09:30:18","guid":{"rendered":"https:\/\/haremerotikshop.com\/site\/?post_type=product&#038;p=19233"},"modified":"2026-01-26T16:12:06","modified_gmt":"2026-01-26T13:12:06","slug":"siyah-penis-halkasi-set-3lu","status":"publish","type":"product","link":"https:\/\/haremerotikshop.com\/site\/erotik-shop-urun\/siyah-penis-halkasi-set-3lu\/","title":{"rendered":"Siyah Penis Halkas\u0131 Set 3&#8217;L\u00fc"},"content":{"rendered":"<h3 data-start=\"68\" data-end=\"143\"><strong data-start=\"72\" data-end=\"143\">Pembe Tilki Penis Halkas\u0131 \u2013 Performans Art\u0131\u015f\u0131 ve Bo\u015falma Geciktirme<\/strong><\/h3>\n<p data-start=\"145\" data-end=\"537\"><strong data-start=\"145\" data-end=\"174\">Pembe Tilki Penis Halkas\u0131<\/strong>, erkekler i\u00e7in \u00f6zel olarak tasarlanm\u0131\u015f, <strong data-start=\"215\" data-end=\"237\">bo\u015falma geciktirme<\/strong> ve <strong data-start=\"241\" data-end=\"263\">performans art\u0131rma<\/strong> i\u015flevselli\u011fine sahip y\u00fcksek kaliteli bir cinsel yard\u0131mc\u0131 \u00fcr\u00fcnd\u00fcr. Titre\u015fimli fonksiyonu sayesinde hem <strong data-start=\"366\" data-end=\"378\">erkekler<\/strong> hem de <strong data-start=\"386\" data-end=\"400\">partnerler<\/strong> i\u00e7in daha yo\u011fun ve tatmin edici bir deneyim sunar. Her kullan\u0131m\u0131, daha uzun s\u00fcren ve daha zevkli bir cinsel deneyim i\u00e7in tasarlanm\u0131\u015ft\u0131r.<\/p>\n<h3 data-start=\"539\" data-end=\"568\"><strong data-start=\"543\" data-end=\"568\">\u00d6ne \u00c7\u0131kan \u00d6zellikler:<\/strong><\/h3>\n<h4 data-start=\"570\" data-end=\"603\"><strong data-start=\"575\" data-end=\"603\">Y\u00fcksek Kaliteli Malzeme:<\/strong><\/h4>\n<ul data-start=\"604\" data-end=\"949\">\n<li data-start=\"604\" data-end=\"822\"><strong data-start=\"606\" data-end=\"621\">TPR ve ABS:<\/strong> Pembe Tilki Penis Halkas\u0131, <strong data-start=\"649\" data-end=\"663\">TPR ve ABS<\/strong> malzemelerinden \u00fcretilmi\u015ftir, bu da esneklik ve dayan\u0131kl\u0131l\u0131k sa\u011flar. Cilt dostu ve g\u00fcvenli olan bu malzemeler, uzun s\u00fcreli kullan\u0131mda dahi <strong data-start=\"803\" data-end=\"815\">rahatl\u0131k<\/strong> sunar.<\/li>\n<li data-start=\"823\" data-end=\"949\"><strong data-start=\"825\" data-end=\"853\">Esnek ve Dayan\u0131kl\u0131 Yap\u0131:<\/strong> Malzeme yap\u0131s\u0131, farkl\u0131 penis boyutlar\u0131na uyum sa\u011flar ve her kullan\u0131c\u0131 i\u00e7in ideal bir fit sunar.<\/li>\n<\/ul>\n<h4 data-start=\"951\" data-end=\"978\"><strong data-start=\"956\" data-end=\"978\">Titre\u015fim \u00d6zelli\u011fi:<\/strong><\/h4>\n<ul data-start=\"979\" data-end=\"1296\">\n<li data-start=\"979\" data-end=\"1132\"><strong data-start=\"981\" data-end=\"1014\">Elektrik Titre\u015fim Fonksiyonu:<\/strong> <strong data-start=\"1015\" data-end=\"1039\">Titre\u015fimli fonksiyon<\/strong> sayesinde cinsel hazz\u0131 art\u0131r\u0131r, hem erkek hem de partner i\u00e7in daha yo\u011fun bir deneyim sa\u011flar.<\/li>\n<li data-start=\"1133\" data-end=\"1296\"><strong data-start=\"1135\" data-end=\"1163\">Farkl\u0131 Titre\u015fim Modlar\u0131:<\/strong> Titre\u015fim ayarlar\u0131, ki\u015fisel tercihlere g\u00f6re \u00f6zelle\u015ftirilebilir, b\u00f6ylece her seferinde <strong data-start=\"1249\" data-end=\"1287\">yeni ve heyecan verici bir deneyim<\/strong> ya\u015fan\u0131r.<\/li>\n<\/ul>\n<h4 data-start=\"1298\" data-end=\"1329\"><strong data-start=\"1303\" data-end=\"1329\">Geciktirici Fonksiyon:<\/strong><\/h4>\n<ul data-start=\"1330\" data-end=\"1739\">\n<li data-start=\"1330\" data-end=\"1594\"><strong data-start=\"1332\" data-end=\"1355\">Bo\u015falma Geciktirme:<\/strong> Penis halkas\u0131, <strong data-start=\"1371\" data-end=\"1394\">bo\u015falma geciktirici<\/strong> etkisiyle kullan\u0131c\u0131ya daha uzun s\u00fcren bir cinsel deneyim sa\u011flar. Bu \u00f6zellik, <strong data-start=\"1472\" data-end=\"1495\">performans art\u0131r\u0131c\u0131<\/strong> bir etki yaratarak, partnerle daha uzun s\u00fcreli ve tatmin edici bir ili\u015fki ya\u015faman\u0131za olanak tan\u0131r.<\/li>\n<li data-start=\"1595\" data-end=\"1739\"><strong data-start=\"1597\" data-end=\"1625\">Daha Uzun S\u00fcreli Tatmin:<\/strong> Geciktirici etkisi sayesinde, hem erkek hem de partner daha uzun s\u00fcre keyif al\u0131r ve daha yo\u011fun bir deneyim ya\u015far.<\/li>\n<\/ul>\n<h4 data-start=\"1741\" data-end=\"1776\"><strong data-start=\"1746\" data-end=\"1776\">Set Halinde Sunulmaktad\u0131r:<\/strong><\/h4>\n<ul data-start=\"1777\" data-end=\"2099\">\n<li data-start=\"1777\" data-end=\"1958\"><strong data-start=\"1779\" data-end=\"1798\">3 Farkl\u0131 Boyut:<\/strong> Pembe Tilki Penis Halkas\u0131, 3 farkl\u0131 boyut se\u00e7ene\u011fiyle (3 cm, 4 cm, 5 cm) sunulmaktad\u0131r. Bu, <strong data-start=\"1891\" data-end=\"1913\">ki\u015fisel tercihlere<\/strong> ve <strong data-start=\"1917\" data-end=\"1930\">rahatl\u0131\u011fa<\/strong> g\u00f6re kolayca ayarlanabilir.<\/li>\n<li data-start=\"1959\" data-end=\"2099\"><strong data-start=\"1961\" data-end=\"1978\">Ki\u015fisel Uyum:<\/strong> Farkl\u0131 boyut se\u00e7enekleri, \u00fcr\u00fcn\u00fcn kullan\u0131c\u0131ya m\u00fckemmel bir \u015fekilde uymas\u0131n\u0131 ve <strong data-start=\"2057\" data-end=\"2081\">konforlu bir deneyim<\/strong> sunmas\u0131n\u0131 sa\u011flar.<\/li>\n<\/ul>\n<h4 data-start=\"2101\" data-end=\"2130\"><strong data-start=\"2106\" data-end=\"2130\">Su Ge\u00e7irmez Tasar\u0131m:<\/strong><\/h4>\n<ul data-start=\"2131\" data-end=\"2392\">\n<li data-start=\"2131\" data-end=\"2279\"><strong data-start=\"2133\" data-end=\"2163\">Su Alt\u0131nda Kullan\u0131labilir:<\/strong> <strong data-start=\"2164\" data-end=\"2179\">Su ge\u00e7irmez<\/strong> \u00f6zelli\u011fi sayesinde, Pembe Tilki Penis Halkas\u0131 du\u015fta veya banyo s\u0131ras\u0131nda da g\u00fcvenle kullan\u0131labilir.<\/li>\n<li data-start=\"2280\" data-end=\"2392\"><strong data-start=\"2282\" data-end=\"2301\">Kolay Temizlik:<\/strong> Su ge\u00e7irmez yap\u0131s\u0131, temizli\u011fi de olduk\u00e7a kolay hale getirir, hijyenik bir kullan\u0131m sa\u011flar.<\/li>\n<\/ul>\n<h3 data-start=\"2394\" data-end=\"2420\"><strong data-start=\"2398\" data-end=\"2420\">Ambalaj Bilgileri:<\/strong><\/h3>\n<ul data-start=\"2421\" data-end=\"2629\">\n<li data-start=\"2421\" data-end=\"2457\"><strong data-start=\"2423\" data-end=\"2442\">\u00dcr\u00fcn Boyutlar\u0131:<\/strong> 20 x 5 x 10 cm<\/li>\n<li data-start=\"2458\" data-end=\"2486\"><strong data-start=\"2460\" data-end=\"2477\">Br\u00fct A\u011f\u0131rl\u0131k:<\/strong> 0.030 kg<\/li>\n<li data-start=\"2487\" data-end=\"2629\"><strong data-start=\"2489\" data-end=\"2501\">Ambalaj:<\/strong> \u00dcr\u00fcn, 3&#8217;l\u00fc set halinde \u00f6zel ambalaj\u0131nda sunulmaktad\u0131r, b\u00f6ylece ihtiyac\u0131n\u0131za g\u00f6re farkl\u0131 boyutlar aras\u0131nda se\u00e7im yapabilirsiniz.<\/li>\n<\/ul>\n<h3 data-start=\"2631\" data-end=\"2703\"><strong data-start=\"2635\" data-end=\"2703\">Pembe Tilki Penis Halkas\u0131 \u2013 Performans ve Keyif \u0130\u00e7in \u0130deal Se\u00e7im<\/strong><\/h3>\n<p data-start=\"2705\" data-end=\"3315\"><strong data-start=\"2705\" data-end=\"2734\">Pembe Tilki Penis Halkas\u0131<\/strong>, <strong data-start=\"2736\" data-end=\"2759\">bo\u015falma geciktirici<\/strong> ve <strong data-start=\"2763\" data-end=\"2786\">performans art\u0131r\u0131c\u0131<\/strong> \u00f6zellikleriyle erkeklerin <strong data-start=\"2813\" data-end=\"2837\">cinsel deneyimlerini<\/strong> daha tatmin edici hale getirir. Titre\u015fimli fonksiyonu, hem erkek hem de partner i\u00e7in daha yo\u011fun bir keyif sa\u011flar. 3 farkl\u0131 boyut se\u00e7ene\u011fi ile ki\u015fisel rahatl\u0131\u011f\u0131n\u0131za g\u00f6re uyarlanabilir, <strong data-start=\"3022\" data-end=\"3037\">su ge\u00e7irmez<\/strong> yap\u0131s\u0131 sayesinde kolayca temizlenebilir. <strong data-start=\"3079\" data-end=\"3106\">Y\u00fcksek kaliteli malzeme<\/strong> ve ergonomik tasar\u0131m\u0131, her kullan\u0131c\u0131n\u0131n m\u00fckemmel bir deneyim ya\u015famas\u0131n\u0131 garanti eder. <strong data-start=\"3193\" data-end=\"3243\">Partnerinizle daha uzun ve yo\u011fun keyifli anlar<\/strong> ya\u015famak i\u00e7in Pembe Tilki Penis Halkas\u0131, <strong data-start=\"3284\" data-end=\"3304\">ideal tercihiniz<\/strong> olacakt\u0131r.<\/p>\n","protected":false},"excerpt":{"rendered":"<p><strong data-start=\"145\" data-end=\"174\">Pembe Tilki Penis Halkas\u0131<\/strong>, erkekler i\u00e7in \u00f6zel olarak tasarlanm\u0131\u015f, <strong data-start=\"215\" data-end=\"237\">bo\u015falma geciktirme<\/strong> ve <strong data-start=\"241\" data-end=\"263\">performans art\u0131rma<\/strong> i\u015flevselli\u011fine sahip y\u00fcksek kaliteli bir cinsel yard\u0131mc\u0131 \u00fcr\u00fcnd\u00fcr. Titre\u015fimli fonksiyonu sayesinde hem <strong data-start=\"366\" data-end=\"378\">erkekler<\/strong> hem de <strong data-start=\"386\" data-end=\"400\">partnerler<\/strong> i\u00e7in daha yo\u011fun ve tatmin edici bir deneyim sunar. Her kullan\u0131m\u0131, daha uzun s\u00fcren ve daha zevkli bir cinsel deneyim i\u00e7in tasarlanm\u0131\u015ft\u0131r.<\/p>\n","protected":false},"featured_media":19294,"comment_status":"open","ping_status":"closed","template":"","meta":[],"product_brand":[127],"product_cat":[121],"product_tag":[297],"class_list":{"0":"post-19233","1":"product","2":"type-product","3":"status-publish","4":"has-post-thumbnail","6":"product_brand-pembe-tilki","7":"product_cat-penis-halkasi","8":"product_tag-siyah-penis-halkasi-set-3lu","10":"first","11":"instock","12":"taxable","13":"shipping-taxable","14":"purchasable","15":"product-type-simple"},"yoast_head":"<!-- This site is optimized with the Yoast SEO Premium plugin v24.4 (Yoast SEO v27.1.1) - https:\/\/yoast.com\/product\/yoast-seo-premium-wordpress\/ -->\n<title>Siyah Penis Halkas\u0131 Set 3&#039;L\u00fc - Bursa Erotik Shop<\/title>\n<meta name=\"robots\" content=\"index, follow, max-snippet:-1, max-image-preview:large, max-video-preview:-1\" \/>\n<link rel=\"canonical\" href=\"https:\/\/hobierotikshop.com.tr\/website1\/erotik-shop-urun\/siyah-penis-halkasi-set-3lu\/\" \/>\n<meta property=\"og:locale\" content=\"tr_TR\" \/>\n<meta property=\"og:type\" content=\"article\" \/>\n<meta property=\"og:title\" content=\"Siyah Penis Halkas\u0131 Set 3&#039;L\u00fc\" \/>\n<meta property=\"og:description\" content=\"Pembe Tilki Penis Halkas\u0131, erkekler i\u00e7in \u00f6zel olarak tasarlanm\u0131\u015f, bo\u015falma geciktirme ve performans art\u0131rma i\u015flevselli\u011fine sahip y\u00fcksek kaliteli bir cinsel yard\u0131mc\u0131 \u00fcr\u00fcnd\u00fcr. Titre\u015fimli fonksiyonu sayesinde hem erkekler hem de partnerler i\u00e7in daha yo\u011fun ve tatmin edici bir deneyim sunar. Her kullan\u0131m\u0131, daha uzun s\u00fcren ve daha zevkli bir cinsel deneyim i\u00e7in tasarlanm\u0131\u015ft\u0131r.\" \/>\n<meta property=\"og:url\" content=\"https:\/\/hobierotikshop.com.tr\/website1\/erotik-shop-urun\/siyah-penis-halkasi-set-3lu\/\" \/>\n<meta property=\"og:site_name\" content=\"Bursa Erotik Shop\" \/>\n<meta property=\"article:modified_time\" content=\"2026-01-26T13:12:06+00:00\" \/>\n<meta property=\"og:image\" content=\"https:\/\/hobierotikshop.com.tr\/website1\/wp-content\/uploads\/2025\/03\/siyah-penis-halkasi-set-3-lu-2519.jpg\" \/>\n\t<meta property=\"og:image:width\" content=\"1500\" \/>\n\t<meta property=\"og:image:height\" content=\"1500\" \/>\n\t<meta property=\"og:image:type\" content=\"image\/jpeg\" \/>\n<meta name=\"twitter:card\" content=\"summary_large_image\" \/>\n<meta name=\"twitter:site\" content=\"@shopbursa\" \/>\n<meta name=\"twitter:label1\" content=\"Fiyat\" \/>\n\t<meta name=\"twitter:data1\" content=\"&#8378;400,00 KDV DAH\u0130L\" \/>\n\t<meta name=\"twitter:label2\" content=\"Availability\" \/>\n\t<meta name=\"twitter:data2\" content=\"In stock\" \/>\n<script type=\"application\/ld+json\" class=\"yoast-schema-graph\">{\"@context\":\"https:\/\/schema.org\",\"@graph\":[{\"@type\":\"WebPage\",\"@id\":\"https:\/\/hobierotikshop.com.tr\/website1\/erotik-shop-urun\/siyah-penis-halkasi-set-3lu\/\",\"url\":\"https:\/\/hobierotikshop.com.tr\/website1\/erotik-shop-urun\/siyah-penis-halkasi-set-3lu\/\",\"name\":\"Siyah Penis Halkas\u0131 Set 3'L\u00fc - Bursa Erotik Shop\",\"isPartOf\":{\"@id\":\"https:\/\/hobierotikshop.com.tr\/website1\/#website\"},\"primaryImageOfPage\":{\"@id\":\"https:\/\/hobierotikshop.com.tr\/website1\/erotik-shop-urun\/siyah-penis-halkasi-set-3lu\/#primaryimage\"},\"image\":{\"@id\":\"https:\/\/hobierotikshop.com.tr\/website1\/erotik-shop-urun\/siyah-penis-halkasi-set-3lu\/#primaryimage\"},\"thumbnailUrl\":\"https:\/\/haremerotikshop.com\/site\/wp-content\/uploads\/2025\/03\/siyah-penis-halkasi-set-3-lu-2519.jpg\",\"datePublished\":\"2025-03-17T09:30:18+00:00\",\"dateModified\":\"2026-01-26T13:12:06+00:00\",\"breadcrumb\":{\"@id\":\"https:\/\/hobierotikshop.com.tr\/website1\/erotik-shop-urun\/siyah-penis-halkasi-set-3lu\/#breadcrumb\"},\"inLanguage\":\"tr\",\"potentialAction\":[{\"@type\":\"ReadAction\",\"target\":[\"https:\/\/hobierotikshop.com.tr\/website1\/erotik-shop-urun\/siyah-penis-halkasi-set-3lu\/\"]}]},{\"@type\":\"ImageObject\",\"inLanguage\":\"tr\",\"@id\":\"https:\/\/hobierotikshop.com.tr\/website1\/erotik-shop-urun\/siyah-penis-halkasi-set-3lu\/#primaryimage\",\"url\":\"https:\/\/haremerotikshop.com\/site\/wp-content\/uploads\/2025\/03\/siyah-penis-halkasi-set-3-lu-2519.jpg\",\"contentUrl\":\"https:\/\/haremerotikshop.com\/site\/wp-content\/uploads\/2025\/03\/siyah-penis-halkasi-set-3-lu-2519.jpg\",\"width\":1500,\"height\":1500},{\"@type\":\"BreadcrumbList\",\"@id\":\"https:\/\/hobierotikshop.com.tr\/website1\/erotik-shop-urun\/siyah-penis-halkasi-set-3lu\/#breadcrumb\",\"itemListElement\":[{\"@type\":\"ListItem\",\"position\":1,\"name\":\"Anasayfa\",\"item\":\"https:\/\/hobierotikshop.com.tr\/website1\/\"},{\"@type\":\"ListItem\",\"position\":2,\"name\":\"Erotik Shop \u00dcr\u00fcnleri\",\"item\":\"https:\/\/hobierotikshop.com.tr\/website1\/shop\/\"},{\"@type\":\"ListItem\",\"position\":3,\"name\":\"Siyah Penis Halkas\u0131 Set 3&#8217;L\u00fc\"}]},{\"@type\":\"WebSite\",\"@id\":\"https:\/\/hobierotikshop.com.tr\/website1\/#website\",\"url\":\"https:\/\/hobierotikshop.com.tr\/website1\/\",\"name\":\"Bursa Erotik Shop\",\"description\":\"Bursa Erotik Shop ile g\u00fcvenli, gizli ve kaliteli yeti\u015fkin \u00fcr\u00fcnleri al\u0131\u015fveri\u015fi! Geni\u015f \u00fcr\u00fcn yelpazemizi ke\u015ffedin, hemen sipari\u015f verin\",\"publisher\":{\"@id\":\"https:\/\/hobierotikshop.com.tr\/website1\/#organization\"},\"alternateName\":\"Erotik Shop\",\"potentialAction\":[{\"@type\":\"SearchAction\",\"target\":{\"@type\":\"EntryPoint\",\"urlTemplate\":\"https:\/\/hobierotikshop.com.tr\/website1\/?s={search_term_string}\"},\"query-input\":{\"@type\":\"PropertyValueSpecification\",\"valueRequired\":true,\"valueName\":\"search_term_string\"}}],\"inLanguage\":\"tr\"},{\"@type\":\"Organization\",\"@id\":\"https:\/\/hobierotikshop.com.tr\/website1\/#organization\",\"name\":\"Harem Bursa Erotik Shop\",\"url\":\"https:\/\/hobierotikshop.com.tr\/website1\/\",\"logo\":{\"@type\":\"ImageObject\",\"inLanguage\":\"tr\",\"@id\":\"https:\/\/hobierotikshop.com.tr\/website1\/#\/schema\/logo\/image\/\",\"url\":\"https:\/\/haremerotikshop.com\/site\/wp-content\/uploads\/2025\/03\/haremsexshop.png\",\"contentUrl\":\"https:\/\/haremerotikshop.com\/site\/wp-content\/uploads\/2025\/03\/haremsexshop.png\",\"width\":400,\"height\":100,\"caption\":\"Harem Bursa Erotik Shop\"},\"image\":{\"@id\":\"https:\/\/hobierotikshop.com.tr\/website1\/#\/schema\/logo\/image\/\"},\"sameAs\":[\"https:\/\/x.com\/shopbursa\"],\"publishingPrinciples\":\"https:\/\/hobierotikshop.com.tr\/website1\/mesafeli-satis-sozlesmesi\/\",\"ownershipFundingInfo\":\"https:\/\/hobierotikshop.com.tr\/website1\/contact-us\/\",\"actionableFeedbackPolicy\":\"https:\/\/hobierotikshop.com.tr\/website1\/contact-us\/\",\"correctionsPolicy\":\"https:\/\/hobierotikshop.com.tr\/website1\/mesafeli-satis-sozlesmesi\/\"}]}<\/script>\n<meta property=\"product:brand\" content=\"Pembe Tilki\" \/>\n<meta property=\"product:price:amount\" content=\"400.00\" \/>\n<meta property=\"product:price:currency\" content=\"TRY\" \/>\n<meta property=\"og:availability\" content=\"instock\" \/>\n<meta property=\"product:availability\" content=\"instock\" \/>\n<meta property=\"product:retailer_item_id\" content=\"PT-ECXF007\" \/>\n<meta property=\"product:condition\" content=\"new\" \/>\n<!-- \/ Yoast SEO Premium plugin. -->","yoast_head_json":{"title":"Siyah Penis Halkas\u0131 Set 3'L\u00fc - Bursa Erotik Shop","robots":{"index":"index","follow":"follow","max-snippet":"max-snippet:-1","max-image-preview":"max-image-preview:large","max-video-preview":"max-video-preview:-1"},"canonical":"https:\/\/hobierotikshop.com.tr\/website1\/erotik-shop-urun\/siyah-penis-halkasi-set-3lu\/","og_locale":"tr_TR","og_type":"article","og_title":"Siyah Penis Halkas\u0131 Set 3'L\u00fc","og_description":"Pembe Tilki Penis Halkas\u0131, erkekler i\u00e7in \u00f6zel olarak tasarlanm\u0131\u015f, bo\u015falma geciktirme ve performans art\u0131rma i\u015flevselli\u011fine sahip y\u00fcksek kaliteli bir cinsel yard\u0131mc\u0131 \u00fcr\u00fcnd\u00fcr. Titre\u015fimli fonksiyonu sayesinde hem erkekler hem de partnerler i\u00e7in daha yo\u011fun ve tatmin edici bir deneyim sunar. Her kullan\u0131m\u0131, daha uzun s\u00fcren ve daha zevkli bir cinsel deneyim i\u00e7in tasarlanm\u0131\u015ft\u0131r.","og_url":"https:\/\/hobierotikshop.com.tr\/website1\/erotik-shop-urun\/siyah-penis-halkasi-set-3lu\/","og_site_name":"Bursa Erotik Shop","article_modified_time":"2026-01-26T13:12:06+00:00","og_image":[{"width":1500,"height":1500,"url":"https:\/\/hobierotikshop.com.tr\/website1\/wp-content\/uploads\/2025\/03\/siyah-penis-halkasi-set-3-lu-2519.jpg","type":"image\/jpeg"}],"twitter_card":"summary_large_image","twitter_site":"@shopbursa","twitter_misc":{"Fiyat":"&#8378;400,00 KDV DAH\u0130L","Availability":"In stock"},"schema":{"@context":"https:\/\/schema.org","@graph":[{"@type":"WebPage","@id":"https:\/\/hobierotikshop.com.tr\/website1\/erotik-shop-urun\/siyah-penis-halkasi-set-3lu\/","url":"https:\/\/hobierotikshop.com.tr\/website1\/erotik-shop-urun\/siyah-penis-halkasi-set-3lu\/","name":"Siyah Penis Halkas\u0131 Set 3'L\u00fc - Bursa Erotik Shop","isPartOf":{"@id":"https:\/\/hobierotikshop.com.tr\/website1\/#website"},"primaryImageOfPage":{"@id":"https:\/\/hobierotikshop.com.tr\/website1\/erotik-shop-urun\/siyah-penis-halkasi-set-3lu\/#primaryimage"},"image":{"@id":"https:\/\/hobierotikshop.com.tr\/website1\/erotik-shop-urun\/siyah-penis-halkasi-set-3lu\/#primaryimage"},"thumbnailUrl":"https:\/\/haremerotikshop.com\/site\/wp-content\/uploads\/2025\/03\/siyah-penis-halkasi-set-3-lu-2519.jpg","datePublished":"2025-03-17T09:30:18+00:00","dateModified":"2026-01-26T13:12:06+00:00","breadcrumb":{"@id":"https:\/\/hobierotikshop.com.tr\/website1\/erotik-shop-urun\/siyah-penis-halkasi-set-3lu\/#breadcrumb"},"inLanguage":"tr","potentialAction":[{"@type":"ReadAction","target":["https:\/\/hobierotikshop.com.tr\/website1\/erotik-shop-urun\/siyah-penis-halkasi-set-3lu\/"]}]},{"@type":"ImageObject","inLanguage":"tr","@id":"https:\/\/hobierotikshop.com.tr\/website1\/erotik-shop-urun\/siyah-penis-halkasi-set-3lu\/#primaryimage","url":"https:\/\/haremerotikshop.com\/site\/wp-content\/uploads\/2025\/03\/siyah-penis-halkasi-set-3-lu-2519.jpg","contentUrl":"https:\/\/haremerotikshop.com\/site\/wp-content\/uploads\/2025\/03\/siyah-penis-halkasi-set-3-lu-2519.jpg","width":1500,"height":1500},{"@type":"BreadcrumbList","@id":"https:\/\/hobierotikshop.com.tr\/website1\/erotik-shop-urun\/siyah-penis-halkasi-set-3lu\/#breadcrumb","itemListElement":[{"@type":"ListItem","position":1,"name":"Anasayfa","item":"https:\/\/hobierotikshop.com.tr\/website1\/"},{"@type":"ListItem","position":2,"name":"Erotik Shop \u00dcr\u00fcnleri","item":"https:\/\/hobierotikshop.com.tr\/website1\/shop\/"},{"@type":"ListItem","position":3,"name":"Siyah Penis Halkas\u0131 Set 3&#8217;L\u00fc"}]},{"@type":"WebSite","@id":"https:\/\/hobierotikshop.com.tr\/website1\/#website","url":"https:\/\/hobierotikshop.com.tr\/website1\/","name":"Bursa Erotik Shop","description":"Bursa Erotik Shop ile g\u00fcvenli, gizli ve kaliteli yeti\u015fkin \u00fcr\u00fcnleri al\u0131\u015fveri\u015fi! Geni\u015f \u00fcr\u00fcn yelpazemizi ke\u015ffedin, hemen sipari\u015f verin","publisher":{"@id":"https:\/\/hobierotikshop.com.tr\/website1\/#organization"},"alternateName":"Erotik Shop","potentialAction":[{"@type":"SearchAction","target":{"@type":"EntryPoint","urlTemplate":"https:\/\/hobierotikshop.com.tr\/website1\/?s={search_term_string}"},"query-input":{"@type":"PropertyValueSpecification","valueRequired":true,"valueName":"search_term_string"}}],"inLanguage":"tr"},{"@type":"Organization","@id":"https:\/\/hobierotikshop.com.tr\/website1\/#organization","name":"Harem Bursa Erotik Shop","url":"https:\/\/hobierotikshop.com.tr\/website1\/","logo":{"@type":"ImageObject","inLanguage":"tr","@id":"https:\/\/hobierotikshop.com.tr\/website1\/#\/schema\/logo\/image\/","url":"https:\/\/haremerotikshop.com\/site\/wp-content\/uploads\/2025\/03\/haremsexshop.png","contentUrl":"https:\/\/haremerotikshop.com\/site\/wp-content\/uploads\/2025\/03\/haremsexshop.png","width":400,"height":100,"caption":"Harem Bursa Erotik Shop"},"image":{"@id":"https:\/\/hobierotikshop.com.tr\/website1\/#\/schema\/logo\/image\/"},"sameAs":["https:\/\/x.com\/shopbursa"],"publishingPrinciples":"https:\/\/hobierotikshop.com.tr\/website1\/mesafeli-satis-sozlesmesi\/","ownershipFundingInfo":"https:\/\/hobierotikshop.com.tr\/website1\/contact-us\/","actionableFeedbackPolicy":"https:\/\/hobierotikshop.com.tr\/website1\/contact-us\/","correctionsPolicy":"https:\/\/hobierotikshop.com.tr\/website1\/mesafeli-satis-sozlesmesi\/"}]},"product_brand":"Pembe Tilki","product_price_amount":"400.00","product_price_currency":"TRY","og_availability":"instock","product_availability":"instock","product_retailer_item_id":"PT-ECXF007","product_condition":"new"},"_links":{"self":[{"href":"https:\/\/haremerotikshop.com\/site\/wp-json\/wp\/v2\/product\/19233","targetHints":{"allow":["GET"]}}],"collection":[{"href":"https:\/\/haremerotikshop.com\/site\/wp-json\/wp\/v2\/product"}],"about":[{"href":"https:\/\/haremerotikshop.com\/site\/wp-json\/wp\/v2\/types\/product"}],"replies":[{"embeddable":true,"href":"https:\/\/haremerotikshop.com\/site\/wp-json\/wp\/v2\/comments?post=19233"}],"version-history":[{"count":0,"href":"https:\/\/haremerotikshop.com\/site\/wp-json\/wp\/v2\/product\/19233\/revisions"}],"wp:featuredmedia":[{"embeddable":true,"href":"https:\/\/haremerotikshop.com\/site\/wp-json\/wp\/v2\/media\/19294"}],"wp:attachment":[{"href":"https:\/\/haremerotikshop.com\/site\/wp-json\/wp\/v2\/media?parent=19233"}],"wp:term":[{"taxonomy":"product_brand","embeddable":true,"href":"https:\/\/haremerotikshop.com\/site\/wp-json\/wp\/v2\/product_brand?post=19233"},{"taxonomy":"product_cat","embeddable":true,"href":"https:\/\/haremerotikshop.com\/site\/wp-json\/wp\/v2\/product_cat?post=19233"},{"taxonomy":"product_tag","embeddable":true,"href":"https:\/\/haremerotikshop.com\/site\/wp-json\/wp\/v2\/product_tag?post=19233"}],"curies":[{"name":"wp","href":"https:\/\/api.w.org\/{rel}","templated":true}]}}