{"id":20419,"date":"2025-03-17T12:55:04","date_gmt":"2025-03-17T09:55:04","guid":{"rendered":"https:\/\/haremerotikshop.com\/site\/?post_type=product&#038;p=20419"},"modified":"2026-01-26T15:08:51","modified_gmt":"2026-01-26T12:08:51","slug":"cift-uclu-ten-rengi-realistik-dildo","status":"publish","type":"product","link":"https:\/\/haremerotikshop.com\/site\/erotik-shop-urun\/cift-uclu-ten-rengi-realistik-dildo\/","title":{"rendered":"\u00c7ift U\u00e7lu Ten Rengi Realistik Dildo"},"content":{"rendered":"<h3 data-start=\"0\" data-end=\"92\"><strong data-start=\"4\" data-end=\"92\">\u00c7ift U\u00e7lu Ten Rengi Realistik Dildo \u2013 Esnek ve Ger\u00e7ek\u00e7i Bir Deneyim \u0130\u00e7in \u0130deal Se\u00e7im<\/strong><\/h3>\n<p data-start=\"94\" data-end=\"528\"><strong data-start=\"94\" data-end=\"133\">\u00c7ift U\u00e7lu Ten Rengi Realistik Dildo<\/strong>, kullan\u0131c\u0131lar\u0131n <strong data-start=\"150\" data-end=\"171\">farkl\u0131 boyutlarda<\/strong> ve <strong data-start=\"175\" data-end=\"196\">ger\u00e7ek\u00e7i hislerde<\/strong> zevk alabilece\u011fi tasar\u0131m\u0131yla dikkat \u00e7ekiyor. Hem <strong data-start=\"246\" data-end=\"260\">tek ba\u015f\u0131na<\/strong> hem de <strong data-start=\"268\" data-end=\"291\">partnerle kullan\u0131ma<\/strong> uygun olan bu \u00fcr\u00fcn, <strong data-start=\"312\" data-end=\"325\">\u00e7ok y\u00f6nl\u00fc<\/strong> yap\u0131s\u0131yla ki\u015fisel tercihlerinize g\u00f6re esnek bir deneyim sunar. <strong data-start=\"389\" data-end=\"409\">Yumu\u015fak ve esnek<\/strong> malzemesi, her kullan\u0131c\u0131n\u0131n rahat\u00e7a deneyimlemesi i\u00e7in ideal olup, <strong data-start=\"477\" data-end=\"494\">ger\u00e7ek\u00e7i doku<\/strong> sayesinde do\u011fal bir his yarat\u0131r.<\/p>\n<p data-start=\"530\" data-end=\"884\"><strong data-start=\"530\" data-end=\"551\">\u00c7ift u\u00e7lu tasar\u0131m<\/strong>, her iki u\u00e7ta da farkl\u0131 <strong data-start=\"576\" data-end=\"591\">kal\u0131nl\u0131klar<\/strong> sunarak, ki\u015fisel tercihlere g\u00f6re de\u011fi\u015fen tatmin seviyeleri sa\u011flar. <strong data-start=\"659\" data-end=\"676\">Vantuz taban\u0131<\/strong> ise kullan\u0131m kolayl\u0131\u011f\u0131 ve pratikli\u011fi art\u0131rarak, eller serbest kullan\u0131m imkan\u0131 sunar. Hem <strong data-start=\"766\" data-end=\"777\">estetik<\/strong> hem de <strong data-start=\"785\" data-end=\"800\">fonksiyonel<\/strong> \u00f6zellikleriyle bu \u00fcr\u00fcn, koleksiyonunuza eklemek i\u00e7in m\u00fckemmel bir tercih olacakt\u0131r.<\/p>\n<hr data-start=\"886\" data-end=\"889\" \/>\n<h3 data-start=\"891\" data-end=\"919\"><strong data-start=\"895\" data-end=\"919\">\ud83d\udd39 \u00dcr\u00fcn \u00d6zellikleri:<\/strong><\/h3>\n<p data-start=\"921\" data-end=\"937\">\u2714 <strong data-start=\"923\" data-end=\"935\">Malzeme:<\/strong><\/p>\n<ul data-start=\"941\" data-end=\"1147\">\n<li data-start=\"941\" data-end=\"1147\"><strong data-start=\"943\" data-end=\"975\">TPE (Termoplastik Elastomer)<\/strong> malzemesi, <strong data-start=\"987\" data-end=\"1001\">cilt dostu<\/strong>, <strong data-start=\"1003\" data-end=\"1012\">esnek<\/strong> ve <strong data-start=\"1016\" data-end=\"1027\">yumu\u015fak<\/strong> yap\u0131s\u0131yla g\u00fcvenli ve konforlu bir kullan\u0131m sa\u011flar. Ciltle uyumlu olup, uzun s\u00fcreli kullan\u0131mlarda da rahats\u0131zl\u0131k vermez.<\/li>\n<\/ul>\n<p data-start=\"1149\" data-end=\"1175\">\u2714 <strong data-start=\"1151\" data-end=\"1173\">\u00c7ift U\u00e7lu Tasar\u0131m:<\/strong><\/p>\n<ul data-start=\"1179\" data-end=\"1431\">\n<li data-start=\"1179\" data-end=\"1300\"><strong data-start=\"1181\" data-end=\"1205\">B\u00fcy\u00fck Dildo Ba\u015fl\u0131\u011f\u0131:<\/strong> 175 mm (6.9 in\u00e7) uzunlu\u011funda ve 35 mm (1.4 in\u00e7) \u00e7ap\u0131nda, daha dolgun bir deneyim i\u00e7in ideal.<\/li>\n<li data-start=\"1304\" data-end=\"1431\"><strong data-start=\"1306\" data-end=\"1330\">K\u00fc\u00e7\u00fck Dildo Ba\u015fl\u0131\u011f\u0131:<\/strong> 165 mm (6.5 in\u00e7) uzunlu\u011funda ve 30 mm (1.2 in\u00e7) \u00e7ap\u0131nda, daha ince bir his isteyenler i\u00e7in m\u00fckemmel.<\/li>\n<\/ul>\n<p data-start=\"1433\" data-end=\"1460\">\u2714 <strong data-start=\"1435\" data-end=\"1458\">G\u00fc\u00e7l\u00fc Vantuz Taban:<\/strong><\/p>\n<ul data-start=\"1464\" data-end=\"1629\">\n<li data-start=\"1464\" data-end=\"1629\"><strong data-start=\"1466\" data-end=\"1483\">Vantuz taban\u0131<\/strong>, d\u00fcz zeminlere <strong data-start=\"1499\" data-end=\"1521\">kolayca sabitlenir<\/strong> ve <strong data-start=\"1525\" data-end=\"1551\">eller serbest kullan\u0131m<\/strong> imkan\u0131 tan\u0131r. Bu \u00f6zellik, kullan\u0131m s\u0131ras\u0131nda ekstra hareket \u00f6zg\u00fcrl\u00fc\u011f\u00fc sa\u011flar.<\/li>\n<\/ul>\n<p data-start=\"1631\" data-end=\"1674\">\u2714 <strong data-start=\"1633\" data-end=\"1672\">Uzunluk ve Kullan\u0131labilir Boyutlar:<\/strong><\/p>\n<ul data-start=\"1678\" data-end=\"1748\">\n<li data-start=\"1678\" data-end=\"1712\"><strong data-start=\"1680\" data-end=\"1693\">B\u00fcy\u00fck U\u00e7:<\/strong> 130 mm (5.1 in\u00e7)<\/li>\n<li data-start=\"1716\" data-end=\"1748\"><strong data-start=\"1718\" data-end=\"1731\">K\u00fc\u00e7\u00fck U\u00e7:<\/strong> 115 mm (4.5 in\u00e7)<\/li>\n<\/ul>\n<p data-start=\"1750\" data-end=\"1766\">\u2714 <strong data-start=\"1752\" data-end=\"1764\">A\u011f\u0131rl\u0131k:<\/strong><\/p>\n<ul data-start=\"1770\" data-end=\"1861\">\n<li data-start=\"1770\" data-end=\"1861\"><strong data-start=\"1772\" data-end=\"1782\">230 gr<\/strong> ile hafif ve kullan\u0131m\u0131 kolay, ayn\u0131 zamanda dengeyi sa\u011flayacak kadar sa\u011flamd\u0131r.<\/li>\n<\/ul>\n<hr data-start=\"1863\" data-end=\"1866\" \/>\n<h3 data-start=\"1868\" data-end=\"1943\"><strong data-start=\"1872\" data-end=\"1943\">\ud83d\udd39 Neden \u00c7ift U\u00e7lu Ten Rengi Realistik Dildo&#8217;yu Tercih Etmelisiniz?<\/strong><\/h3>\n<p data-start=\"1945\" data-end=\"1972\">\ud83d\udd38 <strong data-start=\"1948\" data-end=\"1970\">\u00c7ift U\u00e7lu Tasar\u0131m:<\/strong><\/p>\n<ul data-start=\"1976\" data-end=\"2130\">\n<li data-start=\"1976\" data-end=\"2130\"><strong data-start=\"1978\" data-end=\"2011\">Farkl\u0131 boyutlardaki ba\u015fl\u0131klar<\/strong>, ki\u015fisel tercihlere g\u00f6re se\u00e7im yapma imkan\u0131 sunar. <strong data-start=\"2063\" data-end=\"2085\">\u00c7ift u\u00e7lu kullan\u0131m<\/strong> ile her iki taraf\u0131 da ke\u015ffetmek m\u00fcmk\u00fcn olur.<\/li>\n<\/ul>\n<p data-start=\"2132\" data-end=\"2167\">\ud83d\udd38 <strong data-start=\"2135\" data-end=\"2165\">Esnek ve Ger\u00e7ek\u00e7i Malzeme:<\/strong><\/p>\n<ul data-start=\"2171\" data-end=\"2324\">\n<li data-start=\"2171\" data-end=\"2324\"><strong data-start=\"2173\" data-end=\"2188\">TPE malzeme<\/strong> sayesinde <strong data-start=\"2199\" data-end=\"2216\">ger\u00e7ek\u00e7i doku<\/strong> ve do\u011fal his sunar. <strong data-start=\"2237\" data-end=\"2248\">Yumu\u015fak<\/strong> ve <strong data-start=\"2252\" data-end=\"2268\">esnek yap\u0131s\u0131<\/strong> ile rahat\u00e7a kullanabilir ve v\u00fccudunuza tam uyum sa\u011flar.<\/li>\n<\/ul>\n<p data-start=\"2326\" data-end=\"2349\">\ud83d\udd38 <strong data-start=\"2329\" data-end=\"2347\">Vantuz Taban\u0131:<\/strong><\/p>\n<ul data-start=\"2353\" data-end=\"2515\">\n<li data-start=\"2353\" data-end=\"2515\"><strong data-start=\"2355\" data-end=\"2378\">G\u00fc\u00e7l\u00fc vantuz taban\u0131<\/strong> ile d\u00fcz y\u00fczeylere g\u00fcvenle sabitlenebilir, eller serbest \u015fekilde kullan\u0131ma olanak tan\u0131r. Bu, daha fazla pozisyon ve ke\u015fif olana\u011f\u0131 sa\u011flar.<\/li>\n<\/ul>\n<p data-start=\"2517\" data-end=\"2541\">\ud83d\udd38 <strong data-start=\"2520\" data-end=\"2539\">Kolay Temizlik:<\/strong><\/p>\n<ul data-start=\"2545\" data-end=\"2706\">\n<li data-start=\"2545\" data-end=\"2706\"><strong data-start=\"2547\" data-end=\"2562\">Su ge\u00e7irmez<\/strong> yap\u0131s\u0131 sayesinde h\u0131zl\u0131 ve hijyenik temizlik imkan\u0131 tan\u0131r. Temizli\u011fi pratik ve kolayd\u0131r, b\u00f6ylece her kullan\u0131m sonras\u0131 g\u00fcvenle kullanabilirsiniz.<\/li>\n<\/ul>\n<p data-start=\"2708\" data-end=\"2740\">\ud83d\udd38 <strong data-start=\"2711\" data-end=\"2738\">Ki\u015fisel Zevklere Uygun:<\/strong><\/p>\n<ul data-start=\"2744\" data-end=\"2900\">\n<li data-start=\"2744\" data-end=\"2900\"><strong data-start=\"2746\" data-end=\"2767\">\u00c7ift u\u00e7lu tasar\u0131m<\/strong>, farkl\u0131 boyutlardaki ba\u015fl\u0131klarla ki\u015fisel tercihlere hitap eder. <strong data-start=\"2832\" data-end=\"2858\">Esnek ve ger\u00e7ek\u00e7i yap\u0131<\/strong>, her kullan\u0131mda do\u011fal bir deneyim sa\u011flar.<\/li>\n<\/ul>\n<hr data-start=\"2902\" data-end=\"2905\" \/>\n<h3 data-start=\"2907\" data-end=\"2984\"><strong data-start=\"2911\" data-end=\"2984\">\ud83d\udd39 Kendi Zevkinize G\u00f6re Ke\u015ffedin: \u00c7ift U\u00e7lu Ten Rengi Realistik Dildo<\/strong><\/h3>\n<p data-start=\"2986\" data-end=\"3375\"><strong data-start=\"2986\" data-end=\"3025\">\u00c7ift U\u00e7lu Ten Rengi Realistik Dildo<\/strong>, <strong data-start=\"3027\" data-end=\"3044\">ger\u00e7ek\u00e7i doku<\/strong> ve <strong data-start=\"3048\" data-end=\"3064\">esnek yap\u0131s\u0131<\/strong> ile hem <strong data-start=\"3073\" data-end=\"3087\">tek ba\u015f\u0131na<\/strong> hem de <strong data-start=\"3095\" data-end=\"3108\">partnerle<\/strong> kullan\u0131ma uygun, \u00e7ok y\u00f6nl\u00fc bir deneyim sunar. <strong data-start=\"3155\" data-end=\"3178\">G\u00fc\u00e7l\u00fc vantuz taban\u0131<\/strong> sayesinde her pozisyonda <strong data-start=\"3204\" data-end=\"3221\">eller serbest<\/strong> kullan\u0131m sa\u011flar. <strong data-start=\"3239\" data-end=\"3257\">Kolay temizlik<\/strong>, <strong data-start=\"3259\" data-end=\"3281\">cilt dostu malzeme<\/strong> ve <strong data-start=\"3285\" data-end=\"3313\">farkl\u0131 boyut se\u00e7enekleri<\/strong> ile bu \u00fcr\u00fcn, zevkinizi daha da \u00f6zelle\u015ftirmenize olanak tan\u0131r.<\/p>\n<p data-start=\"3377\" data-end=\"3652\"><strong data-start=\"3377\" data-end=\"3398\">\u00c7ift u\u00e7lu tasar\u0131m<\/strong>, her iki taraf\u0131 da ke\u015ffetmenize olanak sa\u011flar ve farkl\u0131 <strong data-start=\"3455\" data-end=\"3478\">zevklere hitap eder<\/strong>. <strong data-start=\"3480\" data-end=\"3508\">Esnek ve g\u00fcvenli malzeme<\/strong>, konforlu bir deneyim sunarak beklentilerinizi kar\u015f\u0131lar. <strong data-start=\"3566\" data-end=\"3591\">Ger\u00e7ek\u00e7i ve do\u011fal his<\/strong>, her kullan\u0131mda tatmin edici sonu\u00e7lar elde etmenizi sa\u011flar.<\/p>\n<p data-start=\"3654\" data-end=\"3803\" data-is-last-node=\"\" data-is-only-node=\"\"><strong data-start=\"3654\" data-end=\"3693\">\u00c7ift U\u00e7lu Ten Rengi Realistik Dildo<\/strong>, cinsel deneyimlerinizi ki\u015fiselle\u015ftirmek ve her an\u0131n\u0131z\u0131 daha zevkli hale getirmek i\u00e7in m\u00fckemmel bir se\u00e7imdir.<\/p>\n","protected":false},"excerpt":{"rendered":"<p><strong data-start=\"94\" data-end=\"133\">\u00c7ift U\u00e7lu Ten Rengi Realistik Dildo<\/strong>, kullan\u0131c\u0131lar\u0131n <strong data-start=\"150\" data-end=\"171\">farkl\u0131 boyutlarda<\/strong> ve <strong data-start=\"175\" data-end=\"196\">ger\u00e7ek\u00e7i hislerde<\/strong> zevk alabilece\u011fi tasar\u0131m\u0131yla dikkat \u00e7ekiyor. Hem <strong data-start=\"246\" data-end=\"260\">tek ba\u015f\u0131na<\/strong> hem de <strong data-start=\"268\" data-end=\"291\">partnerle kullan\u0131ma<\/strong> uygun olan bu \u00fcr\u00fcn, <strong data-start=\"312\" data-end=\"325\">\u00e7ok y\u00f6nl\u00fc<\/strong> yap\u0131s\u0131yla ki\u015fisel tercihlerinize g\u00f6re esnek bir deneyim sunar. <strong data-start=\"389\" data-end=\"409\">Yumu\u015fak ve esnek<\/strong> malzemesi, her kullan\u0131c\u0131n\u0131n rahat\u00e7a deneyimlemesi i\u00e7in ideal olup, <strong data-start=\"477\" data-end=\"494\">ger\u00e7ek\u00e7i doku<\/strong> sayesinde do\u011fal bir his yarat\u0131r.<\/p>\n","protected":false},"featured_media":20489,"comment_status":"open","ping_status":"closed","template":"","meta":[],"product_brand":[127],"product_cat":[96],"product_tag":[444],"class_list":{"0":"post-20419","1":"product","2":"type-product","3":"status-publish","4":"has-post-thumbnail","6":"product_brand-pembe-tilki","7":"product_cat-realistik-dildo","8":"product_tag-cift-uclu-ten-rengi-realistik-dildo","10":"first","11":"outofstock","12":"taxable","13":"shipping-taxable","14":"purchasable","15":"product-type-simple"},"yoast_head":"<!-- This site is optimized with the Yoast SEO Premium plugin v24.4 (Yoast SEO v27.1.1) - https:\/\/yoast.com\/product\/yoast-seo-premium-wordpress\/ -->\n<title>\u00c7ift U\u00e7lu Ten Rengi Realistik Dildo - Bursa Erotik Shop<\/title>\n<meta name=\"robots\" content=\"index, follow, max-snippet:-1, max-image-preview:large, max-video-preview:-1\" \/>\n<link rel=\"canonical\" href=\"https:\/\/hobierotikshop.com.tr\/website1\/erotik-shop-urun\/cift-uclu-ten-rengi-realistik-dildo\/\" \/>\n<meta property=\"og:locale\" content=\"tr_TR\" \/>\n<meta property=\"og:type\" content=\"article\" \/>\n<meta property=\"og:title\" content=\"\u00c7ift U\u00e7lu Ten Rengi Realistik Dildo\" \/>\n<meta property=\"og:description\" content=\"\u00c7ift U\u00e7lu Ten Rengi Realistik Dildo, kullan\u0131c\u0131lar\u0131n farkl\u0131 boyutlarda ve ger\u00e7ek\u00e7i hislerde zevk alabilece\u011fi tasar\u0131m\u0131yla dikkat \u00e7ekiyor. Hem tek ba\u015f\u0131na hem de partnerle kullan\u0131ma uygun olan bu \u00fcr\u00fcn, \u00e7ok y\u00f6nl\u00fc yap\u0131s\u0131yla ki\u015fisel tercihlerinize g\u00f6re esnek bir deneyim sunar. Yumu\u015fak ve esnek malzemesi, her kullan\u0131c\u0131n\u0131n rahat\u00e7a deneyimlemesi i\u00e7in ideal olup, ger\u00e7ek\u00e7i doku sayesinde do\u011fal bir his yarat\u0131r.\" \/>\n<meta property=\"og:url\" content=\"https:\/\/hobierotikshop.com.tr\/website1\/erotik-shop-urun\/cift-uclu-ten-rengi-realistik-dildo\/\" \/>\n<meta property=\"og:site_name\" content=\"Bursa Erotik Shop\" \/>\n<meta property=\"article:modified_time\" content=\"2026-01-26T12:08:51+00:00\" \/>\n<meta property=\"og:image\" content=\"https:\/\/hobierotikshop.com.tr\/website1\/wp-content\/uploads\/2025\/03\/cift-uclu-ten-rengi-realistik-dildo-2772.jpg\" \/>\n\t<meta property=\"og:image:width\" content=\"1500\" \/>\n\t<meta property=\"og:image:height\" content=\"1500\" \/>\n\t<meta property=\"og:image:type\" content=\"image\/jpeg\" \/>\n<meta name=\"twitter:card\" content=\"summary_large_image\" \/>\n<meta name=\"twitter:site\" content=\"@shopbursa\" \/>\n<meta name=\"twitter:label1\" content=\"Fiyat\" \/>\n\t<meta name=\"twitter:data1\" content=\"&#8378;890,00 KDV DAH\u0130L\" \/>\n\t<meta name=\"twitter:label2\" content=\"Availability\" \/>\n\t<meta name=\"twitter:data2\" content=\"Out of stock\" \/>\n<script type=\"application\/ld+json\" class=\"yoast-schema-graph\">{\"@context\":\"https:\/\/schema.org\",\"@graph\":[{\"@type\":\"WebPage\",\"@id\":\"https:\/\/hobierotikshop.com.tr\/website1\/erotik-shop-urun\/cift-uclu-ten-rengi-realistik-dildo\/\",\"url\":\"https:\/\/hobierotikshop.com.tr\/website1\/erotik-shop-urun\/cift-uclu-ten-rengi-realistik-dildo\/\",\"name\":\"\u00c7ift U\u00e7lu Ten Rengi Realistik Dildo - Bursa Erotik Shop\",\"isPartOf\":{\"@id\":\"https:\/\/hobierotikshop.com.tr\/website1\/#website\"},\"primaryImageOfPage\":{\"@id\":\"https:\/\/hobierotikshop.com.tr\/website1\/erotik-shop-urun\/cift-uclu-ten-rengi-realistik-dildo\/#primaryimage\"},\"image\":{\"@id\":\"https:\/\/hobierotikshop.com.tr\/website1\/erotik-shop-urun\/cift-uclu-ten-rengi-realistik-dildo\/#primaryimage\"},\"thumbnailUrl\":\"https:\/\/haremerotikshop.com\/site\/wp-content\/uploads\/2025\/03\/cift-uclu-ten-rengi-realistik-dildo-2772.jpg\",\"datePublished\":\"2025-03-17T09:55:04+00:00\",\"dateModified\":\"2026-01-26T12:08:51+00:00\",\"breadcrumb\":{\"@id\":\"https:\/\/hobierotikshop.com.tr\/website1\/erotik-shop-urun\/cift-uclu-ten-rengi-realistik-dildo\/#breadcrumb\"},\"inLanguage\":\"tr\",\"potentialAction\":[{\"@type\":\"ReadAction\",\"target\":[\"https:\/\/hobierotikshop.com.tr\/website1\/erotik-shop-urun\/cift-uclu-ten-rengi-realistik-dildo\/\"]}]},{\"@type\":\"ImageObject\",\"inLanguage\":\"tr\",\"@id\":\"https:\/\/hobierotikshop.com.tr\/website1\/erotik-shop-urun\/cift-uclu-ten-rengi-realistik-dildo\/#primaryimage\",\"url\":\"https:\/\/haremerotikshop.com\/site\/wp-content\/uploads\/2025\/03\/cift-uclu-ten-rengi-realistik-dildo-2772.jpg\",\"contentUrl\":\"https:\/\/haremerotikshop.com\/site\/wp-content\/uploads\/2025\/03\/cift-uclu-ten-rengi-realistik-dildo-2772.jpg\",\"width\":1500,\"height\":1500},{\"@type\":\"BreadcrumbList\",\"@id\":\"https:\/\/hobierotikshop.com.tr\/website1\/erotik-shop-urun\/cift-uclu-ten-rengi-realistik-dildo\/#breadcrumb\",\"itemListElement\":[{\"@type\":\"ListItem\",\"position\":1,\"name\":\"Anasayfa\",\"item\":\"https:\/\/hobierotikshop.com.tr\/website1\/\"},{\"@type\":\"ListItem\",\"position\":2,\"name\":\"Erotik Shop \u00dcr\u00fcnleri\",\"item\":\"https:\/\/hobierotikshop.com.tr\/website1\/shop\/\"},{\"@type\":\"ListItem\",\"position\":3,\"name\":\"\u00c7ift U\u00e7lu Ten Rengi Realistik Dildo\"}]},{\"@type\":\"WebSite\",\"@id\":\"https:\/\/hobierotikshop.com.tr\/website1\/#website\",\"url\":\"https:\/\/hobierotikshop.com.tr\/website1\/\",\"name\":\"Bursa Erotik Shop\",\"description\":\"Bursa Erotik Shop ile g\u00fcvenli, gizli ve kaliteli yeti\u015fkin \u00fcr\u00fcnleri al\u0131\u015fveri\u015fi! Geni\u015f \u00fcr\u00fcn yelpazemizi ke\u015ffedin, hemen sipari\u015f verin\",\"publisher\":{\"@id\":\"https:\/\/hobierotikshop.com.tr\/website1\/#organization\"},\"alternateName\":\"Erotik Shop\",\"potentialAction\":[{\"@type\":\"SearchAction\",\"target\":{\"@type\":\"EntryPoint\",\"urlTemplate\":\"https:\/\/hobierotikshop.com.tr\/website1\/?s={search_term_string}\"},\"query-input\":{\"@type\":\"PropertyValueSpecification\",\"valueRequired\":true,\"valueName\":\"search_term_string\"}}],\"inLanguage\":\"tr\"},{\"@type\":\"Organization\",\"@id\":\"https:\/\/hobierotikshop.com.tr\/website1\/#organization\",\"name\":\"Harem Bursa Erotik Shop\",\"url\":\"https:\/\/hobierotikshop.com.tr\/website1\/\",\"logo\":{\"@type\":\"ImageObject\",\"inLanguage\":\"tr\",\"@id\":\"https:\/\/hobierotikshop.com.tr\/website1\/#\/schema\/logo\/image\/\",\"url\":\"https:\/\/haremerotikshop.com\/site\/wp-content\/uploads\/2025\/03\/haremsexshop.png\",\"contentUrl\":\"https:\/\/haremerotikshop.com\/site\/wp-content\/uploads\/2025\/03\/haremsexshop.png\",\"width\":400,\"height\":100,\"caption\":\"Harem Bursa Erotik Shop\"},\"image\":{\"@id\":\"https:\/\/hobierotikshop.com.tr\/website1\/#\/schema\/logo\/image\/\"},\"sameAs\":[\"https:\/\/x.com\/shopbursa\"],\"publishingPrinciples\":\"https:\/\/hobierotikshop.com.tr\/website1\/mesafeli-satis-sozlesmesi\/\",\"ownershipFundingInfo\":\"https:\/\/hobierotikshop.com.tr\/website1\/contact-us\/\",\"actionableFeedbackPolicy\":\"https:\/\/hobierotikshop.com.tr\/website1\/contact-us\/\",\"correctionsPolicy\":\"https:\/\/hobierotikshop.com.tr\/website1\/mesafeli-satis-sozlesmesi\/\"}]}<\/script>\n<meta property=\"product:brand\" content=\"Pembe Tilki\" \/>\n<meta property=\"product:price:amount\" content=\"890.00\" \/>\n<meta property=\"product:price:currency\" content=\"TRY\" \/>\n<meta property=\"og:availability\" content=\"out of stock\" \/>\n<meta property=\"product:availability\" content=\"out of stock\" \/>\n<meta property=\"product:retailer_item_id\" content=\"PT-DVXD112FL\" \/>\n<meta property=\"product:condition\" content=\"new\" \/>\n<!-- \/ Yoast SEO Premium plugin. -->","yoast_head_json":{"title":"\u00c7ift U\u00e7lu Ten Rengi Realistik Dildo - Bursa Erotik Shop","robots":{"index":"index","follow":"follow","max-snippet":"max-snippet:-1","max-image-preview":"max-image-preview:large","max-video-preview":"max-video-preview:-1"},"canonical":"https:\/\/hobierotikshop.com.tr\/website1\/erotik-shop-urun\/cift-uclu-ten-rengi-realistik-dildo\/","og_locale":"tr_TR","og_type":"article","og_title":"\u00c7ift U\u00e7lu Ten Rengi Realistik Dildo","og_description":"\u00c7ift U\u00e7lu Ten Rengi Realistik Dildo, kullan\u0131c\u0131lar\u0131n farkl\u0131 boyutlarda ve ger\u00e7ek\u00e7i hislerde zevk alabilece\u011fi tasar\u0131m\u0131yla dikkat \u00e7ekiyor. Hem tek ba\u015f\u0131na hem de partnerle kullan\u0131ma uygun olan bu \u00fcr\u00fcn, \u00e7ok y\u00f6nl\u00fc yap\u0131s\u0131yla ki\u015fisel tercihlerinize g\u00f6re esnek bir deneyim sunar. Yumu\u015fak ve esnek malzemesi, her kullan\u0131c\u0131n\u0131n rahat\u00e7a deneyimlemesi i\u00e7in ideal olup, ger\u00e7ek\u00e7i doku sayesinde do\u011fal bir his yarat\u0131r.","og_url":"https:\/\/hobierotikshop.com.tr\/website1\/erotik-shop-urun\/cift-uclu-ten-rengi-realistik-dildo\/","og_site_name":"Bursa Erotik Shop","article_modified_time":"2026-01-26T12:08:51+00:00","og_image":[{"width":1500,"height":1500,"url":"https:\/\/hobierotikshop.com.tr\/website1\/wp-content\/uploads\/2025\/03\/cift-uclu-ten-rengi-realistik-dildo-2772.jpg","type":"image\/jpeg"}],"twitter_card":"summary_large_image","twitter_site":"@shopbursa","twitter_misc":{"Fiyat":"&#8378;890,00 KDV DAH\u0130L","Availability":"Out of stock"},"schema":{"@context":"https:\/\/schema.org","@graph":[{"@type":"WebPage","@id":"https:\/\/hobierotikshop.com.tr\/website1\/erotik-shop-urun\/cift-uclu-ten-rengi-realistik-dildo\/","url":"https:\/\/hobierotikshop.com.tr\/website1\/erotik-shop-urun\/cift-uclu-ten-rengi-realistik-dildo\/","name":"\u00c7ift U\u00e7lu Ten Rengi Realistik Dildo - Bursa Erotik Shop","isPartOf":{"@id":"https:\/\/hobierotikshop.com.tr\/website1\/#website"},"primaryImageOfPage":{"@id":"https:\/\/hobierotikshop.com.tr\/website1\/erotik-shop-urun\/cift-uclu-ten-rengi-realistik-dildo\/#primaryimage"},"image":{"@id":"https:\/\/hobierotikshop.com.tr\/website1\/erotik-shop-urun\/cift-uclu-ten-rengi-realistik-dildo\/#primaryimage"},"thumbnailUrl":"https:\/\/haremerotikshop.com\/site\/wp-content\/uploads\/2025\/03\/cift-uclu-ten-rengi-realistik-dildo-2772.jpg","datePublished":"2025-03-17T09:55:04+00:00","dateModified":"2026-01-26T12:08:51+00:00","breadcrumb":{"@id":"https:\/\/hobierotikshop.com.tr\/website1\/erotik-shop-urun\/cift-uclu-ten-rengi-realistik-dildo\/#breadcrumb"},"inLanguage":"tr","potentialAction":[{"@type":"ReadAction","target":["https:\/\/hobierotikshop.com.tr\/website1\/erotik-shop-urun\/cift-uclu-ten-rengi-realistik-dildo\/"]}]},{"@type":"ImageObject","inLanguage":"tr","@id":"https:\/\/hobierotikshop.com.tr\/website1\/erotik-shop-urun\/cift-uclu-ten-rengi-realistik-dildo\/#primaryimage","url":"https:\/\/haremerotikshop.com\/site\/wp-content\/uploads\/2025\/03\/cift-uclu-ten-rengi-realistik-dildo-2772.jpg","contentUrl":"https:\/\/haremerotikshop.com\/site\/wp-content\/uploads\/2025\/03\/cift-uclu-ten-rengi-realistik-dildo-2772.jpg","width":1500,"height":1500},{"@type":"BreadcrumbList","@id":"https:\/\/hobierotikshop.com.tr\/website1\/erotik-shop-urun\/cift-uclu-ten-rengi-realistik-dildo\/#breadcrumb","itemListElement":[{"@type":"ListItem","position":1,"name":"Anasayfa","item":"https:\/\/hobierotikshop.com.tr\/website1\/"},{"@type":"ListItem","position":2,"name":"Erotik Shop \u00dcr\u00fcnleri","item":"https:\/\/hobierotikshop.com.tr\/website1\/shop\/"},{"@type":"ListItem","position":3,"name":"\u00c7ift U\u00e7lu Ten Rengi Realistik Dildo"}]},{"@type":"WebSite","@id":"https:\/\/hobierotikshop.com.tr\/website1\/#website","url":"https:\/\/hobierotikshop.com.tr\/website1\/","name":"Bursa Erotik Shop","description":"Bursa Erotik Shop ile g\u00fcvenli, gizli ve kaliteli yeti\u015fkin \u00fcr\u00fcnleri al\u0131\u015fveri\u015fi! Geni\u015f \u00fcr\u00fcn yelpazemizi ke\u015ffedin, hemen sipari\u015f verin","publisher":{"@id":"https:\/\/hobierotikshop.com.tr\/website1\/#organization"},"alternateName":"Erotik Shop","potentialAction":[{"@type":"SearchAction","target":{"@type":"EntryPoint","urlTemplate":"https:\/\/hobierotikshop.com.tr\/website1\/?s={search_term_string}"},"query-input":{"@type":"PropertyValueSpecification","valueRequired":true,"valueName":"search_term_string"}}],"inLanguage":"tr"},{"@type":"Organization","@id":"https:\/\/hobierotikshop.com.tr\/website1\/#organization","name":"Harem Bursa Erotik Shop","url":"https:\/\/hobierotikshop.com.tr\/website1\/","logo":{"@type":"ImageObject","inLanguage":"tr","@id":"https:\/\/hobierotikshop.com.tr\/website1\/#\/schema\/logo\/image\/","url":"https:\/\/haremerotikshop.com\/site\/wp-content\/uploads\/2025\/03\/haremsexshop.png","contentUrl":"https:\/\/haremerotikshop.com\/site\/wp-content\/uploads\/2025\/03\/haremsexshop.png","width":400,"height":100,"caption":"Harem Bursa Erotik Shop"},"image":{"@id":"https:\/\/hobierotikshop.com.tr\/website1\/#\/schema\/logo\/image\/"},"sameAs":["https:\/\/x.com\/shopbursa"],"publishingPrinciples":"https:\/\/hobierotikshop.com.tr\/website1\/mesafeli-satis-sozlesmesi\/","ownershipFundingInfo":"https:\/\/hobierotikshop.com.tr\/website1\/contact-us\/","actionableFeedbackPolicy":"https:\/\/hobierotikshop.com.tr\/website1\/contact-us\/","correctionsPolicy":"https:\/\/hobierotikshop.com.tr\/website1\/mesafeli-satis-sozlesmesi\/"}]},"product_brand":"Pembe Tilki","product_price_amount":"890.00","product_price_currency":"TRY","og_availability":"out of stock","product_availability":"out of stock","product_retailer_item_id":"PT-DVXD112FL","product_condition":"new"},"_links":{"self":[{"href":"https:\/\/haremerotikshop.com\/site\/wp-json\/wp\/v2\/product\/20419","targetHints":{"allow":["GET"]}}],"collection":[{"href":"https:\/\/haremerotikshop.com\/site\/wp-json\/wp\/v2\/product"}],"about":[{"href":"https:\/\/haremerotikshop.com\/site\/wp-json\/wp\/v2\/types\/product"}],"replies":[{"embeddable":true,"href":"https:\/\/haremerotikshop.com\/site\/wp-json\/wp\/v2\/comments?post=20419"}],"version-history":[{"count":0,"href":"https:\/\/haremerotikshop.com\/site\/wp-json\/wp\/v2\/product\/20419\/revisions"}],"wp:featuredmedia":[{"embeddable":true,"href":"https:\/\/haremerotikshop.com\/site\/wp-json\/wp\/v2\/media\/20489"}],"wp:attachment":[{"href":"https:\/\/haremerotikshop.com\/site\/wp-json\/wp\/v2\/media?parent=20419"}],"wp:term":[{"taxonomy":"product_brand","embeddable":true,"href":"https:\/\/haremerotikshop.com\/site\/wp-json\/wp\/v2\/product_brand?post=20419"},{"taxonomy":"product_cat","embeddable":true,"href":"https:\/\/haremerotikshop.com\/site\/wp-json\/wp\/v2\/product_cat?post=20419"},{"taxonomy":"product_tag","embeddable":true,"href":"https:\/\/haremerotikshop.com\/site\/wp-json\/wp\/v2\/product_tag?post=20419"}],"curies":[{"name":"wp","href":"https:\/\/api.w.org\/{rel}","templated":true}]}}