{"id":21495,"date":"2025-03-25T14:47:56","date_gmt":"2025-03-25T11:47:56","guid":{"rendered":"https:\/\/haremerotikshop.com\/site\/?post_type=product&#038;p=21495"},"modified":"2026-01-26T14:39:42","modified_gmt":"2026-01-26T11:39:42","slug":"fetish-pozisyon-kelepcesi","status":"publish","type":"product","link":"https:\/\/haremerotikshop.com\/site\/erotik-shop-urun\/fetish-pozisyon-kelepcesi\/","title":{"rendered":"Fetish Pozisyon Kelep\u00e7esi"},"content":{"rendered":"<h3 class=\"\" data-start=\"0\" data-end=\"71\"><strong data-start=\"4\" data-end=\"69\">\ud83d\udd25 El ve Ayak Ba\u011flama Kelep\u00e7esi \u2013 Tutkuyu Zirveye Ta\u015f\u0131y\u0131n! \ud83d\udd25<\/strong><\/h3>\n<p class=\"\" data-start=\"73\" data-end=\"355\">Fantezi d\u00fcnyan\u0131z\u0131 geni\u015fletmek ve <strong data-start=\"106\" data-end=\"136\">tutkuyu doruklara \u00e7\u0131karmak<\/strong> i\u00e7in \u00f6zel olarak tasarlanan <strong data-start=\"165\" data-end=\"197\">El ve Ayak Ba\u011flama Kelep\u00e7esi<\/strong>, sizi ve partnerinizi <strong data-start=\"220\" data-end=\"255\">unutulmaz bir ke\u015fif yolculu\u011funa<\/strong> davet ediyor! <strong data-start=\"270\" data-end=\"313\">Kontrol sende mi, yoksa partnerinde mi?<\/strong> Se\u00e7imini yap ve arzular\u0131n\u0131 \u00f6zg\u00fcr b\u0131rak!<\/p>\n<hr class=\"\" data-start=\"357\" data-end=\"362\" \/>\n<h3 class=\"\" data-start=\"364\" data-end=\"425\"><strong data-start=\"368\" data-end=\"423\">\ud83d\udca5 Fetish Pozisyon Kelep\u00e7esi \u2013 S\u0131n\u0131rlar\u0131 Ke\u015ffet! \ud83d\udca5<\/strong><\/h3>\n<p class=\"\" data-start=\"427\" data-end=\"1076\">\u2714 <strong data-start=\"429\" data-end=\"466\">Kolay Kullan\u0131ml\u0131 ve Ayarlanabilir<\/strong> \u2013 <strong data-start=\"469\" data-end=\"500\">Deri el ve ayak kelep\u00e7eleri<\/strong>, her bedene uyum sa\u011flayan <strong data-start=\"527\" data-end=\"539\">konforlu<\/strong> ve <strong data-start=\"543\" data-end=\"554\">g\u00fcvenli<\/strong> bir yap\u0131ya sahiptir.<br data-start=\"575\" data-end=\"578\" \/>\u2714 <strong data-start=\"580\" data-end=\"624\">Seks Pozisyonlar\u0131n\u0131 Ke\u015ffetmek \u0130\u00e7in \u0130deal<\/strong> \u2013 <strong data-start=\"627\" data-end=\"663\">Ba\u011flama oyunlar\u0131n\u0131 seven \u00e7iftler<\/strong> i\u00e7in <strong data-start=\"669\" data-end=\"706\">yeni ve heyecan verici deneyimler<\/strong> sunar.<br data-start=\"713\" data-end=\"716\" \/>\u2714 <strong data-start=\"718\" data-end=\"755\">Cinsel Hayat\u0131n\u0131za Farkl\u0131l\u0131k Kat\u0131n<\/strong> \u2013 <strong data-start=\"758\" data-end=\"779\">Monotonlu\u011fu k\u0131r\u0131n<\/strong>, <strong data-start=\"781\" data-end=\"811\">yeni arzular\u0131n\u0131z\u0131 ke\u015ffedin<\/strong> ve ili\u015fkinize farkl\u0131 bir boyut kazand\u0131r\u0131n.<br data-start=\"854\" data-end=\"857\" \/>\u2714 <strong data-start=\"859\" data-end=\"901\">Ba\u011fl\u0131 Olman\u0131n Verdi\u011fi Heyecan\u0131 Ya\u015fay\u0131n<\/strong> \u2013 <strong data-start=\"904\" data-end=\"943\">Tam kontrol veya teslimiyet hissini<\/strong> doruklarda hissedin.<br data-start=\"964\" data-end=\"967\" \/>\u2714 <strong data-start=\"969\" data-end=\"1005\">Fantezi D\u00fcnyan\u0131z\u0131 Zenginle\u015ftirin<\/strong> \u2013 <strong data-start=\"1008\" data-end=\"1028\">BDSM ve roleplay<\/strong> seven \u00e7iftler i\u00e7in <strong data-start=\"1048\" data-end=\"1074\">m\u00fckemmel bir aksesuar!<\/strong><\/p>\n<hr class=\"\" data-start=\"1078\" data-end=\"1083\" \/>\n<h3 class=\"\" data-start=\"1085\" data-end=\"1155\"><strong data-start=\"1089\" data-end=\"1153\">\ud83c\udfad G\u00f6z Maskesi Hediyeli \u2013 Gizemin ve Arzunun Tad\u0131n\u0131 \u00c7\u0131kar\u0131n!<\/strong><\/h3>\n<p class=\"\" data-start=\"1157\" data-end=\"1334\">Bu \u00f6zel set ile birlikte <strong data-start=\"1182\" data-end=\"1211\">duyular\u0131 keskinle\u015ftirerek<\/strong> heyecan\u0131 art\u0131ran <strong data-start=\"1229\" data-end=\"1252\">\u015f\u0131k bir g\u00f6z maskesi<\/strong> de hediye! <strong data-start=\"1264\" data-end=\"1304\">Gizem ve tutkunun m\u00fckemmel birle\u015fimi<\/strong> i\u00e7in ideal bir tamamlay\u0131c\u0131!<\/p>\n<hr class=\"\" data-start=\"1336\" data-end=\"1341\" \/>\n<h3 class=\"\" data-start=\"1343\" data-end=\"1374\"><strong data-start=\"1347\" data-end=\"1372\">\ud83d\udd25 Kimler \u0130\u00e7in Uygun?<\/strong><\/h3>\n<p class=\"\" data-start=\"1376\" data-end=\"1598\">\u2705 <strong data-start=\"1378\" data-end=\"1417\">S\u0131n\u0131rlar\u0131 ke\u015ffetmek isteyen \u00e7iftler<\/strong><br data-start=\"1417\" data-end=\"1420\" \/>\u2705 <strong data-start=\"1422\" data-end=\"1469\">Ba\u011flama ve BDSM fantezilerine ilgi duyanlar<\/strong><br data-start=\"1469\" data-end=\"1472\" \/>\u2705 <strong data-start=\"1474\" data-end=\"1530\">Cinsel hayat\u0131na heyecan ve yenilik katmak isteyenler<\/strong><br data-start=\"1530\" data-end=\"1533\" \/>\u2705 <strong data-start=\"1535\" data-end=\"1596\">Y\u00fcksek kaliteli ve konforlu bir feti\u015f aksesuar\u0131 arayanlar<\/strong><\/p>\n<hr class=\"\" data-start=\"1600\" data-end=\"1605\" \/>\n<p class=\"\" data-start=\"1681\" data-end=\"1972\">Bu \u00fcr\u00fcn tan\u0131t\u0131m\u0131, <strong data-start=\"1699\" data-end=\"1720\">ba\u011flama kelep\u00e7esi<\/strong>, <strong data-start=\"1722\" data-end=\"1746\">el ve ayak kelep\u00e7esi<\/strong>, <strong data-start=\"1748\" data-end=\"1769\">BDSM kelep\u00e7e seti<\/strong>, <strong data-start=\"1771\" data-end=\"1793\">pozisyon kelep\u00e7esi<\/strong>, <strong data-start=\"1795\" data-end=\"1812\">seks oyunca\u011f\u0131<\/strong>, <strong data-start=\"1814\" data-end=\"1849\">\u00e7iftler i\u00e7in feti\u015f aksesuarlar\u0131<\/strong>, <strong data-start=\"1851\" data-end=\"1886\">kontrol ve teslimiyet kelep\u00e7esi<\/strong>, <strong data-start=\"1888\" data-end=\"1909\">fantezi kelep\u00e7esi.<\/strong><\/p>\n<p class=\"\" data-start=\"1974\" data-end=\"2063\">\ud83d\udd25 <strong data-start=\"1977\" data-end=\"2057\">Kontrol sende mi, yoksa partnerinde mi? Hemen sipari\u015f ver ve tutkuyu ke\u015ffet!<\/strong> \ud83d\udd25 \ud83d\ude80<\/p>\n","protected":false},"excerpt":{"rendered":"<p>Fantezi d\u00fcnyan\u0131z\u0131 geni\u015fletmek ve <strong data-start=\"106\" data-end=\"136\">tutkuyu doruklara \u00e7\u0131karmak<\/strong> i\u00e7in \u00f6zel olarak tasarlanan <strong data-start=\"165\" data-end=\"197\">El ve Ayak Ba\u011flama Kelep\u00e7esi<\/strong>, sizi ve partnerinizi <strong data-start=\"220\" data-end=\"255\">unutulmaz bir ke\u015fif yolculu\u011funa<\/strong> davet ediyor! <strong data-start=\"270\" data-end=\"313\">Kontrol sende mi, yoksa partnerinde mi?<\/strong> Se\u00e7imini yap ve arzular\u0131n\u0131 \u00f6zg\u00fcr b\u0131rak!<\/p>\n","protected":false},"featured_media":21679,"comment_status":"open","ping_status":"closed","template":"","meta":[],"product_brand":[466],"product_cat":[463],"product_tag":[],"class_list":{"0":"post-21495","1":"product","2":"type-product","3":"status-publish","4":"has-post-thumbnail","6":"product_brand-borassa","7":"product_cat-fetis-urunler","9":"first","10":"instock","11":"taxable","12":"shipping-taxable","13":"purchasable","14":"product-type-simple"},"yoast_head":"<!-- This site is optimized with the Yoast SEO Premium plugin v24.4 (Yoast SEO v27.1.1) - https:\/\/yoast.com\/product\/yoast-seo-premium-wordpress\/ -->\n<title>Fetish Pozisyon Kelep\u00e7esi - Bursa Erotik Shop<\/title>\n<meta name=\"robots\" content=\"index, follow, max-snippet:-1, max-image-preview:large, max-video-preview:-1\" \/>\n<link rel=\"canonical\" href=\"https:\/\/hobierotikshop.com.tr\/website1\/erotik-shop-urun\/fetish-pozisyon-kelepcesi\/\" \/>\n<meta property=\"og:locale\" content=\"tr_TR\" \/>\n<meta property=\"og:type\" content=\"article\" \/>\n<meta property=\"og:title\" content=\"Fetish Pozisyon Kelep\u00e7esi\" \/>\n<meta property=\"og:description\" content=\"Fantezi d\u00fcnyan\u0131z\u0131 geni\u015fletmek ve tutkuyu doruklara \u00e7\u0131karmak i\u00e7in \u00f6zel olarak tasarlanan El ve Ayak Ba\u011flama Kelep\u00e7esi, sizi ve partnerinizi unutulmaz bir ke\u015fif yolculu\u011funa davet ediyor! Kontrol sende mi, yoksa partnerinde mi? Se\u00e7imini yap ve arzular\u0131n\u0131 \u00f6zg\u00fcr b\u0131rak!\" \/>\n<meta property=\"og:url\" content=\"https:\/\/hobierotikshop.com.tr\/website1\/erotik-shop-urun\/fetish-pozisyon-kelepcesi\/\" \/>\n<meta property=\"og:site_name\" content=\"Bursa Erotik Shop\" \/>\n<meta property=\"article:modified_time\" content=\"2026-01-26T11:39:42+00:00\" \/>\n<meta property=\"og:image\" content=\"https:\/\/hobierotikshop.com.tr\/website1\/wp-content\/uploads\/2025\/03\/MODEL-06-YENI.jpg\" \/>\n\t<meta property=\"og:image:width\" content=\"500\" \/>\n\t<meta property=\"og:image:height\" content=\"500\" \/>\n\t<meta property=\"og:image:type\" content=\"image\/jpeg\" \/>\n<meta name=\"twitter:card\" content=\"summary_large_image\" \/>\n<meta name=\"twitter:site\" content=\"@shopbursa\" \/>\n<meta name=\"twitter:label1\" content=\"Fiyat\" \/>\n\t<meta name=\"twitter:data1\" content=\"&#8378;1.400,00 KDV DAH\u0130L\" \/>\n\t<meta name=\"twitter:label2\" content=\"Availability\" \/>\n\t<meta name=\"twitter:data2\" content=\"In stock\" \/>\n<script type=\"application\/ld+json\" class=\"yoast-schema-graph\">{\"@context\":\"https:\/\/schema.org\",\"@graph\":[{\"@type\":\"WebPage\",\"@id\":\"https:\/\/hobierotikshop.com.tr\/website1\/erotik-shop-urun\/fetish-pozisyon-kelepcesi\/\",\"url\":\"https:\/\/hobierotikshop.com.tr\/website1\/erotik-shop-urun\/fetish-pozisyon-kelepcesi\/\",\"name\":\"Fetish Pozisyon Kelep\u00e7esi - Bursa Erotik Shop\",\"isPartOf\":{\"@id\":\"https:\/\/hobierotikshop.com.tr\/website1\/#website\"},\"primaryImageOfPage\":{\"@id\":\"https:\/\/hobierotikshop.com.tr\/website1\/erotik-shop-urun\/fetish-pozisyon-kelepcesi\/#primaryimage\"},\"image\":{\"@id\":\"https:\/\/hobierotikshop.com.tr\/website1\/erotik-shop-urun\/fetish-pozisyon-kelepcesi\/#primaryimage\"},\"thumbnailUrl\":\"https:\/\/haremerotikshop.com\/site\/wp-content\/uploads\/2025\/03\/MODEL-06-YENI.jpg\",\"datePublished\":\"2025-03-25T11:47:56+00:00\",\"dateModified\":\"2026-01-26T11:39:42+00:00\",\"breadcrumb\":{\"@id\":\"https:\/\/hobierotikshop.com.tr\/website1\/erotik-shop-urun\/fetish-pozisyon-kelepcesi\/#breadcrumb\"},\"inLanguage\":\"tr\",\"potentialAction\":[{\"@type\":\"ReadAction\",\"target\":[\"https:\/\/hobierotikshop.com.tr\/website1\/erotik-shop-urun\/fetish-pozisyon-kelepcesi\/\"]}]},{\"@type\":\"ImageObject\",\"inLanguage\":\"tr\",\"@id\":\"https:\/\/hobierotikshop.com.tr\/website1\/erotik-shop-urun\/fetish-pozisyon-kelepcesi\/#primaryimage\",\"url\":\"https:\/\/haremerotikshop.com\/site\/wp-content\/uploads\/2025\/03\/MODEL-06-YENI.jpg\",\"contentUrl\":\"https:\/\/haremerotikshop.com\/site\/wp-content\/uploads\/2025\/03\/MODEL-06-YENI.jpg\",\"width\":500,\"height\":500,\"caption\":\"Erotik Shop Fetish Pozisyon Kelep\u00e7esi\"},{\"@type\":\"BreadcrumbList\",\"@id\":\"https:\/\/hobierotikshop.com.tr\/website1\/erotik-shop-urun\/fetish-pozisyon-kelepcesi\/#breadcrumb\",\"itemListElement\":[{\"@type\":\"ListItem\",\"position\":1,\"name\":\"Anasayfa\",\"item\":\"https:\/\/hobierotikshop.com.tr\/website1\/\"},{\"@type\":\"ListItem\",\"position\":2,\"name\":\"Erotik Shop \u00dcr\u00fcnleri\",\"item\":\"https:\/\/hobierotikshop.com.tr\/website1\/shop\/\"},{\"@type\":\"ListItem\",\"position\":3,\"name\":\"Fetish Pozisyon Kelep\u00e7esi\"}]},{\"@type\":\"WebSite\",\"@id\":\"https:\/\/hobierotikshop.com.tr\/website1\/#website\",\"url\":\"https:\/\/hobierotikshop.com.tr\/website1\/\",\"name\":\"Bursa Erotik Shop\",\"description\":\"Bursa Erotik Shop ile g\u00fcvenli, gizli ve kaliteli yeti\u015fkin \u00fcr\u00fcnleri al\u0131\u015fveri\u015fi! Geni\u015f \u00fcr\u00fcn yelpazemizi ke\u015ffedin, hemen sipari\u015f verin\",\"publisher\":{\"@id\":\"https:\/\/hobierotikshop.com.tr\/website1\/#organization\"},\"alternateName\":\"Erotik Shop\",\"potentialAction\":[{\"@type\":\"SearchAction\",\"target\":{\"@type\":\"EntryPoint\",\"urlTemplate\":\"https:\/\/hobierotikshop.com.tr\/website1\/?s={search_term_string}\"},\"query-input\":{\"@type\":\"PropertyValueSpecification\",\"valueRequired\":true,\"valueName\":\"search_term_string\"}}],\"inLanguage\":\"tr\"},{\"@type\":\"Organization\",\"@id\":\"https:\/\/hobierotikshop.com.tr\/website1\/#organization\",\"name\":\"Harem Bursa Erotik Shop\",\"url\":\"https:\/\/hobierotikshop.com.tr\/website1\/\",\"logo\":{\"@type\":\"ImageObject\",\"inLanguage\":\"tr\",\"@id\":\"https:\/\/hobierotikshop.com.tr\/website1\/#\/schema\/logo\/image\/\",\"url\":\"https:\/\/haremerotikshop.com\/site\/wp-content\/uploads\/2025\/03\/haremsexshop.png\",\"contentUrl\":\"https:\/\/haremerotikshop.com\/site\/wp-content\/uploads\/2025\/03\/haremsexshop.png\",\"width\":400,\"height\":100,\"caption\":\"Harem Bursa Erotik Shop\"},\"image\":{\"@id\":\"https:\/\/hobierotikshop.com.tr\/website1\/#\/schema\/logo\/image\/\"},\"sameAs\":[\"https:\/\/x.com\/shopbursa\"],\"publishingPrinciples\":\"https:\/\/hobierotikshop.com.tr\/website1\/mesafeli-satis-sozlesmesi\/\",\"ownershipFundingInfo\":\"https:\/\/hobierotikshop.com.tr\/website1\/contact-us\/\",\"actionableFeedbackPolicy\":\"https:\/\/hobierotikshop.com.tr\/website1\/contact-us\/\",\"correctionsPolicy\":\"https:\/\/hobierotikshop.com.tr\/website1\/mesafeli-satis-sozlesmesi\/\"}]}<\/script>\n<meta property=\"product:brand\" content=\"Borassa\" \/>\n<meta property=\"product:price:amount\" content=\"1400.00\" \/>\n<meta property=\"product:price:currency\" content=\"TRY\" \/>\n<meta property=\"og:availability\" content=\"instock\" \/>\n<meta property=\"product:availability\" content=\"instock\" \/>\n<meta property=\"product:retailer_item_id\" content=\"HS3417\" \/>\n<meta property=\"product:condition\" content=\"new\" \/>\n<!-- \/ Yoast SEO Premium plugin. -->","yoast_head_json":{"title":"Fetish Pozisyon Kelep\u00e7esi - Bursa Erotik Shop","robots":{"index":"index","follow":"follow","max-snippet":"max-snippet:-1","max-image-preview":"max-image-preview:large","max-video-preview":"max-video-preview:-1"},"canonical":"https:\/\/hobierotikshop.com.tr\/website1\/erotik-shop-urun\/fetish-pozisyon-kelepcesi\/","og_locale":"tr_TR","og_type":"article","og_title":"Fetish Pozisyon Kelep\u00e7esi","og_description":"Fantezi d\u00fcnyan\u0131z\u0131 geni\u015fletmek ve tutkuyu doruklara \u00e7\u0131karmak i\u00e7in \u00f6zel olarak tasarlanan El ve Ayak Ba\u011flama Kelep\u00e7esi, sizi ve partnerinizi unutulmaz bir ke\u015fif yolculu\u011funa davet ediyor! Kontrol sende mi, yoksa partnerinde mi? Se\u00e7imini yap ve arzular\u0131n\u0131 \u00f6zg\u00fcr b\u0131rak!","og_url":"https:\/\/hobierotikshop.com.tr\/website1\/erotik-shop-urun\/fetish-pozisyon-kelepcesi\/","og_site_name":"Bursa Erotik Shop","article_modified_time":"2026-01-26T11:39:42+00:00","og_image":[{"width":500,"height":500,"url":"https:\/\/hobierotikshop.com.tr\/website1\/wp-content\/uploads\/2025\/03\/MODEL-06-YENI.jpg","type":"image\/jpeg"}],"twitter_card":"summary_large_image","twitter_site":"@shopbursa","twitter_misc":{"Fiyat":"&#8378;1.400,00 KDV DAH\u0130L","Availability":"In stock"},"schema":{"@context":"https:\/\/schema.org","@graph":[{"@type":"WebPage","@id":"https:\/\/hobierotikshop.com.tr\/website1\/erotik-shop-urun\/fetish-pozisyon-kelepcesi\/","url":"https:\/\/hobierotikshop.com.tr\/website1\/erotik-shop-urun\/fetish-pozisyon-kelepcesi\/","name":"Fetish Pozisyon Kelep\u00e7esi - Bursa Erotik Shop","isPartOf":{"@id":"https:\/\/hobierotikshop.com.tr\/website1\/#website"},"primaryImageOfPage":{"@id":"https:\/\/hobierotikshop.com.tr\/website1\/erotik-shop-urun\/fetish-pozisyon-kelepcesi\/#primaryimage"},"image":{"@id":"https:\/\/hobierotikshop.com.tr\/website1\/erotik-shop-urun\/fetish-pozisyon-kelepcesi\/#primaryimage"},"thumbnailUrl":"https:\/\/haremerotikshop.com\/site\/wp-content\/uploads\/2025\/03\/MODEL-06-YENI.jpg","datePublished":"2025-03-25T11:47:56+00:00","dateModified":"2026-01-26T11:39:42+00:00","breadcrumb":{"@id":"https:\/\/hobierotikshop.com.tr\/website1\/erotik-shop-urun\/fetish-pozisyon-kelepcesi\/#breadcrumb"},"inLanguage":"tr","potentialAction":[{"@type":"ReadAction","target":["https:\/\/hobierotikshop.com.tr\/website1\/erotik-shop-urun\/fetish-pozisyon-kelepcesi\/"]}]},{"@type":"ImageObject","inLanguage":"tr","@id":"https:\/\/hobierotikshop.com.tr\/website1\/erotik-shop-urun\/fetish-pozisyon-kelepcesi\/#primaryimage","url":"https:\/\/haremerotikshop.com\/site\/wp-content\/uploads\/2025\/03\/MODEL-06-YENI.jpg","contentUrl":"https:\/\/haremerotikshop.com\/site\/wp-content\/uploads\/2025\/03\/MODEL-06-YENI.jpg","width":500,"height":500,"caption":"Erotik Shop Fetish Pozisyon Kelep\u00e7esi"},{"@type":"BreadcrumbList","@id":"https:\/\/hobierotikshop.com.tr\/website1\/erotik-shop-urun\/fetish-pozisyon-kelepcesi\/#breadcrumb","itemListElement":[{"@type":"ListItem","position":1,"name":"Anasayfa","item":"https:\/\/hobierotikshop.com.tr\/website1\/"},{"@type":"ListItem","position":2,"name":"Erotik Shop \u00dcr\u00fcnleri","item":"https:\/\/hobierotikshop.com.tr\/website1\/shop\/"},{"@type":"ListItem","position":3,"name":"Fetish Pozisyon Kelep\u00e7esi"}]},{"@type":"WebSite","@id":"https:\/\/hobierotikshop.com.tr\/website1\/#website","url":"https:\/\/hobierotikshop.com.tr\/website1\/","name":"Bursa Erotik Shop","description":"Bursa Erotik Shop ile g\u00fcvenli, gizli ve kaliteli yeti\u015fkin \u00fcr\u00fcnleri al\u0131\u015fveri\u015fi! Geni\u015f \u00fcr\u00fcn yelpazemizi ke\u015ffedin, hemen sipari\u015f verin","publisher":{"@id":"https:\/\/hobierotikshop.com.tr\/website1\/#organization"},"alternateName":"Erotik Shop","potentialAction":[{"@type":"SearchAction","target":{"@type":"EntryPoint","urlTemplate":"https:\/\/hobierotikshop.com.tr\/website1\/?s={search_term_string}"},"query-input":{"@type":"PropertyValueSpecification","valueRequired":true,"valueName":"search_term_string"}}],"inLanguage":"tr"},{"@type":"Organization","@id":"https:\/\/hobierotikshop.com.tr\/website1\/#organization","name":"Harem Bursa Erotik Shop","url":"https:\/\/hobierotikshop.com.tr\/website1\/","logo":{"@type":"ImageObject","inLanguage":"tr","@id":"https:\/\/hobierotikshop.com.tr\/website1\/#\/schema\/logo\/image\/","url":"https:\/\/haremerotikshop.com\/site\/wp-content\/uploads\/2025\/03\/haremsexshop.png","contentUrl":"https:\/\/haremerotikshop.com\/site\/wp-content\/uploads\/2025\/03\/haremsexshop.png","width":400,"height":100,"caption":"Harem Bursa Erotik Shop"},"image":{"@id":"https:\/\/hobierotikshop.com.tr\/website1\/#\/schema\/logo\/image\/"},"sameAs":["https:\/\/x.com\/shopbursa"],"publishingPrinciples":"https:\/\/hobierotikshop.com.tr\/website1\/mesafeli-satis-sozlesmesi\/","ownershipFundingInfo":"https:\/\/hobierotikshop.com.tr\/website1\/contact-us\/","actionableFeedbackPolicy":"https:\/\/hobierotikshop.com.tr\/website1\/contact-us\/","correctionsPolicy":"https:\/\/hobierotikshop.com.tr\/website1\/mesafeli-satis-sozlesmesi\/"}]},"product_brand":"Borassa","product_price_amount":"1400.00","product_price_currency":"TRY","og_availability":"instock","product_availability":"instock","product_retailer_item_id":"HS3417","product_condition":"new"},"_links":{"self":[{"href":"https:\/\/haremerotikshop.com\/site\/wp-json\/wp\/v2\/product\/21495","targetHints":{"allow":["GET"]}}],"collection":[{"href":"https:\/\/haremerotikshop.com\/site\/wp-json\/wp\/v2\/product"}],"about":[{"href":"https:\/\/haremerotikshop.com\/site\/wp-json\/wp\/v2\/types\/product"}],"replies":[{"embeddable":true,"href":"https:\/\/haremerotikshop.com\/site\/wp-json\/wp\/v2\/comments?post=21495"}],"version-history":[{"count":0,"href":"https:\/\/haremerotikshop.com\/site\/wp-json\/wp\/v2\/product\/21495\/revisions"}],"wp:featuredmedia":[{"embeddable":true,"href":"https:\/\/haremerotikshop.com\/site\/wp-json\/wp\/v2\/media\/21679"}],"wp:attachment":[{"href":"https:\/\/haremerotikshop.com\/site\/wp-json\/wp\/v2\/media?parent=21495"}],"wp:term":[{"taxonomy":"product_brand","embeddable":true,"href":"https:\/\/haremerotikshop.com\/site\/wp-json\/wp\/v2\/product_brand?post=21495"},{"taxonomy":"product_cat","embeddable":true,"href":"https:\/\/haremerotikshop.com\/site\/wp-json\/wp\/v2\/product_cat?post=21495"},{"taxonomy":"product_tag","embeddable":true,"href":"https:\/\/haremerotikshop.com\/site\/wp-json\/wp\/v2\/product_tag?post=21495"}],"curies":[{"name":"wp","href":"https:\/\/api.w.org\/{rel}","templated":true}]}}