{"id":21686,"date":"2025-03-27T20:07:58","date_gmt":"2025-03-27T17:07:58","guid":{"rendered":"https:\/\/haremerotikshop.com\/site\/?post_type=product&#038;p=21686"},"modified":"2026-01-26T14:35:41","modified_gmt":"2026-01-26T11:35:41","slug":"siyah-deri-dantelli-seksi-fantezi-bustiyer-takim","status":"publish","type":"product","link":"https:\/\/haremerotikshop.com\/site\/erotik-shop-urun\/siyah-deri-dantelli-seksi-fantezi-bustiyer-takim\/","title":{"rendered":"Siyah Deri Dantelli Seksi Fantezi B\u00fcstiyer Tak\u0131m"},"content":{"rendered":"<h3 class=\"\" data-start=\"0\" data-end=\"85\"><strong data-start=\"4\" data-end=\"83\">\ud83d\udda4 Deri Dantelli Seksi Fantezi B\u00fcstiyer Seti \u2013 Cesur ve Ba\u015ftan \u00c7\u0131kar\u0131c\u0131! \ud83d\udda4<\/strong><\/h3>\n<p class=\"\" data-start=\"87\" data-end=\"309\">\u015e\u0131kl\u0131k, cesaret ve \u00e7ekicilik bir arada! <strong data-start=\"127\" data-end=\"172\">Deri Dantelli Seksi Fantezi B\u00fcstiyer Seti<\/strong>, iddial\u0131 tasar\u0131m\u0131yla tutkunuzu zirveye ta\u015f\u0131yacak. \u00d6zel tasar\u0131m\u0131 ve v\u00fccuda tam oturan yap\u0131s\u0131 sayesinde hem seksi hem de rahat hissedin.<\/p>\n<h3 class=\"\" data-start=\"311\" data-end=\"364\"><strong data-start=\"315\" data-end=\"362\">\u2728 \u00d6zel Tasar\u0131m \u2013 Ba\u015ftan \u00c7\u0131karan Detaylar! \u2728<\/strong><\/h3>\n<p class=\"\" data-start=\"366\" data-end=\"533\">\ud83d\udce6 <strong data-start=\"369\" data-end=\"387\">Paket \u0130\u00e7eri\u011fi:<\/strong><br data-start=\"387\" data-end=\"390\" \/>\u2714 <strong data-start=\"392\" data-end=\"404\">B\u00fcstiyer<\/strong> \u2013 G\u00f6\u011f\u00fcsleri kavrayarak v\u00fccudunuzu kusursuz bir \u015fekilde ortaya \u00e7\u0131kar\u0131r.<br data-start=\"475\" data-end=\"478\" \/>\u2714 <strong data-start=\"480\" data-end=\"490\">String<\/strong> \u2013 V\u00fccudu saran \u015f\u0131k ve tamamlay\u0131c\u0131 detay.<\/p>\n<p class=\"\" data-start=\"535\" data-end=\"857\">\ud83d\udc8e <strong data-start=\"538\" data-end=\"572\">Kaliteli ve G\u00f6z Al\u0131c\u0131 Tasar\u0131m:<\/strong><br data-start=\"572\" data-end=\"575\" \/>\u25ab <strong data-start=\"577\" data-end=\"598\">Lateks Deri Kuma\u015f<\/strong> \u2013 Parlak ve p\u00fcr\u00fczs\u00fcz dokusuyla \u015f\u0131kl\u0131\u011f\u0131 tamamlar.<br data-start=\"647\" data-end=\"650\" \/>\u25ab <strong data-start=\"652\" data-end=\"675\">V\u00fccuda Oturan Kesim<\/strong> \u2013 Siluetinizi en iyi \u015fekilde ortaya \u00e7\u0131kar\u0131r.<br data-start=\"720\" data-end=\"723\" data-is-only-node=\"\" \/>\u25ab <strong data-start=\"725\" data-end=\"749\">Dantel ve Deri Uyumu<\/strong> \u2013 Hem sert hem de romantik bir tarz sunar.<br data-start=\"792\" data-end=\"795\" \/>\u25ab <strong data-start=\"797\" data-end=\"824\">\u0130ki Par\u00e7adan Olu\u015fan Set<\/strong> \u2013 Ba\u015ftan \u00e7\u0131kar\u0131c\u0131 kombinasyon!<\/p>\n<p class=\"\" data-start=\"859\" data-end=\"1016\">\ud83d\udd25 <strong data-start=\"862\" data-end=\"913\">Cesur ve etkileyici bir g\u00f6r\u00fcn\u00fcmle fark yarat\u0131n!<\/strong><br data-start=\"913\" data-end=\"916\" \/>\ud83d\udd25 <strong data-start=\"919\" data-end=\"961\">\u00d6zel anlar\u0131n\u0131za \u015f\u0131kl\u0131k ve tutku kat\u0131n!<\/strong><br data-start=\"961\" data-end=\"964\" \/>\ud83d\udd25 <strong data-start=\"967\" data-end=\"1014\">\u0130\u00e7inizdeki g\u00fc\u00e7l\u00fc ve \u00e7ekici kad\u0131n\u0131 ke\u015ffedin!<\/strong><\/p>\n<p class=\"\" data-start=\"1018\" data-end=\"1106\">\ud83d\udc8b <strong data-start=\"1021\" data-end=\"1106\" data-is-last-node=\"\">Kendinizi \u00f6zel hissetmek ve dikkatleri \u00fczerinize \u00e7ekmek i\u00e7in hemen sipari\u015f verin!<\/strong><\/p>\n","protected":false},"excerpt":{"rendered":"<p data-start=\"55\" data-end=\"93\">\u015e\u0131kl\u0131k, cesaret ve \u00e7ekicilik bir arada! <strong data-start=\"127\" data-end=\"172\">Deri Dantelli Seksi Fantezi B\u00fcstiyer Seti<\/strong>, iddial\u0131 tasar\u0131m\u0131yla tutkunuzu zirveye ta\u015f\u0131yacak. \u00d6zel tasar\u0131m\u0131 ve v\u00fccuda tam oturan yap\u0131s\u0131 sayesinde hem seksi hem de rahat hissedin.<\/p>\n","protected":false},"featured_media":21720,"comment_status":"open","ping_status":"closed","template":"","meta":[],"product_brand":[469],"product_cat":[467,468],"product_tag":[],"class_list":{"0":"post-21686","1":"product","2":"type-product","3":"status-publish","4":"has-post-thumbnail","6":"product_brand-for-dreams","7":"product_cat-fantezi-giyim","8":"product_cat-seksi-giyim","10":"first","11":"outofstock","12":"taxable","13":"shipping-taxable","14":"purchasable","15":"product-type-simple"},"yoast_head":"<!-- This site is optimized with the Yoast SEO Premium plugin v24.4 (Yoast SEO v27.1.1) - https:\/\/yoast.com\/product\/yoast-seo-premium-wordpress\/ -->\n<title>Siyah Deri Dantelli Seksi Fantezi B\u00fcstiyer Tak\u0131m - Bursa Erotik Shop<\/title>\n<meta name=\"robots\" content=\"index, follow, max-snippet:-1, max-image-preview:large, max-video-preview:-1\" \/>\n<link rel=\"canonical\" href=\"https:\/\/hobierotikshop.com.tr\/website1\/erotik-shop-urun\/siyah-deri-dantelli-seksi-fantezi-bustiyer-takim\/\" \/>\n<meta property=\"og:locale\" content=\"tr_TR\" \/>\n<meta property=\"og:type\" content=\"article\" \/>\n<meta property=\"og:title\" content=\"Siyah Deri Dantelli Seksi Fantezi B\u00fcstiyer Tak\u0131m\" \/>\n<meta property=\"og:description\" content=\"\u015e\u0131kl\u0131k, cesaret ve \u00e7ekicilik bir arada! Deri Dantelli Seksi Fantezi B\u00fcstiyer Seti, iddial\u0131 tasar\u0131m\u0131yla tutkunuzu zirveye ta\u015f\u0131yacak. \u00d6zel tasar\u0131m\u0131 ve v\u00fccuda tam oturan yap\u0131s\u0131 sayesinde hem seksi hem de rahat hissedin.\" \/>\n<meta property=\"og:url\" content=\"https:\/\/hobierotikshop.com.tr\/website1\/erotik-shop-urun\/siyah-deri-dantelli-seksi-fantezi-bustiyer-takim\/\" \/>\n<meta property=\"og:site_name\" content=\"Bursa Erotik Shop\" \/>\n<meta property=\"article:modified_time\" content=\"2026-01-26T11:35:41+00:00\" \/>\n<meta property=\"og:image\" content=\"https:\/\/hobierotikshop.com.tr\/website1\/wp-content\/uploads\/2025\/03\/Sexy-fantasy-dress-8001-1.jpg\" \/>\n\t<meta property=\"og:image:width\" content=\"567\" \/>\n\t<meta property=\"og:image:height\" content=\"850\" \/>\n\t<meta property=\"og:image:type\" content=\"image\/jpeg\" \/>\n<meta name=\"twitter:card\" content=\"summary_large_image\" \/>\n<meta name=\"twitter:site\" content=\"@shopbursa\" \/>\n<meta name=\"twitter:label1\" content=\"Fiyat\" \/>\n\t<meta name=\"twitter:data1\" content=\"&#8378;1.080,00 KDV DAH\u0130L\" \/>\n\t<meta name=\"twitter:label2\" content=\"Availability\" \/>\n\t<meta name=\"twitter:data2\" content=\"Out of stock\" \/>\n<script type=\"application\/ld+json\" class=\"yoast-schema-graph\">{\"@context\":\"https:\/\/schema.org\",\"@graph\":[{\"@type\":\"WebPage\",\"@id\":\"https:\/\/hobierotikshop.com.tr\/website1\/erotik-shop-urun\/siyah-deri-dantelli-seksi-fantezi-bustiyer-takim\/\",\"url\":\"https:\/\/hobierotikshop.com.tr\/website1\/erotik-shop-urun\/siyah-deri-dantelli-seksi-fantezi-bustiyer-takim\/\",\"name\":\"Siyah Deri Dantelli Seksi Fantezi B\u00fcstiyer Tak\u0131m - Bursa Erotik Shop\",\"isPartOf\":{\"@id\":\"https:\/\/hobierotikshop.com.tr\/website1\/#website\"},\"primaryImageOfPage\":{\"@id\":\"https:\/\/hobierotikshop.com.tr\/website1\/erotik-shop-urun\/siyah-deri-dantelli-seksi-fantezi-bustiyer-takim\/#primaryimage\"},\"image\":{\"@id\":\"https:\/\/hobierotikshop.com.tr\/website1\/erotik-shop-urun\/siyah-deri-dantelli-seksi-fantezi-bustiyer-takim\/#primaryimage\"},\"thumbnailUrl\":\"https:\/\/haremerotikshop.com\/site\/wp-content\/uploads\/2025\/03\/Sexy-fantasy-dress-8001-1.jpg\",\"datePublished\":\"2025-03-27T17:07:58+00:00\",\"dateModified\":\"2026-01-26T11:35:41+00:00\",\"breadcrumb\":{\"@id\":\"https:\/\/hobierotikshop.com.tr\/website1\/erotik-shop-urun\/siyah-deri-dantelli-seksi-fantezi-bustiyer-takim\/#breadcrumb\"},\"inLanguage\":\"tr\",\"potentialAction\":[{\"@type\":\"ReadAction\",\"target\":[\"https:\/\/hobierotikshop.com.tr\/website1\/erotik-shop-urun\/siyah-deri-dantelli-seksi-fantezi-bustiyer-takim\/\"]}]},{\"@type\":\"ImageObject\",\"inLanguage\":\"tr\",\"@id\":\"https:\/\/hobierotikshop.com.tr\/website1\/erotik-shop-urun\/siyah-deri-dantelli-seksi-fantezi-bustiyer-takim\/#primaryimage\",\"url\":\"https:\/\/haremerotikshop.com\/site\/wp-content\/uploads\/2025\/03\/Sexy-fantasy-dress-8001-1.jpg\",\"contentUrl\":\"https:\/\/haremerotikshop.com\/site\/wp-content\/uploads\/2025\/03\/Sexy-fantasy-dress-8001-1.jpg\",\"width\":567,\"height\":850,\"caption\":\"Bursa sex Shop Siyah Deri Dantelli Seksi Fantezi B\u00fcstiyer Tak\u0131m\"},{\"@type\":\"BreadcrumbList\",\"@id\":\"https:\/\/hobierotikshop.com.tr\/website1\/erotik-shop-urun\/siyah-deri-dantelli-seksi-fantezi-bustiyer-takim\/#breadcrumb\",\"itemListElement\":[{\"@type\":\"ListItem\",\"position\":1,\"name\":\"Anasayfa\",\"item\":\"https:\/\/hobierotikshop.com.tr\/website1\/\"},{\"@type\":\"ListItem\",\"position\":2,\"name\":\"Erotik Shop \u00dcr\u00fcnleri\",\"item\":\"https:\/\/hobierotikshop.com.tr\/website1\/shop\/\"},{\"@type\":\"ListItem\",\"position\":3,\"name\":\"Siyah Deri Dantelli Seksi Fantezi B\u00fcstiyer Tak\u0131m\"}]},{\"@type\":\"WebSite\",\"@id\":\"https:\/\/hobierotikshop.com.tr\/website1\/#website\",\"url\":\"https:\/\/hobierotikshop.com.tr\/website1\/\",\"name\":\"Bursa Erotik Shop\",\"description\":\"Bursa Erotik Shop ile g\u00fcvenli, gizli ve kaliteli yeti\u015fkin \u00fcr\u00fcnleri al\u0131\u015fveri\u015fi! Geni\u015f \u00fcr\u00fcn yelpazemizi ke\u015ffedin, hemen sipari\u015f verin\",\"publisher\":{\"@id\":\"https:\/\/hobierotikshop.com.tr\/website1\/#organization\"},\"alternateName\":\"Erotik Shop\",\"potentialAction\":[{\"@type\":\"SearchAction\",\"target\":{\"@type\":\"EntryPoint\",\"urlTemplate\":\"https:\/\/hobierotikshop.com.tr\/website1\/?s={search_term_string}\"},\"query-input\":{\"@type\":\"PropertyValueSpecification\",\"valueRequired\":true,\"valueName\":\"search_term_string\"}}],\"inLanguage\":\"tr\"},{\"@type\":\"Organization\",\"@id\":\"https:\/\/hobierotikshop.com.tr\/website1\/#organization\",\"name\":\"Harem Bursa Erotik Shop\",\"url\":\"https:\/\/hobierotikshop.com.tr\/website1\/\",\"logo\":{\"@type\":\"ImageObject\",\"inLanguage\":\"tr\",\"@id\":\"https:\/\/hobierotikshop.com.tr\/website1\/#\/schema\/logo\/image\/\",\"url\":\"https:\/\/haremerotikshop.com\/site\/wp-content\/uploads\/2025\/03\/haremsexshop.png\",\"contentUrl\":\"https:\/\/haremerotikshop.com\/site\/wp-content\/uploads\/2025\/03\/haremsexshop.png\",\"width\":400,\"height\":100,\"caption\":\"Harem Bursa Erotik Shop\"},\"image\":{\"@id\":\"https:\/\/hobierotikshop.com.tr\/website1\/#\/schema\/logo\/image\/\"},\"sameAs\":[\"https:\/\/x.com\/shopbursa\"],\"publishingPrinciples\":\"https:\/\/hobierotikshop.com.tr\/website1\/mesafeli-satis-sozlesmesi\/\",\"ownershipFundingInfo\":\"https:\/\/hobierotikshop.com.tr\/website1\/contact-us\/\",\"actionableFeedbackPolicy\":\"https:\/\/hobierotikshop.com.tr\/website1\/contact-us\/\",\"correctionsPolicy\":\"https:\/\/hobierotikshop.com.tr\/website1\/mesafeli-satis-sozlesmesi\/\"}]}<\/script>\n<meta property=\"product:brand\" content=\"For Dreams\" \/>\n<meta property=\"product:price:amount\" content=\"1080.00\" \/>\n<meta property=\"product:price:currency\" content=\"TRY\" \/>\n<meta property=\"og:availability\" content=\"out of stock\" \/>\n<meta property=\"product:availability\" content=\"out of stock\" \/>\n<meta property=\"product:retailer_item_id\" content=\"HS18001\" \/>\n<meta property=\"product:condition\" content=\"new\" \/>\n<!-- \/ Yoast SEO Premium plugin. -->","yoast_head_json":{"title":"Siyah Deri Dantelli Seksi Fantezi B\u00fcstiyer Tak\u0131m - Bursa Erotik Shop","robots":{"index":"index","follow":"follow","max-snippet":"max-snippet:-1","max-image-preview":"max-image-preview:large","max-video-preview":"max-video-preview:-1"},"canonical":"https:\/\/hobierotikshop.com.tr\/website1\/erotik-shop-urun\/siyah-deri-dantelli-seksi-fantezi-bustiyer-takim\/","og_locale":"tr_TR","og_type":"article","og_title":"Siyah Deri Dantelli Seksi Fantezi B\u00fcstiyer Tak\u0131m","og_description":"\u015e\u0131kl\u0131k, cesaret ve \u00e7ekicilik bir arada! Deri Dantelli Seksi Fantezi B\u00fcstiyer Seti, iddial\u0131 tasar\u0131m\u0131yla tutkunuzu zirveye ta\u015f\u0131yacak. \u00d6zel tasar\u0131m\u0131 ve v\u00fccuda tam oturan yap\u0131s\u0131 sayesinde hem seksi hem de rahat hissedin.","og_url":"https:\/\/hobierotikshop.com.tr\/website1\/erotik-shop-urun\/siyah-deri-dantelli-seksi-fantezi-bustiyer-takim\/","og_site_name":"Bursa Erotik Shop","article_modified_time":"2026-01-26T11:35:41+00:00","og_image":[{"width":567,"height":850,"url":"https:\/\/hobierotikshop.com.tr\/website1\/wp-content\/uploads\/2025\/03\/Sexy-fantasy-dress-8001-1.jpg","type":"image\/jpeg"}],"twitter_card":"summary_large_image","twitter_site":"@shopbursa","twitter_misc":{"Fiyat":"&#8378;1.080,00 KDV DAH\u0130L","Availability":"Out of stock"},"schema":{"@context":"https:\/\/schema.org","@graph":[{"@type":"WebPage","@id":"https:\/\/hobierotikshop.com.tr\/website1\/erotik-shop-urun\/siyah-deri-dantelli-seksi-fantezi-bustiyer-takim\/","url":"https:\/\/hobierotikshop.com.tr\/website1\/erotik-shop-urun\/siyah-deri-dantelli-seksi-fantezi-bustiyer-takim\/","name":"Siyah Deri Dantelli Seksi Fantezi B\u00fcstiyer Tak\u0131m - Bursa Erotik Shop","isPartOf":{"@id":"https:\/\/hobierotikshop.com.tr\/website1\/#website"},"primaryImageOfPage":{"@id":"https:\/\/hobierotikshop.com.tr\/website1\/erotik-shop-urun\/siyah-deri-dantelli-seksi-fantezi-bustiyer-takim\/#primaryimage"},"image":{"@id":"https:\/\/hobierotikshop.com.tr\/website1\/erotik-shop-urun\/siyah-deri-dantelli-seksi-fantezi-bustiyer-takim\/#primaryimage"},"thumbnailUrl":"https:\/\/haremerotikshop.com\/site\/wp-content\/uploads\/2025\/03\/Sexy-fantasy-dress-8001-1.jpg","datePublished":"2025-03-27T17:07:58+00:00","dateModified":"2026-01-26T11:35:41+00:00","breadcrumb":{"@id":"https:\/\/hobierotikshop.com.tr\/website1\/erotik-shop-urun\/siyah-deri-dantelli-seksi-fantezi-bustiyer-takim\/#breadcrumb"},"inLanguage":"tr","potentialAction":[{"@type":"ReadAction","target":["https:\/\/hobierotikshop.com.tr\/website1\/erotik-shop-urun\/siyah-deri-dantelli-seksi-fantezi-bustiyer-takim\/"]}]},{"@type":"ImageObject","inLanguage":"tr","@id":"https:\/\/hobierotikshop.com.tr\/website1\/erotik-shop-urun\/siyah-deri-dantelli-seksi-fantezi-bustiyer-takim\/#primaryimage","url":"https:\/\/haremerotikshop.com\/site\/wp-content\/uploads\/2025\/03\/Sexy-fantasy-dress-8001-1.jpg","contentUrl":"https:\/\/haremerotikshop.com\/site\/wp-content\/uploads\/2025\/03\/Sexy-fantasy-dress-8001-1.jpg","width":567,"height":850,"caption":"Bursa sex Shop Siyah Deri Dantelli Seksi Fantezi B\u00fcstiyer Tak\u0131m"},{"@type":"BreadcrumbList","@id":"https:\/\/hobierotikshop.com.tr\/website1\/erotik-shop-urun\/siyah-deri-dantelli-seksi-fantezi-bustiyer-takim\/#breadcrumb","itemListElement":[{"@type":"ListItem","position":1,"name":"Anasayfa","item":"https:\/\/hobierotikshop.com.tr\/website1\/"},{"@type":"ListItem","position":2,"name":"Erotik Shop \u00dcr\u00fcnleri","item":"https:\/\/hobierotikshop.com.tr\/website1\/shop\/"},{"@type":"ListItem","position":3,"name":"Siyah Deri Dantelli Seksi Fantezi B\u00fcstiyer Tak\u0131m"}]},{"@type":"WebSite","@id":"https:\/\/hobierotikshop.com.tr\/website1\/#website","url":"https:\/\/hobierotikshop.com.tr\/website1\/","name":"Bursa Erotik Shop","description":"Bursa Erotik Shop ile g\u00fcvenli, gizli ve kaliteli yeti\u015fkin \u00fcr\u00fcnleri al\u0131\u015fveri\u015fi! Geni\u015f \u00fcr\u00fcn yelpazemizi ke\u015ffedin, hemen sipari\u015f verin","publisher":{"@id":"https:\/\/hobierotikshop.com.tr\/website1\/#organization"},"alternateName":"Erotik Shop","potentialAction":[{"@type":"SearchAction","target":{"@type":"EntryPoint","urlTemplate":"https:\/\/hobierotikshop.com.tr\/website1\/?s={search_term_string}"},"query-input":{"@type":"PropertyValueSpecification","valueRequired":true,"valueName":"search_term_string"}}],"inLanguage":"tr"},{"@type":"Organization","@id":"https:\/\/hobierotikshop.com.tr\/website1\/#organization","name":"Harem Bursa Erotik Shop","url":"https:\/\/hobierotikshop.com.tr\/website1\/","logo":{"@type":"ImageObject","inLanguage":"tr","@id":"https:\/\/hobierotikshop.com.tr\/website1\/#\/schema\/logo\/image\/","url":"https:\/\/haremerotikshop.com\/site\/wp-content\/uploads\/2025\/03\/haremsexshop.png","contentUrl":"https:\/\/haremerotikshop.com\/site\/wp-content\/uploads\/2025\/03\/haremsexshop.png","width":400,"height":100,"caption":"Harem Bursa Erotik Shop"},"image":{"@id":"https:\/\/hobierotikshop.com.tr\/website1\/#\/schema\/logo\/image\/"},"sameAs":["https:\/\/x.com\/shopbursa"],"publishingPrinciples":"https:\/\/hobierotikshop.com.tr\/website1\/mesafeli-satis-sozlesmesi\/","ownershipFundingInfo":"https:\/\/hobierotikshop.com.tr\/website1\/contact-us\/","actionableFeedbackPolicy":"https:\/\/hobierotikshop.com.tr\/website1\/contact-us\/","correctionsPolicy":"https:\/\/hobierotikshop.com.tr\/website1\/mesafeli-satis-sozlesmesi\/"}]},"product_brand":"For Dreams","product_price_amount":"1080.00","product_price_currency":"TRY","og_availability":"out of stock","product_availability":"out of stock","product_retailer_item_id":"HS18001","product_condition":"new"},"_links":{"self":[{"href":"https:\/\/haremerotikshop.com\/site\/wp-json\/wp\/v2\/product\/21686","targetHints":{"allow":["GET"]}}],"collection":[{"href":"https:\/\/haremerotikshop.com\/site\/wp-json\/wp\/v2\/product"}],"about":[{"href":"https:\/\/haremerotikshop.com\/site\/wp-json\/wp\/v2\/types\/product"}],"replies":[{"embeddable":true,"href":"https:\/\/haremerotikshop.com\/site\/wp-json\/wp\/v2\/comments?post=21686"}],"version-history":[{"count":0,"href":"https:\/\/haremerotikshop.com\/site\/wp-json\/wp\/v2\/product\/21686\/revisions"}],"wp:featuredmedia":[{"embeddable":true,"href":"https:\/\/haremerotikshop.com\/site\/wp-json\/wp\/v2\/media\/21720"}],"wp:attachment":[{"href":"https:\/\/haremerotikshop.com\/site\/wp-json\/wp\/v2\/media?parent=21686"}],"wp:term":[{"taxonomy":"product_brand","embeddable":true,"href":"https:\/\/haremerotikshop.com\/site\/wp-json\/wp\/v2\/product_brand?post=21686"},{"taxonomy":"product_cat","embeddable":true,"href":"https:\/\/haremerotikshop.com\/site\/wp-json\/wp\/v2\/product_cat?post=21686"},{"taxonomy":"product_tag","embeddable":true,"href":"https:\/\/haremerotikshop.com\/site\/wp-json\/wp\/v2\/product_tag?post=21686"}],"curies":[{"name":"wp","href":"https:\/\/api.w.org\/{rel}","templated":true}]}}