{"id":21693,"date":"2025-03-27T20:07:58","date_gmt":"2025-03-27T17:07:58","guid":{"rendered":"https:\/\/haremerotikshop.com\/site\/?post_type=product&#038;p=21693"},"modified":"2026-01-26T14:36:17","modified_gmt":"2026-01-26T11:36:17","slug":"tul-kimono-sabahlik","status":"publish","type":"product","link":"https:\/\/haremerotikshop.com\/site\/erotik-shop-urun\/tul-kimono-sabahlik\/","title":{"rendered":"T\u00fcl Kimono Sabahl\u0131k"},"content":{"rendered":"<h2 class=\"\" data-start=\"0\" data-end=\"67\">\u2728 T\u00fcl Kimono Sabahl\u0131k \u2013 \u015e\u0131kl\u0131k ve Zarafetin Bulu\u015ftu\u011fu Tasar\u0131m!<\/h2>\n<p class=\"\" data-start=\"69\" data-end=\"323\">G\u00f6z al\u0131c\u0131 tasar\u0131m\u0131yla hem zarif hem de \u00e7ekici bir g\u00f6r\u00fcn\u00fcm sunan <strong data-start=\"133\" data-end=\"156\">T\u00fcl Kimono Sabahl\u0131k<\/strong>, \u015f\u0131kl\u0131\u011f\u0131 ve konforu bir araya getiriyor. \u0130nce t\u00fcl detaylar\u0131 ve hafif yap\u0131s\u0131yla cildinize nazik\u00e7e dokunan bu sabahl\u0131k, \u00f6zel anlar\u0131n\u0131za sofistike bir dokunu\u015f kat\u0131yor.<\/p>\n<h3 class=\"\" data-start=\"325\" data-end=\"383\">\ud83d\udd25 <strong data-start=\"332\" data-end=\"381\">Neden T\u00fcl Kimono Sabahl\u0131k Tercih Etmelisiniz?<\/strong><\/h3>\n<p class=\"\" data-start=\"384\" data-end=\"850\">\u2714 <strong data-start=\"386\" data-end=\"412\">Estetik ve \u015e\u0131k Tasar\u0131m<\/strong>: \u015eeffaf ve zarif t\u00fcl kuma\u015f\u0131 sayesinde feminen bir duru\u015f sergileyerek b\u00fcy\u00fcleyici bir g\u00f6r\u00fcn\u00fcm sunar.<br data-start=\"511\" data-end=\"514\" \/>\u2714 <strong data-start=\"516\" data-end=\"543\">Rahat ve Esnek Kullan\u0131m<\/strong>: %95 <strong data-start=\"549\" data-end=\"561\">Polyamid<\/strong> ve %5 <strong data-start=\"568\" data-end=\"577\">Lycra<\/strong> i\u00e7eri\u011fi sayesinde hafif, nefes alabilen ve esnek bir yap\u0131dad\u0131r.<br data-start=\"641\" data-end=\"644\" \/>\u2714 <strong data-start=\"646\" data-end=\"671\">Kaliteli Yerli \u00dcretim<\/strong>: <strong data-start=\"673\" data-end=\"700\">T\u00fcrkiye\u2019de \u00fcretilmi\u015ftir<\/strong> ve y\u00fcksek diki\u015f kalitesiyle uzun \u00f6m\u00fcrl\u00fc kullan\u0131m sunar.<br data-start=\"756\" data-end=\"759\" \/>\u2714 <strong data-start=\"761\" data-end=\"784\">\u0130deal Paket \u0130\u00e7eri\u011fi<\/strong>: <strong data-start=\"786\" data-end=\"820\">1 Adet Sabahl\u0131k + 1 Adet Tanga<\/strong> ile set halinde g\u00f6nderilir.<\/p>\n<h3 class=\"\" data-start=\"852\" data-end=\"909\">\ud83d\udc95 <strong data-start=\"859\" data-end=\"907\">Konforlu ve Hafif Yap\u0131s\u0131yla G\u00fcn Boyu \u015e\u0131kl\u0131k!<\/strong><\/h3>\n<p class=\"\" data-start=\"910\" data-end=\"1115\">G\u00fcndelik kullan\u0131mda ya da \u00f6zel anlar\u0131n\u0131zda rahat\u00e7a tercih edebilece\u011finiz bu sabahl\u0131k, hafif yap\u0131s\u0131yla hareket \u00f6zg\u00fcrl\u00fc\u011f\u00fc sunar. \u015e\u0131kl\u0131\u011f\u0131 ve rahatl\u0131\u011f\u0131 bir arada ya\u015famak isteyen kad\u0131nlar i\u00e7in tasarlanm\u0131\u015ft\u0131r.<\/p>\n<h3 class=\"\" data-start=\"1117\" data-end=\"1150\">\ud83d\udccc <strong data-start=\"1124\" data-end=\"1148\">\u00dcr\u00fcn Bak\u0131m \u00d6nerileri<\/strong><\/h3>\n<p class=\"\" data-start=\"1151\" data-end=\"1308\">\ud83d\udec1 Uzun \u00f6m\u00fcrl\u00fc kullan\u0131m i\u00e7in <strong data-start=\"1180\" data-end=\"1195\">elde y\u0131kama<\/strong> veya <strong data-start=\"1201\" data-end=\"1235\">d\u00fc\u015f\u00fck s\u0131cakl\u0131kta hassas y\u0131kama<\/strong> \u00f6nerilir.<br data-start=\"1245\" data-end=\"1248\" \/>\u26a0 A\u011fart\u0131c\u0131 ve a\u011f\u0131r kimyasal deterjanlardan ka\u00e7\u0131n\u0131lmal\u0131d\u0131r.<\/p>\n<p class=\"\" data-start=\"1310\" data-end=\"1419\"><strong data-start=\"1310\" data-end=\"1417\">Siz de zarafetin ve konforun bulu\u015ftu\u011fu bu e\u015fsiz tasar\u0131ma sahip olmak i\u00e7in hemen sipari\u015finizi olu\u015fturun!<\/strong> \u2728<\/p>\n","protected":false},"excerpt":{"rendered":"<p>G\u00f6z al\u0131c\u0131 tasar\u0131m\u0131yla hem zarif hem de \u00e7ekici bir g\u00f6r\u00fcn\u00fcm sunan <strong data-start=\"133\" data-end=\"156\">T\u00fcl Kimono Sabahl\u0131k<\/strong>, \u015f\u0131kl\u0131\u011f\u0131 ve konforu bir araya getiriyor. \u0130nce t\u00fcl detaylar\u0131 ve hafif yap\u0131s\u0131yla cildinize nazik\u00e7e dokunan bu sabahl\u0131k, \u00f6zel anlar\u0131n\u0131za sofistike bir dokunu\u015f kat\u0131yor.<\/p>\n","protected":false},"featured_media":21750,"comment_status":"open","ping_status":"closed","template":"","meta":[],"product_brand":[469],"product_cat":[467,468],"product_tag":[],"class_list":{"0":"post-21693","1":"product","2":"type-product","3":"status-publish","4":"has-post-thumbnail","6":"product_brand-for-dreams","7":"product_cat-fantezi-giyim","8":"product_cat-seksi-giyim","10":"first","11":"outofstock","12":"taxable","13":"shipping-taxable","14":"purchasable","15":"product-type-simple"},"yoast_head":"<!-- This site is optimized with the Yoast SEO Premium plugin v24.4 (Yoast SEO v27.1.1) - https:\/\/yoast.com\/product\/yoast-seo-premium-wordpress\/ -->\n<title>T\u00fcl Kimono Sabahl\u0131k - Bursa Erotik Shop<\/title>\n<meta name=\"robots\" content=\"index, follow, max-snippet:-1, max-image-preview:large, max-video-preview:-1\" \/>\n<link rel=\"canonical\" href=\"https:\/\/hobierotikshop.com.tr\/website1\/erotik-shop-urun\/tul-kimono-sabahlik\/\" \/>\n<meta property=\"og:locale\" content=\"tr_TR\" \/>\n<meta property=\"og:type\" content=\"article\" \/>\n<meta property=\"og:title\" content=\"T\u00fcl Kimono Sabahl\u0131k\" \/>\n<meta property=\"og:description\" content=\"G\u00f6z al\u0131c\u0131 tasar\u0131m\u0131yla hem zarif hem de \u00e7ekici bir g\u00f6r\u00fcn\u00fcm sunan T\u00fcl Kimono Sabahl\u0131k, \u015f\u0131kl\u0131\u011f\u0131 ve konforu bir araya getiriyor. \u0130nce t\u00fcl detaylar\u0131 ve hafif yap\u0131s\u0131yla cildinize nazik\u00e7e dokunan bu sabahl\u0131k, \u00f6zel anlar\u0131n\u0131za sofistike bir dokunu\u015f kat\u0131yor.\" \/>\n<meta property=\"og:url\" content=\"https:\/\/hobierotikshop.com.tr\/website1\/erotik-shop-urun\/tul-kimono-sabahlik\/\" \/>\n<meta property=\"og:site_name\" content=\"Bursa Erotik Shop\" \/>\n<meta property=\"article:modified_time\" content=\"2026-01-26T11:36:17+00:00\" \/>\n<meta property=\"og:image\" content=\"https:\/\/hobierotikshop.com.tr\/website1\/wp-content\/uploads\/2025\/03\/Tul-Kimono-Sabahlik.jpeg\" \/>\n\t<meta property=\"og:image:width\" content=\"400\" \/>\n\t<meta property=\"og:image:height\" content=\"600\" \/>\n\t<meta property=\"og:image:type\" content=\"image\/jpeg\" \/>\n<meta name=\"twitter:card\" content=\"summary_large_image\" \/>\n<meta name=\"twitter:site\" content=\"@shopbursa\" \/>\n<meta name=\"twitter:label1\" content=\"Fiyat\" \/>\n\t<meta name=\"twitter:data1\" content=\"&#8378;840,00 KDV DAH\u0130L\" \/>\n\t<meta name=\"twitter:label2\" content=\"Availability\" \/>\n\t<meta name=\"twitter:data2\" content=\"Out of stock\" \/>\n<script type=\"application\/ld+json\" class=\"yoast-schema-graph\">{\"@context\":\"https:\/\/schema.org\",\"@graph\":[{\"@type\":\"WebPage\",\"@id\":\"https:\/\/hobierotikshop.com.tr\/website1\/erotik-shop-urun\/tul-kimono-sabahlik\/\",\"url\":\"https:\/\/hobierotikshop.com.tr\/website1\/erotik-shop-urun\/tul-kimono-sabahlik\/\",\"name\":\"T\u00fcl Kimono Sabahl\u0131k - Bursa Erotik Shop\",\"isPartOf\":{\"@id\":\"https:\/\/hobierotikshop.com.tr\/website1\/#website\"},\"primaryImageOfPage\":{\"@id\":\"https:\/\/hobierotikshop.com.tr\/website1\/erotik-shop-urun\/tul-kimono-sabahlik\/#primaryimage\"},\"image\":{\"@id\":\"https:\/\/hobierotikshop.com.tr\/website1\/erotik-shop-urun\/tul-kimono-sabahlik\/#primaryimage\"},\"thumbnailUrl\":\"https:\/\/haremerotikshop.com\/site\/wp-content\/uploads\/2025\/03\/Tul-Kimono-Sabahlik.jpeg\",\"datePublished\":\"2025-03-27T17:07:58+00:00\",\"dateModified\":\"2026-01-26T11:36:17+00:00\",\"breadcrumb\":{\"@id\":\"https:\/\/hobierotikshop.com.tr\/website1\/erotik-shop-urun\/tul-kimono-sabahlik\/#breadcrumb\"},\"inLanguage\":\"tr\",\"potentialAction\":[{\"@type\":\"ReadAction\",\"target\":[\"https:\/\/hobierotikshop.com.tr\/website1\/erotik-shop-urun\/tul-kimono-sabahlik\/\"]}]},{\"@type\":\"ImageObject\",\"inLanguage\":\"tr\",\"@id\":\"https:\/\/hobierotikshop.com.tr\/website1\/erotik-shop-urun\/tul-kimono-sabahlik\/#primaryimage\",\"url\":\"https:\/\/haremerotikshop.com\/site\/wp-content\/uploads\/2025\/03\/Tul-Kimono-Sabahlik.jpeg\",\"contentUrl\":\"https:\/\/haremerotikshop.com\/site\/wp-content\/uploads\/2025\/03\/Tul-Kimono-Sabahlik.jpeg\",\"width\":400,\"height\":600,\"caption\":\"Bursa Erotik Shop T\u00fcl Kimono Sabahl\u0131k\"},{\"@type\":\"BreadcrumbList\",\"@id\":\"https:\/\/hobierotikshop.com.tr\/website1\/erotik-shop-urun\/tul-kimono-sabahlik\/#breadcrumb\",\"itemListElement\":[{\"@type\":\"ListItem\",\"position\":1,\"name\":\"Anasayfa\",\"item\":\"https:\/\/hobierotikshop.com.tr\/website1\/\"},{\"@type\":\"ListItem\",\"position\":2,\"name\":\"Erotik Shop \u00dcr\u00fcnleri\",\"item\":\"https:\/\/hobierotikshop.com.tr\/website1\/shop\/\"},{\"@type\":\"ListItem\",\"position\":3,\"name\":\"T\u00fcl Kimono Sabahl\u0131k\"}]},{\"@type\":\"WebSite\",\"@id\":\"https:\/\/hobierotikshop.com.tr\/website1\/#website\",\"url\":\"https:\/\/hobierotikshop.com.tr\/website1\/\",\"name\":\"Bursa Erotik Shop\",\"description\":\"Bursa Erotik Shop ile g\u00fcvenli, gizli ve kaliteli yeti\u015fkin \u00fcr\u00fcnleri al\u0131\u015fveri\u015fi! Geni\u015f \u00fcr\u00fcn yelpazemizi ke\u015ffedin, hemen sipari\u015f verin\",\"publisher\":{\"@id\":\"https:\/\/hobierotikshop.com.tr\/website1\/#organization\"},\"alternateName\":\"Erotik Shop\",\"potentialAction\":[{\"@type\":\"SearchAction\",\"target\":{\"@type\":\"EntryPoint\",\"urlTemplate\":\"https:\/\/hobierotikshop.com.tr\/website1\/?s={search_term_string}\"},\"query-input\":{\"@type\":\"PropertyValueSpecification\",\"valueRequired\":true,\"valueName\":\"search_term_string\"}}],\"inLanguage\":\"tr\"},{\"@type\":\"Organization\",\"@id\":\"https:\/\/hobierotikshop.com.tr\/website1\/#organization\",\"name\":\"Harem Bursa Erotik Shop\",\"url\":\"https:\/\/hobierotikshop.com.tr\/website1\/\",\"logo\":{\"@type\":\"ImageObject\",\"inLanguage\":\"tr\",\"@id\":\"https:\/\/hobierotikshop.com.tr\/website1\/#\/schema\/logo\/image\/\",\"url\":\"https:\/\/haremerotikshop.com\/site\/wp-content\/uploads\/2025\/03\/haremsexshop.png\",\"contentUrl\":\"https:\/\/haremerotikshop.com\/site\/wp-content\/uploads\/2025\/03\/haremsexshop.png\",\"width\":400,\"height\":100,\"caption\":\"Harem Bursa Erotik Shop\"},\"image\":{\"@id\":\"https:\/\/hobierotikshop.com.tr\/website1\/#\/schema\/logo\/image\/\"},\"sameAs\":[\"https:\/\/x.com\/shopbursa\"],\"publishingPrinciples\":\"https:\/\/hobierotikshop.com.tr\/website1\/mesafeli-satis-sozlesmesi\/\",\"ownershipFundingInfo\":\"https:\/\/hobierotikshop.com.tr\/website1\/contact-us\/\",\"actionableFeedbackPolicy\":\"https:\/\/hobierotikshop.com.tr\/website1\/contact-us\/\",\"correctionsPolicy\":\"https:\/\/hobierotikshop.com.tr\/website1\/mesafeli-satis-sozlesmesi\/\"}]}<\/script>\n<meta property=\"product:brand\" content=\"For Dreams\" \/>\n<meta property=\"product:price:amount\" content=\"840.00\" \/>\n<meta property=\"product:price:currency\" content=\"TRY\" \/>\n<meta property=\"og:availability\" content=\"out of stock\" \/>\n<meta property=\"product:availability\" content=\"out of stock\" \/>\n<meta property=\"product:retailer_item_id\" content=\"HS18008\" \/>\n<meta property=\"product:condition\" content=\"new\" \/>\n<!-- \/ Yoast SEO Premium plugin. -->","yoast_head_json":{"title":"T\u00fcl Kimono Sabahl\u0131k - Bursa Erotik Shop","robots":{"index":"index","follow":"follow","max-snippet":"max-snippet:-1","max-image-preview":"max-image-preview:large","max-video-preview":"max-video-preview:-1"},"canonical":"https:\/\/hobierotikshop.com.tr\/website1\/erotik-shop-urun\/tul-kimono-sabahlik\/","og_locale":"tr_TR","og_type":"article","og_title":"T\u00fcl Kimono Sabahl\u0131k","og_description":"G\u00f6z al\u0131c\u0131 tasar\u0131m\u0131yla hem zarif hem de \u00e7ekici bir g\u00f6r\u00fcn\u00fcm sunan T\u00fcl Kimono Sabahl\u0131k, \u015f\u0131kl\u0131\u011f\u0131 ve konforu bir araya getiriyor. \u0130nce t\u00fcl detaylar\u0131 ve hafif yap\u0131s\u0131yla cildinize nazik\u00e7e dokunan bu sabahl\u0131k, \u00f6zel anlar\u0131n\u0131za sofistike bir dokunu\u015f kat\u0131yor.","og_url":"https:\/\/hobierotikshop.com.tr\/website1\/erotik-shop-urun\/tul-kimono-sabahlik\/","og_site_name":"Bursa Erotik Shop","article_modified_time":"2026-01-26T11:36:17+00:00","og_image":[{"width":400,"height":600,"url":"https:\/\/hobierotikshop.com.tr\/website1\/wp-content\/uploads\/2025\/03\/Tul-Kimono-Sabahlik.jpeg","type":"image\/jpeg"}],"twitter_card":"summary_large_image","twitter_site":"@shopbursa","twitter_misc":{"Fiyat":"&#8378;840,00 KDV DAH\u0130L","Availability":"Out of stock"},"schema":{"@context":"https:\/\/schema.org","@graph":[{"@type":"WebPage","@id":"https:\/\/hobierotikshop.com.tr\/website1\/erotik-shop-urun\/tul-kimono-sabahlik\/","url":"https:\/\/hobierotikshop.com.tr\/website1\/erotik-shop-urun\/tul-kimono-sabahlik\/","name":"T\u00fcl Kimono Sabahl\u0131k - Bursa Erotik Shop","isPartOf":{"@id":"https:\/\/hobierotikshop.com.tr\/website1\/#website"},"primaryImageOfPage":{"@id":"https:\/\/hobierotikshop.com.tr\/website1\/erotik-shop-urun\/tul-kimono-sabahlik\/#primaryimage"},"image":{"@id":"https:\/\/hobierotikshop.com.tr\/website1\/erotik-shop-urun\/tul-kimono-sabahlik\/#primaryimage"},"thumbnailUrl":"https:\/\/haremerotikshop.com\/site\/wp-content\/uploads\/2025\/03\/Tul-Kimono-Sabahlik.jpeg","datePublished":"2025-03-27T17:07:58+00:00","dateModified":"2026-01-26T11:36:17+00:00","breadcrumb":{"@id":"https:\/\/hobierotikshop.com.tr\/website1\/erotik-shop-urun\/tul-kimono-sabahlik\/#breadcrumb"},"inLanguage":"tr","potentialAction":[{"@type":"ReadAction","target":["https:\/\/hobierotikshop.com.tr\/website1\/erotik-shop-urun\/tul-kimono-sabahlik\/"]}]},{"@type":"ImageObject","inLanguage":"tr","@id":"https:\/\/hobierotikshop.com.tr\/website1\/erotik-shop-urun\/tul-kimono-sabahlik\/#primaryimage","url":"https:\/\/haremerotikshop.com\/site\/wp-content\/uploads\/2025\/03\/Tul-Kimono-Sabahlik.jpeg","contentUrl":"https:\/\/haremerotikshop.com\/site\/wp-content\/uploads\/2025\/03\/Tul-Kimono-Sabahlik.jpeg","width":400,"height":600,"caption":"Bursa Erotik Shop T\u00fcl Kimono Sabahl\u0131k"},{"@type":"BreadcrumbList","@id":"https:\/\/hobierotikshop.com.tr\/website1\/erotik-shop-urun\/tul-kimono-sabahlik\/#breadcrumb","itemListElement":[{"@type":"ListItem","position":1,"name":"Anasayfa","item":"https:\/\/hobierotikshop.com.tr\/website1\/"},{"@type":"ListItem","position":2,"name":"Erotik Shop \u00dcr\u00fcnleri","item":"https:\/\/hobierotikshop.com.tr\/website1\/shop\/"},{"@type":"ListItem","position":3,"name":"T\u00fcl Kimono Sabahl\u0131k"}]},{"@type":"WebSite","@id":"https:\/\/hobierotikshop.com.tr\/website1\/#website","url":"https:\/\/hobierotikshop.com.tr\/website1\/","name":"Bursa Erotik Shop","description":"Bursa Erotik Shop ile g\u00fcvenli, gizli ve kaliteli yeti\u015fkin \u00fcr\u00fcnleri al\u0131\u015fveri\u015fi! Geni\u015f \u00fcr\u00fcn yelpazemizi ke\u015ffedin, hemen sipari\u015f verin","publisher":{"@id":"https:\/\/hobierotikshop.com.tr\/website1\/#organization"},"alternateName":"Erotik Shop","potentialAction":[{"@type":"SearchAction","target":{"@type":"EntryPoint","urlTemplate":"https:\/\/hobierotikshop.com.tr\/website1\/?s={search_term_string}"},"query-input":{"@type":"PropertyValueSpecification","valueRequired":true,"valueName":"search_term_string"}}],"inLanguage":"tr"},{"@type":"Organization","@id":"https:\/\/hobierotikshop.com.tr\/website1\/#organization","name":"Harem Bursa Erotik Shop","url":"https:\/\/hobierotikshop.com.tr\/website1\/","logo":{"@type":"ImageObject","inLanguage":"tr","@id":"https:\/\/hobierotikshop.com.tr\/website1\/#\/schema\/logo\/image\/","url":"https:\/\/haremerotikshop.com\/site\/wp-content\/uploads\/2025\/03\/haremsexshop.png","contentUrl":"https:\/\/haremerotikshop.com\/site\/wp-content\/uploads\/2025\/03\/haremsexshop.png","width":400,"height":100,"caption":"Harem Bursa Erotik Shop"},"image":{"@id":"https:\/\/hobierotikshop.com.tr\/website1\/#\/schema\/logo\/image\/"},"sameAs":["https:\/\/x.com\/shopbursa"],"publishingPrinciples":"https:\/\/hobierotikshop.com.tr\/website1\/mesafeli-satis-sozlesmesi\/","ownershipFundingInfo":"https:\/\/hobierotikshop.com.tr\/website1\/contact-us\/","actionableFeedbackPolicy":"https:\/\/hobierotikshop.com.tr\/website1\/contact-us\/","correctionsPolicy":"https:\/\/hobierotikshop.com.tr\/website1\/mesafeli-satis-sozlesmesi\/"}]},"product_brand":"For Dreams","product_price_amount":"840.00","product_price_currency":"TRY","og_availability":"out of stock","product_availability":"out of stock","product_retailer_item_id":"HS18008","product_condition":"new"},"_links":{"self":[{"href":"https:\/\/haremerotikshop.com\/site\/wp-json\/wp\/v2\/product\/21693","targetHints":{"allow":["GET"]}}],"collection":[{"href":"https:\/\/haremerotikshop.com\/site\/wp-json\/wp\/v2\/product"}],"about":[{"href":"https:\/\/haremerotikshop.com\/site\/wp-json\/wp\/v2\/types\/product"}],"replies":[{"embeddable":true,"href":"https:\/\/haremerotikshop.com\/site\/wp-json\/wp\/v2\/comments?post=21693"}],"version-history":[{"count":0,"href":"https:\/\/haremerotikshop.com\/site\/wp-json\/wp\/v2\/product\/21693\/revisions"}],"wp:featuredmedia":[{"embeddable":true,"href":"https:\/\/haremerotikshop.com\/site\/wp-json\/wp\/v2\/media\/21750"}],"wp:attachment":[{"href":"https:\/\/haremerotikshop.com\/site\/wp-json\/wp\/v2\/media?parent=21693"}],"wp:term":[{"taxonomy":"product_brand","embeddable":true,"href":"https:\/\/haremerotikshop.com\/site\/wp-json\/wp\/v2\/product_brand?post=21693"},{"taxonomy":"product_cat","embeddable":true,"href":"https:\/\/haremerotikshop.com\/site\/wp-json\/wp\/v2\/product_cat?post=21693"},{"taxonomy":"product_tag","embeddable":true,"href":"https:\/\/haremerotikshop.com\/site\/wp-json\/wp\/v2\/product_tag?post=21693"}],"curies":[{"name":"wp","href":"https:\/\/api.w.org\/{rel}","templated":true}]}}