{"id":21812,"date":"2025-03-27T20:15:52","date_gmt":"2025-03-27T17:15:52","guid":{"rendered":"https:\/\/haremerotikshop.com\/site\/?post_type=product&#038;p=21812"},"modified":"2026-01-26T14:33:39","modified_gmt":"2026-01-26T11:33:39","slug":"oryantal-dansoz-kostumu","status":"publish","type":"product","link":"https:\/\/haremerotikshop.com\/site\/erotik-shop-urun\/oryantal-dansoz-kostumu\/","title":{"rendered":"Oryantal Dans\u00f6z Kost\u00fcm\u00fc"},"content":{"rendered":"<h3 class=\"\" data-start=\"0\" data-end=\"63\"><strong data-start=\"4\" data-end=\"61\">\ud83d\udc83 Oryantal Dans\u00f6z Kost\u00fcm\u00fc \u2013 Cesur ve \u015e\u0131k Tasar\u0131m! \ud83d\udc83<\/strong><\/h3>\n<p class=\"\" data-start=\"65\" data-end=\"420\">\u00d6zel anlar\u0131n\u0131za zarafet ve ba\u015ftan \u00e7\u0131kar\u0131c\u0131l\u0131k katacak <strong data-start=\"119\" data-end=\"146\">Oryantal Dans\u00f6z Kost\u00fcm\u00fc<\/strong>, transparan kuma\u015f\u0131 ve dekolte detaylar\u0131yla dikkat \u00e7ekiyor. V\u00fccudun narin hatlar\u0131n\u0131 m\u00fckemmel \u015fekilde \u00f6n plana \u00e7\u0131karan bu kost\u00fcm, erotik giyim ve fantezi giyim tutkunlar\u0131 i\u00e7in \u00f6zel olarak tasarlanm\u0131\u015ft\u0131r. Hem \u015f\u0131kl\u0131\u011f\u0131 hem de cesur detaylar\u0131yla ba\u015ftan \u00e7\u0131kar\u0131c\u0131 bir stil sunar.<\/p>\n<h3 class=\"\" data-start=\"422\" data-end=\"445\"><strong data-start=\"426\" data-end=\"443\">\u2714 \u00d6zellikler:<\/strong><\/h3>\n<p class=\"\" data-start=\"447\" data-end=\"544\">\u2714 <strong data-start=\"449\" data-end=\"477\">Cesur ve \u0130ddial\u0131 Tasar\u0131m<\/strong> \u2013 Transparan ve dekolte detaylar\u0131yla dikkatleri \u00fczerinize \u00e7eker.<\/p>\n<p class=\"\" data-start=\"546\" data-end=\"644\">\u2714 <strong data-start=\"548\" data-end=\"574\">V\u00fccudu Saran \u015e\u0131k Kesim<\/strong> \u2013 V\u00fccudun narin hatlar\u0131n\u0131 \u00f6n plana \u00e7\u0131karan, etkileyici bir tasar\u0131m.<\/p>\n<p class=\"\" data-start=\"646\" data-end=\"744\">\u2714 <strong data-start=\"648\" data-end=\"663\">\u00d6zel \u00dcretim<\/strong> \u2013 Erotizm ve fantezi giyim severler i\u00e7in tasarlanm\u0131\u015f, cesur ve \u015f\u0131k bir tercih.<\/p>\n<p class=\"\" data-start=\"746\" data-end=\"870\">\u2714 <strong data-start=\"748\" data-end=\"772\">Esnek ve Rahat Kuma\u015f<\/strong> \u2013 Konforlu kullan\u0131m sa\u011flayarak rahat hareket etmenizi ve uzun s\u00fcre rahat\u00e7a kullanman\u0131z\u0131 sa\u011flar.<\/p>\n<h3 class=\"\" data-start=\"872\" data-end=\"898\"><strong data-start=\"876\" data-end=\"896\">\u2714 Kuma\u015f Bilgisi:<\/strong><\/h3>\n<p class=\"\" data-start=\"900\" data-end=\"1017\">\u2714 <strong data-start=\"902\" data-end=\"938\">Y\u00fcksek Kaliteli Transparan Kuma\u015f<\/strong> \u2013 Cilt dostu, nefes alabilir ve esnek kuma\u015f\u0131 sayesinde m\u00fckemmel uyum sa\u011flar.<\/p>\n<p class=\"\" data-start=\"1019\" data-end=\"1215\">\ud83d\udd25 <strong data-start=\"1022\" data-end=\"1078\">Etkileyici ve cesur bir g\u00f6r\u00fcn\u00fcm i\u00e7in m\u00fckemmel se\u00e7im!<\/strong><br data-start=\"1078\" data-end=\"1081\" \/>\ud83d\udd25 <strong data-start=\"1084\" data-end=\"1138\">\u00d6zel anlar\u0131n\u0131za ba\u015ftan \u00e7\u0131kar\u0131c\u0131 bir dokunu\u015f kat\u0131n!<\/strong><br data-start=\"1138\" data-end=\"1141\" \/>\ud83d\udd25 <strong data-start=\"1144\" data-end=\"1213\">\u015eimdi sipari\u015f verin ve oryantal dans\u00f6z tarz\u0131n\u0131z\u0131 zirveye ta\u015f\u0131y\u0131n!<\/strong><\/p>\n<p class=\"\" data-start=\"1217\" data-end=\"1283\">\ud83d\udc8e <strong data-start=\"1220\" data-end=\"1280\">Feminen, cesur ve \u015f\u0131k bir tarz i\u00e7in bu kost\u00fcm\u00fc ke\u015ffedin!<\/strong> \ud83d\udc8e<\/p>\n","protected":false},"excerpt":{"rendered":"<ul data-start=\"55\" data-end=\"312\">\n<li data-start=\"112\" data-end=\"170\">\u00d6zel anlar\u0131n\u0131za zarafet ve ba\u015ftan \u00e7\u0131kar\u0131c\u0131l\u0131k katacak <strong data-start=\"119\" data-end=\"146\">Oryantal Dans\u00f6z Kost\u00fcm\u00fc<\/strong>, transparan kuma\u015f\u0131 ve dekolte detaylar\u0131yla dikkat \u00e7ekiyor. V\u00fccudun narin hatlar\u0131n\u0131 m\u00fckemmel \u015fekilde \u00f6n plana \u00e7\u0131karan bu kost\u00fcm, erotik giyim ve fantezi giyim tutkunlar\u0131 i\u00e7in \u00f6zel olarak tasarlanm\u0131\u015ft\u0131r. Hem \u015f\u0131kl\u0131\u011f\u0131 hem de cesur detaylar\u0131yla ba\u015ftan \u00e7\u0131kar\u0131c\u0131 bir stil sunar.<\/li>\n<\/ul>\n","protected":false},"featured_media":21932,"comment_status":"open","ping_status":"closed","template":"","meta":[],"product_brand":[469],"product_cat":[467,468],"product_tag":[],"class_list":{"0":"post-21812","1":"product","2":"type-product","3":"status-publish","4":"has-post-thumbnail","6":"product_brand-for-dreams","7":"product_cat-fantezi-giyim","8":"product_cat-seksi-giyim","10":"first","11":"instock","12":"taxable","13":"shipping-taxable","14":"purchasable","15":"product-type-simple"},"yoast_head":"<!-- This site is optimized with the Yoast SEO Premium plugin v24.4 (Yoast SEO v27.1.1) - https:\/\/yoast.com\/product\/yoast-seo-premium-wordpress\/ -->\n<title>Oryantal Dans\u00f6z Kost\u00fcm\u00fc - Bursa Erotik Shop<\/title>\n<meta name=\"robots\" content=\"index, follow, max-snippet:-1, max-image-preview:large, max-video-preview:-1\" \/>\n<link rel=\"canonical\" href=\"https:\/\/hobierotikshop.com.tr\/website1\/erotik-shop-urun\/oryantal-dansoz-kostumu\/\" \/>\n<meta property=\"og:locale\" content=\"tr_TR\" \/>\n<meta property=\"og:type\" content=\"article\" \/>\n<meta property=\"og:title\" content=\"Oryantal Dans\u00f6z Kost\u00fcm\u00fc\" \/>\n<meta property=\"og:description\" content=\"\u00d6zel anlar\u0131n\u0131za zarafet ve ba\u015ftan \u00e7\u0131kar\u0131c\u0131l\u0131k katacak Oryantal Dans\u00f6z Kost\u00fcm\u00fc, transparan kuma\u015f\u0131 ve dekolte detaylar\u0131yla dikkat \u00e7ekiyor. V\u00fccudun narin hatlar\u0131n\u0131 m\u00fckemmel \u015fekilde \u00f6n plana \u00e7\u0131karan bu kost\u00fcm, erotik giyim ve fantezi giyim tutkunlar\u0131 i\u00e7in \u00f6zel olarak tasarlanm\u0131\u015ft\u0131r. Hem \u015f\u0131kl\u0131\u011f\u0131 hem de cesur detaylar\u0131yla ba\u015ftan \u00e7\u0131kar\u0131c\u0131 bir stil sunar.\" \/>\n<meta property=\"og:url\" content=\"https:\/\/hobierotikshop.com.tr\/website1\/erotik-shop-urun\/oryantal-dansoz-kostumu\/\" \/>\n<meta property=\"og:site_name\" content=\"Bursa Erotik Shop\" \/>\n<meta property=\"article:modified_time\" content=\"2026-01-26T11:33:39+00:00\" \/>\n<meta property=\"og:image\" content=\"https:\/\/hobierotikshop.com.tr\/website1\/wp-content\/uploads\/2025\/03\/Fantazi-dansoz-kiyafeti.jpg\" \/>\n\t<meta property=\"og:image:width\" content=\"847\" \/>\n\t<meta property=\"og:image:height\" content=\"1200\" \/>\n\t<meta property=\"og:image:type\" content=\"image\/jpeg\" \/>\n<meta name=\"twitter:card\" content=\"summary_large_image\" \/>\n<meta name=\"twitter:site\" content=\"@shopbursa\" \/>\n<meta name=\"twitter:label1\" content=\"Fiyat\" \/>\n\t<meta name=\"twitter:data1\" content=\"&#8378;1.200,00 KDV DAH\u0130L\" \/>\n\t<meta name=\"twitter:label2\" content=\"Availability\" \/>\n\t<meta name=\"twitter:data2\" content=\"In stock\" \/>\n<script type=\"application\/ld+json\" class=\"yoast-schema-graph\">{\"@context\":\"https:\/\/schema.org\",\"@graph\":[{\"@type\":\"WebPage\",\"@id\":\"https:\/\/hobierotikshop.com.tr\/website1\/erotik-shop-urun\/oryantal-dansoz-kostumu\/\",\"url\":\"https:\/\/hobierotikshop.com.tr\/website1\/erotik-shop-urun\/oryantal-dansoz-kostumu\/\",\"name\":\"Oryantal Dans\u00f6z Kost\u00fcm\u00fc - Bursa Erotik Shop\",\"isPartOf\":{\"@id\":\"https:\/\/hobierotikshop.com.tr\/website1\/#website\"},\"primaryImageOfPage\":{\"@id\":\"https:\/\/hobierotikshop.com.tr\/website1\/erotik-shop-urun\/oryantal-dansoz-kostumu\/#primaryimage\"},\"image\":{\"@id\":\"https:\/\/hobierotikshop.com.tr\/website1\/erotik-shop-urun\/oryantal-dansoz-kostumu\/#primaryimage\"},\"thumbnailUrl\":\"https:\/\/haremerotikshop.com\/site\/wp-content\/uploads\/2025\/03\/Fantazi-dansoz-kiyafeti.jpg\",\"datePublished\":\"2025-03-27T17:15:52+00:00\",\"dateModified\":\"2026-01-26T11:33:39+00:00\",\"breadcrumb\":{\"@id\":\"https:\/\/hobierotikshop.com.tr\/website1\/erotik-shop-urun\/oryantal-dansoz-kostumu\/#breadcrumb\"},\"inLanguage\":\"tr\",\"potentialAction\":[{\"@type\":\"ReadAction\",\"target\":[\"https:\/\/hobierotikshop.com.tr\/website1\/erotik-shop-urun\/oryantal-dansoz-kostumu\/\"]}]},{\"@type\":\"ImageObject\",\"inLanguage\":\"tr\",\"@id\":\"https:\/\/hobierotikshop.com.tr\/website1\/erotik-shop-urun\/oryantal-dansoz-kostumu\/#primaryimage\",\"url\":\"https:\/\/haremerotikshop.com\/site\/wp-content\/uploads\/2025\/03\/Fantazi-dansoz-kiyafeti.jpg\",\"contentUrl\":\"https:\/\/haremerotikshop.com\/site\/wp-content\/uploads\/2025\/03\/Fantazi-dansoz-kiyafeti.jpg\",\"width\":847,\"height\":1200,\"caption\":\"Sex Shop Bursa Oryantel Dans\u00f6z K\u00f6st\u00fcm\u00fc\"},{\"@type\":\"BreadcrumbList\",\"@id\":\"https:\/\/hobierotikshop.com.tr\/website1\/erotik-shop-urun\/oryantal-dansoz-kostumu\/#breadcrumb\",\"itemListElement\":[{\"@type\":\"ListItem\",\"position\":1,\"name\":\"Anasayfa\",\"item\":\"https:\/\/hobierotikshop.com.tr\/website1\/\"},{\"@type\":\"ListItem\",\"position\":2,\"name\":\"Erotik Shop \u00dcr\u00fcnleri\",\"item\":\"https:\/\/hobierotikshop.com.tr\/website1\/shop\/\"},{\"@type\":\"ListItem\",\"position\":3,\"name\":\"Oryantal Dans\u00f6z Kost\u00fcm\u00fc\"}]},{\"@type\":\"WebSite\",\"@id\":\"https:\/\/hobierotikshop.com.tr\/website1\/#website\",\"url\":\"https:\/\/hobierotikshop.com.tr\/website1\/\",\"name\":\"Bursa Erotik Shop\",\"description\":\"Bursa Erotik Shop ile g\u00fcvenli, gizli ve kaliteli yeti\u015fkin \u00fcr\u00fcnleri al\u0131\u015fveri\u015fi! Geni\u015f \u00fcr\u00fcn yelpazemizi ke\u015ffedin, hemen sipari\u015f verin\",\"publisher\":{\"@id\":\"https:\/\/hobierotikshop.com.tr\/website1\/#organization\"},\"alternateName\":\"Erotik Shop\",\"potentialAction\":[{\"@type\":\"SearchAction\",\"target\":{\"@type\":\"EntryPoint\",\"urlTemplate\":\"https:\/\/hobierotikshop.com.tr\/website1\/?s={search_term_string}\"},\"query-input\":{\"@type\":\"PropertyValueSpecification\",\"valueRequired\":true,\"valueName\":\"search_term_string\"}}],\"inLanguage\":\"tr\"},{\"@type\":\"Organization\",\"@id\":\"https:\/\/hobierotikshop.com.tr\/website1\/#organization\",\"name\":\"Harem Bursa Erotik Shop\",\"url\":\"https:\/\/hobierotikshop.com.tr\/website1\/\",\"logo\":{\"@type\":\"ImageObject\",\"inLanguage\":\"tr\",\"@id\":\"https:\/\/hobierotikshop.com.tr\/website1\/#\/schema\/logo\/image\/\",\"url\":\"https:\/\/haremerotikshop.com\/wp-content\/uploads\/2025\/03\/haremsexshop.png\",\"contentUrl\":\"https:\/\/haremerotikshop.com\/wp-content\/uploads\/2025\/03\/haremsexshop.png\",\"width\":400,\"height\":100,\"caption\":\"Harem Bursa Erotik Shop\"},\"image\":{\"@id\":\"https:\/\/hobierotikshop.com.tr\/website1\/#\/schema\/logo\/image\/\"},\"sameAs\":[\"https:\/\/x.com\/shopbursa\"],\"publishingPrinciples\":\"https:\/\/hobierotikshop.com.tr\/website1\/mesafeli-satis-sozlesmesi\/\",\"ownershipFundingInfo\":\"https:\/\/hobierotikshop.com.tr\/website1\/contact-us\/\",\"actionableFeedbackPolicy\":\"https:\/\/hobierotikshop.com.tr\/website1\/contact-us\/\",\"correctionsPolicy\":\"https:\/\/hobierotikshop.com.tr\/website1\/mesafeli-satis-sozlesmesi\/\"}]}<\/script>\n<meta property=\"product:brand\" content=\"For Dreams\" \/>\n<meta property=\"product:price:amount\" content=\"1200.00\" \/>\n<meta property=\"product:price:currency\" content=\"TRY\" \/>\n<meta property=\"og:availability\" content=\"instock\" \/>\n<meta property=\"product:availability\" content=\"instock\" \/>\n<meta property=\"product:retailer_item_id\" content=\"HS18052\" \/>\n<meta property=\"product:condition\" content=\"new\" \/>\n<!-- \/ Yoast SEO Premium plugin. -->","yoast_head_json":{"title":"Oryantal Dans\u00f6z Kost\u00fcm\u00fc - Bursa Erotik Shop","robots":{"index":"index","follow":"follow","max-snippet":"max-snippet:-1","max-image-preview":"max-image-preview:large","max-video-preview":"max-video-preview:-1"},"canonical":"https:\/\/hobierotikshop.com.tr\/website1\/erotik-shop-urun\/oryantal-dansoz-kostumu\/","og_locale":"tr_TR","og_type":"article","og_title":"Oryantal Dans\u00f6z Kost\u00fcm\u00fc","og_description":"\u00d6zel anlar\u0131n\u0131za zarafet ve ba\u015ftan \u00e7\u0131kar\u0131c\u0131l\u0131k katacak Oryantal Dans\u00f6z Kost\u00fcm\u00fc, transparan kuma\u015f\u0131 ve dekolte detaylar\u0131yla dikkat \u00e7ekiyor. V\u00fccudun narin hatlar\u0131n\u0131 m\u00fckemmel \u015fekilde \u00f6n plana \u00e7\u0131karan bu kost\u00fcm, erotik giyim ve fantezi giyim tutkunlar\u0131 i\u00e7in \u00f6zel olarak tasarlanm\u0131\u015ft\u0131r. Hem \u015f\u0131kl\u0131\u011f\u0131 hem de cesur detaylar\u0131yla ba\u015ftan \u00e7\u0131kar\u0131c\u0131 bir stil sunar.","og_url":"https:\/\/hobierotikshop.com.tr\/website1\/erotik-shop-urun\/oryantal-dansoz-kostumu\/","og_site_name":"Bursa Erotik Shop","article_modified_time":"2026-01-26T11:33:39+00:00","og_image":[{"width":847,"height":1200,"url":"https:\/\/hobierotikshop.com.tr\/website1\/wp-content\/uploads\/2025\/03\/Fantazi-dansoz-kiyafeti.jpg","type":"image\/jpeg"}],"twitter_card":"summary_large_image","twitter_site":"@shopbursa","twitter_misc":{"Fiyat":"&#8378;1.200,00 KDV DAH\u0130L","Availability":"In stock"},"schema":{"@context":"https:\/\/schema.org","@graph":[{"@type":"WebPage","@id":"https:\/\/hobierotikshop.com.tr\/website1\/erotik-shop-urun\/oryantal-dansoz-kostumu\/","url":"https:\/\/hobierotikshop.com.tr\/website1\/erotik-shop-urun\/oryantal-dansoz-kostumu\/","name":"Oryantal Dans\u00f6z Kost\u00fcm\u00fc - Bursa Erotik Shop","isPartOf":{"@id":"https:\/\/hobierotikshop.com.tr\/website1\/#website"},"primaryImageOfPage":{"@id":"https:\/\/hobierotikshop.com.tr\/website1\/erotik-shop-urun\/oryantal-dansoz-kostumu\/#primaryimage"},"image":{"@id":"https:\/\/hobierotikshop.com.tr\/website1\/erotik-shop-urun\/oryantal-dansoz-kostumu\/#primaryimage"},"thumbnailUrl":"https:\/\/haremerotikshop.com\/site\/wp-content\/uploads\/2025\/03\/Fantazi-dansoz-kiyafeti.jpg","datePublished":"2025-03-27T17:15:52+00:00","dateModified":"2026-01-26T11:33:39+00:00","breadcrumb":{"@id":"https:\/\/hobierotikshop.com.tr\/website1\/erotik-shop-urun\/oryantal-dansoz-kostumu\/#breadcrumb"},"inLanguage":"tr","potentialAction":[{"@type":"ReadAction","target":["https:\/\/hobierotikshop.com.tr\/website1\/erotik-shop-urun\/oryantal-dansoz-kostumu\/"]}]},{"@type":"ImageObject","inLanguage":"tr","@id":"https:\/\/hobierotikshop.com.tr\/website1\/erotik-shop-urun\/oryantal-dansoz-kostumu\/#primaryimage","url":"https:\/\/haremerotikshop.com\/site\/wp-content\/uploads\/2025\/03\/Fantazi-dansoz-kiyafeti.jpg","contentUrl":"https:\/\/haremerotikshop.com\/site\/wp-content\/uploads\/2025\/03\/Fantazi-dansoz-kiyafeti.jpg","width":847,"height":1200,"caption":"Sex Shop Bursa Oryantel Dans\u00f6z K\u00f6st\u00fcm\u00fc"},{"@type":"BreadcrumbList","@id":"https:\/\/hobierotikshop.com.tr\/website1\/erotik-shop-urun\/oryantal-dansoz-kostumu\/#breadcrumb","itemListElement":[{"@type":"ListItem","position":1,"name":"Anasayfa","item":"https:\/\/hobierotikshop.com.tr\/website1\/"},{"@type":"ListItem","position":2,"name":"Erotik Shop \u00dcr\u00fcnleri","item":"https:\/\/hobierotikshop.com.tr\/website1\/shop\/"},{"@type":"ListItem","position":3,"name":"Oryantal Dans\u00f6z Kost\u00fcm\u00fc"}]},{"@type":"WebSite","@id":"https:\/\/hobierotikshop.com.tr\/website1\/#website","url":"https:\/\/hobierotikshop.com.tr\/website1\/","name":"Bursa Erotik Shop","description":"Bursa Erotik Shop ile g\u00fcvenli, gizli ve kaliteli yeti\u015fkin \u00fcr\u00fcnleri al\u0131\u015fveri\u015fi! Geni\u015f \u00fcr\u00fcn yelpazemizi ke\u015ffedin, hemen sipari\u015f verin","publisher":{"@id":"https:\/\/hobierotikshop.com.tr\/website1\/#organization"},"alternateName":"Erotik Shop","potentialAction":[{"@type":"SearchAction","target":{"@type":"EntryPoint","urlTemplate":"https:\/\/hobierotikshop.com.tr\/website1\/?s={search_term_string}"},"query-input":{"@type":"PropertyValueSpecification","valueRequired":true,"valueName":"search_term_string"}}],"inLanguage":"tr"},{"@type":"Organization","@id":"https:\/\/hobierotikshop.com.tr\/website1\/#organization","name":"Harem Bursa Erotik Shop","url":"https:\/\/hobierotikshop.com.tr\/website1\/","logo":{"@type":"ImageObject","inLanguage":"tr","@id":"https:\/\/hobierotikshop.com.tr\/website1\/#\/schema\/logo\/image\/","url":"https:\/\/haremerotikshop.com\/wp-content\/uploads\/2025\/03\/haremsexshop.png","contentUrl":"https:\/\/haremerotikshop.com\/wp-content\/uploads\/2025\/03\/haremsexshop.png","width":400,"height":100,"caption":"Harem Bursa Erotik Shop"},"image":{"@id":"https:\/\/hobierotikshop.com.tr\/website1\/#\/schema\/logo\/image\/"},"sameAs":["https:\/\/x.com\/shopbursa"],"publishingPrinciples":"https:\/\/hobierotikshop.com.tr\/website1\/mesafeli-satis-sozlesmesi\/","ownershipFundingInfo":"https:\/\/hobierotikshop.com.tr\/website1\/contact-us\/","actionableFeedbackPolicy":"https:\/\/hobierotikshop.com.tr\/website1\/contact-us\/","correctionsPolicy":"https:\/\/hobierotikshop.com.tr\/website1\/mesafeli-satis-sozlesmesi\/"}]},"product_brand":"For Dreams","product_price_amount":"1200.00","product_price_currency":"TRY","og_availability":"instock","product_availability":"instock","product_retailer_item_id":"HS18052","product_condition":"new"},"_links":{"self":[{"href":"https:\/\/haremerotikshop.com\/site\/wp-json\/wp\/v2\/product\/21812","targetHints":{"allow":["GET"]}}],"collection":[{"href":"https:\/\/haremerotikshop.com\/site\/wp-json\/wp\/v2\/product"}],"about":[{"href":"https:\/\/haremerotikshop.com\/site\/wp-json\/wp\/v2\/types\/product"}],"replies":[{"embeddable":true,"href":"https:\/\/haremerotikshop.com\/site\/wp-json\/wp\/v2\/comments?post=21812"}],"version-history":[{"count":0,"href":"https:\/\/haremerotikshop.com\/site\/wp-json\/wp\/v2\/product\/21812\/revisions"}],"wp:featuredmedia":[{"embeddable":true,"href":"https:\/\/haremerotikshop.com\/site\/wp-json\/wp\/v2\/media\/21932"}],"wp:attachment":[{"href":"https:\/\/haremerotikshop.com\/site\/wp-json\/wp\/v2\/media?parent=21812"}],"wp:term":[{"taxonomy":"product_brand","embeddable":true,"href":"https:\/\/haremerotikshop.com\/site\/wp-json\/wp\/v2\/product_brand?post=21812"},{"taxonomy":"product_cat","embeddable":true,"href":"https:\/\/haremerotikshop.com\/site\/wp-json\/wp\/v2\/product_cat?post=21812"},{"taxonomy":"product_tag","embeddable":true,"href":"https:\/\/haremerotikshop.com\/site\/wp-json\/wp\/v2\/product_tag?post=21812"}],"curies":[{"name":"wp","href":"https:\/\/api.w.org\/{rel}","templated":true}]}}