{"id":36630,"date":"2025-04-26T15:13:02","date_gmt":"2025-04-26T12:13:02","guid":{"rendered":"https:\/\/haremerotikshop.com\/site\/erotik-shop-urun\/titresimli-penis-sikici-halkasi-prostat-kelepce-yuzugu\/"},"modified":"2026-01-24T15:27:02","modified_gmt":"2026-01-24T12:27:02","slug":"titresimli-penis-sikici-halkasi-prostat-kelepce-yuzugu","status":"publish","type":"product","link":"https:\/\/haremerotikshop.com\/site\/erotik-shop-urun\/titresimli-penis-sikici-halkasi-prostat-kelepce-yuzugu\/","title":{"rendered":"Titre\u015fimli Penis S\u0131k\u0131c\u0131 Halkas\u0131 Prostat Kelep\u00e7e Y\u00fcz\u00fc\u011f\u00fc"},"content":{"rendered":"<h2><span style=\"color:#e74c3c\"><span style=\"font-size:20px\"><span style=\"font-family:Verdana,Geneva,sans-serif\">Titre\u015fimli Penis S\u0131k\u0131c\u0131&nbsp; Halkas\u0131 Prostat Kelep\u00e7e Y\u00fcz\u00fc\u011f\u00fc&nbsp; &nbsp; &nbsp;<\/span><\/span><\/span><\/h2>\n<h2><span style=\"color:#e74c3c\"><span style=\"font-size:20px\"><span style=\"font-family:Verdana,Geneva,sans-serif\">\u00dcr\u00fcn Kodu:B1181<\/span><\/span><\/span>&nbsp;&nbsp;<\/h2>\n<p><span style=\"font-size:16px\"><span style=\"font-family:Verdana,Geneva,sans-serif\"><\/p>\n<p>&nbsp; &nbsp;&nbsp;<\/p>\n<p>Titre\u015fimli Penis &nbsp;Halkas\u0131<\/p>\n<p>* Y\u00fcksek kaliteli hiyjenik silikon malzemeden \u00fcretilmi\u015ftir.<br \/>* G\u00fc\u00e7l\u00fc titre\u015fim ayarl\u0131d\u0131r.<br \/>* Ekstra klitoris uyar\u0131c\u0131l\u0131d\u0131r. B\u00f6ylelikle partneriniz daha fazla zevk al\u0131r.<br \/>* Boyutu iste\u011fe g\u00f6re ayarlanabilir. Her penis boyu i\u00e7in uygundur.<br \/>* Penis pompalar\u0131 ile de kullan\u0131labilinir.<br \/>* Il\u0131k su ve sabunla kolayca temizlenebilir.<br \/>* Siyah renktedir.<br \/>* 13.5 * 4.8 cm boyutundad\u0131r.<br \/>* A\u011f\u0131rl\u0131k : 26 gr<br \/>* Paket \u00f6l\u00e7\u00fcs\u00fc : 81 * 41 * 141 mm<br \/>* 3 adet LR41 tipi pil ile \u00e7al\u0131\u015f\u0131r.<\/p>\n<p>&nbsp; &nbsp; &nbsp;<\/p>\n<p><\/span><\/span><span style=\"font-size:16px\"><span style=\"font-family:Verdana,Geneva,sans-serif\"><\/p>\n<p>G\u00d6NDER\u0130 \u015eEKL\u0130<\/p>\n<p>Sipari\u015fleriniz i\u00e7eri\u011fi anla\u015f\u0131lmayacak \u015fekilde gizli ve kapal\u0131 kolide g\u00f6nderilir.<br \/>&nbsp;<br \/>\u00d6DEME T\u00dcRLER\u0130<\/p>\n<p>Nakit veya Kredi Kart\u0131 ile kap\u0131da veya \u015fubede kargoya \u00f6deyebilirsiniz.<br \/>Sistemimiz tek \u00e7ekim veya taksit se\u00e7enekleri ile i\u015flem yapabilirsiniz.<br \/>Banka yolu ile havale yapabilirsiniz.&nbsp;<br \/>&nbsp;<br \/>TESL\u0130MAT \u015eEKL\u0130<\/p>\n<p>\u0130ster Kap\u0131n\u0131za Gelsin \u0130ster Kargodan Al\u0131n<br \/>&nbsp;<br \/>T\u00fcm \u00fcr\u00fcnlerimiz sipari\u015ften teslimata kadar firmam\u0131z g\u00fcvencesi alt\u0131nda olup verilen sipari\u015fler tam ve eksiksiz olarak m\u00fc\u015fterilerimize ula\u015ft\u0131r\u0131l\u0131r.<br \/>&nbsp;<br \/>* Kap\u0131da \u00d6deme G\u00fcvenli Al\u0131\u015fveri\u015f<br \/>* T\u00fcm \u00dcr\u00fcnlerde H\u0131zl\u0131 G\u00f6nderim<br \/>* Orjinal \u00dcr\u00fcn Garantisi&nbsp;<br \/>* T\u00fcm \u00dcr\u00fcnlerde Gizli Kargo \/ Paket<br \/>&nbsp; &nbsp;&nbsp;<br \/><em><u><strong>G\u0130ZL\u0130L\u0130\u011e\u0130N\u0130ZE \u00d6NEM VER\u0130YORUZ<\/strong><\/u><\/em><\/p>\n<p>&nbsp;&nbsp;<\/p>\n<p><a href=\"http:\/\/api.whatsapp.com\/send?phone=905304676616&amp;text=Sipari%C5%9F%20Vermek%20%C4%B0stiyorum%20lilitushop%20B1181\"><img decoding=\"async\" alt=\"\" src=\"https:\/\/static.ticimax.cloud\/32886\/uploads\/editoruploads\/whatsapp-destek-hatti.gif\" \/><\/a><\/p>\n<p><img decoding=\"async\" alt=\"\" src=\"https:\/\/static.ticimax.cloud\/32886\/uploads\/editoruploads\/bi-210138_06.gif\" style=\"width: 400px;height: 400px\" \/><\/p>\n<p><\/span><\/span><\/p>\n","protected":false},"excerpt":{"rendered":"<p>Titre\u015fimli Penis S\u0131k\u0131c\u0131&nbsp; Halkas\u0131 Prostat Kelep\u00e7e Y\u00fcz\u00fc\u011f\u00fc&nbsp; &nbsp; &nbsp; \u00dcr\u00fcn Kodu:B1181&nbsp;&nbsp; &nbsp; &nbsp;&nbsp; Titre\u015fimli Penis &nbsp;Halkas\u0131 * Y\u00fcksek kaliteli hiyjenik<\/p>\n","protected":false},"featured_media":36632,"comment_status":"closed","ping_status":"closed","template":"","meta":[],"product_brand":[],"product_cat":[505],"product_tag":[],"class_list":{"0":"post-36630","1":"product","2":"type-product","3":"status-publish","4":"has-post-thumbnail","6":"product_cat-penis-kiliflari-halkalari","8":"first","9":"instock","10":"purchasable","11":"product-type-simple"},"yoast_head":"<!-- This site is optimized with the Yoast SEO Premium plugin v24.4 (Yoast SEO v27.1.1) - https:\/\/yoast.com\/product\/yoast-seo-premium-wordpress\/ -->\n<title>Titre\u015fimli Penis S\u0131k\u0131c\u0131 Halkas\u0131 Prostat Kelep\u00e7e Y\u00fcz\u00fc\u011f\u00fc - Bursa Erotik Shop<\/title>\n<meta name=\"robots\" content=\"index, follow, max-snippet:-1, max-image-preview:large, max-video-preview:-1\" \/>\n<link rel=\"canonical\" href=\"https:\/\/hobierotikshop.com.tr\/website1\/erotik-shop-urun\/titresimli-penis-sikici-halkasi-prostat-kelepce-yuzugu\/\" \/>\n<meta property=\"og:locale\" content=\"tr_TR\" \/>\n<meta property=\"og:type\" content=\"article\" \/>\n<meta property=\"og:title\" content=\"Titre\u015fimli Penis S\u0131k\u0131c\u0131 Halkas\u0131 Prostat Kelep\u00e7e Y\u00fcz\u00fc\u011f\u00fc\" \/>\n<meta property=\"og:description\" content=\"Titre\u015fimli Penis S\u0131k\u0131c\u0131&nbsp; Halkas\u0131 Prostat Kelep\u00e7e Y\u00fcz\u00fc\u011f\u00fc&nbsp; &nbsp; &nbsp; \u00dcr\u00fcn Kodu:B1181&nbsp;&nbsp; &nbsp; &nbsp;&nbsp; Titre\u015fimli Penis &nbsp;Halkas\u0131 * Y\u00fcksek kaliteli hiyjenik\" \/>\n<meta property=\"og:url\" content=\"https:\/\/hobierotikshop.com.tr\/website1\/erotik-shop-urun\/titresimli-penis-sikici-halkasi-prostat-kelepce-yuzugu\/\" \/>\n<meta property=\"og:site_name\" content=\"Bursa Erotik Shop\" \/>\n<meta property=\"article:modified_time\" content=\"2026-01-24T12:27:02+00:00\" \/>\n<meta property=\"og:image\" content=\"https:\/\/hobierotikshop.com.tr\/website1\/wp-content\/uploads\/2025\/04\/titresimli-penis-sikici-halkasi-prostat-2f98.jpg\" \/>\n\t<meta property=\"og:image:width\" content=\"455\" \/>\n\t<meta property=\"og:image:height\" content=\"455\" \/>\n\t<meta property=\"og:image:type\" content=\"image\/jpeg\" \/>\n<meta name=\"twitter:card\" content=\"summary_large_image\" \/>\n<meta name=\"twitter:site\" content=\"@shopbursa\" \/>\n<meta name=\"twitter:label1\" content=\"Fiyat\" \/>\n\t<meta name=\"twitter:data1\" content=\"&#8378;1.600,00\" \/>\n\t<meta name=\"twitter:label2\" content=\"Availability\" \/>\n\t<meta name=\"twitter:data2\" content=\"In stock\" \/>\n<script type=\"application\/ld+json\" class=\"yoast-schema-graph\">{\"@context\":\"https:\/\/schema.org\",\"@graph\":[{\"@type\":\"WebPage\",\"@id\":\"https:\/\/hobierotikshop.com.tr\/website1\/erotik-shop-urun\/titresimli-penis-sikici-halkasi-prostat-kelepce-yuzugu\/\",\"url\":\"https:\/\/hobierotikshop.com.tr\/website1\/erotik-shop-urun\/titresimli-penis-sikici-halkasi-prostat-kelepce-yuzugu\/\",\"name\":\"Titre\u015fimli Penis S\u0131k\u0131c\u0131 Halkas\u0131 Prostat Kelep\u00e7e Y\u00fcz\u00fc\u011f\u00fc - Bursa Erotik Shop\",\"isPartOf\":{\"@id\":\"https:\/\/bursashop.com\/web\/#website\"},\"primaryImageOfPage\":{\"@id\":\"https:\/\/hobierotikshop.com.tr\/website1\/erotik-shop-urun\/titresimli-penis-sikici-halkasi-prostat-kelepce-yuzugu\/#primaryimage\"},\"image\":{\"@id\":\"https:\/\/hobierotikshop.com.tr\/website1\/erotik-shop-urun\/titresimli-penis-sikici-halkasi-prostat-kelepce-yuzugu\/#primaryimage\"},\"thumbnailUrl\":\"https:\/\/haremerotikshop.com\/site\/wp-content\/uploads\/2025\/04\/titresimli-penis-sikici-halkasi-prostat-2f98.jpg\",\"datePublished\":\"2025-04-26T12:13:02+00:00\",\"dateModified\":\"2026-01-24T12:27:02+00:00\",\"breadcrumb\":{\"@id\":\"https:\/\/hobierotikshop.com.tr\/website1\/erotik-shop-urun\/titresimli-penis-sikici-halkasi-prostat-kelepce-yuzugu\/#breadcrumb\"},\"inLanguage\":\"tr\",\"potentialAction\":[{\"@type\":\"ReadAction\",\"target\":[\"https:\/\/hobierotikshop.com.tr\/website1\/erotik-shop-urun\/titresimli-penis-sikici-halkasi-prostat-kelepce-yuzugu\/\"]}]},{\"@type\":\"ImageObject\",\"inLanguage\":\"tr\",\"@id\":\"https:\/\/hobierotikshop.com.tr\/website1\/erotik-shop-urun\/titresimli-penis-sikici-halkasi-prostat-kelepce-yuzugu\/#primaryimage\",\"url\":\"https:\/\/haremerotikshop.com\/site\/wp-content\/uploads\/2025\/04\/titresimli-penis-sikici-halkasi-prostat-2f98.jpg\",\"contentUrl\":\"https:\/\/haremerotikshop.com\/site\/wp-content\/uploads\/2025\/04\/titresimli-penis-sikici-halkasi-prostat-2f98.jpg\",\"width\":455,\"height\":455},{\"@type\":\"BreadcrumbList\",\"@id\":\"https:\/\/hobierotikshop.com.tr\/website1\/erotik-shop-urun\/titresimli-penis-sikici-halkasi-prostat-kelepce-yuzugu\/#breadcrumb\",\"itemListElement\":[{\"@type\":\"ListItem\",\"position\":1,\"name\":\"Anasayfa\",\"item\":\"https:\/\/hobierotikshop.com.tr\/website1\/\"},{\"@type\":\"ListItem\",\"position\":2,\"name\":\"Erotik Shop \u00dcr\u00fcnleri\",\"item\":\"https:\/\/hobierotikshop.com.tr\/website1\/shop\/\"},{\"@type\":\"ListItem\",\"position\":3,\"name\":\"Titre\u015fimli Penis S\u0131k\u0131c\u0131 Halkas\u0131 Prostat Kelep\u00e7e Y\u00fcz\u00fc\u011f\u00fc\"}]},{\"@type\":\"WebSite\",\"@id\":\"https:\/\/bursashop.com\/web\/#website\",\"url\":\"https:\/\/bursashop.com\/web\/\",\"name\":\"Bursa Erotik Shop\",\"description\":\"Bursa Erotik Shop ile g\u00fcvenli, gizli ve kaliteli yeti\u015fkin \u00fcr\u00fcnleri al\u0131\u015fveri\u015fi! Geni\u015f \u00fcr\u00fcn yelpazemizi ke\u015ffedin, hemen sipari\u015f verin\",\"publisher\":{\"@id\":\"https:\/\/bursashop.com\/web\/#organization\"},\"alternateName\":\"Erotik Shop\",\"potentialAction\":[{\"@type\":\"SearchAction\",\"target\":{\"@type\":\"EntryPoint\",\"urlTemplate\":\"https:\/\/bursashop.com\/web\/?s={search_term_string}\"},\"query-input\":{\"@type\":\"PropertyValueSpecification\",\"valueRequired\":true,\"valueName\":\"search_term_string\"}}],\"inLanguage\":\"tr\"},{\"@type\":\"Organization\",\"@id\":\"https:\/\/bursashop.com\/web\/#organization\",\"name\":\"Harem Bursa Erotik Shop\",\"url\":\"https:\/\/bursashop.com\/web\/\",\"logo\":{\"@type\":\"ImageObject\",\"inLanguage\":\"tr\",\"@id\":\"https:\/\/bursashop.com\/web\/#\/schema\/logo\/image\/\",\"url\":\"https:\/\/haremerotikshop.com\/site\/wp-content\/uploads\/2025\/03\/haremsexshop.png\",\"contentUrl\":\"https:\/\/haremerotikshop.com\/site\/wp-content\/uploads\/2025\/03\/haremsexshop.png\",\"width\":400,\"height\":100,\"caption\":\"Harem Bursa Erotik Shop\"},\"image\":{\"@id\":\"https:\/\/bursashop.com\/web\/#\/schema\/logo\/image\/\"},\"sameAs\":[\"https:\/\/x.com\/shopbursa\"],\"publishingPrinciples\":\"https:\/\/hobierotikshop.com.tr\/website1\/mesafeli-satis-sozlesmesi\/\",\"ownershipFundingInfo\":\"https:\/\/hobierotikshop.com.tr\/website1\/contact-us\/\",\"actionableFeedbackPolicy\":\"https:\/\/hobierotikshop.com.tr\/website1\/contact-us\/\",\"correctionsPolicy\":\"https:\/\/hobierotikshop.com.tr\/website1\/mesafeli-satis-sozlesmesi\/\"}]}<\/script>\n<meta property=\"product:price:amount\" content=\"1600.00\" \/>\n<meta property=\"product:price:currency\" content=\"TRY\" \/>\n<meta property=\"og:availability\" content=\"instock\" \/>\n<meta property=\"product:availability\" content=\"instock\" \/>\n<meta property=\"product:retailer_item_id\" content=\"B1181\" \/>\n<meta property=\"product:condition\" content=\"new\" \/>\n<!-- \/ Yoast SEO Premium plugin. -->","yoast_head_json":{"title":"Titre\u015fimli Penis S\u0131k\u0131c\u0131 Halkas\u0131 Prostat Kelep\u00e7e Y\u00fcz\u00fc\u011f\u00fc - Bursa Erotik Shop","robots":{"index":"index","follow":"follow","max-snippet":"max-snippet:-1","max-image-preview":"max-image-preview:large","max-video-preview":"max-video-preview:-1"},"canonical":"https:\/\/hobierotikshop.com.tr\/website1\/erotik-shop-urun\/titresimli-penis-sikici-halkasi-prostat-kelepce-yuzugu\/","og_locale":"tr_TR","og_type":"article","og_title":"Titre\u015fimli Penis S\u0131k\u0131c\u0131 Halkas\u0131 Prostat Kelep\u00e7e Y\u00fcz\u00fc\u011f\u00fc","og_description":"Titre\u015fimli Penis S\u0131k\u0131c\u0131&nbsp; Halkas\u0131 Prostat Kelep\u00e7e Y\u00fcz\u00fc\u011f\u00fc&nbsp; &nbsp; &nbsp; \u00dcr\u00fcn Kodu:B1181&nbsp;&nbsp; &nbsp; &nbsp;&nbsp; Titre\u015fimli Penis &nbsp;Halkas\u0131 * Y\u00fcksek kaliteli hiyjenik","og_url":"https:\/\/hobierotikshop.com.tr\/website1\/erotik-shop-urun\/titresimli-penis-sikici-halkasi-prostat-kelepce-yuzugu\/","og_site_name":"Bursa Erotik Shop","article_modified_time":"2026-01-24T12:27:02+00:00","og_image":[{"width":455,"height":455,"url":"https:\/\/hobierotikshop.com.tr\/website1\/wp-content\/uploads\/2025\/04\/titresimli-penis-sikici-halkasi-prostat-2f98.jpg","type":"image\/jpeg"}],"twitter_card":"summary_large_image","twitter_site":"@shopbursa","twitter_misc":{"Fiyat":"&#8378;1.600,00","Availability":"In stock"},"schema":{"@context":"https:\/\/schema.org","@graph":[{"@type":"WebPage","@id":"https:\/\/hobierotikshop.com.tr\/website1\/erotik-shop-urun\/titresimli-penis-sikici-halkasi-prostat-kelepce-yuzugu\/","url":"https:\/\/hobierotikshop.com.tr\/website1\/erotik-shop-urun\/titresimli-penis-sikici-halkasi-prostat-kelepce-yuzugu\/","name":"Titre\u015fimli Penis S\u0131k\u0131c\u0131 Halkas\u0131 Prostat Kelep\u00e7e Y\u00fcz\u00fc\u011f\u00fc - Bursa Erotik Shop","isPartOf":{"@id":"https:\/\/bursashop.com\/web\/#website"},"primaryImageOfPage":{"@id":"https:\/\/hobierotikshop.com.tr\/website1\/erotik-shop-urun\/titresimli-penis-sikici-halkasi-prostat-kelepce-yuzugu\/#primaryimage"},"image":{"@id":"https:\/\/hobierotikshop.com.tr\/website1\/erotik-shop-urun\/titresimli-penis-sikici-halkasi-prostat-kelepce-yuzugu\/#primaryimage"},"thumbnailUrl":"https:\/\/haremerotikshop.com\/site\/wp-content\/uploads\/2025\/04\/titresimli-penis-sikici-halkasi-prostat-2f98.jpg","datePublished":"2025-04-26T12:13:02+00:00","dateModified":"2026-01-24T12:27:02+00:00","breadcrumb":{"@id":"https:\/\/hobierotikshop.com.tr\/website1\/erotik-shop-urun\/titresimli-penis-sikici-halkasi-prostat-kelepce-yuzugu\/#breadcrumb"},"inLanguage":"tr","potentialAction":[{"@type":"ReadAction","target":["https:\/\/hobierotikshop.com.tr\/website1\/erotik-shop-urun\/titresimli-penis-sikici-halkasi-prostat-kelepce-yuzugu\/"]}]},{"@type":"ImageObject","inLanguage":"tr","@id":"https:\/\/hobierotikshop.com.tr\/website1\/erotik-shop-urun\/titresimli-penis-sikici-halkasi-prostat-kelepce-yuzugu\/#primaryimage","url":"https:\/\/haremerotikshop.com\/site\/wp-content\/uploads\/2025\/04\/titresimli-penis-sikici-halkasi-prostat-2f98.jpg","contentUrl":"https:\/\/haremerotikshop.com\/site\/wp-content\/uploads\/2025\/04\/titresimli-penis-sikici-halkasi-prostat-2f98.jpg","width":455,"height":455},{"@type":"BreadcrumbList","@id":"https:\/\/hobierotikshop.com.tr\/website1\/erotik-shop-urun\/titresimli-penis-sikici-halkasi-prostat-kelepce-yuzugu\/#breadcrumb","itemListElement":[{"@type":"ListItem","position":1,"name":"Anasayfa","item":"https:\/\/hobierotikshop.com.tr\/website1\/"},{"@type":"ListItem","position":2,"name":"Erotik Shop \u00dcr\u00fcnleri","item":"https:\/\/hobierotikshop.com.tr\/website1\/shop\/"},{"@type":"ListItem","position":3,"name":"Titre\u015fimli Penis S\u0131k\u0131c\u0131 Halkas\u0131 Prostat Kelep\u00e7e Y\u00fcz\u00fc\u011f\u00fc"}]},{"@type":"WebSite","@id":"https:\/\/bursashop.com\/web\/#website","url":"https:\/\/bursashop.com\/web\/","name":"Bursa Erotik Shop","description":"Bursa Erotik Shop ile g\u00fcvenli, gizli ve kaliteli yeti\u015fkin \u00fcr\u00fcnleri al\u0131\u015fveri\u015fi! Geni\u015f \u00fcr\u00fcn yelpazemizi ke\u015ffedin, hemen sipari\u015f verin","publisher":{"@id":"https:\/\/bursashop.com\/web\/#organization"},"alternateName":"Erotik Shop","potentialAction":[{"@type":"SearchAction","target":{"@type":"EntryPoint","urlTemplate":"https:\/\/bursashop.com\/web\/?s={search_term_string}"},"query-input":{"@type":"PropertyValueSpecification","valueRequired":true,"valueName":"search_term_string"}}],"inLanguage":"tr"},{"@type":"Organization","@id":"https:\/\/bursashop.com\/web\/#organization","name":"Harem Bursa Erotik Shop","url":"https:\/\/bursashop.com\/web\/","logo":{"@type":"ImageObject","inLanguage":"tr","@id":"https:\/\/bursashop.com\/web\/#\/schema\/logo\/image\/","url":"https:\/\/haremerotikshop.com\/site\/wp-content\/uploads\/2025\/03\/haremsexshop.png","contentUrl":"https:\/\/haremerotikshop.com\/site\/wp-content\/uploads\/2025\/03\/haremsexshop.png","width":400,"height":100,"caption":"Harem Bursa Erotik Shop"},"image":{"@id":"https:\/\/bursashop.com\/web\/#\/schema\/logo\/image\/"},"sameAs":["https:\/\/x.com\/shopbursa"],"publishingPrinciples":"https:\/\/hobierotikshop.com.tr\/website1\/mesafeli-satis-sozlesmesi\/","ownershipFundingInfo":"https:\/\/hobierotikshop.com.tr\/website1\/contact-us\/","actionableFeedbackPolicy":"https:\/\/hobierotikshop.com.tr\/website1\/contact-us\/","correctionsPolicy":"https:\/\/hobierotikshop.com.tr\/website1\/mesafeli-satis-sozlesmesi\/"}]},"product_price_amount":"1600.00","product_price_currency":"TRY","og_availability":"instock","product_availability":"instock","product_retailer_item_id":"B1181","product_condition":"new"},"_links":{"self":[{"href":"https:\/\/haremerotikshop.com\/site\/wp-json\/wp\/v2\/product\/36630","targetHints":{"allow":["GET"]}}],"collection":[{"href":"https:\/\/haremerotikshop.com\/site\/wp-json\/wp\/v2\/product"}],"about":[{"href":"https:\/\/haremerotikshop.com\/site\/wp-json\/wp\/v2\/types\/product"}],"replies":[{"embeddable":true,"href":"https:\/\/haremerotikshop.com\/site\/wp-json\/wp\/v2\/comments?post=36630"}],"version-history":[{"count":0,"href":"https:\/\/haremerotikshop.com\/site\/wp-json\/wp\/v2\/product\/36630\/revisions"}],"wp:featuredmedia":[{"embeddable":true,"href":"https:\/\/haremerotikshop.com\/site\/wp-json\/wp\/v2\/media\/36632"}],"wp:attachment":[{"href":"https:\/\/haremerotikshop.com\/site\/wp-json\/wp\/v2\/media?parent=36630"}],"wp:term":[{"taxonomy":"product_brand","embeddable":true,"href":"https:\/\/haremerotikshop.com\/site\/wp-json\/wp\/v2\/product_brand?post=36630"},{"taxonomy":"product_cat","embeddable":true,"href":"https:\/\/haremerotikshop.com\/site\/wp-json\/wp\/v2\/product_cat?post=36630"},{"taxonomy":"product_tag","embeddable":true,"href":"https:\/\/haremerotikshop.com\/site\/wp-json\/wp\/v2\/product_tag?post=36630"}],"curies":[{"name":"wp","href":"https:\/\/api.w.org\/{rel}","templated":true}]}}