{"id":42325,"date":"2025-04-26T16:27:54","date_gmt":"2025-04-26T13:27:54","guid":{"rendered":"https:\/\/haremerotikshop.com\/site\/erotik-shop-urun\/sisebilen-pompali-anal-plug-big\/"},"modified":"2026-01-22T12:35:07","modified_gmt":"2026-01-22T09:35:07","slug":"sisebilen-pompali-anal-plug-big","status":"publish","type":"product","link":"https:\/\/haremerotikshop.com\/site\/erotik-shop-urun\/sisebilen-pompali-anal-plug-big\/","title":{"rendered":"\u015ei\u015febilen Pompal\u0131 Anal Plug &#8211; Big"},"content":{"rendered":"<h2 data-start=\"328\" data-end=\"407\"><strong data-start=\"331\" data-end=\"405\">\u015ei\u015febilen Pompal\u0131 Anal Plug \u2013 Big | Ayarlanabilir Boyutlu Anal Oyuncak<\/strong><\/h2>\n<p data-start=\"408\" data-end=\"430\"><strong data-start=\"408\" data-end=\"430\">\u00dcr\u00fcn Kodu: BDM1119<\/strong><\/p>\n<p data-start=\"432\" data-end=\"712\">S\u0131n\u0131rlar\u0131n\u0131 ke\u015ffetmeye haz\u0131r olanlar i\u00e7in \u00f6zel olarak tasarlanm\u0131\u015f <strong data-start=\"498\" data-end=\"529\">\u015fi\u015febilen pompal\u0131 anal plug<\/strong>, e\u015fsiz bir deneyim sunar!<br data-start=\"555\" data-end=\"558\" \/><strong data-start=\"558\" data-end=\"648\">Pompal\u0131 yap\u0131s\u0131 sayesinde ili\u015fki s\u0131ras\u0131nda boyutu istenilen seviyeye g\u00f6re ayarlanabilir<\/strong>, bu da kullan\u0131c\u0131ya hem kontrol hem de benzersiz bir haz sa\u011flar.<\/p>\n<hr data-start=\"714\" data-end=\"717\" \/>\n<h3 data-start=\"719\" data-end=\"746\">\u2705 <strong data-start=\"725\" data-end=\"746\">\u00dcr\u00fcn \u00d6zellikleri:<\/strong><\/h3>\n<ul data-start=\"748\" data-end=\"1139\">\n<li data-start=\"748\" data-end=\"779\">\n<p data-start=\"750\" data-end=\"779\"><strong data-start=\"750\" data-end=\"769\">Toplam Uzunluk:<\/strong> 11,5 cm<\/p>\n<\/li>\n<li data-start=\"780\" data-end=\"840\">\n<p data-start=\"782\" data-end=\"840\"><strong data-start=\"782\" data-end=\"801\">Ba\u015flang\u0131\u00e7 \u00c7ap\u0131:<\/strong> 2,7 cm (\u015fi\u015firildik\u00e7e geni\u015flik artar)<\/p>\n<\/li>\n<li data-start=\"841\" data-end=\"865\">\n<p data-start=\"843\" data-end=\"865\"><strong data-start=\"843\" data-end=\"855\">A\u011f\u0131rl\u0131k:<\/strong> 85 gram<\/p>\n<\/li>\n<li data-start=\"866\" data-end=\"885\">\n<p data-start=\"868\" data-end=\"885\"><strong data-start=\"868\" data-end=\"877\">Renk:<\/strong> Siyah<\/p>\n<\/li>\n<li data-start=\"886\" data-end=\"938\">\n<p data-start=\"888\" data-end=\"938\"><strong data-start=\"888\" data-end=\"900\">Malzeme:<\/strong> Cilt dostu, esnek <strong data-start=\"919\" data-end=\"936\">Silicon + ABS<\/strong><\/p>\n<\/li>\n<li data-start=\"939\" data-end=\"1004\">\n<p data-start=\"941\" data-end=\"1004\"><strong data-start=\"941\" data-end=\"950\">Yap\u0131:<\/strong> \u015ei\u015firilebilir pompa mekanizmas\u0131 ile desteklenmi\u015ftir<\/p>\n<\/li>\n<li data-start=\"1005\" data-end=\"1081\">\n<p data-start=\"1007\" data-end=\"1081\"><strong data-start=\"1007\" data-end=\"1026\">Kullan\u0131m Alan\u0131:<\/strong> Hem <strong data-start=\"1031\" data-end=\"1039\">anal<\/strong> hem de <strong data-start=\"1047\" data-end=\"1058\">vajinal<\/strong> ili\u015fki i\u00e7in uygundur<\/p>\n<\/li>\n<li data-start=\"1082\" data-end=\"1139\">\n<p data-start=\"1084\" data-end=\"1139\"><strong data-start=\"1084\" data-end=\"1097\">Temizlik:<\/strong> Kolayca temizlenebilir; suya dayan\u0131kl\u0131d\u0131r<\/p>\n<\/li>\n<\/ul>\n<hr data-start=\"1141\" data-end=\"1144\" \/>\n<h3 data-start=\"1146\" data-end=\"1185\">\ud83d\udd25 <strong data-start=\"1153\" data-end=\"1185\">Neden Bu \u015ei\u015firilebilir Plug?<\/strong><\/h3>\n<p data-start=\"1187\" data-end=\"1412\">\u2705 <strong data-start=\"1189\" data-end=\"1216\">Ayarlanabilir Geni\u015flik:<\/strong> \u00dcr\u00fcn\u00fcn en b\u00fcy\u00fck avantaj\u0131 pompal\u0131 olmas\u0131d\u0131r. Ba\u015flang\u0131\u00e7ta k\u00fc\u00e7\u00fck bir boyuta sahipken, ili\u015fki s\u0131ras\u0131nda kontroll\u00fc bir \u015fekilde geni\u015fletilebilir. Bu da, kullan\u0131c\u0131ya hem konfor hem de artan haz sunar.<\/p>\n<p data-start=\"1414\" data-end=\"1571\">\u2705 <strong data-start=\"1416\" data-end=\"1456\">Yeni Ba\u015flayanlardan Profesyonellere:<\/strong> K\u00fc\u00e7\u00fck \u00e7ap\u0131yla yeni ba\u015flayanlar i\u00e7in ideal, \u015fi\u015firilebilir yap\u0131s\u0131 ile deneyimli kullan\u0131c\u0131lar i\u00e7in de tatmin edici.<\/p>\n<p data-start=\"1573\" data-end=\"1684\">\u2705 <strong data-start=\"1575\" data-end=\"1598\">Cilt Dostu Malzeme:<\/strong> V\u00fccut ile uyumlu silikon ve ABS materyalden \u00fcretilmi\u015ftir. Zararl\u0131 maddeler i\u00e7ermez.<\/p>\n<p data-start=\"1686\" data-end=\"1797\">\u2705 <strong data-start=\"1688\" data-end=\"1719\">Hijyenik ve Kolay Temizlik:<\/strong> Kullan\u0131m sonras\u0131 \u0131l\u0131k su ve oyuncak temizleyici ile kolayca temizlenebilir.<\/p>\n<p data-start=\"1799\" data-end=\"1919\">\u2705 <strong data-start=\"1801\" data-end=\"1828\">Kompakt ve Ta\u015f\u0131nabilir:<\/strong> Hafif yap\u0131s\u0131 ve esnekli\u011fi sayesinde seyahatlerde veya \u00f6zel anlarda kolayca kullan\u0131labilir.<\/p>\n<hr data-start=\"1921\" data-end=\"1924\" \/>\n<h3 data-start=\"1926\" data-end=\"1967\">\ud83d\udce6 <strong data-start=\"1933\" data-end=\"1967\">Sipari\u015f ve G\u00f6nderim Bilgileri:<\/strong><\/h3>\n<ul data-start=\"1969\" data-end=\"2417\">\n<li data-start=\"1969\" data-end=\"2061\">\n<p data-start=\"1971\" data-end=\"2061\">\ud83d\udce6 <strong data-start=\"1974\" data-end=\"1994\">Gizli Paketleme:<\/strong> \u00dcr\u00fcnler sade ve i\u00e7erik belirtmeyen \u00f6zel ambalajlarla g\u00f6nderilir.<\/p>\n<\/li>\n<li data-start=\"2062\" data-end=\"2190\">\n<p data-start=\"2064\" data-end=\"2091\">\ud83d\udcb3 <strong data-start=\"2067\" data-end=\"2089\">\u00d6deme Se\u00e7enekleri:<\/strong><\/p>\n<ul data-start=\"2094\" data-end=\"2190\">\n<li data-start=\"2094\" data-end=\"2133\">\n<p data-start=\"2096\" data-end=\"2133\">Kap\u0131da kredi kart\u0131 veya nakit \u00f6deme<\/p>\n<\/li>\n<li data-start=\"2136\" data-end=\"2169\">\n<p data-start=\"2138\" data-end=\"2169\">Tek \u00e7ekim ya da taksit imkan\u0131<\/p>\n<\/li>\n<li data-start=\"2172\" data-end=\"2190\">\n<p data-start=\"2174\" data-end=\"2190\">Banka havalesi<\/p>\n<\/li>\n<\/ul>\n<\/li>\n<li data-start=\"2191\" data-end=\"2291\">\n<p data-start=\"2193\" data-end=\"2223\">\ud83d\ude9a <strong data-start=\"2196\" data-end=\"2221\">Teslimat Se\u00e7enekleri:<\/strong><\/p>\n<ul data-start=\"2226\" data-end=\"2291\">\n<li data-start=\"2226\" data-end=\"2245\">\n<p data-start=\"2228\" data-end=\"2245\">Kap\u0131n\u0131za teslim<\/p>\n<\/li>\n<li data-start=\"2248\" data-end=\"2291\">\n<p data-start=\"2250\" data-end=\"2291\">Dilerseniz kargo \u015fubesinden teslim alma<\/p>\n<\/li>\n<\/ul>\n<\/li>\n<li data-start=\"2292\" data-end=\"2417\">\n<p data-start=\"2294\" data-end=\"2417\">\ud83d\udee1\ufe0f <strong data-start=\"2298\" data-end=\"2310\">G\u00fcvence:<\/strong> T\u00fcm \u00fcr\u00fcnler firmam\u0131z garantisi alt\u0131ndad\u0131r. Sipari\u015ften teslimata kadar %100 m\u00fc\u015fteri memnuniyeti hedeflenir.<\/p>\n<\/li>\n<\/ul>\n<hr data-start=\"2419\" data-end=\"2422\" \/>\n<h3 data-start=\"2424\" data-end=\"2454\">\ud83d\udca1 <strong data-start=\"2431\" data-end=\"2454\">Kullan\u0131m \u00d6nerileri:<\/strong><\/h3>\n<ul data-start=\"2456\" data-end=\"2722\">\n<li data-start=\"2456\" data-end=\"2557\">\n<p data-start=\"2458\" data-end=\"2557\">Kullan\u0131m \u00f6ncesi <strong data-start=\"2474\" data-end=\"2502\">su bazl\u0131 kayganla\u015ft\u0131r\u0131c\u0131<\/strong> ile rahat ve konforlu bir deneyim sa\u011flayabilirsiniz.<\/p>\n<\/li>\n<li data-start=\"2558\" data-end=\"2644\">\n<p data-start=\"2560\" data-end=\"2644\">Pompa ile \u015fi\u015firme i\u015fleminde s\u0131n\u0131rlar\u0131n\u0131z\u0131 bilerek kontroll\u00fc ilerlemeniz \u00f6nemlidir.<\/p>\n<\/li>\n<li data-start=\"2645\" data-end=\"2722\">\n<p data-start=\"2647\" data-end=\"2722\">\u0130lk kullan\u0131mdan \u00f6nce ve sonra mutlaka <strong data-start=\"2685\" data-end=\"2706\">temizlik i\u015flemini<\/strong> ger\u00e7ekle\u015ftirin.<\/p>\n<\/li>\n<\/ul>\n<hr data-start=\"2724\" data-end=\"2727\" \/>\n<ul data-start=\"2805\" data-end=\"3074\">\n<li data-start=\"2805\" data-end=\"2832\">\n<p data-start=\"2807\" data-end=\"2832\">\u015fi\u015firilebilir anal plug<\/p>\n<\/li>\n<li data-start=\"2833\" data-end=\"2857\">\n<p data-start=\"2835\" data-end=\"2857\">pompal\u0131 anal oyuncak<\/p>\n<\/li>\n<li data-start=\"2858\" data-end=\"2881\">\n<p data-start=\"2860\" data-end=\"2881\">b\u00fcy\u00fck boy anal plug<\/p>\n<\/li>\n<li data-start=\"2882\" data-end=\"2910\">\n<p data-start=\"2884\" data-end=\"2910\">ayarlanabilir dildo plug<\/p>\n<\/li>\n<li data-start=\"2911\" data-end=\"2938\">\n<p data-start=\"2913\" data-end=\"2938\">silikon anal \u015fi\u015fme plug<\/p>\n<\/li>\n<li data-start=\"2939\" data-end=\"2980\">\n<p data-start=\"2941\" data-end=\"2980\">vajinal anal kullan\u0131m i\u00e7in uygun plug<\/p>\n<\/li>\n<li data-start=\"2981\" data-end=\"3010\">\n<p data-start=\"2983\" data-end=\"3010\">kap\u0131da \u00f6deme anal oyuncak<\/p>\n<\/li>\n<li data-start=\"3011\" data-end=\"3040\">\n<p data-start=\"3013\" data-end=\"3040\">gizli kargo seks oyunca\u011f\u0131<\/p>\n<\/li>\n<li data-start=\"3041\" data-end=\"3074\">\n<p data-start=\"3043\" data-end=\"3074\">\u015fi\u015febilen anal feti\u015f \u00fcr\u00fcnleri<\/p>\n<\/li>\n<\/ul>\n<hr data-start=\"3076\" data-end=\"3079\" \/>\n<h3 data-start=\"3081\" data-end=\"3126\">\ud83d\uded2 <strong data-start=\"3088\" data-end=\"3126\">Neden Bu \u00dcr\u00fcn\u00fc Tercih Etmelisiniz?<\/strong><\/h3>\n<ul data-start=\"3128\" data-end=\"3419\">\n<li data-start=\"3128\" data-end=\"3170\">\n<p data-start=\"3130\" data-end=\"3170\">%100 <strong data-start=\"3135\" data-end=\"3168\">Gizlilik ve g\u00fcvenli al\u0131\u015fveri\u015f<\/strong><\/p>\n<\/li>\n<li data-start=\"3171\" data-end=\"3270\">\n<p data-start=\"3173\" data-end=\"3270\"><strong data-start=\"3173\" data-end=\"3204\">Farkl\u0131 seviyelerde kullan\u0131m<\/strong> imkan\u0131: yeni ba\u015flayanlar veya deneyimli kullan\u0131c\u0131lar i\u00e7in ideal<\/p>\n<\/li>\n<li data-start=\"3271\" data-end=\"3320\">\n<p data-start=\"3273\" data-end=\"3320\"><strong data-start=\"3273\" data-end=\"3300\">Y\u00fcksek kaliteli malzeme<\/strong> ve dayan\u0131kl\u0131 yap\u0131<\/p>\n<\/li>\n<li data-start=\"3321\" data-end=\"3380\">\n<p data-start=\"3323\" data-end=\"3380\"><strong data-start=\"3323\" data-end=\"3369\">H\u0131zl\u0131 kargo, kap\u0131da \u00f6deme, gizli paketleme<\/strong> avantaj\u0131<\/p>\n<\/li>\n<li data-start=\"3381\" data-end=\"3419\">\n<p data-start=\"3383\" data-end=\"3419\">T\u00fcrkiye genelinde g\u00fcvenilir teslimat<\/p>\n<\/li>\n<\/ul>\n<hr data-start=\"3421\" data-end=\"3424\" \/>\n<p data-start=\"3426\" data-end=\"3661\"><strong data-start=\"3426\" data-end=\"3458\">Kontrol sizde, haz s\u0131n\u0131rs\u0131z!<\/strong><br data-start=\"3458\" data-end=\"3461\" \/>\u015ei\u015febilen Pompal\u0131 Anal Plug \u2013 Big ile ili\u015fki s\u0131ras\u0131nda diledi\u011finiz boyuta ula\u015f\u0131n, zevki en \u00fcst d\u00fczeyde ya\u015fay\u0131n. Hemen sipari\u015f verin, <strong data-start=\"3594\" data-end=\"3609\">gizli kargo<\/strong> avantaj\u0131yla g\u00fcvenli bir al\u0131\u015fveri\u015f deneyimi ya\u015fay\u0131n<\/p>\n<p>&nbsp;<\/p>\n<p><a href=\"http:\/\/api.whatsapp.com\/send?phone=905304676616&amp;text=Sipari%C5%9F%20Vermek%20%C4%B0stiyorum%20haremshop%20BDM1119\"><img fetchpriority=\"high\" decoding=\"async\" class=\"alignnone\" src=\"https:\/\/static.ticimax.cloud\/32886\/uploads\/editoruploads\/whatsapp-destek-hatti.gif\" alt=\"\" width=\"750\" height=\"117\" \/><\/a><\/p>\n<p>&nbsp;<\/p>\n","protected":false},"excerpt":{"rendered":"<p>S\u0131n\u0131rlar\u0131n\u0131 ke\u015ffetmeye haz\u0131r olanlar i\u00e7in \u00f6zel olarak tasarlanm\u0131\u015f <strong data-start=\"498\" data-end=\"529\">\u015fi\u015febilen pompal\u0131 anal plug<\/strong>, e\u015fsiz bir deneyim sunar!<br data-start=\"555\" data-end=\"558\" \/><strong data-start=\"558\" data-end=\"648\">Pompal\u0131 yap\u0131s\u0131 sayesinde ili\u015fki s\u0131ras\u0131nda boyutu istenilen seviyeye g\u00f6re ayarlanabilir<\/strong>, bu da kullan\u0131c\u0131ya hem kontrol hem de benzersiz bir haz sa\u011flar.<\/p>\n","protected":false},"featured_media":42327,"comment_status":"closed","ping_status":"closed","template":"","meta":[],"product_brand":[],"product_cat":[497],"product_tag":[],"class_list":{"0":"post-42325","1":"product","2":"type-product","3":"status-publish","4":"has-post-thumbnail","6":"product_cat-anal-fantezi-urunleri","8":"first","9":"instock","10":"purchasable","11":"product-type-simple"},"yoast_head":"<!-- This site is optimized with the Yoast SEO Premium plugin v24.4 (Yoast SEO v27.1.1) - https:\/\/yoast.com\/product\/yoast-seo-premium-wordpress\/ -->\n<title>\u015ei\u015febilen Pompal\u0131 Anal Plug - Big - Bursa Erotik Shop<\/title>\n<meta name=\"robots\" content=\"index, follow, max-snippet:-1, max-image-preview:large, max-video-preview:-1\" \/>\n<link rel=\"canonical\" href=\"https:\/\/hobierotikshop.com.tr\/website1\/erotik-shop-urun\/sisebilen-pompali-anal-plug-big\/\" \/>\n<meta property=\"og:locale\" content=\"tr_TR\" \/>\n<meta property=\"og:type\" content=\"article\" \/>\n<meta property=\"og:title\" content=\"\u015ei\u015febilen Pompal\u0131 Anal Plug - Big\" \/>\n<meta property=\"og:description\" content=\"S\u0131n\u0131rlar\u0131n\u0131 ke\u015ffetmeye haz\u0131r olanlar i\u00e7in \u00f6zel olarak tasarlanm\u0131\u015f \u015fi\u015febilen pompal\u0131 anal plug, e\u015fsiz bir deneyim sunar!Pompal\u0131 yap\u0131s\u0131 sayesinde ili\u015fki s\u0131ras\u0131nda boyutu istenilen seviyeye g\u00f6re ayarlanabilir, bu da kullan\u0131c\u0131ya hem kontrol hem de benzersiz bir haz sa\u011flar.\" \/>\n<meta property=\"og:url\" content=\"https:\/\/hobierotikshop.com.tr\/website1\/erotik-shop-urun\/sisebilen-pompali-anal-plug-big\/\" \/>\n<meta property=\"og:site_name\" content=\"Bursa Erotik Shop\" \/>\n<meta property=\"article:modified_time\" content=\"2026-01-22T09:35:07+00:00\" \/>\n<meta property=\"og:image\" content=\"https:\/\/hobierotikshop.com.tr\/website1\/wp-content\/uploads\/2025\/04\/sisebilen-pompali-anal-plug-big-f-4b19.jpg\" \/>\n\t<meta property=\"og:image:width\" content=\"455\" \/>\n\t<meta property=\"og:image:height\" content=\"455\" \/>\n\t<meta property=\"og:image:type\" content=\"image\/jpeg\" \/>\n<meta name=\"twitter:card\" content=\"summary_large_image\" \/>\n<meta name=\"twitter:site\" content=\"@shopbursa\" \/>\n<meta name=\"twitter:label1\" content=\"Fiyat\" \/>\n\t<meta name=\"twitter:data1\" content=\"&#8378;1.700,00\" \/>\n\t<meta name=\"twitter:label2\" content=\"Availability\" \/>\n\t<meta name=\"twitter:data2\" content=\"In stock\" \/>\n<script type=\"application\/ld+json\" class=\"yoast-schema-graph\">{\"@context\":\"https:\/\/schema.org\",\"@graph\":[{\"@type\":\"WebPage\",\"@id\":\"https:\/\/hobierotikshop.com.tr\/website1\/erotik-shop-urun\/sisebilen-pompali-anal-plug-big\/\",\"url\":\"https:\/\/hobierotikshop.com.tr\/website1\/erotik-shop-urun\/sisebilen-pompali-anal-plug-big\/\",\"name\":\"\u015ei\u015febilen Pompal\u0131 Anal Plug - Big - Bursa Erotik Shop\",\"isPartOf\":{\"@id\":\"https:\/\/hobierotikshop.com.tr\/website1\/#website\"},\"primaryImageOfPage\":{\"@id\":\"https:\/\/hobierotikshop.com.tr\/website1\/erotik-shop-urun\/sisebilen-pompali-anal-plug-big\/#primaryimage\"},\"image\":{\"@id\":\"https:\/\/hobierotikshop.com.tr\/website1\/erotik-shop-urun\/sisebilen-pompali-anal-plug-big\/#primaryimage\"},\"thumbnailUrl\":\"https:\/\/haremerotikshop.com\/site\/wp-content\/uploads\/2025\/04\/sisebilen-pompali-anal-plug-big-f-4b19.jpg\",\"datePublished\":\"2025-04-26T13:27:54+00:00\",\"dateModified\":\"2026-01-22T09:35:07+00:00\",\"breadcrumb\":{\"@id\":\"https:\/\/hobierotikshop.com.tr\/website1\/erotik-shop-urun\/sisebilen-pompali-anal-plug-big\/#breadcrumb\"},\"inLanguage\":\"tr\",\"potentialAction\":[{\"@type\":\"ReadAction\",\"target\":[\"https:\/\/hobierotikshop.com.tr\/website1\/erotik-shop-urun\/sisebilen-pompali-anal-plug-big\/\"]}]},{\"@type\":\"ImageObject\",\"inLanguage\":\"tr\",\"@id\":\"https:\/\/hobierotikshop.com.tr\/website1\/erotik-shop-urun\/sisebilen-pompali-anal-plug-big\/#primaryimage\",\"url\":\"https:\/\/haremerotikshop.com\/site\/wp-content\/uploads\/2025\/04\/sisebilen-pompali-anal-plug-big-f-4b19.jpg\",\"contentUrl\":\"https:\/\/haremerotikshop.com\/site\/wp-content\/uploads\/2025\/04\/sisebilen-pompali-anal-plug-big-f-4b19.jpg\",\"width\":455,\"height\":455},{\"@type\":\"BreadcrumbList\",\"@id\":\"https:\/\/hobierotikshop.com.tr\/website1\/erotik-shop-urun\/sisebilen-pompali-anal-plug-big\/#breadcrumb\",\"itemListElement\":[{\"@type\":\"ListItem\",\"position\":1,\"name\":\"Anasayfa\",\"item\":\"https:\/\/hobierotikshop.com.tr\/website1\/\"},{\"@type\":\"ListItem\",\"position\":2,\"name\":\"Erotik Shop \u00dcr\u00fcnleri\",\"item\":\"https:\/\/hobierotikshop.com.tr\/website1\/shop\/\"},{\"@type\":\"ListItem\",\"position\":3,\"name\":\"\u015ei\u015febilen Pompal\u0131 Anal Plug &#8211; Big\"}]},{\"@type\":\"WebSite\",\"@id\":\"https:\/\/hobierotikshop.com.tr\/website1\/#website\",\"url\":\"https:\/\/hobierotikshop.com.tr\/website1\/\",\"name\":\"Bursa Erotik Shop\",\"description\":\"Bursa Erotik Shop ile g\u00fcvenli, gizli ve kaliteli yeti\u015fkin \u00fcr\u00fcnleri al\u0131\u015fveri\u015fi! Geni\u015f \u00fcr\u00fcn yelpazemizi ke\u015ffedin, hemen sipari\u015f verin\",\"publisher\":{\"@id\":\"https:\/\/hobierotikshop.com.tr\/website1\/#organization\"},\"alternateName\":\"Erotik Shop\",\"potentialAction\":[{\"@type\":\"SearchAction\",\"target\":{\"@type\":\"EntryPoint\",\"urlTemplate\":\"https:\/\/hobierotikshop.com.tr\/website1\/?s={search_term_string}\"},\"query-input\":{\"@type\":\"PropertyValueSpecification\",\"valueRequired\":true,\"valueName\":\"search_term_string\"}}],\"inLanguage\":\"tr\"},{\"@type\":\"Organization\",\"@id\":\"https:\/\/hobierotikshop.com.tr\/website1\/#organization\",\"name\":\"Harem Bursa Erotik Shop\",\"url\":\"https:\/\/hobierotikshop.com.tr\/website1\/\",\"logo\":{\"@type\":\"ImageObject\",\"inLanguage\":\"tr\",\"@id\":\"https:\/\/hobierotikshop.com.tr\/website1\/#\/schema\/logo\/image\/\",\"url\":\"https:\/\/haremerotikshop.com\/site\/wp-content\/uploads\/2025\/03\/haremsexshop.png\",\"contentUrl\":\"https:\/\/haremerotikshop.com\/site\/wp-content\/uploads\/2025\/03\/haremsexshop.png\",\"width\":400,\"height\":100,\"caption\":\"Harem Bursa Erotik Shop\"},\"image\":{\"@id\":\"https:\/\/hobierotikshop.com.tr\/website1\/#\/schema\/logo\/image\/\"},\"sameAs\":[\"https:\/\/x.com\/shopbursa\"],\"publishingPrinciples\":\"https:\/\/hobierotikshop.com.tr\/website1\/mesafeli-satis-sozlesmesi\/\",\"ownershipFundingInfo\":\"https:\/\/hobierotikshop.com.tr\/website1\/contact-us\/\",\"actionableFeedbackPolicy\":\"https:\/\/hobierotikshop.com.tr\/website1\/contact-us\/\",\"correctionsPolicy\":\"https:\/\/hobierotikshop.com.tr\/website1\/mesafeli-satis-sozlesmesi\/\"}]}<\/script>\n<meta property=\"product:price:amount\" content=\"1700.00\" \/>\n<meta property=\"product:price:currency\" content=\"TRY\" \/>\n<meta property=\"og:availability\" content=\"instock\" \/>\n<meta property=\"product:availability\" content=\"instock\" \/>\n<meta property=\"product:retailer_item_id\" content=\"BDM1119\" \/>\n<meta property=\"product:condition\" content=\"new\" \/>\n<!-- \/ Yoast SEO Premium plugin. -->","yoast_head_json":{"title":"\u015ei\u015febilen Pompal\u0131 Anal Plug - Big - Bursa Erotik Shop","robots":{"index":"index","follow":"follow","max-snippet":"max-snippet:-1","max-image-preview":"max-image-preview:large","max-video-preview":"max-video-preview:-1"},"canonical":"https:\/\/hobierotikshop.com.tr\/website1\/erotik-shop-urun\/sisebilen-pompali-anal-plug-big\/","og_locale":"tr_TR","og_type":"article","og_title":"\u015ei\u015febilen Pompal\u0131 Anal Plug - Big","og_description":"S\u0131n\u0131rlar\u0131n\u0131 ke\u015ffetmeye haz\u0131r olanlar i\u00e7in \u00f6zel olarak tasarlanm\u0131\u015f \u015fi\u015febilen pompal\u0131 anal plug, e\u015fsiz bir deneyim sunar!Pompal\u0131 yap\u0131s\u0131 sayesinde ili\u015fki s\u0131ras\u0131nda boyutu istenilen seviyeye g\u00f6re ayarlanabilir, bu da kullan\u0131c\u0131ya hem kontrol hem de benzersiz bir haz sa\u011flar.","og_url":"https:\/\/hobierotikshop.com.tr\/website1\/erotik-shop-urun\/sisebilen-pompali-anal-plug-big\/","og_site_name":"Bursa Erotik Shop","article_modified_time":"2026-01-22T09:35:07+00:00","og_image":[{"width":455,"height":455,"url":"https:\/\/hobierotikshop.com.tr\/website1\/wp-content\/uploads\/2025\/04\/sisebilen-pompali-anal-plug-big-f-4b19.jpg","type":"image\/jpeg"}],"twitter_card":"summary_large_image","twitter_site":"@shopbursa","twitter_misc":{"Fiyat":"&#8378;1.700,00","Availability":"In stock"},"schema":{"@context":"https:\/\/schema.org","@graph":[{"@type":"WebPage","@id":"https:\/\/hobierotikshop.com.tr\/website1\/erotik-shop-urun\/sisebilen-pompali-anal-plug-big\/","url":"https:\/\/hobierotikshop.com.tr\/website1\/erotik-shop-urun\/sisebilen-pompali-anal-plug-big\/","name":"\u015ei\u015febilen Pompal\u0131 Anal Plug - Big - Bursa Erotik Shop","isPartOf":{"@id":"https:\/\/hobierotikshop.com.tr\/website1\/#website"},"primaryImageOfPage":{"@id":"https:\/\/hobierotikshop.com.tr\/website1\/erotik-shop-urun\/sisebilen-pompali-anal-plug-big\/#primaryimage"},"image":{"@id":"https:\/\/hobierotikshop.com.tr\/website1\/erotik-shop-urun\/sisebilen-pompali-anal-plug-big\/#primaryimage"},"thumbnailUrl":"https:\/\/haremerotikshop.com\/site\/wp-content\/uploads\/2025\/04\/sisebilen-pompali-anal-plug-big-f-4b19.jpg","datePublished":"2025-04-26T13:27:54+00:00","dateModified":"2026-01-22T09:35:07+00:00","breadcrumb":{"@id":"https:\/\/hobierotikshop.com.tr\/website1\/erotik-shop-urun\/sisebilen-pompali-anal-plug-big\/#breadcrumb"},"inLanguage":"tr","potentialAction":[{"@type":"ReadAction","target":["https:\/\/hobierotikshop.com.tr\/website1\/erotik-shop-urun\/sisebilen-pompali-anal-plug-big\/"]}]},{"@type":"ImageObject","inLanguage":"tr","@id":"https:\/\/hobierotikshop.com.tr\/website1\/erotik-shop-urun\/sisebilen-pompali-anal-plug-big\/#primaryimage","url":"https:\/\/haremerotikshop.com\/site\/wp-content\/uploads\/2025\/04\/sisebilen-pompali-anal-plug-big-f-4b19.jpg","contentUrl":"https:\/\/haremerotikshop.com\/site\/wp-content\/uploads\/2025\/04\/sisebilen-pompali-anal-plug-big-f-4b19.jpg","width":455,"height":455},{"@type":"BreadcrumbList","@id":"https:\/\/hobierotikshop.com.tr\/website1\/erotik-shop-urun\/sisebilen-pompali-anal-plug-big\/#breadcrumb","itemListElement":[{"@type":"ListItem","position":1,"name":"Anasayfa","item":"https:\/\/hobierotikshop.com.tr\/website1\/"},{"@type":"ListItem","position":2,"name":"Erotik Shop \u00dcr\u00fcnleri","item":"https:\/\/hobierotikshop.com.tr\/website1\/shop\/"},{"@type":"ListItem","position":3,"name":"\u015ei\u015febilen Pompal\u0131 Anal Plug &#8211; Big"}]},{"@type":"WebSite","@id":"https:\/\/hobierotikshop.com.tr\/website1\/#website","url":"https:\/\/hobierotikshop.com.tr\/website1\/","name":"Bursa Erotik Shop","description":"Bursa Erotik Shop ile g\u00fcvenli, gizli ve kaliteli yeti\u015fkin \u00fcr\u00fcnleri al\u0131\u015fveri\u015fi! Geni\u015f \u00fcr\u00fcn yelpazemizi ke\u015ffedin, hemen sipari\u015f verin","publisher":{"@id":"https:\/\/hobierotikshop.com.tr\/website1\/#organization"},"alternateName":"Erotik Shop","potentialAction":[{"@type":"SearchAction","target":{"@type":"EntryPoint","urlTemplate":"https:\/\/hobierotikshop.com.tr\/website1\/?s={search_term_string}"},"query-input":{"@type":"PropertyValueSpecification","valueRequired":true,"valueName":"search_term_string"}}],"inLanguage":"tr"},{"@type":"Organization","@id":"https:\/\/hobierotikshop.com.tr\/website1\/#organization","name":"Harem Bursa Erotik Shop","url":"https:\/\/hobierotikshop.com.tr\/website1\/","logo":{"@type":"ImageObject","inLanguage":"tr","@id":"https:\/\/hobierotikshop.com.tr\/website1\/#\/schema\/logo\/image\/","url":"https:\/\/haremerotikshop.com\/site\/wp-content\/uploads\/2025\/03\/haremsexshop.png","contentUrl":"https:\/\/haremerotikshop.com\/site\/wp-content\/uploads\/2025\/03\/haremsexshop.png","width":400,"height":100,"caption":"Harem Bursa Erotik Shop"},"image":{"@id":"https:\/\/hobierotikshop.com.tr\/website1\/#\/schema\/logo\/image\/"},"sameAs":["https:\/\/x.com\/shopbursa"],"publishingPrinciples":"https:\/\/hobierotikshop.com.tr\/website1\/mesafeli-satis-sozlesmesi\/","ownershipFundingInfo":"https:\/\/hobierotikshop.com.tr\/website1\/contact-us\/","actionableFeedbackPolicy":"https:\/\/hobierotikshop.com.tr\/website1\/contact-us\/","correctionsPolicy":"https:\/\/hobierotikshop.com.tr\/website1\/mesafeli-satis-sozlesmesi\/"}]},"product_price_amount":"1700.00","product_price_currency":"TRY","og_availability":"instock","product_availability":"instock","product_retailer_item_id":"BDM1119","product_condition":"new"},"_links":{"self":[{"href":"https:\/\/haremerotikshop.com\/site\/wp-json\/wp\/v2\/product\/42325","targetHints":{"allow":["GET"]}}],"collection":[{"href":"https:\/\/haremerotikshop.com\/site\/wp-json\/wp\/v2\/product"}],"about":[{"href":"https:\/\/haremerotikshop.com\/site\/wp-json\/wp\/v2\/types\/product"}],"replies":[{"embeddable":true,"href":"https:\/\/haremerotikshop.com\/site\/wp-json\/wp\/v2\/comments?post=42325"}],"version-history":[{"count":0,"href":"https:\/\/haremerotikshop.com\/site\/wp-json\/wp\/v2\/product\/42325\/revisions"}],"wp:featuredmedia":[{"embeddable":true,"href":"https:\/\/haremerotikshop.com\/site\/wp-json\/wp\/v2\/media\/42327"}],"wp:attachment":[{"href":"https:\/\/haremerotikshop.com\/site\/wp-json\/wp\/v2\/media?parent=42325"}],"wp:term":[{"taxonomy":"product_brand","embeddable":true,"href":"https:\/\/haremerotikshop.com\/site\/wp-json\/wp\/v2\/product_brand?post=42325"},{"taxonomy":"product_cat","embeddable":true,"href":"https:\/\/haremerotikshop.com\/site\/wp-json\/wp\/v2\/product_cat?post=42325"},{"taxonomy":"product_tag","embeddable":true,"href":"https:\/\/haremerotikshop.com\/site\/wp-json\/wp\/v2\/product_tag?post=42325"}],"curies":[{"name":"wp","href":"https:\/\/api.w.org\/{rel}","templated":true}]}}