{"id":42475,"date":"2025-04-26T16:29:35","date_gmt":"2025-04-26T13:29:35","guid":{"rendered":"https:\/\/haremerotikshop.com\/site\/erotik-shop-urun\/usb-sarjli-10-fonksiyonlu-klitoris-uyaricili-teknolojik-vibrator-lilo\/"},"modified":"2026-01-22T12:30:31","modified_gmt":"2026-01-22T09:30:31","slug":"usb-sarjli-10-fonksiyonlu-klitoris-uyaricili-teknolojik-vibrator-lilo","status":"publish","type":"product","link":"https:\/\/haremerotikshop.com\/site\/erotik-shop-urun\/usb-sarjli-10-fonksiyonlu-klitoris-uyaricili-teknolojik-vibrator-lilo\/","title":{"rendered":"Usb \u015earjl\u0131 10 Fonksiyonlu Klitoris Uyar\u0131c\u0131l\u0131 Teknolojik Vibrat\u00f6r &#8211; Lilo"},"content":{"rendered":"<h2 data-start=\"145\" data-end=\"259\">USB \u015earjl\u0131 10 Fonksiyonlu Klitoris Uyar\u0131c\u0131l\u0131 Teknolojik Vibrat\u00f6r \u2013 Lilo | Kad\u0131nlar \u0130\u00e7in \u00dcst D\u00fczey Zevk Deneyimi<\/h2>\n<p data-start=\"261\" data-end=\"591\">Kad\u0131nlar\u0131n \u00f6zel anlar\u0131n\u0131 unutulmaz k\u0131lmak ve her seferinde farkl\u0131 heyecanlar ya\u015fatmak i\u00e7in tasarlanm\u0131\u015f olan <strong data-start=\"369\" data-end=\"442\">Lilo USB \u015earjl\u0131 10 Fonksiyonlu Klitoris Uyar\u0131c\u0131l\u0131 Teknolojik Vibrat\u00f6r<\/strong>, son teknoloji ile donat\u0131lm\u0131\u015f g\u00fc\u00e7l\u00fc ve kullan\u0131m\u0131 kolay bir vibrat\u00f6rd\u00fcr. Hem klitoris uyar\u0131c\u0131s\u0131 hem de vibrat\u00f6r ba\u015fl\u0131\u011f\u0131 sayesinde maksimum haz sunar.<\/p>\n<h3 data-start=\"593\" data-end=\"614\">\u00dcr\u00fcn \u00d6zellikleri:<\/h3>\n<ul data-start=\"616\" data-end=\"1670\">\n<li data-start=\"616\" data-end=\"731\">\n<p data-start=\"618\" data-end=\"731\"><strong data-start=\"618\" data-end=\"640\">USB \u015earj \u00d6zelli\u011fi:<\/strong> Pratik ve \u00e7evre dostu \u015farj kablosu ile kolayca \u015farj edilir, pil de\u011fi\u015fimine gerek yoktur.<\/p>\n<\/li>\n<li data-start=\"732\" data-end=\"857\">\n<p data-start=\"734\" data-end=\"857\"><strong data-start=\"734\" data-end=\"758\">10 Farkl\u0131 Fonksiyon:<\/strong> Farkl\u0131 titre\u015fim modlar\u0131 ve dalgalanma se\u00e7enekleriyle ki\u015fisel zevklerinize uygun kullan\u0131m sa\u011flar.<\/p>\n<\/li>\n<li data-start=\"858\" data-end=\"998\">\n<p data-start=\"860\" data-end=\"998\"><strong data-start=\"860\" data-end=\"885\">\u00c7ift Titre\u015fim Motoru:<\/strong> Hem vibrat\u00f6r\u00fcn ba\u015f k\u0131sm\u0131nda hem de klitoral stim\u00fclat\u00f6r k\u0131sm\u0131nda bulunan motorlar sayesinde e\u015fsiz uyar\u0131m sunar.<\/p>\n<\/li>\n<li data-start=\"999\" data-end=\"1118\">\n<p data-start=\"1001\" data-end=\"1118\"><strong data-start=\"1001\" data-end=\"1029\">Y\u00fcksek Kaliteli Silikon:<\/strong> Kadifemsi, p\u00fcr\u00fczs\u00fcz ve esnek yap\u0131s\u0131yla cilde dost, alerjik reaksiyon riski minimumdur.<\/p>\n<\/li>\n<li data-start=\"1119\" data-end=\"1233\">\n<p data-start=\"1121\" data-end=\"1233\"><strong data-start=\"1121\" data-end=\"1143\">Ergonomik Tasar\u0131m:<\/strong> Kad\u0131n v\u00fccuduna tam uyum sa\u011flayarak kullan\u0131mda maksimum rahatl\u0131k ve etkin uyar\u0131m sa\u011flar.<\/p>\n<\/li>\n<li data-start=\"1234\" data-end=\"1339\">\n<p data-start=\"1236\" data-end=\"1339\"><strong data-start=\"1236\" data-end=\"1257\">%100 Su Ge\u00e7irmez:<\/strong> Du\u015fta veya banyoda rahatl\u0131kla kullanabilir, temizlik a\u00e7\u0131s\u0131ndan kolayl\u0131k sa\u011flar.<\/p>\n<\/li>\n<li data-start=\"1340\" data-end=\"1421\">\n<p data-start=\"1342\" data-end=\"1421\"><strong data-start=\"1342\" data-end=\"1367\">S\u00fcper Sessiz \u00c7al\u0131\u015fma:<\/strong> Gizlilik ve rahat kullan\u0131m i\u00e7in d\u00fc\u015f\u00fck ses seviyesi.<\/p>\n<\/li>\n<li data-start=\"1422\" data-end=\"1498\">\n<p data-start=\"1424\" data-end=\"1498\"><strong data-start=\"1424\" data-end=\"1449\">Kolay Temizlenebilir:<\/strong> Hijyen i\u00e7in \u0131l\u0131k su ve sabunla temizlenebilir.<\/p>\n<\/li>\n<li data-start=\"1499\" data-end=\"1576\">\n<p data-start=\"1501\" data-end=\"1576\"><strong data-start=\"1501\" data-end=\"1514\">Boyutlar:<\/strong> Uzunluk 18,5 cm, \u00e7ap 3,2 cm, hafif ve ta\u015f\u0131nabilir (200 gr).<\/p>\n<\/li>\n<li data-start=\"1577\" data-end=\"1670\">\n<p data-start=\"1579\" data-end=\"1670\"><strong data-start=\"1579\" data-end=\"1598\">\u00d6zel Kutusunda:<\/strong> \u015earj kablosu ve \u00f6zel kutusu ile birlikte g\u00f6nderilir, hediye i\u00e7in ideal.<\/p>\n<\/li>\n<\/ul>\n<hr data-start=\"1672\" data-end=\"1675\" \/>\n<h3 data-start=\"1677\" data-end=\"1717\">Neden Lilo Vibrat\u00f6r Tercih Edilmeli?<\/h3>\n<p data-start=\"1719\" data-end=\"2128\">Lilo vibrat\u00f6r, teknolojik \u00f6zellikleri ve ergonomik tasar\u0131m\u0131 ile kad\u0131nlar\u0131n ki\u015fisel zevklerini en \u00fcst d\u00fczeye \u00e7\u0131karmak i\u00e7in tasarlanm\u0131\u015ft\u0131r. USB \u015farjl\u0131 yap\u0131s\u0131 sayesinde s\u00fcrekli pil de\u011fi\u015ftirmenize gerek kalmaz, hem ekonomik hem \u00e7evre dostudur. \u00c7ok fonksiyonlu titre\u015fim se\u00e7enekleri ile her kullan\u0131mda farkl\u0131 heyecanlar ya\u015faman\u0131z\u0131 sa\u011flar. Ayr\u0131ca, %100 su ge\u00e7irmez \u00f6zelli\u011fi ile her ortamda g\u00fcvenle kullanabilirsiniz.<\/p>\n<hr data-start=\"2130\" data-end=\"2133\" \/>\n<h3 data-start=\"2135\" data-end=\"2167\">Kullan\u0131m ve Bak\u0131m \u00d6nerileri:<\/h3>\n<ul data-start=\"2169\" data-end=\"2446\">\n<li data-start=\"2169\" data-end=\"2243\">\n<p data-start=\"2171\" data-end=\"2243\">\u00dcr\u00fcn\u00fc kullanmadan \u00f6nce ve sonra mutlaka \u0131l\u0131k su ve sabunla temizleyin.<\/p>\n<\/li>\n<li data-start=\"2244\" data-end=\"2297\">\n<p data-start=\"2246\" data-end=\"2297\">Su ge\u00e7irmez oldu\u011fu i\u00e7in du\u015fta kullan\u0131m\u0131 uygundur.<\/p>\n<\/li>\n<li data-start=\"2298\" data-end=\"2394\">\n<p data-start=\"2300\" data-end=\"2394\">Kullan\u0131m\u0131 kolayla\u015ft\u0131rmak ve konfor art\u0131rmak i\u00e7in su bazl\u0131 kayganla\u015ft\u0131r\u0131c\u0131 kullanabilirsiniz.<\/p>\n<\/li>\n<li data-start=\"2395\" data-end=\"2446\">\n<p data-start=\"2397\" data-end=\"2446\">\u015earj s\u00fcresine dikkat ederek d\u00fczenli \u015farj yap\u0131n\u0131z.<\/p>\n<\/li>\n<\/ul>\n<hr data-start=\"2448\" data-end=\"2451\" \/>\n<h3 data-start=\"2453\" data-end=\"2483\">G\u00d6NDER\u0130 VE \u00d6DEME B\u0130LG\u0130LER\u0130<\/h3>\n<ul data-start=\"2485\" data-end=\"2906\">\n<li data-start=\"2485\" data-end=\"2611\">\n<p data-start=\"2487\" data-end=\"2611\">Sipari\u015fleriniz, gizlili\u011finizi \u00f6n planda tutarak, i\u00e7eri\u011fi anla\u015f\u0131lmayacak \u015fekilde <strong data-start=\"2567\" data-end=\"2597\">kapal\u0131 ve gizli paketlerde<\/strong> g\u00f6nderilir.<\/p>\n<\/li>\n<li data-start=\"2612\" data-end=\"2699\">\n<p data-start=\"2614\" data-end=\"2699\">Nakit veya kredi kart\u0131 ile kap\u0131da veya kargo \u015fubesinde \u00f6deme se\u00e7enekleri mevcuttur.<\/p>\n<\/li>\n<li data-start=\"2700\" data-end=\"2770\">\n<p data-start=\"2702\" data-end=\"2770\">Tek \u00e7ekim veya taksitli \u00f6deme se\u00e7eneklerinden faydalanabilirsiniz.<\/p>\n<\/li>\n<li data-start=\"2771\" data-end=\"2818\">\n<p data-start=\"2773\" data-end=\"2818\">Banka havalesi ile de \u00f6deme yapabilirsiniz.<\/p>\n<\/li>\n<li data-start=\"2819\" data-end=\"2906\">\n<p data-start=\"2821\" data-end=\"2906\">H\u0131zl\u0131 teslimat ile \u00fcr\u00fcn\u00fcn\u00fcz adresinize veya size en yak\u0131n kargo \u015fubesine ula\u015ft\u0131r\u0131l\u0131r.<\/p>\n<\/li>\n<\/ul>\n<hr data-start=\"2908\" data-end=\"2911\" \/>\n<h3 data-start=\"2913\" data-end=\"2947\">GARANT\u0130 VE M\u00dc\u015eTER\u0130 MEMNUN\u0130YET\u0130<\/h3>\n<ul data-start=\"2949\" data-end=\"3088\">\n<li data-start=\"2949\" data-end=\"2976\">\n<p data-start=\"2951\" data-end=\"2976\">Orijinal \u00fcr\u00fcn garantisi<\/p>\n<\/li>\n<li data-start=\"2977\" data-end=\"3003\">\n<p data-start=\"2979\" data-end=\"3003\">G\u00fcvenli ve h\u0131zl\u0131 kargo<\/p>\n<\/li>\n<li data-start=\"3004\" data-end=\"3046\">\n<p data-start=\"3006\" data-end=\"3046\">%100 m\u00fc\u015fteri memnuniyeti odakl\u0131 hizmet<\/p>\n<\/li>\n<li data-start=\"3047\" data-end=\"3088\">\n<p data-start=\"3049\" data-end=\"3088\">Gizlilik ve g\u00fcvenli al\u0131\u015fveri\u015f garantisi<\/p>\n<\/li>\n<\/ul>\n<hr data-start=\"3090\" data-end=\"3093\" \/>\n<p data-start=\"3122\" data-end=\"3353\">USB \u015farjl\u0131 vibrat\u00f6r, klitoris uyar\u0131c\u0131l\u0131 vibrat\u00f6r, \u00e7ift motorlu vibrat\u00f6r, su ge\u00e7irmez vibrat\u00f6r, 10 fonksiyonlu vibrat\u00f6r, kad\u0131nlar i\u00e7in vibrat\u00f6r, sessiz vibrat\u00f6r, ergonomik vibrat\u00f6r, Lilo vibrat\u00f6r, \u015farj edilebilir klitoral stim\u00fclat\u00f6r<\/p>\n<hr data-start=\"3355\" data-end=\"3358\" \/>\n<h3 data-start=\"3360\" data-end=\"3369\">Sonu\u00e7<\/h3>\n<p data-start=\"3371\" data-end=\"3761\"><strong data-start=\"3371\" data-end=\"3444\">Lilo USB \u015earjl\u0131 10 Fonksiyonlu Klitoris Uyar\u0131c\u0131l\u0131 Teknolojik Vibrat\u00f6r<\/strong>, kad\u0131nlar\u0131n zevkini \u00f6n planda tutarak en y\u00fcksek performans\u0131 ve konforu sunar. Hem klitoral uyar\u0131c\u0131 hem de vibrat\u00f6r olarak kullan\u0131labilen bu \u00fcr\u00fcnle, cinsel hayat\u0131n\u0131zda yepyeni deneyimlere kap\u0131 aralay\u0131n. Ergonomik yap\u0131s\u0131, sessiz \u00e7al\u0131\u015fma \u00f6zelli\u011fi ve su ge\u00e7irmez tasar\u0131m\u0131yla her an yan\u0131n\u0131zda, her ortamda sizinle olacak.<\/p>\n<p data-start=\"3763\" data-end=\"3839\"><strong data-start=\"3763\" data-end=\"3839\">\u015eimdi sipari\u015f verin, g\u00fcvenli ve gizli kargo avantaj\u0131yla kap\u0131n\u0131za gelsin!<\/strong><\/p>\n<p>&nbsp;<\/p>\n<p>&nbsp;<\/p>\n<p><a href=\"http:\/\/api.whatsapp.com\/send?phone=905304676616&amp;text=Sipari%C5%9F%20Vermek%20%C4%B0stiyorum%20haremshop%20BDM1136\"><img fetchpriority=\"high\" decoding=\"async\" class=\"alignnone\" src=\"https:\/\/static.ticimax.cloud\/32886\/uploads\/editoruploads\/whatsapp-destek-hatti.gif\" alt=\"\" width=\"750\" height=\"117\" \/><\/a><\/p>\n<p><img decoding=\"async\" style=\"width: 400px;height: 400px\" src=\"https:\/\/static.ticimax.cloud\/32886\/uploads\/editoruploads\/bi-014129_05.gif\" alt=\"\" \/><\/p>\n","protected":false},"excerpt":{"rendered":"<p>Kad\u0131nlar\u0131n \u00f6zel anlar\u0131n\u0131 unutulmaz k\u0131lmak ve her seferinde farkl\u0131 heyecanlar ya\u015fatmak i\u00e7in tasarlanm\u0131\u015f olan <strong data-start=\"369\" data-end=\"442\">Lilo USB \u015earjl\u0131 10 Fonksiyonlu Klitoris Uyar\u0131c\u0131l\u0131 Teknolojik Vibrat\u00f6r<\/strong>, son teknoloji ile donat\u0131lm\u0131\u015f g\u00fc\u00e7l\u00fc ve kullan\u0131m\u0131 kolay bir vibrat\u00f6rd\u00fcr. Hem klitoris uyar\u0131c\u0131s\u0131 hem de vibrat\u00f6r ba\u015fl\u0131\u011f\u0131 sayesinde maksimum haz sunar.<\/p>\n","protected":false},"featured_media":42477,"comment_status":"closed","ping_status":"closed","template":"","meta":[],"product_brand":[],"product_cat":[496],"product_tag":[],"class_list":{"0":"post-42475","1":"product","2":"type-product","3":"status-publish","4":"has-post-thumbnail","6":"product_cat-vibrator-cesitleri","8":"first","9":"instock","10":"purchasable","11":"product-type-simple"},"yoast_head":"<!-- This site is optimized with the Yoast SEO Premium plugin v24.4 (Yoast SEO v27.1.1) - https:\/\/yoast.com\/product\/yoast-seo-premium-wordpress\/ -->\n<title>Usb \u015earjl\u0131 10 Fonksiyonlu Klitoris Uyar\u0131c\u0131l\u0131 Teknolojik Vibrat\u00f6r - Lilo - Bursa Erotik Shop<\/title>\n<meta name=\"robots\" content=\"index, follow, max-snippet:-1, max-image-preview:large, max-video-preview:-1\" \/>\n<link rel=\"canonical\" href=\"https:\/\/hobierotikshop.com.tr\/website1\/erotik-shop-urun\/usb-sarjli-10-fonksiyonlu-klitoris-uyaricili-teknolojik-vibrator-lilo\/\" \/>\n<meta property=\"og:locale\" content=\"tr_TR\" \/>\n<meta property=\"og:type\" content=\"article\" \/>\n<meta property=\"og:title\" content=\"Usb \u015earjl\u0131 10 Fonksiyonlu Klitoris Uyar\u0131c\u0131l\u0131 Teknolojik Vibrat\u00f6r - Lilo\" \/>\n<meta property=\"og:description\" content=\"Kad\u0131nlar\u0131n \u00f6zel anlar\u0131n\u0131 unutulmaz k\u0131lmak ve her seferinde farkl\u0131 heyecanlar ya\u015fatmak i\u00e7in tasarlanm\u0131\u015f olan Lilo USB \u015earjl\u0131 10 Fonksiyonlu Klitoris Uyar\u0131c\u0131l\u0131 Teknolojik Vibrat\u00f6r, son teknoloji ile donat\u0131lm\u0131\u015f g\u00fc\u00e7l\u00fc ve kullan\u0131m\u0131 kolay bir vibrat\u00f6rd\u00fcr. Hem klitoris uyar\u0131c\u0131s\u0131 hem de vibrat\u00f6r ba\u015fl\u0131\u011f\u0131 sayesinde maksimum haz sunar.\" \/>\n<meta property=\"og:url\" content=\"https:\/\/hobierotikshop.com.tr\/website1\/erotik-shop-urun\/usb-sarjli-10-fonksiyonlu-klitoris-uyaricili-teknolojik-vibrator-lilo\/\" \/>\n<meta property=\"og:site_name\" content=\"Bursa Erotik Shop\" \/>\n<meta property=\"article:modified_time\" content=\"2026-01-22T09:30:31+00:00\" \/>\n<meta property=\"og:image\" content=\"https:\/\/hobierotikshop.com.tr\/website1\/wp-content\/uploads\/2025\/04\/usb-sarjli-10-fonksiyonlu-klitoris-uya-a435-9.jpg\" \/>\n\t<meta property=\"og:image:width\" content=\"455\" \/>\n\t<meta property=\"og:image:height\" content=\"455\" \/>\n\t<meta property=\"og:image:type\" content=\"image\/jpeg\" \/>\n<meta name=\"twitter:card\" content=\"summary_large_image\" \/>\n<meta name=\"twitter:site\" content=\"@shopbursa\" \/>\n<meta name=\"twitter:label1\" content=\"Fiyat\" \/>\n\t<meta name=\"twitter:data1\" content=\"&#8378;2.500,00\" \/>\n\t<meta name=\"twitter:label2\" content=\"Availability\" \/>\n\t<meta name=\"twitter:data2\" content=\"In stock\" \/>\n<script type=\"application\/ld+json\" class=\"yoast-schema-graph\">{\"@context\":\"https:\/\/schema.org\",\"@graph\":[{\"@type\":\"WebPage\",\"@id\":\"https:\/\/hobierotikshop.com.tr\/website1\/erotik-shop-urun\/usb-sarjli-10-fonksiyonlu-klitoris-uyaricili-teknolojik-vibrator-lilo\/\",\"url\":\"https:\/\/hobierotikshop.com.tr\/website1\/erotik-shop-urun\/usb-sarjli-10-fonksiyonlu-klitoris-uyaricili-teknolojik-vibrator-lilo\/\",\"name\":\"Usb \u015earjl\u0131 10 Fonksiyonlu Klitoris Uyar\u0131c\u0131l\u0131 Teknolojik Vibrat\u00f6r - Lilo - Bursa Erotik Shop\",\"isPartOf\":{\"@id\":\"https:\/\/hobierotikshop.com.tr\/website1\/#website\"},\"primaryImageOfPage\":{\"@id\":\"https:\/\/hobierotikshop.com.tr\/website1\/erotik-shop-urun\/usb-sarjli-10-fonksiyonlu-klitoris-uyaricili-teknolojik-vibrator-lilo\/#primaryimage\"},\"image\":{\"@id\":\"https:\/\/hobierotikshop.com.tr\/website1\/erotik-shop-urun\/usb-sarjli-10-fonksiyonlu-klitoris-uyaricili-teknolojik-vibrator-lilo\/#primaryimage\"},\"thumbnailUrl\":\"https:\/\/haremerotikshop.com\/site\/wp-content\/uploads\/2025\/04\/usb-sarjli-10-fonksiyonlu-klitoris-uya-a435-9.jpg\",\"datePublished\":\"2025-04-26T13:29:35+00:00\",\"dateModified\":\"2026-01-22T09:30:31+00:00\",\"breadcrumb\":{\"@id\":\"https:\/\/hobierotikshop.com.tr\/website1\/erotik-shop-urun\/usb-sarjli-10-fonksiyonlu-klitoris-uyaricili-teknolojik-vibrator-lilo\/#breadcrumb\"},\"inLanguage\":\"tr\",\"potentialAction\":[{\"@type\":\"ReadAction\",\"target\":[\"https:\/\/hobierotikshop.com.tr\/website1\/erotik-shop-urun\/usb-sarjli-10-fonksiyonlu-klitoris-uyaricili-teknolojik-vibrator-lilo\/\"]}]},{\"@type\":\"ImageObject\",\"inLanguage\":\"tr\",\"@id\":\"https:\/\/hobierotikshop.com.tr\/website1\/erotik-shop-urun\/usb-sarjli-10-fonksiyonlu-klitoris-uyaricili-teknolojik-vibrator-lilo\/#primaryimage\",\"url\":\"https:\/\/haremerotikshop.com\/site\/wp-content\/uploads\/2025\/04\/usb-sarjli-10-fonksiyonlu-klitoris-uya-a435-9.jpg\",\"contentUrl\":\"https:\/\/haremerotikshop.com\/site\/wp-content\/uploads\/2025\/04\/usb-sarjli-10-fonksiyonlu-klitoris-uya-a435-9.jpg\",\"width\":455,\"height\":455},{\"@type\":\"BreadcrumbList\",\"@id\":\"https:\/\/hobierotikshop.com.tr\/website1\/erotik-shop-urun\/usb-sarjli-10-fonksiyonlu-klitoris-uyaricili-teknolojik-vibrator-lilo\/#breadcrumb\",\"itemListElement\":[{\"@type\":\"ListItem\",\"position\":1,\"name\":\"Anasayfa\",\"item\":\"https:\/\/hobierotikshop.com.tr\/website1\/\"},{\"@type\":\"ListItem\",\"position\":2,\"name\":\"Erotik Shop \u00dcr\u00fcnleri\",\"item\":\"https:\/\/hobierotikshop.com.tr\/website1\/shop\/\"},{\"@type\":\"ListItem\",\"position\":3,\"name\":\"Usb \u015earjl\u0131 10 Fonksiyonlu Klitoris Uyar\u0131c\u0131l\u0131 Teknolojik Vibrat\u00f6r &#8211; Lilo\"}]},{\"@type\":\"WebSite\",\"@id\":\"https:\/\/hobierotikshop.com.tr\/website1\/#website\",\"url\":\"https:\/\/hobierotikshop.com.tr\/website1\/\",\"name\":\"Bursa Erotik Shop\",\"description\":\"Bursa Erotik Shop ile g\u00fcvenli, gizli ve kaliteli yeti\u015fkin \u00fcr\u00fcnleri al\u0131\u015fveri\u015fi! Geni\u015f \u00fcr\u00fcn yelpazemizi ke\u015ffedin, hemen sipari\u015f verin\",\"publisher\":{\"@id\":\"https:\/\/hobierotikshop.com.tr\/website1\/#organization\"},\"alternateName\":\"Erotik Shop\",\"potentialAction\":[{\"@type\":\"SearchAction\",\"target\":{\"@type\":\"EntryPoint\",\"urlTemplate\":\"https:\/\/hobierotikshop.com.tr\/website1\/?s={search_term_string}\"},\"query-input\":{\"@type\":\"PropertyValueSpecification\",\"valueRequired\":true,\"valueName\":\"search_term_string\"}}],\"inLanguage\":\"tr\"},{\"@type\":\"Organization\",\"@id\":\"https:\/\/hobierotikshop.com.tr\/website1\/#organization\",\"name\":\"Harem Bursa Erotik Shop\",\"url\":\"https:\/\/hobierotikshop.com.tr\/website1\/\",\"logo\":{\"@type\":\"ImageObject\",\"inLanguage\":\"tr\",\"@id\":\"https:\/\/hobierotikshop.com.tr\/website1\/#\/schema\/logo\/image\/\",\"url\":\"https:\/\/haremerotikshop.com\/site\/wp-content\/uploads\/2025\/03\/haremsexshop.png\",\"contentUrl\":\"https:\/\/haremerotikshop.com\/site\/wp-content\/uploads\/2025\/03\/haremsexshop.png\",\"width\":400,\"height\":100,\"caption\":\"Harem Bursa Erotik Shop\"},\"image\":{\"@id\":\"https:\/\/hobierotikshop.com.tr\/website1\/#\/schema\/logo\/image\/\"},\"sameAs\":[\"https:\/\/x.com\/shopbursa\"],\"publishingPrinciples\":\"https:\/\/hobierotikshop.com.tr\/website1\/mesafeli-satis-sozlesmesi\/\",\"ownershipFundingInfo\":\"https:\/\/hobierotikshop.com.tr\/website1\/contact-us\/\",\"actionableFeedbackPolicy\":\"https:\/\/hobierotikshop.com.tr\/website1\/contact-us\/\",\"correctionsPolicy\":\"https:\/\/hobierotikshop.com.tr\/website1\/mesafeli-satis-sozlesmesi\/\"}]}<\/script>\n<meta property=\"product:price:amount\" content=\"2500.00\" \/>\n<meta property=\"product:price:currency\" content=\"TRY\" \/>\n<meta property=\"og:availability\" content=\"instock\" \/>\n<meta property=\"product:availability\" content=\"instock\" \/>\n<meta property=\"product:retailer_item_id\" content=\"BDM1136\" \/>\n<meta property=\"product:condition\" content=\"new\" \/>\n<!-- \/ Yoast SEO Premium plugin. -->","yoast_head_json":{"title":"Usb \u015earjl\u0131 10 Fonksiyonlu Klitoris Uyar\u0131c\u0131l\u0131 Teknolojik Vibrat\u00f6r - Lilo - Bursa Erotik Shop","robots":{"index":"index","follow":"follow","max-snippet":"max-snippet:-1","max-image-preview":"max-image-preview:large","max-video-preview":"max-video-preview:-1"},"canonical":"https:\/\/hobierotikshop.com.tr\/website1\/erotik-shop-urun\/usb-sarjli-10-fonksiyonlu-klitoris-uyaricili-teknolojik-vibrator-lilo\/","og_locale":"tr_TR","og_type":"article","og_title":"Usb \u015earjl\u0131 10 Fonksiyonlu Klitoris Uyar\u0131c\u0131l\u0131 Teknolojik Vibrat\u00f6r - Lilo","og_description":"Kad\u0131nlar\u0131n \u00f6zel anlar\u0131n\u0131 unutulmaz k\u0131lmak ve her seferinde farkl\u0131 heyecanlar ya\u015fatmak i\u00e7in tasarlanm\u0131\u015f olan Lilo USB \u015earjl\u0131 10 Fonksiyonlu Klitoris Uyar\u0131c\u0131l\u0131 Teknolojik Vibrat\u00f6r, son teknoloji ile donat\u0131lm\u0131\u015f g\u00fc\u00e7l\u00fc ve kullan\u0131m\u0131 kolay bir vibrat\u00f6rd\u00fcr. Hem klitoris uyar\u0131c\u0131s\u0131 hem de vibrat\u00f6r ba\u015fl\u0131\u011f\u0131 sayesinde maksimum haz sunar.","og_url":"https:\/\/hobierotikshop.com.tr\/website1\/erotik-shop-urun\/usb-sarjli-10-fonksiyonlu-klitoris-uyaricili-teknolojik-vibrator-lilo\/","og_site_name":"Bursa Erotik Shop","article_modified_time":"2026-01-22T09:30:31+00:00","og_image":[{"width":455,"height":455,"url":"https:\/\/hobierotikshop.com.tr\/website1\/wp-content\/uploads\/2025\/04\/usb-sarjli-10-fonksiyonlu-klitoris-uya-a435-9.jpg","type":"image\/jpeg"}],"twitter_card":"summary_large_image","twitter_site":"@shopbursa","twitter_misc":{"Fiyat":"&#8378;2.500,00","Availability":"In stock"},"schema":{"@context":"https:\/\/schema.org","@graph":[{"@type":"WebPage","@id":"https:\/\/hobierotikshop.com.tr\/website1\/erotik-shop-urun\/usb-sarjli-10-fonksiyonlu-klitoris-uyaricili-teknolojik-vibrator-lilo\/","url":"https:\/\/hobierotikshop.com.tr\/website1\/erotik-shop-urun\/usb-sarjli-10-fonksiyonlu-klitoris-uyaricili-teknolojik-vibrator-lilo\/","name":"Usb \u015earjl\u0131 10 Fonksiyonlu Klitoris Uyar\u0131c\u0131l\u0131 Teknolojik Vibrat\u00f6r - Lilo - Bursa Erotik Shop","isPartOf":{"@id":"https:\/\/hobierotikshop.com.tr\/website1\/#website"},"primaryImageOfPage":{"@id":"https:\/\/hobierotikshop.com.tr\/website1\/erotik-shop-urun\/usb-sarjli-10-fonksiyonlu-klitoris-uyaricili-teknolojik-vibrator-lilo\/#primaryimage"},"image":{"@id":"https:\/\/hobierotikshop.com.tr\/website1\/erotik-shop-urun\/usb-sarjli-10-fonksiyonlu-klitoris-uyaricili-teknolojik-vibrator-lilo\/#primaryimage"},"thumbnailUrl":"https:\/\/haremerotikshop.com\/site\/wp-content\/uploads\/2025\/04\/usb-sarjli-10-fonksiyonlu-klitoris-uya-a435-9.jpg","datePublished":"2025-04-26T13:29:35+00:00","dateModified":"2026-01-22T09:30:31+00:00","breadcrumb":{"@id":"https:\/\/hobierotikshop.com.tr\/website1\/erotik-shop-urun\/usb-sarjli-10-fonksiyonlu-klitoris-uyaricili-teknolojik-vibrator-lilo\/#breadcrumb"},"inLanguage":"tr","potentialAction":[{"@type":"ReadAction","target":["https:\/\/hobierotikshop.com.tr\/website1\/erotik-shop-urun\/usb-sarjli-10-fonksiyonlu-klitoris-uyaricili-teknolojik-vibrator-lilo\/"]}]},{"@type":"ImageObject","inLanguage":"tr","@id":"https:\/\/hobierotikshop.com.tr\/website1\/erotik-shop-urun\/usb-sarjli-10-fonksiyonlu-klitoris-uyaricili-teknolojik-vibrator-lilo\/#primaryimage","url":"https:\/\/haremerotikshop.com\/site\/wp-content\/uploads\/2025\/04\/usb-sarjli-10-fonksiyonlu-klitoris-uya-a435-9.jpg","contentUrl":"https:\/\/haremerotikshop.com\/site\/wp-content\/uploads\/2025\/04\/usb-sarjli-10-fonksiyonlu-klitoris-uya-a435-9.jpg","width":455,"height":455},{"@type":"BreadcrumbList","@id":"https:\/\/hobierotikshop.com.tr\/website1\/erotik-shop-urun\/usb-sarjli-10-fonksiyonlu-klitoris-uyaricili-teknolojik-vibrator-lilo\/#breadcrumb","itemListElement":[{"@type":"ListItem","position":1,"name":"Anasayfa","item":"https:\/\/hobierotikshop.com.tr\/website1\/"},{"@type":"ListItem","position":2,"name":"Erotik Shop \u00dcr\u00fcnleri","item":"https:\/\/hobierotikshop.com.tr\/website1\/shop\/"},{"@type":"ListItem","position":3,"name":"Usb \u015earjl\u0131 10 Fonksiyonlu Klitoris Uyar\u0131c\u0131l\u0131 Teknolojik Vibrat\u00f6r &#8211; Lilo"}]},{"@type":"WebSite","@id":"https:\/\/hobierotikshop.com.tr\/website1\/#website","url":"https:\/\/hobierotikshop.com.tr\/website1\/","name":"Bursa Erotik Shop","description":"Bursa Erotik Shop ile g\u00fcvenli, gizli ve kaliteli yeti\u015fkin \u00fcr\u00fcnleri al\u0131\u015fveri\u015fi! Geni\u015f \u00fcr\u00fcn yelpazemizi ke\u015ffedin, hemen sipari\u015f verin","publisher":{"@id":"https:\/\/hobierotikshop.com.tr\/website1\/#organization"},"alternateName":"Erotik Shop","potentialAction":[{"@type":"SearchAction","target":{"@type":"EntryPoint","urlTemplate":"https:\/\/hobierotikshop.com.tr\/website1\/?s={search_term_string}"},"query-input":{"@type":"PropertyValueSpecification","valueRequired":true,"valueName":"search_term_string"}}],"inLanguage":"tr"},{"@type":"Organization","@id":"https:\/\/hobierotikshop.com.tr\/website1\/#organization","name":"Harem Bursa Erotik Shop","url":"https:\/\/hobierotikshop.com.tr\/website1\/","logo":{"@type":"ImageObject","inLanguage":"tr","@id":"https:\/\/hobierotikshop.com.tr\/website1\/#\/schema\/logo\/image\/","url":"https:\/\/haremerotikshop.com\/site\/wp-content\/uploads\/2025\/03\/haremsexshop.png","contentUrl":"https:\/\/haremerotikshop.com\/site\/wp-content\/uploads\/2025\/03\/haremsexshop.png","width":400,"height":100,"caption":"Harem Bursa Erotik Shop"},"image":{"@id":"https:\/\/hobierotikshop.com.tr\/website1\/#\/schema\/logo\/image\/"},"sameAs":["https:\/\/x.com\/shopbursa"],"publishingPrinciples":"https:\/\/hobierotikshop.com.tr\/website1\/mesafeli-satis-sozlesmesi\/","ownershipFundingInfo":"https:\/\/hobierotikshop.com.tr\/website1\/contact-us\/","actionableFeedbackPolicy":"https:\/\/hobierotikshop.com.tr\/website1\/contact-us\/","correctionsPolicy":"https:\/\/hobierotikshop.com.tr\/website1\/mesafeli-satis-sozlesmesi\/"}]},"product_price_amount":"2500.00","product_price_currency":"TRY","og_availability":"instock","product_availability":"instock","product_retailer_item_id":"BDM1136","product_condition":"new"},"_links":{"self":[{"href":"https:\/\/haremerotikshop.com\/site\/wp-json\/wp\/v2\/product\/42475","targetHints":{"allow":["GET"]}}],"collection":[{"href":"https:\/\/haremerotikshop.com\/site\/wp-json\/wp\/v2\/product"}],"about":[{"href":"https:\/\/haremerotikshop.com\/site\/wp-json\/wp\/v2\/types\/product"}],"replies":[{"embeddable":true,"href":"https:\/\/haremerotikshop.com\/site\/wp-json\/wp\/v2\/comments?post=42475"}],"version-history":[{"count":0,"href":"https:\/\/haremerotikshop.com\/site\/wp-json\/wp\/v2\/product\/42475\/revisions"}],"wp:featuredmedia":[{"embeddable":true,"href":"https:\/\/haremerotikshop.com\/site\/wp-json\/wp\/v2\/media\/42477"}],"wp:attachment":[{"href":"https:\/\/haremerotikshop.com\/site\/wp-json\/wp\/v2\/media?parent=42475"}],"wp:term":[{"taxonomy":"product_brand","embeddable":true,"href":"https:\/\/haremerotikshop.com\/site\/wp-json\/wp\/v2\/product_brand?post=42475"},{"taxonomy":"product_cat","embeddable":true,"href":"https:\/\/haremerotikshop.com\/site\/wp-json\/wp\/v2\/product_cat?post=42475"},{"taxonomy":"product_tag","embeddable":true,"href":"https:\/\/haremerotikshop.com\/site\/wp-json\/wp\/v2\/product_tag?post=42475"}],"curies":[{"name":"wp","href":"https:\/\/api.w.org\/{rel}","templated":true}]}}