{"id":43792,"date":"2025-04-26T16:49:27","date_gmt":"2025-04-26T13:49:27","guid":{"rendered":"https:\/\/haremerotikshop.com\/site\/erotik-shop-urun\/belden-baglamali-yeni-nesil-cift-katmanli-195-cm-realistik-dildo-penis\/"},"modified":"2026-01-08T16:37:54","modified_gmt":"2026-01-08T13:37:54","slug":"belden-baglamali-yeni-nesil-cift-katmanli-195-cm-realistik-dildo-penis","status":"publish","type":"product","link":"https:\/\/haremerotikshop.com\/site\/erotik-shop-urun\/belden-baglamali-yeni-nesil-cift-katmanli-195-cm-realistik-dildo-penis\/","title":{"rendered":"Belden Ba\u011flamal\u0131 Yeni Nesil \u00c7ift Katmanl\u0131 19,5 Cm Realistik Dildo Penis"},"content":{"rendered":"<h2 class=\"\" data-start=\"165\" data-end=\"283\"><strong data-start=\"168\" data-end=\"283\">Belden Ba\u011flamal\u0131 Yeni Nesil \u00c7ift Katmanl\u0131 19,5 cm Realistik Dildo \u2013 Ger\u00e7ekli\u011fin ve Konforun M\u00fckemmel Bulu\u015fmas\u0131!<\/strong><\/h2>\n<p class=\"\" data-start=\"285\" data-end=\"641\">Daha ger\u00e7ek\u00e7i, daha g\u00fcvenli ve daha konforlu bir deneyim arayanlar i\u00e7in \u00f6zel olarak tasarlanm\u0131\u015f <strong data-start=\"381\" data-end=\"442\">Belden Ba\u011flamal\u0131 Yeni Nesil \u00c7ift Katmanl\u0131 Realistik Dildo<\/strong>, benzersiz malzeme teknolojisi ve ergonomik boyutlar\u0131 sayesinde sizi yepyeni bir haz noktas\u0131yla bulu\u015fturuyor. Ultra yumu\u015fak dokusu ve v\u00fccut \u0131s\u0131s\u0131na uyum sa\u011flayan yap\u0131s\u0131yla en do\u011fal deneyimi ya\u015fay\u0131n!<\/p>\n<hr class=\"\" data-start=\"643\" data-end=\"646\" \/>\n<h3 class=\"\" data-start=\"648\" data-end=\"675\">\ud83d\udd0d <strong data-start=\"655\" data-end=\"675\">\u00dcr\u00fcn \u00d6zellikleri<\/strong><\/h3>\n<ul data-start=\"676\" data-end=\"1349\">\n<li class=\"\" data-start=\"676\" data-end=\"707\">\n<p class=\"\" data-start=\"678\" data-end=\"707\"><strong data-start=\"678\" data-end=\"697\">Toplam Uzunluk:<\/strong> 19,5 cm<\/p>\n<\/li>\n<li class=\"\" data-start=\"708\" data-end=\"732\">\n<p class=\"\" data-start=\"710\" data-end=\"732\"><strong data-start=\"710\" data-end=\"723\">Kal\u0131nl\u0131k:<\/strong> 4,5 cm<\/p>\n<\/li>\n<li class=\"\" data-start=\"733\" data-end=\"796\">\n<p class=\"\" data-start=\"735\" data-end=\"796\"><strong data-start=\"735\" data-end=\"747\">Malzeme:<\/strong> %100 Soft Cyber Skin \u2013 Patentli R5 teknolojisi<\/p>\n<\/li>\n<li class=\"\" data-start=\"797\" data-end=\"844\">\n<p class=\"\" data-start=\"799\" data-end=\"844\"><strong data-start=\"799\" data-end=\"808\">Doku:<\/strong> \u00c7ift katmanl\u0131, ger\u00e7ek\u00e7i ten hissi<\/p>\n<\/li>\n<li class=\"\" data-start=\"845\" data-end=\"932\">\n<p class=\"\" data-start=\"847\" data-end=\"932\"><strong data-start=\"847\" data-end=\"865\">Is\u0131ya Duyarl\u0131:<\/strong> Kullan\u0131m s\u0131ras\u0131nda v\u00fccut \u0131s\u0131s\u0131na ula\u015farak do\u011fal bir temas sa\u011flar<\/p>\n<\/li>\n<li class=\"\" data-start=\"933\" data-end=\"998\">\n<p class=\"\" data-start=\"935\" data-end=\"998\"><strong data-start=\"935\" data-end=\"947\">Tasar\u0131m:<\/strong> Ger\u00e7ek\u00e7i damar yap\u0131s\u0131 ve detaylarla maksimum his<\/p>\n<\/li>\n<li class=\"\" data-start=\"999\" data-end=\"1045\">\n<p class=\"\" data-start=\"1001\" data-end=\"1045\"><strong data-start=\"1001\" data-end=\"1015\">Testissiz:<\/strong> Ergonomik ve rahat kullan\u0131m<\/p>\n<\/li>\n<li class=\"\" data-start=\"1046\" data-end=\"1114\">\n<p class=\"\" data-start=\"1048\" data-end=\"1114\"><strong data-start=\"1048\" data-end=\"1065\">Vantuz Taban:<\/strong> D\u00fcz y\u00fczeylere g\u00fc\u00e7l\u00fc bir \u015fekilde sabitlenebilir<\/p>\n<\/li>\n<li class=\"\" data-start=\"1115\" data-end=\"1197\">\n<p class=\"\" data-start=\"1117\" data-end=\"1197\"><strong data-start=\"1117\" data-end=\"1136\">Strap-On Uyumu:<\/strong> Belden ba\u011flamal\u0131 kemer aparat\u0131 ile birlikte kullan\u0131labilir<\/p>\n<\/li>\n<li class=\"\" data-start=\"1198\" data-end=\"1252\">\n<p class=\"\" data-start=\"1200\" data-end=\"1252\"><strong data-start=\"1200\" data-end=\"1219\">Ftalat \u0130\u00e7ermez:<\/strong> Cilt dostu ve g\u00fcvenli materyal<\/p>\n<\/li>\n<li class=\"\" data-start=\"1253\" data-end=\"1349\">\n<p class=\"\" data-start=\"1255\" data-end=\"1349\"><strong data-start=\"1255\" data-end=\"1274\">Kolay Temizlik:<\/strong> Hijyeni korumak i\u00e7in su ve uygun temizleyicilerle rahat\u00e7a temizlenebilir<\/p>\n<\/li>\n<\/ul>\n<hr class=\"\" data-start=\"1351\" data-end=\"1354\" \/>\n<h3 class=\"\" data-start=\"1356\" data-end=\"1401\">\ud83c\udfaf <strong data-start=\"1363\" data-end=\"1401\">Neden Bu \u00dcr\u00fcn\u00fc Tercih Etmelisiniz?<\/strong><\/h3>\n<ul data-start=\"1402\" data-end=\"1911\">\n<li class=\"\" data-start=\"1402\" data-end=\"1485\">\n<p class=\"\" data-start=\"1404\" data-end=\"1485\"><strong data-start=\"1404\" data-end=\"1421\">Ger\u00e7ek\u00e7i His:<\/strong> Patentli R5 \u00e7ift katmanl\u0131 teknoloji sayesinde do\u011fal ten hissi<\/p>\n<\/li>\n<li class=\"\" data-start=\"1486\" data-end=\"1553\">\n<p class=\"\" data-start=\"1488\" data-end=\"1553\"><strong data-start=\"1488\" data-end=\"1509\">Ultra Yumu\u015fakl\u0131k:<\/strong> \u0130peksi y\u00fczey ile maksimum konfor ve keyif<\/p>\n<\/li>\n<li class=\"\" data-start=\"1554\" data-end=\"1642\">\n<p class=\"\" data-start=\"1556\" data-end=\"1642\"><strong data-start=\"1556\" data-end=\"1578\">V\u00fccut Is\u0131s\u0131 Uyumu:<\/strong> Daha ger\u00e7ek\u00e7i ve s\u0131cak bir his i\u00e7in v\u00fccut \u0131s\u0131s\u0131na uyum sa\u011flar<\/p>\n<\/li>\n<li class=\"\" data-start=\"1643\" data-end=\"1746\">\n<p class=\"\" data-start=\"1645\" data-end=\"1746\"><strong data-start=\"1645\" data-end=\"1668\">\u00c7ok Y\u00f6nl\u00fc Kullan\u0131m:<\/strong> Hem belden ba\u011flamal\u0131 kemerle hem de vantuz sayesinde eller serbest kullan\u0131m<\/p>\n<\/li>\n<li class=\"\" data-start=\"1747\" data-end=\"1828\">\n<p class=\"\" data-start=\"1749\" data-end=\"1828\"><strong data-start=\"1749\" data-end=\"1774\">Sa\u011fl\u0131kl\u0131 &amp; Dayan\u0131kl\u0131:<\/strong> Cilt dostu malzeme ile uzun y\u0131llar g\u00fcvenli kullan\u0131m<\/p>\n<\/li>\n<li class=\"\" data-start=\"1829\" data-end=\"1911\">\n<p class=\"\" data-start=\"1831\" data-end=\"1911\"><strong data-start=\"1831\" data-end=\"1852\">Kompakt Boyutlar:<\/strong> 19,5 cm uzunluk ve 4,5 cm kal\u0131nl\u0131k ile rahat bir deneyim<\/p>\n<\/li>\n<\/ul>\n<hr class=\"\" data-start=\"1913\" data-end=\"1916\" \/>\n<h3 class=\"\" data-start=\"1918\" data-end=\"1942\">\ud83d\udce6 <strong data-start=\"1925\" data-end=\"1942\">Paket \u0130\u00e7eri\u011fi<\/strong><\/h3>\n<ul data-start=\"1943\" data-end=\"2051\">\n<li class=\"\" data-start=\"1943\" data-end=\"1970\">\n<p class=\"\" data-start=\"1945\" data-end=\"1970\">19,5 cm Realistik Dildo<\/p>\n<\/li>\n<li class=\"\" data-start=\"1971\" data-end=\"2005\">\n<p class=\"\" data-start=\"1973\" data-end=\"2005\">Belden ba\u011flamal\u0131 kemer aparat\u0131<\/p>\n<\/li>\n<li class=\"\" data-start=\"2006\" data-end=\"2051\">\n<p class=\"\" data-start=\"2008\" data-end=\"2051\">Kayganla\u015ft\u0131r\u0131c\u0131 (kampanyaya ba\u011fl\u0131 olarak)<\/p>\n<\/li>\n<\/ul>\n<hr class=\"\" data-start=\"2053\" data-end=\"2056\" \/>\n<h3 class=\"\" data-start=\"2058\" data-end=\"2094\">\ud83d\udd10 <strong data-start=\"2065\" data-end=\"2094\">Gizli ve G\u00fcvenli Teslimat<\/strong><\/h3>\n<p class=\"\" data-start=\"2095\" data-end=\"2222\">Mahremiyetinizi \u00f6nemsiyoruz!<br data-start=\"2123\" data-end=\"2126\" \/>Sipari\u015fleriniz, <strong data-start=\"2142\" data-end=\"2185\">i\u00e7eri\u011fi belli olmayan kapal\u0131 paketlerle<\/strong> g\u00f6nderilir ve tam gizlilik sa\u011flan\u0131r.<\/p>\n<hr class=\"\" data-start=\"2224\" data-end=\"2227\" \/>\n<h3 class=\"\" data-start=\"2229\" data-end=\"2257\">\ud83d\udcb3 <strong data-start=\"2236\" data-end=\"2257\">\u00d6deme Se\u00e7enekleri<\/strong><\/h3>\n<ul data-start=\"2258\" data-end=\"2376\">\n<li class=\"\" data-start=\"2258\" data-end=\"2301\">\n<p class=\"\" data-start=\"2260\" data-end=\"2301\">Kap\u0131da nakit veya kredi kart\u0131 ile \u00f6deme<\/p>\n<\/li>\n<li class=\"\" data-start=\"2302\" data-end=\"2340\">\n<p class=\"\" data-start=\"2304\" data-end=\"2340\">Tek \u00e7ekim ya da taksit se\u00e7enekleri<\/p>\n<\/li>\n<li class=\"\" data-start=\"2341\" data-end=\"2376\">\n<p class=\"\" data-start=\"2343\" data-end=\"2376\">Banka havalesi ile \u00f6deme imkan\u0131<\/p>\n<\/li>\n<\/ul>\n<hr class=\"\" data-start=\"2378\" data-end=\"2381\" \/>\n<h3 class=\"\" data-start=\"2383\" data-end=\"2412\">\ud83d\ude9a <strong data-start=\"2390\" data-end=\"2412\">Teslimat Bilgileri<\/strong><\/h3>\n<ul data-start=\"2413\" data-end=\"2596\">\n<li class=\"\" data-start=\"2413\" data-end=\"2460\">\n<p class=\"\" data-start=\"2415\" data-end=\"2460\">T\u00fcrkiye geneline <strong data-start=\"2432\" data-end=\"2458\">h\u0131zl\u0131 ve g\u00fcvenli kargo<\/strong><\/p>\n<\/li>\n<li class=\"\" data-start=\"2461\" data-end=\"2536\">\n<p class=\"\" data-start=\"2463\" data-end=\"2536\">Dilerseniz adresinize teslimat, dilerseniz kargo \u015fubesinden teslim alma<\/p>\n<\/li>\n<li class=\"\" data-start=\"2537\" data-end=\"2596\">\n<p class=\"\" data-start=\"2539\" data-end=\"2596\">Sipari\u015ften teslimata kadar firmam\u0131z\u0131n g\u00fcvencesi alt\u0131nda<\/p>\n<\/li>\n<\/ul>\n<hr class=\"\" data-start=\"2598\" data-end=\"2601\" \/>\n<h3 class=\"\" data-start=\"2603\" data-end=\"2631\">\ud83d\udcac <strong data-start=\"2610\" data-end=\"2631\">Ekstra Avantajlar<\/strong><\/h3>\n<ul data-start=\"2632\" data-end=\"2785\">\n<li class=\"\" data-start=\"2632\" data-end=\"2672\">\n<p class=\"\" data-start=\"2634\" data-end=\"2672\"><strong data-start=\"2634\" data-end=\"2670\">Kap\u0131da \u00f6deme &amp; g\u00fcvenli al\u0131\u015fveri\u015f<\/strong><\/p>\n<\/li>\n<li class=\"\" data-start=\"2673\" data-end=\"2704\">\n<p class=\"\" data-start=\"2675\" data-end=\"2704\"><strong data-start=\"2675\" data-end=\"2702\">Orijinal \u00fcr\u00fcn garantisi<\/strong><\/p>\n<\/li>\n<li class=\"\" data-start=\"2705\" data-end=\"2738\">\n<p class=\"\" data-start=\"2707\" data-end=\"2738\"><strong data-start=\"2707\" data-end=\"2736\">Tam gizlilik ile g\u00f6nderim<\/strong><\/p>\n<\/li>\n<li class=\"\" data-start=\"2739\" data-end=\"2785\">\n<p class=\"\" data-start=\"2741\" data-end=\"2785\"><strong data-start=\"2741\" data-end=\"2785\">Kolay temizlenebilir ve uzun \u00f6m\u00fcrl\u00fc yap\u0131<\/strong><\/p>\n<\/li>\n<\/ul>\n<hr class=\"\" data-start=\"2787\" data-end=\"2790\" \/>\n<h2 class=\"\" data-start=\"2792\" data-end=\"2842\">\ud83c\udf1f <strong data-start=\"2798\" data-end=\"2842\">Ger\u00e7eklik, Konfor ve Esneklik Bir Arada!<\/strong><\/h2>\n<p class=\"\" data-start=\"2843\" data-end=\"3128\">Bedensel ve zihinsel haz aray\u0131\u015f\u0131n\u0131za m\u00fckemmel bir \u00e7\u00f6z\u00fcm sunan <strong data-start=\"2905\" data-end=\"2974\">Belden Ba\u011flamal\u0131 Yeni Nesil \u00c7ift Katmanl\u0131 19,5 cm Realistik Dildo<\/strong> ile do\u011fal bir deneyim ya\u015famaya haz\u0131r olun.<br data-start=\"3017\" data-end=\"3020\" \/>Hemen \u015fimdi sipari\u015f verin, gizlilik ayr\u0131cal\u0131\u011f\u0131 ve h\u0131zl\u0131 teslimat avantaj\u0131yla yepyeni bir deneyime ad\u0131m at\u0131n!<\/p>\n<p>&nbsp;<\/p>\n<p>&nbsp;<\/p>\n<p><a href=\"http:\/\/api.whatsapp.com\/send?phone=905304676616&amp;text=Sipari%C5%9F%20Vermek%20%C4%B0stiyorum%20haremshop%20LV411051B\"><img fetchpriority=\"high\" decoding=\"async\" class=\"alignnone\" src=\"https:\/\/static.ticimax.cloud\/32886\/uploads\/editoruploads\/whatsapp-destek-hatti.gif\" alt=\"\" width=\"750\" height=\"117\" \/><\/a><\/p>\n","protected":false},"excerpt":{"rendered":"<p>Daha ger\u00e7ek\u00e7i, daha g\u00fcvenli ve daha konforlu bir deneyim arayanlar i\u00e7in \u00f6zel olarak tasarlanm\u0131\u015f <strong data-start=\"381\" data-end=\"442\">Belden Ba\u011flamal\u0131 Yeni Nesil \u00c7ift Katmanl\u0131 Realistik Dildo<\/strong>, benzersiz malzeme teknolojisi ve ergonomik boyutlar\u0131 sayesinde sizi yepyeni bir haz noktas\u0131yla bulu\u015fturuyor. Ultra yumu\u015fak dokusu ve v\u00fccut \u0131s\u0131s\u0131na uyum sa\u011flayan yap\u0131s\u0131yla en do\u011fal deneyimi ya\u015fay\u0131n!<\/p>\n","protected":false},"featured_media":43794,"comment_status":"closed","ping_status":"closed","template":"","meta":[],"product_brand":[],"product_cat":[498],"product_tag":[],"class_list":{"0":"post-43792","1":"product","2":"type-product","3":"status-publish","4":"has-post-thumbnail","6":"product_cat-belden-baglamali-penisler","8":"first","9":"outofstock","10":"purchasable","11":"product-type-simple"},"yoast_head":"<!-- This site is optimized with the Yoast SEO Premium plugin v24.4 (Yoast SEO v27.1.1) - https:\/\/yoast.com\/product\/yoast-seo-premium-wordpress\/ -->\n<title>Belden Ba\u011flamal\u0131 Yeni Nesil \u00c7ift Katmanl\u0131 19,5 Cm Realistik Dildo Penis - Bursa Erotik Shop<\/title>\n<meta name=\"robots\" content=\"index, follow, max-snippet:-1, max-image-preview:large, max-video-preview:-1\" \/>\n<link rel=\"canonical\" href=\"https:\/\/hobierotikshop.com.tr\/website1\/erotik-shop-urun\/belden-baglamali-yeni-nesil-cift-katmanli-195-cm-realistik-dildo-penis\/\" \/>\n<meta property=\"og:locale\" content=\"tr_TR\" \/>\n<meta property=\"og:type\" content=\"article\" \/>\n<meta property=\"og:title\" content=\"Belden Ba\u011flamal\u0131 Yeni Nesil \u00c7ift Katmanl\u0131 19,5 Cm Realistik Dildo Penis\" \/>\n<meta property=\"og:description\" content=\"Daha ger\u00e7ek\u00e7i, daha g\u00fcvenli ve daha konforlu bir deneyim arayanlar i\u00e7in \u00f6zel olarak tasarlanm\u0131\u015f Belden Ba\u011flamal\u0131 Yeni Nesil \u00c7ift Katmanl\u0131 Realistik Dildo, benzersiz malzeme teknolojisi ve ergonomik boyutlar\u0131 sayesinde sizi yepyeni bir haz noktas\u0131yla bulu\u015fturuyor. Ultra yumu\u015fak dokusu ve v\u00fccut \u0131s\u0131s\u0131na uyum sa\u011flayan yap\u0131s\u0131yla en do\u011fal deneyimi ya\u015fay\u0131n!\" \/>\n<meta property=\"og:url\" content=\"https:\/\/hobierotikshop.com.tr\/website1\/erotik-shop-urun\/belden-baglamali-yeni-nesil-cift-katmanli-195-cm-realistik-dildo-penis\/\" \/>\n<meta property=\"og:site_name\" content=\"Bursa Erotik Shop\" \/>\n<meta property=\"article:modified_time\" content=\"2026-01-08T13:37:54+00:00\" \/>\n<meta property=\"og:image\" content=\"https:\/\/hobierotikshop.com.tr\/website1\/wp-content\/uploads\/2025\/04\/belden-baglamali-yeni-nesil-cift-katma-8a9bec.jpg\" \/>\n\t<meta property=\"og:image:width\" content=\"455\" \/>\n\t<meta property=\"og:image:height\" content=\"455\" \/>\n\t<meta property=\"og:image:type\" content=\"image\/jpeg\" \/>\n<meta name=\"twitter:card\" content=\"summary_large_image\" \/>\n<meta name=\"twitter:site\" content=\"@shopbursa\" \/>\n<meta name=\"twitter:label1\" content=\"Fiyat\" \/>\n\t<meta name=\"twitter:data1\" content=\"&#8378;4.880,00\" \/>\n\t<meta name=\"twitter:label2\" content=\"Availability\" \/>\n\t<meta name=\"twitter:data2\" content=\"Out of stock\" \/>\n<script type=\"application\/ld+json\" class=\"yoast-schema-graph\">{\"@context\":\"https:\/\/schema.org\",\"@graph\":[{\"@type\":\"WebPage\",\"@id\":\"https:\/\/hobierotikshop.com.tr\/website1\/erotik-shop-urun\/belden-baglamali-yeni-nesil-cift-katmanli-195-cm-realistik-dildo-penis\/\",\"url\":\"https:\/\/hobierotikshop.com.tr\/website1\/erotik-shop-urun\/belden-baglamali-yeni-nesil-cift-katmanli-195-cm-realistik-dildo-penis\/\",\"name\":\"Belden Ba\u011flamal\u0131 Yeni Nesil \u00c7ift Katmanl\u0131 19,5 Cm Realistik Dildo Penis - Bursa Erotik Shop\",\"isPartOf\":{\"@id\":\"https:\/\/hobierotikshop.com.tr\/website1\/#website\"},\"primaryImageOfPage\":{\"@id\":\"https:\/\/hobierotikshop.com.tr\/website1\/erotik-shop-urun\/belden-baglamali-yeni-nesil-cift-katmanli-195-cm-realistik-dildo-penis\/#primaryimage\"},\"image\":{\"@id\":\"https:\/\/hobierotikshop.com.tr\/website1\/erotik-shop-urun\/belden-baglamali-yeni-nesil-cift-katmanli-195-cm-realistik-dildo-penis\/#primaryimage\"},\"thumbnailUrl\":\"https:\/\/haremerotikshop.com\/site\/wp-content\/uploads\/2025\/04\/belden-baglamali-yeni-nesil-cift-katma-8a9bec.jpg\",\"datePublished\":\"2025-04-26T13:49:27+00:00\",\"dateModified\":\"2026-01-08T13:37:54+00:00\",\"breadcrumb\":{\"@id\":\"https:\/\/hobierotikshop.com.tr\/website1\/erotik-shop-urun\/belden-baglamali-yeni-nesil-cift-katmanli-195-cm-realistik-dildo-penis\/#breadcrumb\"},\"inLanguage\":\"tr\",\"potentialAction\":[{\"@type\":\"ReadAction\",\"target\":[\"https:\/\/hobierotikshop.com.tr\/website1\/erotik-shop-urun\/belden-baglamali-yeni-nesil-cift-katmanli-195-cm-realistik-dildo-penis\/\"]}]},{\"@type\":\"ImageObject\",\"inLanguage\":\"tr\",\"@id\":\"https:\/\/hobierotikshop.com.tr\/website1\/erotik-shop-urun\/belden-baglamali-yeni-nesil-cift-katmanli-195-cm-realistik-dildo-penis\/#primaryimage\",\"url\":\"https:\/\/haremerotikshop.com\/site\/wp-content\/uploads\/2025\/04\/belden-baglamali-yeni-nesil-cift-katma-8a9bec.jpg\",\"contentUrl\":\"https:\/\/haremerotikshop.com\/site\/wp-content\/uploads\/2025\/04\/belden-baglamali-yeni-nesil-cift-katma-8a9bec.jpg\",\"width\":455,\"height\":455},{\"@type\":\"BreadcrumbList\",\"@id\":\"https:\/\/hobierotikshop.com.tr\/website1\/erotik-shop-urun\/belden-baglamali-yeni-nesil-cift-katmanli-195-cm-realistik-dildo-penis\/#breadcrumb\",\"itemListElement\":[{\"@type\":\"ListItem\",\"position\":1,\"name\":\"Anasayfa\",\"item\":\"https:\/\/hobierotikshop.com.tr\/website1\/\"},{\"@type\":\"ListItem\",\"position\":2,\"name\":\"Erotik Shop \u00dcr\u00fcnleri\",\"item\":\"https:\/\/hobierotikshop.com.tr\/website1\/shop\/\"},{\"@type\":\"ListItem\",\"position\":3,\"name\":\"Belden Ba\u011flamal\u0131 Yeni Nesil \u00c7ift Katmanl\u0131 19,5 Cm Realistik Dildo Penis\"}]},{\"@type\":\"WebSite\",\"@id\":\"https:\/\/hobierotikshop.com.tr\/website1\/#website\",\"url\":\"https:\/\/hobierotikshop.com.tr\/website1\/\",\"name\":\"Bursa Erotik Shop\",\"description\":\"Bursa Erotik Shop ile g\u00fcvenli, gizli ve kaliteli yeti\u015fkin \u00fcr\u00fcnleri al\u0131\u015fveri\u015fi! Geni\u015f \u00fcr\u00fcn yelpazemizi ke\u015ffedin, hemen sipari\u015f verin\",\"publisher\":{\"@id\":\"https:\/\/hobierotikshop.com.tr\/website1\/#organization\"},\"alternateName\":\"Erotik Shop\",\"potentialAction\":[{\"@type\":\"SearchAction\",\"target\":{\"@type\":\"EntryPoint\",\"urlTemplate\":\"https:\/\/hobierotikshop.com.tr\/website1\/?s={search_term_string}\"},\"query-input\":{\"@type\":\"PropertyValueSpecification\",\"valueRequired\":true,\"valueName\":\"search_term_string\"}}],\"inLanguage\":\"tr\"},{\"@type\":\"Organization\",\"@id\":\"https:\/\/hobierotikshop.com.tr\/website1\/#organization\",\"name\":\"Harem Bursa Erotik Shop\",\"url\":\"https:\/\/hobierotikshop.com.tr\/website1\/\",\"logo\":{\"@type\":\"ImageObject\",\"inLanguage\":\"tr\",\"@id\":\"https:\/\/hobierotikshop.com.tr\/website1\/#\/schema\/logo\/image\/\",\"url\":\"https:\/\/haremerotikshop.com\/site\/wp-content\/uploads\/2025\/03\/haremsexshop.png\",\"contentUrl\":\"https:\/\/haremerotikshop.com\/site\/wp-content\/uploads\/2025\/03\/haremsexshop.png\",\"width\":400,\"height\":100,\"caption\":\"Harem Bursa Erotik Shop\"},\"image\":{\"@id\":\"https:\/\/hobierotikshop.com.tr\/website1\/#\/schema\/logo\/image\/\"},\"sameAs\":[\"https:\/\/x.com\/shopbursa\"],\"publishingPrinciples\":\"https:\/\/hobierotikshop.com.tr\/website1\/mesafeli-satis-sozlesmesi\/\",\"ownershipFundingInfo\":\"https:\/\/hobierotikshop.com.tr\/website1\/contact-us\/\",\"actionableFeedbackPolicy\":\"https:\/\/hobierotikshop.com.tr\/website1\/contact-us\/\",\"correctionsPolicy\":\"https:\/\/hobierotikshop.com.tr\/website1\/mesafeli-satis-sozlesmesi\/\"}]}<\/script>\n<meta property=\"product:price:amount\" content=\"4880.00\" \/>\n<meta property=\"product:price:currency\" content=\"TRY\" \/>\n<meta property=\"og:availability\" content=\"out of stock\" \/>\n<meta property=\"product:availability\" content=\"out of stock\" \/>\n<meta property=\"product:retailer_item_id\" content=\"LV411051B\" \/>\n<meta property=\"product:condition\" content=\"new\" \/>\n<!-- \/ Yoast SEO Premium plugin. -->","yoast_head_json":{"title":"Belden Ba\u011flamal\u0131 Yeni Nesil \u00c7ift Katmanl\u0131 19,5 Cm Realistik Dildo Penis - Bursa Erotik Shop","robots":{"index":"index","follow":"follow","max-snippet":"max-snippet:-1","max-image-preview":"max-image-preview:large","max-video-preview":"max-video-preview:-1"},"canonical":"https:\/\/hobierotikshop.com.tr\/website1\/erotik-shop-urun\/belden-baglamali-yeni-nesil-cift-katmanli-195-cm-realistik-dildo-penis\/","og_locale":"tr_TR","og_type":"article","og_title":"Belden Ba\u011flamal\u0131 Yeni Nesil \u00c7ift Katmanl\u0131 19,5 Cm Realistik Dildo Penis","og_description":"Daha ger\u00e7ek\u00e7i, daha g\u00fcvenli ve daha konforlu bir deneyim arayanlar i\u00e7in \u00f6zel olarak tasarlanm\u0131\u015f Belden Ba\u011flamal\u0131 Yeni Nesil \u00c7ift Katmanl\u0131 Realistik Dildo, benzersiz malzeme teknolojisi ve ergonomik boyutlar\u0131 sayesinde sizi yepyeni bir haz noktas\u0131yla bulu\u015fturuyor. Ultra yumu\u015fak dokusu ve v\u00fccut \u0131s\u0131s\u0131na uyum sa\u011flayan yap\u0131s\u0131yla en do\u011fal deneyimi ya\u015fay\u0131n!","og_url":"https:\/\/hobierotikshop.com.tr\/website1\/erotik-shop-urun\/belden-baglamali-yeni-nesil-cift-katmanli-195-cm-realistik-dildo-penis\/","og_site_name":"Bursa Erotik Shop","article_modified_time":"2026-01-08T13:37:54+00:00","og_image":[{"width":455,"height":455,"url":"https:\/\/hobierotikshop.com.tr\/website1\/wp-content\/uploads\/2025\/04\/belden-baglamali-yeni-nesil-cift-katma-8a9bec.jpg","type":"image\/jpeg"}],"twitter_card":"summary_large_image","twitter_site":"@shopbursa","twitter_misc":{"Fiyat":"&#8378;4.880,00","Availability":"Out of stock"},"schema":{"@context":"https:\/\/schema.org","@graph":[{"@type":"WebPage","@id":"https:\/\/hobierotikshop.com.tr\/website1\/erotik-shop-urun\/belden-baglamali-yeni-nesil-cift-katmanli-195-cm-realistik-dildo-penis\/","url":"https:\/\/hobierotikshop.com.tr\/website1\/erotik-shop-urun\/belden-baglamali-yeni-nesil-cift-katmanli-195-cm-realistik-dildo-penis\/","name":"Belden Ba\u011flamal\u0131 Yeni Nesil \u00c7ift Katmanl\u0131 19,5 Cm Realistik Dildo Penis - Bursa Erotik Shop","isPartOf":{"@id":"https:\/\/hobierotikshop.com.tr\/website1\/#website"},"primaryImageOfPage":{"@id":"https:\/\/hobierotikshop.com.tr\/website1\/erotik-shop-urun\/belden-baglamali-yeni-nesil-cift-katmanli-195-cm-realistik-dildo-penis\/#primaryimage"},"image":{"@id":"https:\/\/hobierotikshop.com.tr\/website1\/erotik-shop-urun\/belden-baglamali-yeni-nesil-cift-katmanli-195-cm-realistik-dildo-penis\/#primaryimage"},"thumbnailUrl":"https:\/\/haremerotikshop.com\/site\/wp-content\/uploads\/2025\/04\/belden-baglamali-yeni-nesil-cift-katma-8a9bec.jpg","datePublished":"2025-04-26T13:49:27+00:00","dateModified":"2026-01-08T13:37:54+00:00","breadcrumb":{"@id":"https:\/\/hobierotikshop.com.tr\/website1\/erotik-shop-urun\/belden-baglamali-yeni-nesil-cift-katmanli-195-cm-realistik-dildo-penis\/#breadcrumb"},"inLanguage":"tr","potentialAction":[{"@type":"ReadAction","target":["https:\/\/hobierotikshop.com.tr\/website1\/erotik-shop-urun\/belden-baglamali-yeni-nesil-cift-katmanli-195-cm-realistik-dildo-penis\/"]}]},{"@type":"ImageObject","inLanguage":"tr","@id":"https:\/\/hobierotikshop.com.tr\/website1\/erotik-shop-urun\/belden-baglamali-yeni-nesil-cift-katmanli-195-cm-realistik-dildo-penis\/#primaryimage","url":"https:\/\/haremerotikshop.com\/site\/wp-content\/uploads\/2025\/04\/belden-baglamali-yeni-nesil-cift-katma-8a9bec.jpg","contentUrl":"https:\/\/haremerotikshop.com\/site\/wp-content\/uploads\/2025\/04\/belden-baglamali-yeni-nesil-cift-katma-8a9bec.jpg","width":455,"height":455},{"@type":"BreadcrumbList","@id":"https:\/\/hobierotikshop.com.tr\/website1\/erotik-shop-urun\/belden-baglamali-yeni-nesil-cift-katmanli-195-cm-realistik-dildo-penis\/#breadcrumb","itemListElement":[{"@type":"ListItem","position":1,"name":"Anasayfa","item":"https:\/\/hobierotikshop.com.tr\/website1\/"},{"@type":"ListItem","position":2,"name":"Erotik Shop \u00dcr\u00fcnleri","item":"https:\/\/hobierotikshop.com.tr\/website1\/shop\/"},{"@type":"ListItem","position":3,"name":"Belden Ba\u011flamal\u0131 Yeni Nesil \u00c7ift Katmanl\u0131 19,5 Cm Realistik Dildo Penis"}]},{"@type":"WebSite","@id":"https:\/\/hobierotikshop.com.tr\/website1\/#website","url":"https:\/\/hobierotikshop.com.tr\/website1\/","name":"Bursa Erotik Shop","description":"Bursa Erotik Shop ile g\u00fcvenli, gizli ve kaliteli yeti\u015fkin \u00fcr\u00fcnleri al\u0131\u015fveri\u015fi! Geni\u015f \u00fcr\u00fcn yelpazemizi ke\u015ffedin, hemen sipari\u015f verin","publisher":{"@id":"https:\/\/hobierotikshop.com.tr\/website1\/#organization"},"alternateName":"Erotik Shop","potentialAction":[{"@type":"SearchAction","target":{"@type":"EntryPoint","urlTemplate":"https:\/\/hobierotikshop.com.tr\/website1\/?s={search_term_string}"},"query-input":{"@type":"PropertyValueSpecification","valueRequired":true,"valueName":"search_term_string"}}],"inLanguage":"tr"},{"@type":"Organization","@id":"https:\/\/hobierotikshop.com.tr\/website1\/#organization","name":"Harem Bursa Erotik Shop","url":"https:\/\/hobierotikshop.com.tr\/website1\/","logo":{"@type":"ImageObject","inLanguage":"tr","@id":"https:\/\/hobierotikshop.com.tr\/website1\/#\/schema\/logo\/image\/","url":"https:\/\/haremerotikshop.com\/site\/wp-content\/uploads\/2025\/03\/haremsexshop.png","contentUrl":"https:\/\/haremerotikshop.com\/site\/wp-content\/uploads\/2025\/03\/haremsexshop.png","width":400,"height":100,"caption":"Harem Bursa Erotik Shop"},"image":{"@id":"https:\/\/hobierotikshop.com.tr\/website1\/#\/schema\/logo\/image\/"},"sameAs":["https:\/\/x.com\/shopbursa"],"publishingPrinciples":"https:\/\/hobierotikshop.com.tr\/website1\/mesafeli-satis-sozlesmesi\/","ownershipFundingInfo":"https:\/\/hobierotikshop.com.tr\/website1\/contact-us\/","actionableFeedbackPolicy":"https:\/\/hobierotikshop.com.tr\/website1\/contact-us\/","correctionsPolicy":"https:\/\/hobierotikshop.com.tr\/website1\/mesafeli-satis-sozlesmesi\/"}]},"product_price_amount":"4880.00","product_price_currency":"TRY","og_availability":"out of stock","product_availability":"out of stock","product_retailer_item_id":"LV411051B","product_condition":"new"},"_links":{"self":[{"href":"https:\/\/haremerotikshop.com\/site\/wp-json\/wp\/v2\/product\/43792","targetHints":{"allow":["GET"]}}],"collection":[{"href":"https:\/\/haremerotikshop.com\/site\/wp-json\/wp\/v2\/product"}],"about":[{"href":"https:\/\/haremerotikshop.com\/site\/wp-json\/wp\/v2\/types\/product"}],"replies":[{"embeddable":true,"href":"https:\/\/haremerotikshop.com\/site\/wp-json\/wp\/v2\/comments?post=43792"}],"version-history":[{"count":0,"href":"https:\/\/haremerotikshop.com\/site\/wp-json\/wp\/v2\/product\/43792\/revisions"}],"wp:featuredmedia":[{"embeddable":true,"href":"https:\/\/haremerotikshop.com\/site\/wp-json\/wp\/v2\/media\/43794"}],"wp:attachment":[{"href":"https:\/\/haremerotikshop.com\/site\/wp-json\/wp\/v2\/media?parent=43792"}],"wp:term":[{"taxonomy":"product_brand","embeddable":true,"href":"https:\/\/haremerotikshop.com\/site\/wp-json\/wp\/v2\/product_brand?post=43792"},{"taxonomy":"product_cat","embeddable":true,"href":"https:\/\/haremerotikshop.com\/site\/wp-json\/wp\/v2\/product_cat?post=43792"},{"taxonomy":"product_tag","embeddable":true,"href":"https:\/\/haremerotikshop.com\/site\/wp-json\/wp\/v2\/product_tag?post=43792"}],"curies":[{"name":"wp","href":"https:\/\/api.w.org\/{rel}","templated":true}]}}