{"id":43994,"date":"2025-04-26T16:52:41","date_gmt":"2025-04-26T13:52:41","guid":{"rendered":"https:\/\/haremerotikshop.com\/site\/erotik-shop-urun\/25-cm-realistik-vantuzlu-dildo-penis\/"},"modified":"2026-01-08T16:24:19","modified_gmt":"2026-01-08T13:24:19","slug":"25-cm-realistik-vantuzlu-dildo-penis","status":"publish","type":"product","link":"https:\/\/haremerotikshop.com\/site\/erotik-shop-urun\/25-cm-realistik-vantuzlu-dildo-penis\/","title":{"rendered":"25 Cm Realistik Vantuzlu Dildo Penis"},"content":{"rendered":"<h2 class=\"\" data-start=\"122\" data-end=\"192\"><strong data-start=\"125\" data-end=\"192\">Ger\u00e7ek Zevkin Yeni Tan\u0131m\u0131: 25 cm Realistik Vantuzlu Dildo Penis<\/strong><\/h2>\n<p class=\"\" data-start=\"194\" data-end=\"527\">Ger\u00e7ek\u00e7i doku, ultra yumu\u015fak yap\u0131 ve g\u00fc\u00e7l\u00fc vantuzla birle\u015fen bu \u00f6zel tasar\u0131m dildo, hem yaln\u0131z hem de partnerli kullan\u0131mlar i\u00e7in ideal bir se\u00e7enektir. <strong data-start=\"345\" data-end=\"385\">25 cm Realistik Vantuzlu Dildo Penis<\/strong>, en do\u011fal hisleri ya\u015faman\u0131z i\u00e7in geli\u015ftirildi. Cilt dostu materyali ve ipeksi y\u00fczeyi sayesinde hem g\u00fcvenli hem de konforlu bir deneyim sunar.<\/p>\n<hr class=\"\" data-start=\"529\" data-end=\"532\" \/>\n<h3 class=\"\" data-start=\"534\" data-end=\"559\"><strong data-start=\"538\" data-end=\"559\">\u00dcr\u00fcn \u00d6zellikleri:<\/strong><\/h3>\n<p class=\"\" data-start=\"561\" data-end=\"755\">\ud83d\udd38 <strong data-start=\"564\" data-end=\"590\">Ger\u00e7ek\u00e7i ve Do\u011fal His:<\/strong> \u00dcr\u00fcn, ten dokusunu birebir taklit eden yumu\u015fak ve ger\u00e7ek\u00e7i silikon malzeme ile \u00fcretilmi\u015ftir. <strong data-start=\"684\" data-end=\"717\">%100 yumu\u015fak ve ipeksi y\u00fczeyi<\/strong>, her kullan\u0131mda teninize uyum sa\u011flar.<\/p>\n<p class=\"\" data-start=\"757\" data-end=\"931\">\ud83d\udd38 <strong data-start=\"760\" data-end=\"786\">G\u00fc\u00e7l\u00fc Vantuz \u00d6zelli\u011fi:<\/strong> \u00dcr\u00fcn\u00fcn taban\u0131nda yer alan <strong data-start=\"813\" data-end=\"829\">g\u00fc\u00e7l\u00fc vantuz<\/strong>, d\u00fcz ve p\u00fcr\u00fczs\u00fcz her zemine s\u0131k\u0131ca tutunabilir. B\u00f6ylece eller serbest \u015fekilde kullan\u0131ma olanak tan\u0131r.<\/p>\n<p class=\"\" data-start=\"933\" data-end=\"1091\">\ud83d\udd38 <strong data-start=\"936\" data-end=\"972\">Belden Ba\u011flamal\u0131 Kullan\u0131m Uyumu:<\/strong> <strong data-start=\"973\" data-end=\"1012\">Apart kemer sistemleriyle uyumludur<\/strong>. \u0130steyen kullan\u0131c\u0131lar taraf\u0131ndan strap-on olarak da rahatl\u0131kla kullan\u0131labilir.<\/p>\n<p class=\"\" data-start=\"1093\" data-end=\"1278\">\ud83d\udd38 <strong data-start=\"1096\" data-end=\"1129\">Hijyen ve G\u00fcvenlik \u00d6ncelikli:<\/strong> <strong data-start=\"1130\" data-end=\"1144\">Cilt dostu<\/strong>, <strong data-start=\"1146\" data-end=\"1164\">Phthalate Free<\/strong> (ftalat i\u00e7ermez) materyal ile \u00fcretilmi\u015ftir. Kullan\u0131m sonras\u0131 kolayca temizlenebilir, uzun \u00f6m\u00fcrl\u00fc kullan\u0131m sa\u011flar.<\/p>\n<hr class=\"\" data-start=\"1280\" data-end=\"1283\" \/>\n<h3 class=\"\" data-start=\"1285\" data-end=\"1309\"><strong data-start=\"1289\" data-end=\"1309\">Teknik Detaylar:<\/strong><\/h3>\n<ul data-start=\"1311\" data-end=\"1541\">\n<li class=\"\" data-start=\"1311\" data-end=\"1340\">\n<p class=\"\" data-start=\"1313\" data-end=\"1340\"><strong data-start=\"1313\" data-end=\"1332\">Toplam Uzunluk:<\/strong> 25 cm<\/p>\n<\/li>\n<li class=\"\" data-start=\"1341\" data-end=\"1371\">\n<p class=\"\" data-start=\"1343\" data-end=\"1371\"><strong data-start=\"1343\" data-end=\"1362\">\u00c7ap \/ Kal\u0131nl\u0131k:<\/strong> 4,5 cm<\/p>\n<\/li>\n<li class=\"\" data-start=\"1372\" data-end=\"1452\">\n<p class=\"\" data-start=\"1374\" data-end=\"1452\"><strong data-start=\"1374\" data-end=\"1393\">Kullan\u0131m \u015eekli:<\/strong> Vantuzlu, elde veya strap-on aparatlarla uyumlu kullan\u0131m<\/p>\n<\/li>\n<li class=\"\" data-start=\"1453\" data-end=\"1508\">\n<p class=\"\" data-start=\"1455\" data-end=\"1508\"><strong data-start=\"1455\" data-end=\"1467\">Malzeme:<\/strong> Yumu\u015fak dokulu y\u00fcksek kaliteli silikon<\/p>\n<\/li>\n<li class=\"\" data-start=\"1509\" data-end=\"1541\">\n<p class=\"\" data-start=\"1511\" data-end=\"1541\"><strong data-start=\"1511\" data-end=\"1520\">Renk:<\/strong> Ger\u00e7ek\u00e7i ten rengi<\/p>\n<\/li>\n<\/ul>\n<hr class=\"\" data-start=\"1543\" data-end=\"1546\" \/>\n<h3 class=\"\" data-start=\"1548\" data-end=\"1577\"><strong data-start=\"1552\" data-end=\"1577\">Kullan\u0131m Avantajlar\u0131:<\/strong><\/h3>\n<p class=\"\" data-start=\"1579\" data-end=\"1805\">\u2705 Ger\u00e7ek\u00e7i zevk arayanlar i\u00e7in ideal<br data-start=\"1615\" data-end=\"1618\" \/>\u2705 \u0130ster yaln\u0131z ister partnerli kullan\u0131mda maksimum haz<br data-start=\"1672\" data-end=\"1675\" \/>\u2705 Kolay temizlenebilir ve hijyeniktir<br data-start=\"1712\" data-end=\"1715\" \/>\u2705 Banyoda ya da yatak odas\u0131nda diledi\u011finiz zemine sabitleyerek rahat\u00e7a kullanabilirsiniz<\/p>\n<hr class=\"\" data-start=\"1807\" data-end=\"1810\" \/>\n<h3 class=\"\" data-start=\"1812\" data-end=\"1840\"><strong data-start=\"1816\" data-end=\"1840\">Gizlilik &amp; Teslimat:<\/strong><\/h3>\n<p class=\"\" data-start=\"1842\" data-end=\"1993\">\ud83d\udce6 Sipari\u015fleriniz, <strong data-start=\"1861\" data-end=\"1921\">i\u00e7eri\u011fi anla\u015f\u0131lmayacak \u015fekilde paketlenmi\u015f gizli koliler<\/strong> ile g\u00f6nderilir. T\u00fcm s\u00fcre\u00e7 boyunca <strong data-start=\"1956\" data-end=\"1992\">mahremiyetiniz \u00f6n planda tutulur<\/strong>.<\/p>\n<hr class=\"\" data-start=\"1995\" data-end=\"1998\" \/>\n<h3 class=\"\" data-start=\"2000\" data-end=\"2026\"><strong data-start=\"2004\" data-end=\"2026\">\u00d6deme Se\u00e7enekleri:<\/strong><\/h3>\n<p class=\"\" data-start=\"2028\" data-end=\"2132\">\ud83d\udcb3 Kap\u0131da \u00f6deme (nakit\/kredi kart\u0131)<br data-start=\"2063\" data-end=\"2066\" \/>\ud83c\udfe6 Banka havalesi<br data-start=\"2083\" data-end=\"2086\" \/>\ud83d\udcb8 Tek \u00e7ekim veya taksitli \u00f6deme se\u00e7enekleri<\/p>\n<hr class=\"\" data-start=\"2134\" data-end=\"2137\" \/>\n<h3 class=\"\" data-start=\"2139\" data-end=\"2164\"><strong data-start=\"2143\" data-end=\"2164\">Teslimat Bilgisi:<\/strong><\/h3>\n<p class=\"\" data-start=\"2166\" data-end=\"2402\">\ud83d\ude9a Sipari\u015fleriniz en k\u0131sa s\u00fcrede haz\u0131rlanarak kargoya verilir.<br data-start=\"2228\" data-end=\"2231\" \/>\ud83d\udcec Dilerseniz adresinize, dilerseniz en yak\u0131n kargo \u015fubesinden teslim alabilirsiniz.<br data-start=\"2315\" data-end=\"2318\" \/>\ud83d\udd12 T\u00fcm g\u00f6nderimler <strong data-start=\"2337\" data-end=\"2367\">firmam\u0131z g\u00fcvencesi alt\u0131nda<\/strong> ve eksiksiz \u015fekilde teslim edilir.<\/p>\n<hr class=\"\" data-start=\"2404\" data-end=\"2407\" \/>\n<h2 class=\"\" data-start=\"2409\" data-end=\"2441\"><strong data-start=\"2412\" data-end=\"2441\">Zevkinize Ger\u00e7eklik Kat\u0131n<\/strong><\/h2>\n<p class=\"\" data-start=\"2443\" data-end=\"2710\">25 cm Realistik Vantuzlu Dildo Penis ile cinsel ya\u015fam\u0131n\u0131za yeni bir soluk kat\u0131n. Ultra yumu\u015fak, ger\u00e7ek\u00e7i yap\u0131 ve pratik kullan\u0131m detaylar\u0131yla bu dildo, hem yeni ba\u015flayanlar hem de deneyimli kullan\u0131c\u0131lar i\u00e7in vazge\u00e7ilmez olacak. Hemen sipari\u015f verin, zevki ertelemeyin!<\/p>\n<p>&nbsp;<\/p>\n<p><a href=\"http:\/\/api.whatsapp.com\/send?phone=905304676616&amp;text=Sipari%C5%9F%20Vermek%20%C4%B0stiyorum%20haremshop%20BDM1818\"><img fetchpriority=\"high\" decoding=\"async\" class=\"alignnone\" src=\"https:\/\/static.ticimax.cloud\/32886\/uploads\/editoruploads\/whatsapp-destek-hatti.gif\" alt=\"\" width=\"750\" height=\"117\" \/><\/a><\/p>\n","protected":false},"excerpt":{"rendered":"<p>Ger\u00e7ek\u00e7i doku, ultra yumu\u015fak yap\u0131 ve g\u00fc\u00e7l\u00fc vantuzla birle\u015fen bu \u00f6zel tasar\u0131m dildo, hem yaln\u0131z hem de partnerli kullan\u0131mlar i\u00e7in ideal bir se\u00e7enektir. <strong data-start=\"345\" data-end=\"385\">25 cm Realistik Vantuzlu Dildo Penis<\/strong>, en do\u011fal hisleri ya\u015faman\u0131z i\u00e7in geli\u015ftirildi. Cilt dostu materyali ve ipeksi y\u00fczeyi sayesinde hem g\u00fcvenli hem de konforlu bir deneyim sunar.<\/p>\n","protected":false},"featured_media":43996,"comment_status":"closed","ping_status":"closed","template":"","meta":[],"product_brand":[],"product_cat":[501],"product_tag":[],"class_list":{"0":"post-43994","1":"product","2":"type-product","3":"status-publish","4":"has-post-thumbnail","6":"product_cat-realistik-penisler","8":"first","9":"outofstock","10":"purchasable","11":"product-type-simple"},"yoast_head":"<!-- This site is optimized with the Yoast SEO Premium plugin v24.4 (Yoast SEO v27.1.1) - https:\/\/yoast.com\/product\/yoast-seo-premium-wordpress\/ -->\n<title>25 Cm Realistik Vantuzlu Dildo Penis - Bursa Erotik Shop<\/title>\n<meta name=\"robots\" content=\"index, follow, max-snippet:-1, max-image-preview:large, max-video-preview:-1\" \/>\n<link rel=\"canonical\" href=\"https:\/\/hobierotikshop.com.tr\/website1\/erotik-shop-urun\/25-cm-realistik-vantuzlu-dildo-penis\/\" \/>\n<meta property=\"og:locale\" content=\"tr_TR\" \/>\n<meta property=\"og:type\" content=\"article\" \/>\n<meta property=\"og:title\" content=\"25 Cm Realistik Vantuzlu Dildo Penis\" \/>\n<meta property=\"og:description\" content=\"Ger\u00e7ek\u00e7i doku, ultra yumu\u015fak yap\u0131 ve g\u00fc\u00e7l\u00fc vantuzla birle\u015fen bu \u00f6zel tasar\u0131m dildo, hem yaln\u0131z hem de partnerli kullan\u0131mlar i\u00e7in ideal bir se\u00e7enektir. 25 cm Realistik Vantuzlu Dildo Penis, en do\u011fal hisleri ya\u015faman\u0131z i\u00e7in geli\u015ftirildi. Cilt dostu materyali ve ipeksi y\u00fczeyi sayesinde hem g\u00fcvenli hem de konforlu bir deneyim sunar.\" \/>\n<meta property=\"og:url\" content=\"https:\/\/hobierotikshop.com.tr\/website1\/erotik-shop-urun\/25-cm-realistik-vantuzlu-dildo-penis\/\" \/>\n<meta property=\"og:site_name\" content=\"Bursa Erotik Shop\" \/>\n<meta property=\"article:modified_time\" content=\"2026-01-08T13:24:19+00:00\" \/>\n<meta property=\"og:image\" content=\"https:\/\/hobierotikshop.com.tr\/website1\/wp-content\/uploads\/2025\/04\/25-cm-realistik-vantuzlu-dildo-penis-569-45.jpg\" \/>\n\t<meta property=\"og:image:width\" content=\"455\" \/>\n\t<meta property=\"og:image:height\" content=\"455\" \/>\n\t<meta property=\"og:image:type\" content=\"image\/jpeg\" \/>\n<meta name=\"twitter:card\" content=\"summary_large_image\" \/>\n<meta name=\"twitter:site\" content=\"@shopbursa\" \/>\n<meta name=\"twitter:label1\" content=\"Fiyat\" \/>\n\t<meta name=\"twitter:data1\" content=\"&#8378;2.684,00\" \/>\n\t<meta name=\"twitter:label2\" content=\"Availability\" \/>\n\t<meta name=\"twitter:data2\" content=\"Out of stock\" \/>\n<script type=\"application\/ld+json\" class=\"yoast-schema-graph\">{\"@context\":\"https:\/\/schema.org\",\"@graph\":[{\"@type\":\"WebPage\",\"@id\":\"https:\/\/hobierotikshop.com.tr\/website1\/erotik-shop-urun\/25-cm-realistik-vantuzlu-dildo-penis\/\",\"url\":\"https:\/\/hobierotikshop.com.tr\/website1\/erotik-shop-urun\/25-cm-realistik-vantuzlu-dildo-penis\/\",\"name\":\"25 Cm Realistik Vantuzlu Dildo Penis - Bursa Erotik Shop\",\"isPartOf\":{\"@id\":\"https:\/\/hobierotikshop.com.tr\/website1\/#website\"},\"primaryImageOfPage\":{\"@id\":\"https:\/\/hobierotikshop.com.tr\/website1\/erotik-shop-urun\/25-cm-realistik-vantuzlu-dildo-penis\/#primaryimage\"},\"image\":{\"@id\":\"https:\/\/hobierotikshop.com.tr\/website1\/erotik-shop-urun\/25-cm-realistik-vantuzlu-dildo-penis\/#primaryimage\"},\"thumbnailUrl\":\"https:\/\/haremerotikshop.com\/site\/wp-content\/uploads\/2025\/04\/25-cm-realistik-vantuzlu-dildo-penis-569-45.jpg\",\"datePublished\":\"2025-04-26T13:52:41+00:00\",\"dateModified\":\"2026-01-08T13:24:19+00:00\",\"breadcrumb\":{\"@id\":\"https:\/\/hobierotikshop.com.tr\/website1\/erotik-shop-urun\/25-cm-realistik-vantuzlu-dildo-penis\/#breadcrumb\"},\"inLanguage\":\"tr\",\"potentialAction\":[{\"@type\":\"ReadAction\",\"target\":[\"https:\/\/hobierotikshop.com.tr\/website1\/erotik-shop-urun\/25-cm-realistik-vantuzlu-dildo-penis\/\"]}]},{\"@type\":\"ImageObject\",\"inLanguage\":\"tr\",\"@id\":\"https:\/\/hobierotikshop.com.tr\/website1\/erotik-shop-urun\/25-cm-realistik-vantuzlu-dildo-penis\/#primaryimage\",\"url\":\"https:\/\/haremerotikshop.com\/site\/wp-content\/uploads\/2025\/04\/25-cm-realistik-vantuzlu-dildo-penis-569-45.jpg\",\"contentUrl\":\"https:\/\/haremerotikshop.com\/site\/wp-content\/uploads\/2025\/04\/25-cm-realistik-vantuzlu-dildo-penis-569-45.jpg\",\"width\":455,\"height\":455},{\"@type\":\"BreadcrumbList\",\"@id\":\"https:\/\/hobierotikshop.com.tr\/website1\/erotik-shop-urun\/25-cm-realistik-vantuzlu-dildo-penis\/#breadcrumb\",\"itemListElement\":[{\"@type\":\"ListItem\",\"position\":1,\"name\":\"Anasayfa\",\"item\":\"https:\/\/hobierotikshop.com.tr\/website1\/\"},{\"@type\":\"ListItem\",\"position\":2,\"name\":\"Erotik Shop \u00dcr\u00fcnleri\",\"item\":\"https:\/\/hobierotikshop.com.tr\/website1\/shop\/\"},{\"@type\":\"ListItem\",\"position\":3,\"name\":\"25 Cm Realistik Vantuzlu Dildo Penis\"}]},{\"@type\":\"WebSite\",\"@id\":\"https:\/\/hobierotikshop.com.tr\/website1\/#website\",\"url\":\"https:\/\/hobierotikshop.com.tr\/website1\/\",\"name\":\"Bursa Erotik Shop\",\"description\":\"Bursa Erotik Shop ile g\u00fcvenli, gizli ve kaliteli yeti\u015fkin \u00fcr\u00fcnleri al\u0131\u015fveri\u015fi! Geni\u015f \u00fcr\u00fcn yelpazemizi ke\u015ffedin, hemen sipari\u015f verin\",\"publisher\":{\"@id\":\"https:\/\/hobierotikshop.com.tr\/website1\/#organization\"},\"alternateName\":\"Erotik Shop\",\"potentialAction\":[{\"@type\":\"SearchAction\",\"target\":{\"@type\":\"EntryPoint\",\"urlTemplate\":\"https:\/\/hobierotikshop.com.tr\/website1\/?s={search_term_string}\"},\"query-input\":{\"@type\":\"PropertyValueSpecification\",\"valueRequired\":true,\"valueName\":\"search_term_string\"}}],\"inLanguage\":\"tr\"},{\"@type\":\"Organization\",\"@id\":\"https:\/\/hobierotikshop.com.tr\/website1\/#organization\",\"name\":\"Harem Bursa Erotik Shop\",\"url\":\"https:\/\/hobierotikshop.com.tr\/website1\/\",\"logo\":{\"@type\":\"ImageObject\",\"inLanguage\":\"tr\",\"@id\":\"https:\/\/hobierotikshop.com.tr\/website1\/#\/schema\/logo\/image\/\",\"url\":\"https:\/\/haremerotikshop.com\/wp-content\/uploads\/2025\/03\/haremsexshop.png\",\"contentUrl\":\"https:\/\/haremerotikshop.com\/wp-content\/uploads\/2025\/03\/haremsexshop.png\",\"width\":400,\"height\":100,\"caption\":\"Harem Bursa Erotik Shop\"},\"image\":{\"@id\":\"https:\/\/hobierotikshop.com.tr\/website1\/#\/schema\/logo\/image\/\"},\"sameAs\":[\"https:\/\/x.com\/shopbursa\"],\"publishingPrinciples\":\"https:\/\/hobierotikshop.com.tr\/website1\/mesafeli-satis-sozlesmesi\/\",\"ownershipFundingInfo\":\"https:\/\/hobierotikshop.com.tr\/website1\/contact-us\/\",\"actionableFeedbackPolicy\":\"https:\/\/hobierotikshop.com.tr\/website1\/contact-us\/\",\"correctionsPolicy\":\"https:\/\/hobierotikshop.com.tr\/website1\/mesafeli-satis-sozlesmesi\/\"}]}<\/script>\n<meta property=\"product:price:amount\" content=\"2684.00\" \/>\n<meta property=\"product:price:currency\" content=\"TRY\" \/>\n<meta property=\"og:availability\" content=\"out of stock\" \/>\n<meta property=\"product:availability\" content=\"out of stock\" \/>\n<meta property=\"product:retailer_item_id\" content=\"BDM1818\" \/>\n<meta property=\"product:condition\" content=\"new\" \/>\n<!-- \/ Yoast SEO Premium plugin. -->","yoast_head_json":{"title":"25 Cm Realistik Vantuzlu Dildo Penis - Bursa Erotik Shop","robots":{"index":"index","follow":"follow","max-snippet":"max-snippet:-1","max-image-preview":"max-image-preview:large","max-video-preview":"max-video-preview:-1"},"canonical":"https:\/\/hobierotikshop.com.tr\/website1\/erotik-shop-urun\/25-cm-realistik-vantuzlu-dildo-penis\/","og_locale":"tr_TR","og_type":"article","og_title":"25 Cm Realistik Vantuzlu Dildo Penis","og_description":"Ger\u00e7ek\u00e7i doku, ultra yumu\u015fak yap\u0131 ve g\u00fc\u00e7l\u00fc vantuzla birle\u015fen bu \u00f6zel tasar\u0131m dildo, hem yaln\u0131z hem de partnerli kullan\u0131mlar i\u00e7in ideal bir se\u00e7enektir. 25 cm Realistik Vantuzlu Dildo Penis, en do\u011fal hisleri ya\u015faman\u0131z i\u00e7in geli\u015ftirildi. Cilt dostu materyali ve ipeksi y\u00fczeyi sayesinde hem g\u00fcvenli hem de konforlu bir deneyim sunar.","og_url":"https:\/\/hobierotikshop.com.tr\/website1\/erotik-shop-urun\/25-cm-realistik-vantuzlu-dildo-penis\/","og_site_name":"Bursa Erotik Shop","article_modified_time":"2026-01-08T13:24:19+00:00","og_image":[{"width":455,"height":455,"url":"https:\/\/hobierotikshop.com.tr\/website1\/wp-content\/uploads\/2025\/04\/25-cm-realistik-vantuzlu-dildo-penis-569-45.jpg","type":"image\/jpeg"}],"twitter_card":"summary_large_image","twitter_site":"@shopbursa","twitter_misc":{"Fiyat":"&#8378;2.684,00","Availability":"Out of stock"},"schema":{"@context":"https:\/\/schema.org","@graph":[{"@type":"WebPage","@id":"https:\/\/hobierotikshop.com.tr\/website1\/erotik-shop-urun\/25-cm-realistik-vantuzlu-dildo-penis\/","url":"https:\/\/hobierotikshop.com.tr\/website1\/erotik-shop-urun\/25-cm-realistik-vantuzlu-dildo-penis\/","name":"25 Cm Realistik Vantuzlu Dildo Penis - Bursa Erotik Shop","isPartOf":{"@id":"https:\/\/hobierotikshop.com.tr\/website1\/#website"},"primaryImageOfPage":{"@id":"https:\/\/hobierotikshop.com.tr\/website1\/erotik-shop-urun\/25-cm-realistik-vantuzlu-dildo-penis\/#primaryimage"},"image":{"@id":"https:\/\/hobierotikshop.com.tr\/website1\/erotik-shop-urun\/25-cm-realistik-vantuzlu-dildo-penis\/#primaryimage"},"thumbnailUrl":"https:\/\/haremerotikshop.com\/site\/wp-content\/uploads\/2025\/04\/25-cm-realistik-vantuzlu-dildo-penis-569-45.jpg","datePublished":"2025-04-26T13:52:41+00:00","dateModified":"2026-01-08T13:24:19+00:00","breadcrumb":{"@id":"https:\/\/hobierotikshop.com.tr\/website1\/erotik-shop-urun\/25-cm-realistik-vantuzlu-dildo-penis\/#breadcrumb"},"inLanguage":"tr","potentialAction":[{"@type":"ReadAction","target":["https:\/\/hobierotikshop.com.tr\/website1\/erotik-shop-urun\/25-cm-realistik-vantuzlu-dildo-penis\/"]}]},{"@type":"ImageObject","inLanguage":"tr","@id":"https:\/\/hobierotikshop.com.tr\/website1\/erotik-shop-urun\/25-cm-realistik-vantuzlu-dildo-penis\/#primaryimage","url":"https:\/\/haremerotikshop.com\/site\/wp-content\/uploads\/2025\/04\/25-cm-realistik-vantuzlu-dildo-penis-569-45.jpg","contentUrl":"https:\/\/haremerotikshop.com\/site\/wp-content\/uploads\/2025\/04\/25-cm-realistik-vantuzlu-dildo-penis-569-45.jpg","width":455,"height":455},{"@type":"BreadcrumbList","@id":"https:\/\/hobierotikshop.com.tr\/website1\/erotik-shop-urun\/25-cm-realistik-vantuzlu-dildo-penis\/#breadcrumb","itemListElement":[{"@type":"ListItem","position":1,"name":"Anasayfa","item":"https:\/\/hobierotikshop.com.tr\/website1\/"},{"@type":"ListItem","position":2,"name":"Erotik Shop \u00dcr\u00fcnleri","item":"https:\/\/hobierotikshop.com.tr\/website1\/shop\/"},{"@type":"ListItem","position":3,"name":"25 Cm Realistik Vantuzlu Dildo Penis"}]},{"@type":"WebSite","@id":"https:\/\/hobierotikshop.com.tr\/website1\/#website","url":"https:\/\/hobierotikshop.com.tr\/website1\/","name":"Bursa Erotik Shop","description":"Bursa Erotik Shop ile g\u00fcvenli, gizli ve kaliteli yeti\u015fkin \u00fcr\u00fcnleri al\u0131\u015fveri\u015fi! Geni\u015f \u00fcr\u00fcn yelpazemizi ke\u015ffedin, hemen sipari\u015f verin","publisher":{"@id":"https:\/\/hobierotikshop.com.tr\/website1\/#organization"},"alternateName":"Erotik Shop","potentialAction":[{"@type":"SearchAction","target":{"@type":"EntryPoint","urlTemplate":"https:\/\/hobierotikshop.com.tr\/website1\/?s={search_term_string}"},"query-input":{"@type":"PropertyValueSpecification","valueRequired":true,"valueName":"search_term_string"}}],"inLanguage":"tr"},{"@type":"Organization","@id":"https:\/\/hobierotikshop.com.tr\/website1\/#organization","name":"Harem Bursa Erotik Shop","url":"https:\/\/hobierotikshop.com.tr\/website1\/","logo":{"@type":"ImageObject","inLanguage":"tr","@id":"https:\/\/hobierotikshop.com.tr\/website1\/#\/schema\/logo\/image\/","url":"https:\/\/haremerotikshop.com\/wp-content\/uploads\/2025\/03\/haremsexshop.png","contentUrl":"https:\/\/haremerotikshop.com\/wp-content\/uploads\/2025\/03\/haremsexshop.png","width":400,"height":100,"caption":"Harem Bursa Erotik Shop"},"image":{"@id":"https:\/\/hobierotikshop.com.tr\/website1\/#\/schema\/logo\/image\/"},"sameAs":["https:\/\/x.com\/shopbursa"],"publishingPrinciples":"https:\/\/hobierotikshop.com.tr\/website1\/mesafeli-satis-sozlesmesi\/","ownershipFundingInfo":"https:\/\/hobierotikshop.com.tr\/website1\/contact-us\/","actionableFeedbackPolicy":"https:\/\/hobierotikshop.com.tr\/website1\/contact-us\/","correctionsPolicy":"https:\/\/hobierotikshop.com.tr\/website1\/mesafeli-satis-sozlesmesi\/"}]},"product_price_amount":"2684.00","product_price_currency":"TRY","og_availability":"out of stock","product_availability":"out of stock","product_retailer_item_id":"BDM1818","product_condition":"new"},"_links":{"self":[{"href":"https:\/\/haremerotikshop.com\/site\/wp-json\/wp\/v2\/product\/43994","targetHints":{"allow":["GET"]}}],"collection":[{"href":"https:\/\/haremerotikshop.com\/site\/wp-json\/wp\/v2\/product"}],"about":[{"href":"https:\/\/haremerotikshop.com\/site\/wp-json\/wp\/v2\/types\/product"}],"replies":[{"embeddable":true,"href":"https:\/\/haremerotikshop.com\/site\/wp-json\/wp\/v2\/comments?post=43994"}],"version-history":[{"count":0,"href":"https:\/\/haremerotikshop.com\/site\/wp-json\/wp\/v2\/product\/43994\/revisions"}],"wp:featuredmedia":[{"embeddable":true,"href":"https:\/\/haremerotikshop.com\/site\/wp-json\/wp\/v2\/media\/43996"}],"wp:attachment":[{"href":"https:\/\/haremerotikshop.com\/site\/wp-json\/wp\/v2\/media?parent=43994"}],"wp:term":[{"taxonomy":"product_brand","embeddable":true,"href":"https:\/\/haremerotikshop.com\/site\/wp-json\/wp\/v2\/product_brand?post=43994"},{"taxonomy":"product_cat","embeddable":true,"href":"https:\/\/haremerotikshop.com\/site\/wp-json\/wp\/v2\/product_cat?post=43994"},{"taxonomy":"product_tag","embeddable":true,"href":"https:\/\/haremerotikshop.com\/site\/wp-json\/wp\/v2\/product_tag?post=43994"}],"curies":[{"name":"wp","href":"https:\/\/api.w.org\/{rel}","templated":true}]}}