{"id":44079,"date":"2025-04-26T16:53:42","date_gmt":"2025-04-26T13:53:42","guid":{"rendered":"https:\/\/haremerotikshop.com\/site\/erotik-shop-urun\/belden-baglamali-yeni-nesil-buyuk-boy-289-cm-realistik-dildo-penis\/"},"modified":"2026-01-08T16:20:23","modified_gmt":"2026-01-08T13:20:23","slug":"belden-baglamali-yeni-nesil-buyuk-boy-289-cm-realistik-dildo-penis","status":"publish","type":"product","link":"https:\/\/haremerotikshop.com\/site\/erotik-shop-urun\/belden-baglamali-yeni-nesil-buyuk-boy-289-cm-realistik-dildo-penis\/","title":{"rendered":"Belden Ba\u011flamal\u0131 Yeni Nesil B\u00fcy\u00fck Boy 28,9 Cm Realistik Dildo Penis"},"content":{"rendered":"<h2 class=\"\" data-start=\"151\" data-end=\"260\"><strong data-start=\"154\" data-end=\"260\">Belden Ba\u011flamal\u0131 Yeni Nesil B\u00fcy\u00fck Boy 28,9 cm Realistik Dildo Penis \u2013 Ger\u00e7ek\u00e7i Zevkin Zirvesine Ula\u015f\u0131n<\/strong><\/h2>\n<h3 class=\"\" data-start=\"262\" data-end=\"313\"><strong data-start=\"266\" data-end=\"313\">Efsanevi Ger\u00e7ek\u00e7ilik ve M\u00fckemmel Performans<\/strong><\/h3>\n<p class=\"\" data-start=\"315\" data-end=\"637\"><strong data-start=\"315\" data-end=\"369\">Yeni Nesil B\u00fcy\u00fck Boy 28,9 cm Realistik Dildo Penis<\/strong>, ultra yumu\u015fak ve ger\u00e7ek\u00e7i malzemesiyle size e\u015fsiz bir deneyim sunar. Y\u00fcksek kaliteli <strong data-start=\"456\" data-end=\"475\">Soft Cyber Skin<\/strong> teknolojisi ve <strong data-start=\"491\" data-end=\"497\">R5<\/strong> patentli malzeme ile \u00fcretilen bu \u00fcr\u00fcn, t\u0131pk\u0131 ger\u00e7ek bir penis gibi v\u00fccut \u0131s\u0131s\u0131na h\u0131zla uyum sa\u011flayarak ola\u011fan\u00fcst\u00fc bir do\u011fall\u0131k hissi verir.<\/p>\n<hr class=\"\" data-start=\"639\" data-end=\"642\" \/>\n<h3 class=\"\" data-start=\"644\" data-end=\"669\"><strong data-start=\"648\" data-end=\"669\">\u00dcr\u00fcn \u00d6zellikleri:<\/strong><\/h3>\n<p class=\"\" data-start=\"671\" data-end=\"874\">\ud83d\udd39 <strong data-start=\"674\" data-end=\"698\">Ultra Ger\u00e7ek\u00e7i Doku:<\/strong> 28,9 cm uzunlu\u011fundaki bu <strong data-start=\"724\" data-end=\"743\">b\u00fcy\u00fck boy dildo<\/strong>, <strong data-start=\"745\" data-end=\"768\">ger\u00e7ek\u00e7i ten dokusu<\/strong> ve <strong data-start=\"772\" data-end=\"799\">\u00e7ift katmanl\u0131 yap\u0131s\u0131yla<\/strong> do\u011fal hissiyat sa\u011flar. Her dokunu\u015fta, ger\u00e7ek\u00e7i bir deneyim ya\u015fayacaks\u0131n\u0131z.<\/p>\n<p class=\"\" data-start=\"876\" data-end=\"1083\">\ud83d\udd39 <strong data-start=\"879\" data-end=\"911\">Soft Cyber Skin Teknolojisi:<\/strong> <strong data-start=\"912\" data-end=\"926\">R5 malzeme<\/strong> sayesinde, v\u00fccut \u0131s\u0131s\u0131na h\u0131zla ula\u015farak ger\u00e7ek\u00e7i bir his sunar. Yumu\u015fak, ipeksi y\u00fczeyiyle m\u00fckemmel bir doku sa\u011flar ve t\u0131pk\u0131 ger\u00e7ek bir cilt gibi hissedilir.<\/p>\n<p class=\"\" data-start=\"1085\" data-end=\"1289\">\ud83d\udd39 <strong data-start=\"1088\" data-end=\"1108\">Vantuz \u00d6zelli\u011fi:<\/strong> G\u00fc\u00e7l\u00fc vantuz taban\u0131 sayesinde, bu dildo her t\u00fcr d\u00fcz y\u00fczeye sabitlenebilir ve <strong data-start=\"1186\" data-end=\"1200\">hands-free<\/strong> (eller serbest) kullan\u0131m sa\u011flar. Diledi\u011finiz her pozisyonda zevkinizi katlayabilirsiniz.<\/p>\n<p class=\"\" data-start=\"1291\" data-end=\"1480\">\ud83d\udd39 <strong data-start=\"1294\" data-end=\"1317\">Cilt Dostu Malzeme:<\/strong> <strong data-start=\"1318\" data-end=\"1338\">Ftalat i\u00e7ermeyen<\/strong> ve <strong data-start=\"1342\" data-end=\"1356\">cilt dostu<\/strong> malzeme kullan\u0131larak \u00fcretilmi\u015ftir. Sa\u011fl\u0131k a\u00e7\u0131s\u0131ndan tamamen g\u00fcvenli olan bu \u00fcr\u00fcn, uzun s\u00fcreli kullan\u0131mda bile zarar vermez.<\/p>\n<p class=\"\" data-start=\"1482\" data-end=\"1686\">\ud83d\udd39 <strong data-start=\"1485\" data-end=\"1513\">Kemerle Kullan\u0131m \u0130mkan\u0131:<\/strong> \u00dcr\u00fcn, belden ba\u011flamal\u0131 olarak da kullan\u0131labilir. <strong data-start=\"1563\" data-end=\"1587\">Penis ba\u011flama kemeri<\/strong> ve <strong data-start=\"1591\" data-end=\"1610\">kayganla\u015ft\u0131r\u0131c\u0131<\/strong> ile birlikte g\u00f6nderilen set, kullan\u0131m\u0131 daha pratik ve keyifli hale getirir.<\/p>\n<p class=\"\" data-start=\"1688\" data-end=\"1829\">\ud83d\udd39 <strong data-start=\"1691\" data-end=\"1716\">Kolay Temizlenebilir:<\/strong> Hijyen her zaman \u00f6n planda tutulmu\u015ftur. <strong data-start=\"1757\" data-end=\"1781\">Kolay temizlenebilir<\/strong> yap\u0131s\u0131 sayesinde uzun \u00f6m\u00fcrl\u00fc kullan\u0131m sa\u011flan\u0131r.<\/p>\n<p class=\"\" data-start=\"1831\" data-end=\"1847\">\ud83d\udd39 <strong data-start=\"1834\" data-end=\"1847\">Boyutlar:<\/strong><\/p>\n<ul data-start=\"1850\" data-end=\"1944\">\n<li class=\"\" data-start=\"1850\" data-end=\"1879\">\n<p class=\"\" data-start=\"1852\" data-end=\"1879\"><strong data-start=\"1852\" data-end=\"1871\">Toplam Uzunluk:<\/strong> 28,9 cm<\/p>\n<\/li>\n<li class=\"\" data-start=\"1882\" data-end=\"1919\">\n<p class=\"\" data-start=\"1884\" data-end=\"1919\"><strong data-start=\"1884\" data-end=\"1911\">Kullan\u0131labilir Uzunluk:<\/strong> 24,3 cm<\/p>\n<\/li>\n<li class=\"\" data-start=\"1922\" data-end=\"1944\">\n<p class=\"\" data-start=\"1924\" data-end=\"1944\"><strong data-start=\"1924\" data-end=\"1937\">Kal\u0131nl\u0131k:<\/strong> 4,5 cm<\/p>\n<\/li>\n<\/ul>\n<hr class=\"\" data-start=\"1946\" data-end=\"1949\" \/>\n<h3 class=\"\" data-start=\"1951\" data-end=\"1998\"><strong data-start=\"1955\" data-end=\"1998\">Benzersiz Zevk Deneyimi \u0130\u00e7in Tasarland\u0131<\/strong><\/h3>\n<p class=\"\" data-start=\"2000\" data-end=\"2341\">B\u00fcy\u00fck boyutlar\u0131 ve <strong data-start=\"2019\" data-end=\"2040\">ger\u00e7ek\u00e7i tasar\u0131m\u0131<\/strong> ile bu dildo, her kullan\u0131mda m\u00fckemmel bir tatmin sa\u011flar. <strong data-start=\"2098\" data-end=\"2120\">\u00c7ift katmanl\u0131 yap\u0131<\/strong>, en ger\u00e7ek\u00e7i hissiyat\u0131 sunarken, <strong data-start=\"2154\" data-end=\"2173\">Soft Cyber Skin<\/strong> teknolojisi ciltle uyum i\u00e7inde \u00e7al\u0131\u015farak m\u00fckemmel bir uyum sa\u011flar. <strong data-start=\"2241\" data-end=\"2260\">Vantuzlu taban\u0131<\/strong> sayesinde, ellerinizi \u00f6zg\u00fcr b\u0131rakabilir ve tamamen zevkinize odaklanabilirsiniz.<\/p>\n<hr class=\"\" data-start=\"2343\" data-end=\"2346\" \/>\n<h3 class=\"\" data-start=\"2348\" data-end=\"2367\"><strong data-start=\"2352\" data-end=\"2367\">Avantajlar:<\/strong><\/h3>\n<ul data-start=\"2369\" data-end=\"2838\">\n<li class=\"\" data-start=\"2369\" data-end=\"2431\">\n<p class=\"\" data-start=\"2371\" data-end=\"2431\"><strong data-start=\"2371\" data-end=\"2400\">Ger\u00e7ek\u00e7i ve Yumu\u015fak Doku:<\/strong> \u0130nsan tenine en yak\u0131n deneyim.<\/p>\n<\/li>\n<li class=\"\" data-start=\"2432\" data-end=\"2491\">\n<p class=\"\" data-start=\"2434\" data-end=\"2491\"><strong data-start=\"2434\" data-end=\"2457\">\u00c7ift Katmanl\u0131 Yap\u0131:<\/strong> En do\u011fal his i\u00e7in tasarlanm\u0131\u015ft\u0131r.<\/p>\n<\/li>\n<li class=\"\" data-start=\"2492\" data-end=\"2566\">\n<p class=\"\" data-start=\"2494\" data-end=\"2566\"><strong data-start=\"2494\" data-end=\"2514\">Vantuz \u00d6zelli\u011fi:<\/strong> Hands-free kullan\u0131m i\u00e7in her zemine sabitlenebilir.<\/p>\n<\/li>\n<li class=\"\" data-start=\"2567\" data-end=\"2637\">\n<p class=\"\" data-start=\"2569\" data-end=\"2637\"><strong data-start=\"2569\" data-end=\"2601\">Soft Cyber Skin Teknolojisi:<\/strong> Is\u0131 uyumu ile do\u011fal bir his sa\u011flar.<\/p>\n<\/li>\n<li class=\"\" data-start=\"2638\" data-end=\"2720\">\n<p class=\"\" data-start=\"2640\" data-end=\"2720\"><strong data-start=\"2640\" data-end=\"2673\">Cilt Dostu ve Sa\u011fl\u0131k G\u00fcvenli:<\/strong> Ftalat i\u00e7ermeyen malzeme ile g\u00fcvenli kullan\u0131m.<\/p>\n<\/li>\n<li class=\"\" data-start=\"2721\" data-end=\"2773\">\n<p class=\"\" data-start=\"2723\" data-end=\"2773\"><strong data-start=\"2723\" data-end=\"2748\">Kolay Temizlenebilir:<\/strong> Hijyen a\u00e7\u0131s\u0131ndan pratik.<\/p>\n<\/li>\n<li class=\"\" data-start=\"2774\" data-end=\"2838\">\n<p class=\"\" data-start=\"2776\" data-end=\"2838\"><strong data-start=\"2776\" data-end=\"2797\">Kemerle Kullan\u0131m:<\/strong> Strap-on deneyimi isteyenler i\u00e7in uygun.<\/p>\n<\/li>\n<\/ul>\n<hr class=\"\" data-start=\"2840\" data-end=\"2843\" \/>\n<h3 class=\"\" data-start=\"2845\" data-end=\"2885\"><strong data-start=\"2849\" data-end=\"2885\">Gizli Teslimat ve H\u0131zl\u0131 G\u00f6nderim<\/strong><\/h3>\n<p class=\"\" data-start=\"2887\" data-end=\"3085\">\u00dcr\u00fcnlerimiz, <strong data-start=\"2900\" data-end=\"2917\">gizli paketle<\/strong> g\u00f6nderilir ve sipari\u015fleriniz <strong data-start=\"2947\" data-end=\"2965\">en k\u0131sa s\u00fcrede<\/strong> teslim edilir. <strong data-start=\"2981\" data-end=\"2993\">Gizlilik<\/strong> konusunda hassasiyetimiz ile \u00fcr\u00fcnlerimiz hi\u00e7bir \u015fekilde d\u0131\u015far\u0131dan anla\u015f\u0131lmadan size ula\u015f\u0131r.<\/p>\n<hr class=\"\" data-start=\"3087\" data-end=\"3090\" \/>\n<h3 class=\"\" data-start=\"3092\" data-end=\"3117\"><strong data-start=\"3096\" data-end=\"3117\">\u00d6deme Se\u00e7enekleri<\/strong><\/h3>\n<p class=\"\" data-start=\"3119\" data-end=\"3194\"><strong data-start=\"3119\" data-end=\"3140\">G\u00fcvenli al\u0131\u015fveri\u015f<\/strong> yapman\u0131z i\u00e7in farkl\u0131 \u00f6deme se\u00e7enekleri sunulmaktad\u0131r:<\/p>\n<ul data-start=\"3195\" data-end=\"3316\">\n<li class=\"\" data-start=\"3195\" data-end=\"3213\">\n<p class=\"\" data-start=\"3197\" data-end=\"3213\"><strong data-start=\"3197\" data-end=\"3213\">Kap\u0131da \u00f6deme<\/strong><\/p>\n<\/li>\n<li class=\"\" data-start=\"3214\" data-end=\"3241\">\n<p class=\"\" data-start=\"3216\" data-end=\"3241\"><strong data-start=\"3216\" data-end=\"3241\">Kredi kart\u0131 ile \u00f6deme<\/strong><\/p>\n<\/li>\n<li class=\"\" data-start=\"3242\" data-end=\"3272\">\n<p class=\"\" data-start=\"3244\" data-end=\"3272\"><strong data-start=\"3244\" data-end=\"3272\">Banka havalesi ile \u00f6deme<\/strong><\/p>\n<\/li>\n<li class=\"\" data-start=\"3273\" data-end=\"3316\">\n<p class=\"\" data-start=\"3275\" data-end=\"3316\"><strong data-start=\"3275\" data-end=\"3293\">Taksitli \u00f6deme<\/strong> se\u00e7enekleri de mevcut.<\/p>\n<\/li>\n<\/ul>\n<hr class=\"\" data-start=\"3318\" data-end=\"3321\" \/>\n<h3 class=\"\" data-start=\"3323\" data-end=\"3384\"><strong data-start=\"3327\" data-end=\"3384\">Sonu\u00e7: Ger\u00e7ek\u00e7i Bir Deneyim \u0130\u00e7in \u015eimdi Sipari\u015f Verin!<\/strong><\/h3>\n<p class=\"\" data-start=\"3386\" data-end=\"3594\"><strong data-start=\"3386\" data-end=\"3429\">28,9 cm B\u00fcy\u00fck Boy Realistik Dildo Penis<\/strong>, en ger\u00e7ek\u00e7i tasar\u0131m\u0131, <strong data-start=\"3453\" data-end=\"3470\">ger\u00e7ek\u00e7i doku<\/strong> ve <strong data-start=\"3474\" data-end=\"3506\">sa\u011fl\u0131k dostu materyalleriyle<\/strong> m\u00fckemmel bir se\u00e7imdir. \u015eimdi sipari\u015f verin ve <strong data-start=\"3553\" data-end=\"3585\">ger\u00e7ekten farkl\u0131 bir deneyim<\/strong> ya\u015fay\u0131n!<\/p>\n<p>&nbsp;<\/p>\n<p>&nbsp;<\/p>\n<p><a href=\"http:\/\/api.whatsapp.com\/send?phone=905304676616&amp;text=Sipari%C5%9F%20Vermek%20%C4%B0stiyorum%20haremshop%20BDM1291B\"><img fetchpriority=\"high\" decoding=\"async\" class=\"alignnone\" src=\"https:\/\/static.ticimax.cloud\/32886\/uploads\/editoruploads\/whatsapp-destek-hatti.gif\" alt=\"\" width=\"750\" height=\"117\" \/><\/a><\/p>\n","protected":false},"excerpt":{"rendered":"<p><strong data-start=\"315\" data-end=\"369\">Yeni Nesil B\u00fcy\u00fck Boy 28,9 cm Realistik Dildo Penis<\/strong>, ultra yumu\u015fak ve ger\u00e7ek\u00e7i malzemesiyle size e\u015fsiz bir deneyim sunar. Y\u00fcksek kaliteli <strong data-start=\"456\" data-end=\"475\">Soft Cyber Skin<\/strong> teknolojisi ve <strong data-start=\"491\" data-end=\"497\">R5<\/strong> patentli malzeme ile \u00fcretilen bu \u00fcr\u00fcn, t\u0131pk\u0131 ger\u00e7ek bir penis gibi v\u00fccut \u0131s\u0131s\u0131na h\u0131zla uyum sa\u011flayarak ola\u011fan\u00fcst\u00fc bir do\u011fall\u0131k hissi verir.<\/p>\n","protected":false},"featured_media":44081,"comment_status":"closed","ping_status":"closed","template":"","meta":[],"product_brand":[],"product_cat":[498],"product_tag":[],"class_list":{"0":"post-44079","1":"product","2":"type-product","3":"status-publish","4":"has-post-thumbnail","6":"product_cat-belden-baglamali-penisler","8":"first","9":"instock","10":"purchasable","11":"product-type-simple"},"yoast_head":"<!-- This site is optimized with the Yoast SEO Premium plugin v24.4 (Yoast SEO v27.1.1) - https:\/\/yoast.com\/product\/yoast-seo-premium-wordpress\/ -->\n<title>Belden Ba\u011flamal\u0131 Yeni Nesil B\u00fcy\u00fck Boy 28,9 Cm Realistik Dildo Penis - Bursa Erotik Shop<\/title>\n<meta name=\"robots\" content=\"index, follow, max-snippet:-1, max-image-preview:large, max-video-preview:-1\" \/>\n<link rel=\"canonical\" href=\"https:\/\/hobierotikshop.com.tr\/website1\/erotik-shop-urun\/belden-baglamali-yeni-nesil-buyuk-boy-289-cm-realistik-dildo-penis\/\" \/>\n<meta property=\"og:locale\" content=\"tr_TR\" \/>\n<meta property=\"og:type\" content=\"article\" \/>\n<meta property=\"og:title\" content=\"Belden Ba\u011flamal\u0131 Yeni Nesil B\u00fcy\u00fck Boy 28,9 Cm Realistik Dildo Penis\" \/>\n<meta property=\"og:description\" content=\"Yeni Nesil B\u00fcy\u00fck Boy 28,9 cm Realistik Dildo Penis, ultra yumu\u015fak ve ger\u00e7ek\u00e7i malzemesiyle size e\u015fsiz bir deneyim sunar. Y\u00fcksek kaliteli Soft Cyber Skin teknolojisi ve R5 patentli malzeme ile \u00fcretilen bu \u00fcr\u00fcn, t\u0131pk\u0131 ger\u00e7ek bir penis gibi v\u00fccut \u0131s\u0131s\u0131na h\u0131zla uyum sa\u011flayarak ola\u011fan\u00fcst\u00fc bir do\u011fall\u0131k hissi verir.\" \/>\n<meta property=\"og:url\" content=\"https:\/\/hobierotikshop.com.tr\/website1\/erotik-shop-urun\/belden-baglamali-yeni-nesil-buyuk-boy-289-cm-realistik-dildo-penis\/\" \/>\n<meta property=\"og:site_name\" content=\"Bursa Erotik Shop\" \/>\n<meta property=\"article:modified_time\" content=\"2026-01-08T13:20:23+00:00\" \/>\n<meta property=\"og:image\" content=\"https:\/\/hobierotikshop.com.tr\/website1\/wp-content\/uploads\/2025\/04\/belden-baglamali-yeni-nesil-buyuk-boy-1b-15f.jpg\" \/>\n\t<meta property=\"og:image:width\" content=\"455\" \/>\n\t<meta property=\"og:image:height\" content=\"455\" \/>\n\t<meta property=\"og:image:type\" content=\"image\/jpeg\" \/>\n<meta name=\"twitter:card\" content=\"summary_large_image\" \/>\n<meta name=\"twitter:site\" content=\"@shopbursa\" \/>\n<meta name=\"twitter:label1\" content=\"Fiyat\" \/>\n\t<meta name=\"twitter:data1\" content=\"&#8378;5.000,00\" \/>\n\t<meta name=\"twitter:label2\" content=\"Availability\" \/>\n\t<meta name=\"twitter:data2\" content=\"In stock\" \/>\n<script type=\"application\/ld+json\" class=\"yoast-schema-graph\">{\"@context\":\"https:\/\/schema.org\",\"@graph\":[{\"@type\":\"WebPage\",\"@id\":\"https:\/\/hobierotikshop.com.tr\/website1\/erotik-shop-urun\/belden-baglamali-yeni-nesil-buyuk-boy-289-cm-realistik-dildo-penis\/\",\"url\":\"https:\/\/hobierotikshop.com.tr\/website1\/erotik-shop-urun\/belden-baglamali-yeni-nesil-buyuk-boy-289-cm-realistik-dildo-penis\/\",\"name\":\"Belden Ba\u011flamal\u0131 Yeni Nesil B\u00fcy\u00fck Boy 28,9 Cm Realistik Dildo Penis - Bursa Erotik Shop\",\"isPartOf\":{\"@id\":\"https:\/\/hobierotikshop.com.tr\/website1\/#website\"},\"primaryImageOfPage\":{\"@id\":\"https:\/\/hobierotikshop.com.tr\/website1\/erotik-shop-urun\/belden-baglamali-yeni-nesil-buyuk-boy-289-cm-realistik-dildo-penis\/#primaryimage\"},\"image\":{\"@id\":\"https:\/\/hobierotikshop.com.tr\/website1\/erotik-shop-urun\/belden-baglamali-yeni-nesil-buyuk-boy-289-cm-realistik-dildo-penis\/#primaryimage\"},\"thumbnailUrl\":\"https:\/\/haremerotikshop.com\/site\/wp-content\/uploads\/2025\/04\/belden-baglamali-yeni-nesil-buyuk-boy-1b-15f.jpg\",\"datePublished\":\"2025-04-26T13:53:42+00:00\",\"dateModified\":\"2026-01-08T13:20:23+00:00\",\"breadcrumb\":{\"@id\":\"https:\/\/hobierotikshop.com.tr\/website1\/erotik-shop-urun\/belden-baglamali-yeni-nesil-buyuk-boy-289-cm-realistik-dildo-penis\/#breadcrumb\"},\"inLanguage\":\"tr\",\"potentialAction\":[{\"@type\":\"ReadAction\",\"target\":[\"https:\/\/hobierotikshop.com.tr\/website1\/erotik-shop-urun\/belden-baglamali-yeni-nesil-buyuk-boy-289-cm-realistik-dildo-penis\/\"]}]},{\"@type\":\"ImageObject\",\"inLanguage\":\"tr\",\"@id\":\"https:\/\/hobierotikshop.com.tr\/website1\/erotik-shop-urun\/belden-baglamali-yeni-nesil-buyuk-boy-289-cm-realistik-dildo-penis\/#primaryimage\",\"url\":\"https:\/\/haremerotikshop.com\/site\/wp-content\/uploads\/2025\/04\/belden-baglamali-yeni-nesil-buyuk-boy-1b-15f.jpg\",\"contentUrl\":\"https:\/\/haremerotikshop.com\/site\/wp-content\/uploads\/2025\/04\/belden-baglamali-yeni-nesil-buyuk-boy-1b-15f.jpg\",\"width\":455,\"height\":455},{\"@type\":\"BreadcrumbList\",\"@id\":\"https:\/\/hobierotikshop.com.tr\/website1\/erotik-shop-urun\/belden-baglamali-yeni-nesil-buyuk-boy-289-cm-realistik-dildo-penis\/#breadcrumb\",\"itemListElement\":[{\"@type\":\"ListItem\",\"position\":1,\"name\":\"Anasayfa\",\"item\":\"https:\/\/hobierotikshop.com.tr\/website1\/\"},{\"@type\":\"ListItem\",\"position\":2,\"name\":\"Erotik Shop \u00dcr\u00fcnleri\",\"item\":\"https:\/\/hobierotikshop.com.tr\/website1\/shop\/\"},{\"@type\":\"ListItem\",\"position\":3,\"name\":\"Belden Ba\u011flamal\u0131 Yeni Nesil B\u00fcy\u00fck Boy 28,9 Cm Realistik Dildo Penis\"}]},{\"@type\":\"WebSite\",\"@id\":\"https:\/\/hobierotikshop.com.tr\/website1\/#website\",\"url\":\"https:\/\/hobierotikshop.com.tr\/website1\/\",\"name\":\"Bursa Erotik Shop\",\"description\":\"Bursa Erotik Shop ile g\u00fcvenli, gizli ve kaliteli yeti\u015fkin \u00fcr\u00fcnleri al\u0131\u015fveri\u015fi! Geni\u015f \u00fcr\u00fcn yelpazemizi ke\u015ffedin, hemen sipari\u015f verin\",\"publisher\":{\"@id\":\"https:\/\/hobierotikshop.com.tr\/website1\/#organization\"},\"alternateName\":\"Erotik Shop\",\"potentialAction\":[{\"@type\":\"SearchAction\",\"target\":{\"@type\":\"EntryPoint\",\"urlTemplate\":\"https:\/\/hobierotikshop.com.tr\/website1\/?s={search_term_string}\"},\"query-input\":{\"@type\":\"PropertyValueSpecification\",\"valueRequired\":true,\"valueName\":\"search_term_string\"}}],\"inLanguage\":\"tr\"},{\"@type\":\"Organization\",\"@id\":\"https:\/\/hobierotikshop.com.tr\/website1\/#organization\",\"name\":\"Harem Bursa Erotik Shop\",\"url\":\"https:\/\/hobierotikshop.com.tr\/website1\/\",\"logo\":{\"@type\":\"ImageObject\",\"inLanguage\":\"tr\",\"@id\":\"https:\/\/hobierotikshop.com.tr\/website1\/#\/schema\/logo\/image\/\",\"url\":\"https:\/\/haremerotikshop.com\/site\/wp-content\/uploads\/2025\/03\/haremsexshop.png\",\"contentUrl\":\"https:\/\/haremerotikshop.com\/site\/wp-content\/uploads\/2025\/03\/haremsexshop.png\",\"width\":400,\"height\":100,\"caption\":\"Harem Bursa Erotik Shop\"},\"image\":{\"@id\":\"https:\/\/hobierotikshop.com.tr\/website1\/#\/schema\/logo\/image\/\"},\"sameAs\":[\"https:\/\/x.com\/shopbursa\"],\"publishingPrinciples\":\"https:\/\/hobierotikshop.com.tr\/website1\/mesafeli-satis-sozlesmesi\/\",\"ownershipFundingInfo\":\"https:\/\/hobierotikshop.com.tr\/website1\/contact-us\/\",\"actionableFeedbackPolicy\":\"https:\/\/hobierotikshop.com.tr\/website1\/contact-us\/\",\"correctionsPolicy\":\"https:\/\/hobierotikshop.com.tr\/website1\/mesafeli-satis-sozlesmesi\/\"}]}<\/script>\n<meta property=\"product:price:amount\" content=\"5000.00\" \/>\n<meta property=\"product:price:currency\" content=\"TRY\" \/>\n<meta property=\"og:availability\" content=\"instock\" \/>\n<meta property=\"product:availability\" content=\"instock\" \/>\n<meta property=\"product:retailer_item_id\" content=\"BDM1291B\" \/>\n<meta property=\"product:condition\" content=\"new\" \/>\n<!-- \/ Yoast SEO Premium plugin. -->","yoast_head_json":{"title":"Belden Ba\u011flamal\u0131 Yeni Nesil B\u00fcy\u00fck Boy 28,9 Cm Realistik Dildo Penis - Bursa Erotik Shop","robots":{"index":"index","follow":"follow","max-snippet":"max-snippet:-1","max-image-preview":"max-image-preview:large","max-video-preview":"max-video-preview:-1"},"canonical":"https:\/\/hobierotikshop.com.tr\/website1\/erotik-shop-urun\/belden-baglamali-yeni-nesil-buyuk-boy-289-cm-realistik-dildo-penis\/","og_locale":"tr_TR","og_type":"article","og_title":"Belden Ba\u011flamal\u0131 Yeni Nesil B\u00fcy\u00fck Boy 28,9 Cm Realistik Dildo Penis","og_description":"Yeni Nesil B\u00fcy\u00fck Boy 28,9 cm Realistik Dildo Penis, ultra yumu\u015fak ve ger\u00e7ek\u00e7i malzemesiyle size e\u015fsiz bir deneyim sunar. Y\u00fcksek kaliteli Soft Cyber Skin teknolojisi ve R5 patentli malzeme ile \u00fcretilen bu \u00fcr\u00fcn, t\u0131pk\u0131 ger\u00e7ek bir penis gibi v\u00fccut \u0131s\u0131s\u0131na h\u0131zla uyum sa\u011flayarak ola\u011fan\u00fcst\u00fc bir do\u011fall\u0131k hissi verir.","og_url":"https:\/\/hobierotikshop.com.tr\/website1\/erotik-shop-urun\/belden-baglamali-yeni-nesil-buyuk-boy-289-cm-realistik-dildo-penis\/","og_site_name":"Bursa Erotik Shop","article_modified_time":"2026-01-08T13:20:23+00:00","og_image":[{"width":455,"height":455,"url":"https:\/\/hobierotikshop.com.tr\/website1\/wp-content\/uploads\/2025\/04\/belden-baglamali-yeni-nesil-buyuk-boy-1b-15f.jpg","type":"image\/jpeg"}],"twitter_card":"summary_large_image","twitter_site":"@shopbursa","twitter_misc":{"Fiyat":"&#8378;5.000,00","Availability":"In stock"},"schema":{"@context":"https:\/\/schema.org","@graph":[{"@type":"WebPage","@id":"https:\/\/hobierotikshop.com.tr\/website1\/erotik-shop-urun\/belden-baglamali-yeni-nesil-buyuk-boy-289-cm-realistik-dildo-penis\/","url":"https:\/\/hobierotikshop.com.tr\/website1\/erotik-shop-urun\/belden-baglamali-yeni-nesil-buyuk-boy-289-cm-realistik-dildo-penis\/","name":"Belden Ba\u011flamal\u0131 Yeni Nesil B\u00fcy\u00fck Boy 28,9 Cm Realistik Dildo Penis - Bursa Erotik Shop","isPartOf":{"@id":"https:\/\/hobierotikshop.com.tr\/website1\/#website"},"primaryImageOfPage":{"@id":"https:\/\/hobierotikshop.com.tr\/website1\/erotik-shop-urun\/belden-baglamali-yeni-nesil-buyuk-boy-289-cm-realistik-dildo-penis\/#primaryimage"},"image":{"@id":"https:\/\/hobierotikshop.com.tr\/website1\/erotik-shop-urun\/belden-baglamali-yeni-nesil-buyuk-boy-289-cm-realistik-dildo-penis\/#primaryimage"},"thumbnailUrl":"https:\/\/haremerotikshop.com\/site\/wp-content\/uploads\/2025\/04\/belden-baglamali-yeni-nesil-buyuk-boy-1b-15f.jpg","datePublished":"2025-04-26T13:53:42+00:00","dateModified":"2026-01-08T13:20:23+00:00","breadcrumb":{"@id":"https:\/\/hobierotikshop.com.tr\/website1\/erotik-shop-urun\/belden-baglamali-yeni-nesil-buyuk-boy-289-cm-realistik-dildo-penis\/#breadcrumb"},"inLanguage":"tr","potentialAction":[{"@type":"ReadAction","target":["https:\/\/hobierotikshop.com.tr\/website1\/erotik-shop-urun\/belden-baglamali-yeni-nesil-buyuk-boy-289-cm-realistik-dildo-penis\/"]}]},{"@type":"ImageObject","inLanguage":"tr","@id":"https:\/\/hobierotikshop.com.tr\/website1\/erotik-shop-urun\/belden-baglamali-yeni-nesil-buyuk-boy-289-cm-realistik-dildo-penis\/#primaryimage","url":"https:\/\/haremerotikshop.com\/site\/wp-content\/uploads\/2025\/04\/belden-baglamali-yeni-nesil-buyuk-boy-1b-15f.jpg","contentUrl":"https:\/\/haremerotikshop.com\/site\/wp-content\/uploads\/2025\/04\/belden-baglamali-yeni-nesil-buyuk-boy-1b-15f.jpg","width":455,"height":455},{"@type":"BreadcrumbList","@id":"https:\/\/hobierotikshop.com.tr\/website1\/erotik-shop-urun\/belden-baglamali-yeni-nesil-buyuk-boy-289-cm-realistik-dildo-penis\/#breadcrumb","itemListElement":[{"@type":"ListItem","position":1,"name":"Anasayfa","item":"https:\/\/hobierotikshop.com.tr\/website1\/"},{"@type":"ListItem","position":2,"name":"Erotik Shop \u00dcr\u00fcnleri","item":"https:\/\/hobierotikshop.com.tr\/website1\/shop\/"},{"@type":"ListItem","position":3,"name":"Belden Ba\u011flamal\u0131 Yeni Nesil B\u00fcy\u00fck Boy 28,9 Cm Realistik Dildo Penis"}]},{"@type":"WebSite","@id":"https:\/\/hobierotikshop.com.tr\/website1\/#website","url":"https:\/\/hobierotikshop.com.tr\/website1\/","name":"Bursa Erotik Shop","description":"Bursa Erotik Shop ile g\u00fcvenli, gizli ve kaliteli yeti\u015fkin \u00fcr\u00fcnleri al\u0131\u015fveri\u015fi! Geni\u015f \u00fcr\u00fcn yelpazemizi ke\u015ffedin, hemen sipari\u015f verin","publisher":{"@id":"https:\/\/hobierotikshop.com.tr\/website1\/#organization"},"alternateName":"Erotik Shop","potentialAction":[{"@type":"SearchAction","target":{"@type":"EntryPoint","urlTemplate":"https:\/\/hobierotikshop.com.tr\/website1\/?s={search_term_string}"},"query-input":{"@type":"PropertyValueSpecification","valueRequired":true,"valueName":"search_term_string"}}],"inLanguage":"tr"},{"@type":"Organization","@id":"https:\/\/hobierotikshop.com.tr\/website1\/#organization","name":"Harem Bursa Erotik Shop","url":"https:\/\/hobierotikshop.com.tr\/website1\/","logo":{"@type":"ImageObject","inLanguage":"tr","@id":"https:\/\/hobierotikshop.com.tr\/website1\/#\/schema\/logo\/image\/","url":"https:\/\/haremerotikshop.com\/site\/wp-content\/uploads\/2025\/03\/haremsexshop.png","contentUrl":"https:\/\/haremerotikshop.com\/site\/wp-content\/uploads\/2025\/03\/haremsexshop.png","width":400,"height":100,"caption":"Harem Bursa Erotik Shop"},"image":{"@id":"https:\/\/hobierotikshop.com.tr\/website1\/#\/schema\/logo\/image\/"},"sameAs":["https:\/\/x.com\/shopbursa"],"publishingPrinciples":"https:\/\/hobierotikshop.com.tr\/website1\/mesafeli-satis-sozlesmesi\/","ownershipFundingInfo":"https:\/\/hobierotikshop.com.tr\/website1\/contact-us\/","actionableFeedbackPolicy":"https:\/\/hobierotikshop.com.tr\/website1\/contact-us\/","correctionsPolicy":"https:\/\/hobierotikshop.com.tr\/website1\/mesafeli-satis-sozlesmesi\/"}]},"product_price_amount":"5000.00","product_price_currency":"TRY","og_availability":"instock","product_availability":"instock","product_retailer_item_id":"BDM1291B","product_condition":"new"},"_links":{"self":[{"href":"https:\/\/haremerotikshop.com\/site\/wp-json\/wp\/v2\/product\/44079","targetHints":{"allow":["GET"]}}],"collection":[{"href":"https:\/\/haremerotikshop.com\/site\/wp-json\/wp\/v2\/product"}],"about":[{"href":"https:\/\/haremerotikshop.com\/site\/wp-json\/wp\/v2\/types\/product"}],"replies":[{"embeddable":true,"href":"https:\/\/haremerotikshop.com\/site\/wp-json\/wp\/v2\/comments?post=44079"}],"version-history":[{"count":0,"href":"https:\/\/haremerotikshop.com\/site\/wp-json\/wp\/v2\/product\/44079\/revisions"}],"wp:featuredmedia":[{"embeddable":true,"href":"https:\/\/haremerotikshop.com\/site\/wp-json\/wp\/v2\/media\/44081"}],"wp:attachment":[{"href":"https:\/\/haremerotikshop.com\/site\/wp-json\/wp\/v2\/media?parent=44079"}],"wp:term":[{"taxonomy":"product_brand","embeddable":true,"href":"https:\/\/haremerotikshop.com\/site\/wp-json\/wp\/v2\/product_brand?post=44079"},{"taxonomy":"product_cat","embeddable":true,"href":"https:\/\/haremerotikshop.com\/site\/wp-json\/wp\/v2\/product_cat?post=44079"},{"taxonomy":"product_tag","embeddable":true,"href":"https:\/\/haremerotikshop.com\/site\/wp-json\/wp\/v2\/product_tag?post=44079"}],"curies":[{"name":"wp","href":"https:\/\/api.w.org\/{rel}","templated":true}]}}