{"id":44107,"date":"2025-04-26T16:53:42","date_gmt":"2025-04-26T13:53:42","guid":{"rendered":"https:\/\/haremerotikshop.com\/site\/erotik-shop-urun\/belden-baglamali-yeni-nesil-cift-katmanli-215-cm-realistik-dildo-penis\/"},"modified":"2026-01-08T16:21:42","modified_gmt":"2026-01-08T13:21:42","slug":"belden-baglamali-yeni-nesil-cift-katmanli-215-cm-realistik-dildo-penis","status":"publish","type":"product","link":"https:\/\/haremerotikshop.com\/site\/erotik-shop-urun\/belden-baglamali-yeni-nesil-cift-katmanli-215-cm-realistik-dildo-penis\/","title":{"rendered":"Belden Ba\u011flamal\u0131 Yeni Nesil \u00c7ift Katmanl\u0131 21,5 Cm Realistik Dildo Penis"},"content":{"rendered":"<h2 class=\"\" data-start=\"145\" data-end=\"257\"><strong data-start=\"148\" data-end=\"257\">Belden Ba\u011flamal\u0131 Yeni Nesil \u00c7ift Katmanl\u0131 21,5 cm Realistik Dildo Penis \u2013 Ger\u00e7ek\u00e7i Deneyim, Maksimum Zevk<\/strong><\/h2>\n<p class=\"\" data-start=\"259\" data-end=\"642\"><strong data-start=\"259\" data-end=\"317\">Yeni Nesil \u00c7ift Katmanl\u0131 21,5 cm Realistik Dildo Penis<\/strong>, cinsel zevkinizi art\u0131rmak ve benzersiz bir deneyim ya\u015famak i\u00e7in tasarlanm\u0131\u015f bir \u00fcr\u00fcnd\u00fcr. Y\u00fcksek kaliteli malzemeler ve son teknoloji ile \u00fcretilen bu ger\u00e7ek\u00e7i dildo, her kullan\u0131mda ger\u00e7ek ili\u015fki hissiyat\u0131 sunar. <strong data-start=\"530\" data-end=\"554\">Ultra yumu\u015fak dokusu<\/strong> ve <strong data-start=\"558\" data-end=\"579\">ger\u00e7ek\u00e7i g\u00f6r\u00fcn\u00fcm\u00fc<\/strong> ile etkileyici bir deneyim arayanlar i\u00e7in ideal bir tercihtir.<\/p>\n<hr class=\"\" data-start=\"644\" data-end=\"647\" \/>\n<h3 class=\"\" data-start=\"649\" data-end=\"674\"><strong data-start=\"653\" data-end=\"674\">\u00dcr\u00fcn \u00d6zellikleri:<\/strong><\/h3>\n<p class=\"\" data-start=\"676\" data-end=\"893\">\ud83d\udd39 <strong data-start=\"679\" data-end=\"703\">Ger\u00e7ek\u00e7i Ten Dokusu:<\/strong> <strong data-start=\"704\" data-end=\"728\">%100 Soft Cyber Skin<\/strong> patentli R5 malzemesi ile \u00fcretilen bu dildo, inan\u0131lmaz derecede <strong data-start=\"793\" data-end=\"820\">ger\u00e7ek\u00e7i bir ten dokusu<\/strong> sunar. Hem g\u00f6r\u00fcn\u00fcm\u00fc hem de hissiyat\u0131 ile ger\u00e7ek cinsel deneyimi aratmaz.<\/p>\n<p class=\"\" data-start=\"895\" data-end=\"1033\">\ud83d\udd39 <strong data-start=\"898\" data-end=\"923\">V\u00fccut Is\u0131s\u0131na Uyumlu:<\/strong> <strong data-start=\"924\" data-end=\"950\">R5 malzeme teknolojisi<\/strong>, kullan\u0131m s\u0131ras\u0131nda v\u00fccut \u0131s\u0131s\u0131na ula\u015farak daha do\u011fal ve rahat bir deneyim sa\u011flar.<\/p>\n<p class=\"\" data-start=\"1035\" data-end=\"1200\">\ud83d\udd39 <strong data-start=\"1038\" data-end=\"1064\">\u00c7ift Katmanl\u0131 Tasar\u0131m:<\/strong> Ger\u00e7ek\u00e7i bir deneyim i\u00e7in <strong data-start=\"1091\" data-end=\"1115\">\u00e7ift katmanl\u0131 yap\u0131ya<\/strong> sahiptir. Bu \u00f6zellik, dildonun daha esnek, yumu\u015fak ve v\u00fccuda uyumlu olmas\u0131n\u0131 sa\u011flar.<\/p>\n<p class=\"\" data-start=\"1202\" data-end=\"1416\">\ud83d\udd39 <strong data-start=\"1205\" data-end=\"1231\">G\u00fc\u00e7l\u00fc Vantuz \u00d6zelli\u011fi:<\/strong> Her zemine g\u00fcvenli bir \u015fekilde sabitlenebilen <strong data-start=\"1278\" data-end=\"1294\">g\u00fc\u00e7l\u00fc vantuz<\/strong> \u00f6zelli\u011fi ile eller serbest kullan\u0131m imkan\u0131 sunar. \u0130ster yatak, ister duvar gibi d\u00fcz zeminlerde rahat\u00e7a kullanabilirsiniz.<\/p>\n<p class=\"\" data-start=\"1418\" data-end=\"1572\">\ud83d\udd39 <strong data-start=\"1421\" data-end=\"1460\">Cilt Dostu ve Kolay Temizlenebilir:<\/strong> <strong data-start=\"1461\" data-end=\"1487\">Pthalate Free materyal<\/strong> ile \u00fcretilmi\u015ftir, b\u00f6ylece cilt dostudur. Ayr\u0131ca, hijyen i\u00e7in kolayca temizlenebilir.<\/p>\n<p class=\"\" data-start=\"1574\" data-end=\"1773\">\ud83d\udd39 <strong data-start=\"1577\" data-end=\"1617\">Kemer ile Belden Ba\u011flamal\u0131 Kullan\u0131m:<\/strong> \u0130htiya\u00e7 duydu\u011funuzda, <strong data-start=\"1640\" data-end=\"1664\">penis ba\u011flama kemeri<\/strong> ile belden ba\u011flanarak da kullan\u0131labilir, b\u00f6ylece farkl\u0131 kullan\u0131m se\u00e7enekleri ile zevkinizi art\u0131rabilirsiniz.<\/p>\n<hr class=\"\" data-start=\"1775\" data-end=\"1778\" \/>\n<h3 class=\"\" data-start=\"1780\" data-end=\"1797\"><strong data-start=\"1784\" data-end=\"1797\">Boyutlar:<\/strong><\/h3>\n<ul data-start=\"1799\" data-end=\"1893\">\n<li class=\"\" data-start=\"1799\" data-end=\"1828\">\n<p class=\"\" data-start=\"1801\" data-end=\"1828\"><strong data-start=\"1801\" data-end=\"1820\">Toplam Uzunluk:<\/strong> 21,5 cm<\/p>\n<\/li>\n<li class=\"\" data-start=\"1829\" data-end=\"1866\">\n<p class=\"\" data-start=\"1831\" data-end=\"1866\"><strong data-start=\"1831\" data-end=\"1858\">Kullan\u0131labilir Uzunluk:<\/strong> 15,5 cm<\/p>\n<\/li>\n<li class=\"\" data-start=\"1867\" data-end=\"1893\">\n<p class=\"\" data-start=\"1869\" data-end=\"1893\"><strong data-start=\"1869\" data-end=\"1888\">\u00c7ap \/ Kal\u0131nl\u0131k:<\/strong> 4 cm<\/p>\n<\/li>\n<\/ul>\n<hr class=\"\" data-start=\"1895\" data-end=\"1898\" \/>\n<h3 class=\"\" data-start=\"1900\" data-end=\"1943\"><strong data-start=\"1904\" data-end=\"1943\">Gizli G\u00f6nderim ve G\u00fcvenli Teslimat:<\/strong><\/h3>\n<p class=\"\" data-start=\"1945\" data-end=\"2082\">Sipari\u015fleriniz, i\u00e7eri\u011fi anla\u015f\u0131lmayacak \u015fekilde <strong data-start=\"1992\" data-end=\"2019\">gizli ve kapal\u0131 koliler<\/strong> i\u00e7inde g\u00f6nderilir. Gizlili\u011finiz, her zaman \u00f6n planda tutulur.<\/p>\n<hr class=\"\" data-start=\"2084\" data-end=\"2087\" \/>\n<h3 class=\"\" data-start=\"2089\" data-end=\"2115\"><strong data-start=\"2093\" data-end=\"2115\">\u00d6deme Se\u00e7enekleri:<\/strong><\/h3>\n<p class=\"\" data-start=\"2117\" data-end=\"2249\"><strong data-start=\"2117\" data-end=\"2178\">Belden Ba\u011flamal\u0131 Yeni Nesil 21,5 cm Realistik Dildo Penis<\/strong> ile g\u00fcvenli bir al\u0131\u015fveri\u015f deneyimi sunuyoruz. \u00d6deme se\u00e7eneklerimizden:<\/p>\n<ul data-start=\"2250\" data-end=\"2456\">\n<li class=\"\" data-start=\"2250\" data-end=\"2311\">\n<p class=\"\" data-start=\"2252\" data-end=\"2311\"><strong data-start=\"2252\" data-end=\"2268\">Kap\u0131da \u00f6deme<\/strong> se\u00e7ene\u011fi ile rahat\u00e7a \u00f6deme yapabilirsiniz.<\/p>\n<\/li>\n<li class=\"\" data-start=\"2312\" data-end=\"2362\">\n<p class=\"\" data-start=\"2314\" data-end=\"2362\"><strong data-start=\"2314\" data-end=\"2329\">Kredi kart\u0131<\/strong> ile g\u00fcvenli online \u00f6deme imkan\u0131.<\/p>\n<\/li>\n<li class=\"\" data-start=\"2363\" data-end=\"2409\">\n<p class=\"\" data-start=\"2365\" data-end=\"2409\"><strong data-start=\"2365\" data-end=\"2383\">Banka havalesi<\/strong> ile \u00f6deme yapabilirsiniz.<\/p>\n<\/li>\n<li class=\"\" data-start=\"2410\" data-end=\"2456\">\n<p class=\"\" data-start=\"2412\" data-end=\"2456\"><strong data-start=\"2412\" data-end=\"2430\">Taksitli \u00f6deme<\/strong> se\u00e7enekleri de mevcuttur.<\/p>\n<\/li>\n<\/ul>\n<hr class=\"\" data-start=\"2458\" data-end=\"2461\" \/>\n<h3 class=\"\" data-start=\"2463\" data-end=\"2513\"><strong data-start=\"2467\" data-end=\"2513\">H\u0131zl\u0131 G\u00f6nderim ve Orijinal \u00dcr\u00fcn Garantisi:<\/strong><\/h3>\n<p class=\"\" data-start=\"2515\" data-end=\"2750\">T\u00fcm \u00fcr\u00fcnlerimiz <strong data-start=\"2531\" data-end=\"2549\">h\u0131zl\u0131 g\u00f6nderim<\/strong> ile sizlere ula\u015ft\u0131r\u0131l\u0131r. Ayr\u0131ca, ald\u0131\u011f\u0131n\u0131z \u00fcr\u00fcn\u00fcn <strong data-start=\"2600\" data-end=\"2612\">orijinal<\/strong> oldu\u011fundan emin olabilirsiniz. Sipari\u015fler, <strong data-start=\"2656\" data-end=\"2671\">gizli kargo<\/strong> ile g\u00f6nderilerek teslim edilir ve her \u015fey eksiksiz bir \u015fekilde elinize ula\u015f\u0131r.<\/p>\n<hr class=\"\" data-start=\"2752\" data-end=\"2755\" \/>\n<h3 class=\"\" data-start=\"2757\" data-end=\"2812\"><strong data-start=\"2761\" data-end=\"2812\">Sonu\u00e7: Benzersiz Zevk \u0130\u00e7in Yeni Nesil Teknoloji<\/strong><\/h3>\n<p class=\"\" data-start=\"2814\" data-end=\"3134\"><strong data-start=\"2814\" data-end=\"2875\">Belden Ba\u011flamal\u0131 Yeni Nesil 21,5 cm Realistik Dildo Penis<\/strong>, ger\u00e7ek\u00e7i yap\u0131s\u0131 ve kullan\u0131\u015fl\u0131 tasar\u0131m\u0131yla, her t\u00fcrl\u00fc beklentiyi kar\u015f\u0131layarak unutulmaz bir deneyim sunar. Her kullan\u0131mda ger\u00e7ek\u00e7i bir hissiyat arayanlar i\u00e7in ideal bir se\u00e7enektir. \u00dcr\u00fcn\u00fc hemen sipari\u015f edin ve cinsel ya\u015fam\u0131n\u0131z\u0131 daha tatmin edici hale getirin!<\/p>\n<p>&nbsp;<\/p>\n<p>&nbsp;<\/p>\n<p><a href=\"http:\/\/api.whatsapp.com\/send?phone=905304676616&amp;text=Sipari%C5%9F%20Vermek%20%C4%B0stiyorum%20haremshop%20BDM1293B\"><img fetchpriority=\"high\" decoding=\"async\" class=\"alignnone\" src=\"https:\/\/static.ticimax.cloud\/32886\/uploads\/editoruploads\/whatsapp-destek-hatti.gif\" alt=\"\" width=\"750\" height=\"117\" \/><\/a><\/p>\n","protected":false},"excerpt":{"rendered":"<p><strong data-start=\"259\" data-end=\"317\">Yeni Nesil \u00c7ift Katmanl\u0131 21,5 cm Realistik Dildo Penis<\/strong>, cinsel zevkinizi art\u0131rmak ve benzersiz bir deneyim ya\u015famak i\u00e7in tasarlanm\u0131\u015f bir \u00fcr\u00fcnd\u00fcr. Y\u00fcksek kaliteli malzemeler ve son teknoloji ile \u00fcretilen bu ger\u00e7ek\u00e7i dildo, her kullan\u0131mda ger\u00e7ek ili\u015fki hissiyat\u0131 sunar. <strong data-start=\"530\" data-end=\"554\">Ultra yumu\u015fak dokusu<\/strong> ve <strong data-start=\"558\" data-end=\"579\">ger\u00e7ek\u00e7i g\u00f6r\u00fcn\u00fcm\u00fc<\/strong> ile etkileyici bir deneyim arayanlar i\u00e7in ideal bir tercihtir.<\/p>\n","protected":false},"featured_media":44109,"comment_status":"closed","ping_status":"closed","template":"","meta":[],"product_brand":[],"product_cat":[498],"product_tag":[],"class_list":{"0":"post-44107","1":"product","2":"type-product","3":"status-publish","4":"has-post-thumbnail","6":"product_cat-belden-baglamali-penisler","8":"first","9":"outofstock","10":"purchasable","11":"product-type-simple"},"yoast_head":"<!-- This site is optimized with the Yoast SEO Premium plugin v24.4 (Yoast SEO v27.1.1) - https:\/\/yoast.com\/product\/yoast-seo-premium-wordpress\/ -->\n<title>Belden Ba\u011flamal\u0131 Yeni Nesil \u00c7ift Katmanl\u0131 21,5 Cm Realistik Dildo Penis - Bursa Erotik Shop<\/title>\n<meta name=\"robots\" content=\"index, follow, max-snippet:-1, max-image-preview:large, max-video-preview:-1\" \/>\n<link rel=\"canonical\" href=\"https:\/\/hobierotikshop.com.tr\/website1\/erotik-shop-urun\/belden-baglamali-yeni-nesil-cift-katmanli-215-cm-realistik-dildo-penis\/\" \/>\n<meta property=\"og:locale\" content=\"tr_TR\" \/>\n<meta property=\"og:type\" content=\"article\" \/>\n<meta property=\"og:title\" content=\"Belden Ba\u011flamal\u0131 Yeni Nesil \u00c7ift Katmanl\u0131 21,5 Cm Realistik Dildo Penis\" \/>\n<meta property=\"og:description\" content=\"Yeni Nesil \u00c7ift Katmanl\u0131 21,5 cm Realistik Dildo Penis, cinsel zevkinizi art\u0131rmak ve benzersiz bir deneyim ya\u015famak i\u00e7in tasarlanm\u0131\u015f bir \u00fcr\u00fcnd\u00fcr. Y\u00fcksek kaliteli malzemeler ve son teknoloji ile \u00fcretilen bu ger\u00e7ek\u00e7i dildo, her kullan\u0131mda ger\u00e7ek ili\u015fki hissiyat\u0131 sunar. Ultra yumu\u015fak dokusu ve ger\u00e7ek\u00e7i g\u00f6r\u00fcn\u00fcm\u00fc ile etkileyici bir deneyim arayanlar i\u00e7in ideal bir tercihtir.\" \/>\n<meta property=\"og:url\" content=\"https:\/\/hobierotikshop.com.tr\/website1\/erotik-shop-urun\/belden-baglamali-yeni-nesil-cift-katmanli-215-cm-realistik-dildo-penis\/\" \/>\n<meta property=\"og:site_name\" content=\"Bursa Erotik Shop\" \/>\n<meta property=\"article:modified_time\" content=\"2026-01-08T13:21:42+00:00\" \/>\n<meta property=\"og:image\" content=\"https:\/\/hobierotikshop.com.tr\/website1\/wp-content\/uploads\/2025\/04\/belden-baglamali-yeni-nesil-cift-katma-ca22ae.jpg\" \/>\n\t<meta property=\"og:image:width\" content=\"455\" \/>\n\t<meta property=\"og:image:height\" content=\"455\" \/>\n\t<meta property=\"og:image:type\" content=\"image\/jpeg\" \/>\n<meta name=\"twitter:card\" content=\"summary_large_image\" \/>\n<meta name=\"twitter:site\" content=\"@shopbursa\" \/>\n<meta name=\"twitter:label1\" content=\"Fiyat\" \/>\n\t<meta name=\"twitter:data1\" content=\"&#8378;3.800,00\" \/>\n\t<meta name=\"twitter:label2\" content=\"Availability\" \/>\n\t<meta name=\"twitter:data2\" content=\"Out of stock\" \/>\n<script type=\"application\/ld+json\" class=\"yoast-schema-graph\">{\"@context\":\"https:\/\/schema.org\",\"@graph\":[{\"@type\":\"WebPage\",\"@id\":\"https:\/\/hobierotikshop.com.tr\/website1\/erotik-shop-urun\/belden-baglamali-yeni-nesil-cift-katmanli-215-cm-realistik-dildo-penis\/\",\"url\":\"https:\/\/hobierotikshop.com.tr\/website1\/erotik-shop-urun\/belden-baglamali-yeni-nesil-cift-katmanli-215-cm-realistik-dildo-penis\/\",\"name\":\"Belden Ba\u011flamal\u0131 Yeni Nesil \u00c7ift Katmanl\u0131 21,5 Cm Realistik Dildo Penis - Bursa Erotik Shop\",\"isPartOf\":{\"@id\":\"https:\/\/hobierotikshop.com.tr\/website1\/#website\"},\"primaryImageOfPage\":{\"@id\":\"https:\/\/hobierotikshop.com.tr\/website1\/erotik-shop-urun\/belden-baglamali-yeni-nesil-cift-katmanli-215-cm-realistik-dildo-penis\/#primaryimage\"},\"image\":{\"@id\":\"https:\/\/hobierotikshop.com.tr\/website1\/erotik-shop-urun\/belden-baglamali-yeni-nesil-cift-katmanli-215-cm-realistik-dildo-penis\/#primaryimage\"},\"thumbnailUrl\":\"https:\/\/haremerotikshop.com\/site\/wp-content\/uploads\/2025\/04\/belden-baglamali-yeni-nesil-cift-katma-ca22ae.jpg\",\"datePublished\":\"2025-04-26T13:53:42+00:00\",\"dateModified\":\"2026-01-08T13:21:42+00:00\",\"breadcrumb\":{\"@id\":\"https:\/\/hobierotikshop.com.tr\/website1\/erotik-shop-urun\/belden-baglamali-yeni-nesil-cift-katmanli-215-cm-realistik-dildo-penis\/#breadcrumb\"},\"inLanguage\":\"tr\",\"potentialAction\":[{\"@type\":\"ReadAction\",\"target\":[\"https:\/\/hobierotikshop.com.tr\/website1\/erotik-shop-urun\/belden-baglamali-yeni-nesil-cift-katmanli-215-cm-realistik-dildo-penis\/\"]}]},{\"@type\":\"ImageObject\",\"inLanguage\":\"tr\",\"@id\":\"https:\/\/hobierotikshop.com.tr\/website1\/erotik-shop-urun\/belden-baglamali-yeni-nesil-cift-katmanli-215-cm-realistik-dildo-penis\/#primaryimage\",\"url\":\"https:\/\/haremerotikshop.com\/site\/wp-content\/uploads\/2025\/04\/belden-baglamali-yeni-nesil-cift-katma-ca22ae.jpg\",\"contentUrl\":\"https:\/\/haremerotikshop.com\/site\/wp-content\/uploads\/2025\/04\/belden-baglamali-yeni-nesil-cift-katma-ca22ae.jpg\",\"width\":455,\"height\":455},{\"@type\":\"BreadcrumbList\",\"@id\":\"https:\/\/hobierotikshop.com.tr\/website1\/erotik-shop-urun\/belden-baglamali-yeni-nesil-cift-katmanli-215-cm-realistik-dildo-penis\/#breadcrumb\",\"itemListElement\":[{\"@type\":\"ListItem\",\"position\":1,\"name\":\"Anasayfa\",\"item\":\"https:\/\/hobierotikshop.com.tr\/website1\/\"},{\"@type\":\"ListItem\",\"position\":2,\"name\":\"Erotik Shop \u00dcr\u00fcnleri\",\"item\":\"https:\/\/hobierotikshop.com.tr\/website1\/shop\/\"},{\"@type\":\"ListItem\",\"position\":3,\"name\":\"Belden Ba\u011flamal\u0131 Yeni Nesil \u00c7ift Katmanl\u0131 21,5 Cm Realistik Dildo Penis\"}]},{\"@type\":\"WebSite\",\"@id\":\"https:\/\/hobierotikshop.com.tr\/website1\/#website\",\"url\":\"https:\/\/hobierotikshop.com.tr\/website1\/\",\"name\":\"Bursa Erotik Shop\",\"description\":\"Bursa Erotik Shop ile g\u00fcvenli, gizli ve kaliteli yeti\u015fkin \u00fcr\u00fcnleri al\u0131\u015fveri\u015fi! Geni\u015f \u00fcr\u00fcn yelpazemizi ke\u015ffedin, hemen sipari\u015f verin\",\"publisher\":{\"@id\":\"https:\/\/hobierotikshop.com.tr\/website1\/#organization\"},\"alternateName\":\"Erotik Shop\",\"potentialAction\":[{\"@type\":\"SearchAction\",\"target\":{\"@type\":\"EntryPoint\",\"urlTemplate\":\"https:\/\/hobierotikshop.com.tr\/website1\/?s={search_term_string}\"},\"query-input\":{\"@type\":\"PropertyValueSpecification\",\"valueRequired\":true,\"valueName\":\"search_term_string\"}}],\"inLanguage\":\"tr\"},{\"@type\":\"Organization\",\"@id\":\"https:\/\/hobierotikshop.com.tr\/website1\/#organization\",\"name\":\"Harem Bursa Erotik Shop\",\"url\":\"https:\/\/hobierotikshop.com.tr\/website1\/\",\"logo\":{\"@type\":\"ImageObject\",\"inLanguage\":\"tr\",\"@id\":\"https:\/\/hobierotikshop.com.tr\/website1\/#\/schema\/logo\/image\/\",\"url\":\"https:\/\/haremerotikshop.com\/site\/wp-content\/uploads\/2025\/03\/haremsexshop.png\",\"contentUrl\":\"https:\/\/haremerotikshop.com\/site\/wp-content\/uploads\/2025\/03\/haremsexshop.png\",\"width\":400,\"height\":100,\"caption\":\"Harem Bursa Erotik Shop\"},\"image\":{\"@id\":\"https:\/\/hobierotikshop.com.tr\/website1\/#\/schema\/logo\/image\/\"},\"sameAs\":[\"https:\/\/x.com\/shopbursa\"],\"publishingPrinciples\":\"https:\/\/hobierotikshop.com.tr\/website1\/mesafeli-satis-sozlesmesi\/\",\"ownershipFundingInfo\":\"https:\/\/hobierotikshop.com.tr\/website1\/contact-us\/\",\"actionableFeedbackPolicy\":\"https:\/\/hobierotikshop.com.tr\/website1\/contact-us\/\",\"correctionsPolicy\":\"https:\/\/hobierotikshop.com.tr\/website1\/mesafeli-satis-sozlesmesi\/\"}]}<\/script>\n<meta property=\"product:price:amount\" content=\"3800.00\" \/>\n<meta property=\"product:price:currency\" content=\"TRY\" \/>\n<meta property=\"og:availability\" content=\"out of stock\" \/>\n<meta property=\"product:availability\" content=\"out of stock\" \/>\n<meta property=\"product:retailer_item_id\" content=\"BDM1293B\" \/>\n<meta property=\"product:condition\" content=\"new\" \/>\n<!-- \/ Yoast SEO Premium plugin. -->","yoast_head_json":{"title":"Belden Ba\u011flamal\u0131 Yeni Nesil \u00c7ift Katmanl\u0131 21,5 Cm Realistik Dildo Penis - Bursa Erotik Shop","robots":{"index":"index","follow":"follow","max-snippet":"max-snippet:-1","max-image-preview":"max-image-preview:large","max-video-preview":"max-video-preview:-1"},"canonical":"https:\/\/hobierotikshop.com.tr\/website1\/erotik-shop-urun\/belden-baglamali-yeni-nesil-cift-katmanli-215-cm-realistik-dildo-penis\/","og_locale":"tr_TR","og_type":"article","og_title":"Belden Ba\u011flamal\u0131 Yeni Nesil \u00c7ift Katmanl\u0131 21,5 Cm Realistik Dildo Penis","og_description":"Yeni Nesil \u00c7ift Katmanl\u0131 21,5 cm Realistik Dildo Penis, cinsel zevkinizi art\u0131rmak ve benzersiz bir deneyim ya\u015famak i\u00e7in tasarlanm\u0131\u015f bir \u00fcr\u00fcnd\u00fcr. Y\u00fcksek kaliteli malzemeler ve son teknoloji ile \u00fcretilen bu ger\u00e7ek\u00e7i dildo, her kullan\u0131mda ger\u00e7ek ili\u015fki hissiyat\u0131 sunar. Ultra yumu\u015fak dokusu ve ger\u00e7ek\u00e7i g\u00f6r\u00fcn\u00fcm\u00fc ile etkileyici bir deneyim arayanlar i\u00e7in ideal bir tercihtir.","og_url":"https:\/\/hobierotikshop.com.tr\/website1\/erotik-shop-urun\/belden-baglamali-yeni-nesil-cift-katmanli-215-cm-realistik-dildo-penis\/","og_site_name":"Bursa Erotik Shop","article_modified_time":"2026-01-08T13:21:42+00:00","og_image":[{"width":455,"height":455,"url":"https:\/\/hobierotikshop.com.tr\/website1\/wp-content\/uploads\/2025\/04\/belden-baglamali-yeni-nesil-cift-katma-ca22ae.jpg","type":"image\/jpeg"}],"twitter_card":"summary_large_image","twitter_site":"@shopbursa","twitter_misc":{"Fiyat":"&#8378;3.800,00","Availability":"Out of stock"},"schema":{"@context":"https:\/\/schema.org","@graph":[{"@type":"WebPage","@id":"https:\/\/hobierotikshop.com.tr\/website1\/erotik-shop-urun\/belden-baglamali-yeni-nesil-cift-katmanli-215-cm-realistik-dildo-penis\/","url":"https:\/\/hobierotikshop.com.tr\/website1\/erotik-shop-urun\/belden-baglamali-yeni-nesil-cift-katmanli-215-cm-realistik-dildo-penis\/","name":"Belden Ba\u011flamal\u0131 Yeni Nesil \u00c7ift Katmanl\u0131 21,5 Cm Realistik Dildo Penis - Bursa Erotik Shop","isPartOf":{"@id":"https:\/\/hobierotikshop.com.tr\/website1\/#website"},"primaryImageOfPage":{"@id":"https:\/\/hobierotikshop.com.tr\/website1\/erotik-shop-urun\/belden-baglamali-yeni-nesil-cift-katmanli-215-cm-realistik-dildo-penis\/#primaryimage"},"image":{"@id":"https:\/\/hobierotikshop.com.tr\/website1\/erotik-shop-urun\/belden-baglamali-yeni-nesil-cift-katmanli-215-cm-realistik-dildo-penis\/#primaryimage"},"thumbnailUrl":"https:\/\/haremerotikshop.com\/site\/wp-content\/uploads\/2025\/04\/belden-baglamali-yeni-nesil-cift-katma-ca22ae.jpg","datePublished":"2025-04-26T13:53:42+00:00","dateModified":"2026-01-08T13:21:42+00:00","breadcrumb":{"@id":"https:\/\/hobierotikshop.com.tr\/website1\/erotik-shop-urun\/belden-baglamali-yeni-nesil-cift-katmanli-215-cm-realistik-dildo-penis\/#breadcrumb"},"inLanguage":"tr","potentialAction":[{"@type":"ReadAction","target":["https:\/\/hobierotikshop.com.tr\/website1\/erotik-shop-urun\/belden-baglamali-yeni-nesil-cift-katmanli-215-cm-realistik-dildo-penis\/"]}]},{"@type":"ImageObject","inLanguage":"tr","@id":"https:\/\/hobierotikshop.com.tr\/website1\/erotik-shop-urun\/belden-baglamali-yeni-nesil-cift-katmanli-215-cm-realistik-dildo-penis\/#primaryimage","url":"https:\/\/haremerotikshop.com\/site\/wp-content\/uploads\/2025\/04\/belden-baglamali-yeni-nesil-cift-katma-ca22ae.jpg","contentUrl":"https:\/\/haremerotikshop.com\/site\/wp-content\/uploads\/2025\/04\/belden-baglamali-yeni-nesil-cift-katma-ca22ae.jpg","width":455,"height":455},{"@type":"BreadcrumbList","@id":"https:\/\/hobierotikshop.com.tr\/website1\/erotik-shop-urun\/belden-baglamali-yeni-nesil-cift-katmanli-215-cm-realistik-dildo-penis\/#breadcrumb","itemListElement":[{"@type":"ListItem","position":1,"name":"Anasayfa","item":"https:\/\/hobierotikshop.com.tr\/website1\/"},{"@type":"ListItem","position":2,"name":"Erotik Shop \u00dcr\u00fcnleri","item":"https:\/\/hobierotikshop.com.tr\/website1\/shop\/"},{"@type":"ListItem","position":3,"name":"Belden Ba\u011flamal\u0131 Yeni Nesil \u00c7ift Katmanl\u0131 21,5 Cm Realistik Dildo Penis"}]},{"@type":"WebSite","@id":"https:\/\/hobierotikshop.com.tr\/website1\/#website","url":"https:\/\/hobierotikshop.com.tr\/website1\/","name":"Bursa Erotik Shop","description":"Bursa Erotik Shop ile g\u00fcvenli, gizli ve kaliteli yeti\u015fkin \u00fcr\u00fcnleri al\u0131\u015fveri\u015fi! Geni\u015f \u00fcr\u00fcn yelpazemizi ke\u015ffedin, hemen sipari\u015f verin","publisher":{"@id":"https:\/\/hobierotikshop.com.tr\/website1\/#organization"},"alternateName":"Erotik Shop","potentialAction":[{"@type":"SearchAction","target":{"@type":"EntryPoint","urlTemplate":"https:\/\/hobierotikshop.com.tr\/website1\/?s={search_term_string}"},"query-input":{"@type":"PropertyValueSpecification","valueRequired":true,"valueName":"search_term_string"}}],"inLanguage":"tr"},{"@type":"Organization","@id":"https:\/\/hobierotikshop.com.tr\/website1\/#organization","name":"Harem Bursa Erotik Shop","url":"https:\/\/hobierotikshop.com.tr\/website1\/","logo":{"@type":"ImageObject","inLanguage":"tr","@id":"https:\/\/hobierotikshop.com.tr\/website1\/#\/schema\/logo\/image\/","url":"https:\/\/haremerotikshop.com\/site\/wp-content\/uploads\/2025\/03\/haremsexshop.png","contentUrl":"https:\/\/haremerotikshop.com\/site\/wp-content\/uploads\/2025\/03\/haremsexshop.png","width":400,"height":100,"caption":"Harem Bursa Erotik Shop"},"image":{"@id":"https:\/\/hobierotikshop.com.tr\/website1\/#\/schema\/logo\/image\/"},"sameAs":["https:\/\/x.com\/shopbursa"],"publishingPrinciples":"https:\/\/hobierotikshop.com.tr\/website1\/mesafeli-satis-sozlesmesi\/","ownershipFundingInfo":"https:\/\/hobierotikshop.com.tr\/website1\/contact-us\/","actionableFeedbackPolicy":"https:\/\/hobierotikshop.com.tr\/website1\/contact-us\/","correctionsPolicy":"https:\/\/hobierotikshop.com.tr\/website1\/mesafeli-satis-sozlesmesi\/"}]},"product_price_amount":"3800.00","product_price_currency":"TRY","og_availability":"out of stock","product_availability":"out of stock","product_retailer_item_id":"BDM1293B","product_condition":"new"},"_links":{"self":[{"href":"https:\/\/haremerotikshop.com\/site\/wp-json\/wp\/v2\/product\/44107","targetHints":{"allow":["GET"]}}],"collection":[{"href":"https:\/\/haremerotikshop.com\/site\/wp-json\/wp\/v2\/product"}],"about":[{"href":"https:\/\/haremerotikshop.com\/site\/wp-json\/wp\/v2\/types\/product"}],"replies":[{"embeddable":true,"href":"https:\/\/haremerotikshop.com\/site\/wp-json\/wp\/v2\/comments?post=44107"}],"version-history":[{"count":0,"href":"https:\/\/haremerotikshop.com\/site\/wp-json\/wp\/v2\/product\/44107\/revisions"}],"wp:featuredmedia":[{"embeddable":true,"href":"https:\/\/haremerotikshop.com\/site\/wp-json\/wp\/v2\/media\/44109"}],"wp:attachment":[{"href":"https:\/\/haremerotikshop.com\/site\/wp-json\/wp\/v2\/media?parent=44107"}],"wp:term":[{"taxonomy":"product_brand","embeddable":true,"href":"https:\/\/haremerotikshop.com\/site\/wp-json\/wp\/v2\/product_brand?post=44107"},{"taxonomy":"product_cat","embeddable":true,"href":"https:\/\/haremerotikshop.com\/site\/wp-json\/wp\/v2\/product_cat?post=44107"},{"taxonomy":"product_tag","embeddable":true,"href":"https:\/\/haremerotikshop.com\/site\/wp-json\/wp\/v2\/product_tag?post=44107"}],"curies":[{"name":"wp","href":"https:\/\/api.w.org\/{rel}","templated":true}]}}