{"id":44191,"date":"2025-04-26T16:55:53","date_gmt":"2025-04-26T13:55:53","guid":{"rendered":"https:\/\/haremerotikshop.com\/site\/erotik-shop-urun\/usbden-sarjli-kumandali-emme-ve-titresim-fonksiyonlu-realistik-kalca-mag\/"},"modified":"2026-01-09T02:58:49","modified_gmt":"2026-01-08T23:58:49","slug":"usbden-sarjli-kumandali-emme-ve-titresim-fonksiyonlu-realistik-kalca-mag","status":"publish","type":"product","link":"https:\/\/haremerotikshop.com\/site\/erotik-shop-urun\/usbden-sarjli-kumandali-emme-ve-titresim-fonksiyonlu-realistik-kalca-mag\/","title":{"rendered":"Usb&#8217;den \u015earjl\u0131 Kumandal\u0131 Emme Ve Titre\u015fim Fonksiyonlu Realistik Kal\u00e7a &#8211; Mag"},"content":{"rendered":"<h2 class=\"\" data-start=\"156\" data-end=\"253\"><strong data-start=\"159\" data-end=\"253\">MAG Realistik Kal\u00e7a | Kumandal\u0131, Emme ve Titre\u015fim Fonksiyonlu Ultra Ger\u00e7ek\u00e7i Seks Oyunca\u011f\u0131<\/strong><\/h2>\n<p class=\"\" data-start=\"255\" data-end=\"588\">Ger\u00e7eklik s\u0131n\u0131rlar\u0131n\u0131 zorlayan tasar\u0131m\u0131 ve teknolojiyle birle\u015fen i\u015flevselli\u011fiyle kar\u015f\u0131n\u0131zda: <strong data-start=\"348\" data-end=\"371\">MAG Realistik Kal\u00e7a<\/strong>.<br data-start=\"372\" data-end=\"375\" \/>Emme ve titre\u015fim fonksiyonlar\u0131n\u0131 bir arada sunan bu cilt dostu seks oyunca\u011f\u0131, hem g\u00f6r\u00fcn\u00fcm hem de his olarak partner deneyimini ya\u015fat\u0131r. \u00d6zellikle boyutlar\u0131 ve detayl\u0131 tasar\u0131m\u0131 ile benzersiz bir haz deneyimi sunar.<\/p>\n<hr class=\"\" data-start=\"590\" data-end=\"593\" \/>\n<h3 class=\"\" data-start=\"595\" data-end=\"642\">\ud83d\udc8e <strong data-start=\"602\" data-end=\"642\">\u00dcst\u00fcn \u00d6zellikler ve Ger\u00e7ek\u00e7i Deneyim<\/strong><\/h3>\n<ul data-start=\"644\" data-end=\"1366\">\n<li class=\"\" data-start=\"644\" data-end=\"725\">\n<p class=\"\" data-start=\"646\" data-end=\"725\">\ud83c\udfae <strong data-start=\"649\" data-end=\"671\">Kumandal\u0131 Kullan\u0131m<\/strong>: T\u00fcm fonksiyonlara uzaktan kolayca eri\u015fim sa\u011flay\u0131n.<\/p>\n<\/li>\n<li class=\"\" data-start=\"726\" data-end=\"813\">\n<p class=\"\" data-start=\"728\" data-end=\"813\">\ud83d\udca8 <strong data-start=\"731\" data-end=\"750\">Emme Fonksiyonu<\/strong>: Ger\u00e7ek emme hissini veren g\u00fc\u00e7l\u00fc mekanizma ile derin uyar\u0131m.<\/p>\n<\/li>\n<li class=\"\" data-start=\"814\" data-end=\"904\">\n<p class=\"\" data-start=\"816\" data-end=\"904\">\ud83d\udca5 <strong data-start=\"819\" data-end=\"846\">10 Farkl\u0131 Titre\u015fim Modu<\/strong>: Diledi\u011finiz h\u0131za ve ritme an\u0131nda ge\u00e7i\u015f yapabilirsiniz.<\/p>\n<\/li>\n<li class=\"\" data-start=\"905\" data-end=\"1008\">\n<p class=\"\" data-start=\"907\" data-end=\"1008\">\ud83e\udde0 <strong data-start=\"910\" data-end=\"934\">\u0130leri Seviye Realizm<\/strong>: G\u00f6\u011f\u00fcs, bel ve kal\u00e7a b\u00f6lgesi ile kad\u0131n anatomisini birebir taklit eder.<\/p>\n<\/li>\n<li class=\"\" data-start=\"1009\" data-end=\"1096\">\n<p class=\"\" data-start=\"1011\" data-end=\"1096\">\ud83d\udc96 <strong data-start=\"1014\" data-end=\"1042\">Ultra Yumu\u015fak Ten Dokusu<\/strong>: Et dokusu hissi veren \u00f6zel silikonla \u00fcretilmi\u015ftir.<\/p>\n<\/li>\n<li class=\"\" data-start=\"1097\" data-end=\"1197\">\n<p class=\"\" data-start=\"1099\" data-end=\"1197\">\ud83e\uddfc <strong data-start=\"1102\" data-end=\"1120\">Kolay Temizlik<\/strong>: P\u00fcr\u00fczs\u00fcz ve hijyenik y\u00fczeyi ile kullan\u0131mdan sonra rahat\u00e7a temizlenebilir.<\/p>\n<\/li>\n<li class=\"\" data-start=\"1198\" data-end=\"1283\">\n<p class=\"\" data-start=\"1200\" data-end=\"1283\">\u2705 <strong data-start=\"1202\" data-end=\"1233\">Her Ebatta Penis ile Uyumlu<\/strong>: Elastik yap\u0131s\u0131 sayesinde maksimum uyum sa\u011flar.<\/p>\n<\/li>\n<li class=\"\" data-start=\"1284\" data-end=\"1366\">\n<p class=\"\" data-start=\"1286\" data-end=\"1366\">\ud83c\udf0a <strong data-start=\"1289\" data-end=\"1307\">Su Ge\u00e7irmezlik<\/strong>: G\u00fcvenli kullan\u0131m ve kolay temizlik i\u00e7in tasarlanm\u0131\u015ft\u0131r.<\/p>\n<\/li>\n<\/ul>\n<hr class=\"\" data-start=\"1368\" data-end=\"1371\" \/>\n<h3 class=\"\" data-start=\"1373\" data-end=\"1397\">\ud83d\udcd0 <strong data-start=\"1380\" data-end=\"1397\">\u00dcr\u00fcn \u00d6l\u00e7\u00fcleri<\/strong><\/h3>\n<ul data-start=\"1399\" data-end=\"1647\">\n<li class=\"\" data-start=\"1399\" data-end=\"1423\">\n<p class=\"\" data-start=\"1401\" data-end=\"1423\"><strong data-start=\"1401\" data-end=\"1413\">Uzunluk:<\/strong> 18,5 cm<\/p>\n<\/li>\n<li class=\"\" data-start=\"1424\" data-end=\"1447\">\n<p class=\"\" data-start=\"1426\" data-end=\"1447\"><strong data-start=\"1426\" data-end=\"1439\">Geni\u015flik:<\/strong> 26 cm<\/p>\n<\/li>\n<li class=\"\" data-start=\"1448\" data-end=\"1476\">\n<p class=\"\" data-start=\"1450\" data-end=\"1476\"><strong data-start=\"1450\" data-end=\"1468\">G\u00f6\u011f\u00fcs \u00c7evresi:<\/strong> 62 cm<\/p>\n<\/li>\n<li class=\"\" data-start=\"1477\" data-end=\"1503\">\n<p class=\"\" data-start=\"1479\" data-end=\"1503\"><strong data-start=\"1479\" data-end=\"1495\">Bel \u00c7evresi:<\/strong> 42 cm<\/p>\n<\/li>\n<li class=\"\" data-start=\"1504\" data-end=\"1527\">\n<p class=\"\" data-start=\"1506\" data-end=\"1527\"><strong data-start=\"1506\" data-end=\"1518\">A\u011f\u0131rl\u0131k:<\/strong> 7,3 kg<\/p>\n<\/li>\n<li class=\"\" data-start=\"1528\" data-end=\"1580\">\n<p class=\"\" data-start=\"1530\" data-end=\"1580\"><strong data-start=\"1530\" data-end=\"1544\">\u015earj Tipi:<\/strong> USB \u00fczerinden kolay ve h\u0131zl\u0131 \u015farj<\/p>\n<\/li>\n<li class=\"\" data-start=\"1581\" data-end=\"1647\">\n<p class=\"\" data-start=\"1583\" data-end=\"1647\"><strong data-start=\"1583\" data-end=\"1596\">Materyal:<\/strong> Cilt dostu, kadifemsi yumu\u015fakl\u0131kta medikal silikon<\/p>\n<\/li>\n<\/ul>\n<hr class=\"\" data-start=\"1649\" data-end=\"1652\" \/>\n<h3 class=\"\" data-start=\"1654\" data-end=\"1700\">\ud83d\udce6 <strong data-start=\"1661\" data-end=\"1700\">Gizlilik ve G\u00fcvenlik \u00d6nceli\u011fimizdir<\/strong><\/h3>\n<ul data-start=\"1702\" data-end=\"1840\">\n<li class=\"\" data-start=\"1702\" data-end=\"1755\">\n<p class=\"\" data-start=\"1704\" data-end=\"1755\">\u00dcr\u00fcnler <strong data-start=\"1712\" data-end=\"1737\">anonim ve kapal\u0131 koli<\/strong> ile g\u00f6nderilir.<\/p>\n<\/li>\n<li class=\"\" data-start=\"1756\" data-end=\"1840\">\n<p class=\"\" data-start=\"1758\" data-end=\"1840\">\u0130\u00e7erik d\u0131\u015far\u0131dan anla\u015f\u0131lmaz, fatura ve paket bilgileriniz tamamen gizli tutulur.<\/p>\n<\/li>\n<\/ul>\n<hr class=\"\" data-start=\"1842\" data-end=\"1845\" \/>\n<h3 class=\"\" data-start=\"1847\" data-end=\"1876\">\ud83d\udcb3 <strong data-start=\"1854\" data-end=\"1876\">\u00d6deme Kolayl\u0131klar\u0131<\/strong><\/h3>\n<ul data-start=\"1878\" data-end=\"1996\">\n<li class=\"\" data-start=\"1878\" data-end=\"1922\">\n<p class=\"\" data-start=\"1880\" data-end=\"1922\">Kap\u0131da nakit ya da kredi kart\u0131 ile \u00f6deme<\/p>\n<\/li>\n<li class=\"\" data-start=\"1923\" data-end=\"1952\">\n<p class=\"\" data-start=\"1925\" data-end=\"1952\">Taksitli al\u0131\u015fveri\u015f imkan\u0131<\/p>\n<\/li>\n<li class=\"\" data-start=\"1953\" data-end=\"1996\">\n<p class=\"\" data-start=\"1955\" data-end=\"1996\">Banka havalesi ile h\u0131zl\u0131 \u00f6deme se\u00e7ene\u011fi<\/p>\n<\/li>\n<\/ul>\n<hr class=\"\" data-start=\"1998\" data-end=\"2001\" \/>\n<h3 class=\"\" data-start=\"2003\" data-end=\"2034\">\ud83d\ude9a <strong data-start=\"2010\" data-end=\"2034\">Teslimat Se\u00e7enekleri<\/strong><\/h3>\n<ul data-start=\"2036\" data-end=\"2206\">\n<li class=\"\" data-start=\"2036\" data-end=\"2105\">\n<p class=\"\" data-start=\"2038\" data-end=\"2105\">\u0130ster <strong data-start=\"2044\" data-end=\"2061\">ev adresinize<\/strong>, ister <strong data-start=\"2069\" data-end=\"2096\">en yak\u0131n kargo \u015fubesine<\/strong> teslim<\/p>\n<\/li>\n<li class=\"\" data-start=\"2106\" data-end=\"2153\">\n<p class=\"\" data-start=\"2108\" data-end=\"2153\">Sipari\u015fleriniz <strong data-start=\"2123\" data-end=\"2151\">ayn\u0131 g\u00fcn kargoya verilir<\/strong><\/p>\n<\/li>\n<li class=\"\" data-start=\"2154\" data-end=\"2206\">\n<p class=\"\" data-start=\"2156\" data-end=\"2206\">T\u00fcm g\u00f6nderiler <strong data-start=\"2171\" data-end=\"2193\">firmam\u0131z g\u00fcvencesi<\/strong> alt\u0131ndad\u0131r<\/p>\n<\/li>\n<\/ul>\n<hr class=\"\" data-start=\"2208\" data-end=\"2211\" \/>\n<h3 class=\"\" data-start=\"2213\" data-end=\"2249\">\u2705 <strong data-start=\"2219\" data-end=\"2249\">Neden MAG Realistik Kal\u00e7a?<\/strong><\/h3>\n<ul data-start=\"2251\" data-end=\"2425\">\n<li class=\"\" data-start=\"2251\" data-end=\"2299\">\n<p class=\"\" data-start=\"2253\" data-end=\"2299\">Ger\u00e7ek\u00e7i fiziksel detaylar (g\u00f6\u011f\u00fcs-bel-kal\u00e7a)<\/p>\n<\/li>\n<li class=\"\" data-start=\"2300\" data-end=\"2336\">\n<p class=\"\" data-start=\"2302\" data-end=\"2336\">Geli\u015fmi\u015f teknolojik fonksiyonlar<\/p>\n<\/li>\n<li class=\"\" data-start=\"2337\" data-end=\"2378\">\n<p class=\"\" data-start=\"2339\" data-end=\"2378\">Sa\u011fl\u0131\u011fa uygun ve uzun \u00f6m\u00fcrl\u00fc materyal<\/p>\n<\/li>\n<li class=\"\" data-start=\"2379\" data-end=\"2425\">\n<p class=\"\" data-start=\"2381\" data-end=\"2425\">%100 gizlilik ve g\u00fcvenli \u00f6deme se\u00e7enekleri<\/p>\n<\/li>\n<\/ul>\n<hr class=\"\" data-start=\"2427\" data-end=\"2430\" \/>\n<p class=\"\" data-start=\"2432\" data-end=\"2598\">\ud83c\udf81 Cinsel ya\u015fam\u0131n\u0131z\u0131 daha canl\u0131 ve tatmin edici k\u0131lmak istiyorsan\u0131z, <strong data-start=\"2501\" data-end=\"2524\">MAG Realistik Kal\u00e7a<\/strong> tam size g\u00f6re!<br data-start=\"2539\" data-end=\"2542\" \/>\u015eimdi sipari\u015f verin, e\u015fsiz bir deneyimi evinize ta\u015f\u0131y\u0131n.<\/p>\n<p>&nbsp;<\/p>\n<p>&nbsp;<\/p>\n<p><a href=\"http:\/\/api.whatsapp.com\/send?phone=905304676616&amp;text=Sipari%C5%9F%20Vermek%20%C4%B0stiyorum%20haremshop%20BDM1516\"><img fetchpriority=\"high\" decoding=\"async\" class=\"alignnone\" src=\"https:\/\/static.ticimax.cloud\/32886\/uploads\/editoruploads\/whatsapp-destek-hatti.gif\" alt=\"\" width=\"750\" height=\"117\" \/><\/a><\/p>\n","protected":false},"excerpt":{"rendered":"<p>Ger\u00e7eklik s\u0131n\u0131rlar\u0131n\u0131 zorlayan tasar\u0131m\u0131 ve teknolojiyle birle\u015fen i\u015flevselli\u011fiyle kar\u015f\u0131n\u0131zda: <strong data-start=\"348\" data-end=\"371\">MAG Realistik Kal\u00e7a<\/strong>.<br data-start=\"372\" data-end=\"375\" \/>Emme ve titre\u015fim fonksiyonlar\u0131n\u0131 bir arada sunan bu cilt dostu seks oyunca\u011f\u0131, hem g\u00f6r\u00fcn\u00fcm hem de his olarak partner deneyimini ya\u015fat\u0131r. \u00d6zellikle boyutlar\u0131 ve detayl\u0131 tasar\u0131m\u0131 ile benzersiz bir haz deneyimi sunar.<\/p>\n","protected":false},"featured_media":44193,"comment_status":"closed","ping_status":"closed","template":"","meta":[],"product_brand":[],"product_cat":[503],"product_tag":[],"class_list":{"0":"post-44191","1":"product","2":"type-product","3":"status-publish","4":"has-post-thumbnail","6":"product_cat-vajina-ve-masturbator","8":"first","9":"instock","10":"purchasable","11":"product-type-simple"},"yoast_head":"<!-- This site is optimized with the Yoast SEO Premium plugin v24.4 (Yoast SEO v27.1.1) - https:\/\/yoast.com\/product\/yoast-seo-premium-wordpress\/ -->\n<title>Usb&#039;den \u015earjl\u0131 Kumandal\u0131 Emme Ve Titre\u015fim Fonksiyonlu Realistik Kal\u00e7a - Mag - Bursa Erotik Shop<\/title>\n<meta name=\"robots\" content=\"index, follow, max-snippet:-1, max-image-preview:large, max-video-preview:-1\" \/>\n<link rel=\"canonical\" href=\"https:\/\/hobierotikshop.com.tr\/website1\/erotik-shop-urun\/usbden-sarjli-kumandali-emme-ve-titresim-fonksiyonlu-realistik-kalca-mag\/\" \/>\n<meta property=\"og:locale\" content=\"tr_TR\" \/>\n<meta property=\"og:type\" content=\"article\" \/>\n<meta property=\"og:title\" content=\"Usb&#039;den \u015earjl\u0131 Kumandal\u0131 Emme Ve Titre\u015fim Fonksiyonlu Realistik Kal\u00e7a - Mag\" \/>\n<meta property=\"og:description\" content=\"Ger\u00e7eklik s\u0131n\u0131rlar\u0131n\u0131 zorlayan tasar\u0131m\u0131 ve teknolojiyle birle\u015fen i\u015flevselli\u011fiyle kar\u015f\u0131n\u0131zda: MAG Realistik Kal\u00e7a.Emme ve titre\u015fim fonksiyonlar\u0131n\u0131 bir arada sunan bu cilt dostu seks oyunca\u011f\u0131, hem g\u00f6r\u00fcn\u00fcm hem de his olarak partner deneyimini ya\u015fat\u0131r. \u00d6zellikle boyutlar\u0131 ve detayl\u0131 tasar\u0131m\u0131 ile benzersiz bir haz deneyimi sunar.\" \/>\n<meta property=\"og:url\" content=\"https:\/\/hobierotikshop.com.tr\/website1\/erotik-shop-urun\/usbden-sarjli-kumandali-emme-ve-titresim-fonksiyonlu-realistik-kalca-mag\/\" \/>\n<meta property=\"og:site_name\" content=\"Bursa Erotik Shop\" \/>\n<meta property=\"article:modified_time\" content=\"2026-01-08T23:58:49+00:00\" \/>\n<meta property=\"og:image\" content=\"https:\/\/hobierotikshop.com.tr\/website1\/wp-content\/uploads\/2025\/04\/usbden-sarjli-kumandali-emme-ve-titres-1d6-86.jpg\" \/>\n\t<meta property=\"og:image:width\" content=\"455\" \/>\n\t<meta property=\"og:image:height\" content=\"455\" \/>\n\t<meta property=\"og:image:type\" content=\"image\/jpeg\" \/>\n<meta name=\"twitter:card\" content=\"summary_large_image\" \/>\n<meta name=\"twitter:site\" content=\"@shopbursa\" \/>\n<meta name=\"twitter:label1\" content=\"Fiyat\" \/>\n\t<meta name=\"twitter:data1\" content=\"&#8378;29.000,00\" \/>\n\t<meta name=\"twitter:label2\" content=\"Availability\" \/>\n\t<meta name=\"twitter:data2\" content=\"In stock\" \/>\n<script type=\"application\/ld+json\" class=\"yoast-schema-graph\">{\"@context\":\"https:\/\/schema.org\",\"@graph\":[{\"@type\":\"WebPage\",\"@id\":\"https:\/\/hobierotikshop.com.tr\/website1\/erotik-shop-urun\/usbden-sarjli-kumandali-emme-ve-titresim-fonksiyonlu-realistik-kalca-mag\/\",\"url\":\"https:\/\/hobierotikshop.com.tr\/website1\/erotik-shop-urun\/usbden-sarjli-kumandali-emme-ve-titresim-fonksiyonlu-realistik-kalca-mag\/\",\"name\":\"Usb'den \u015earjl\u0131 Kumandal\u0131 Emme Ve Titre\u015fim Fonksiyonlu Realistik Kal\u00e7a - Mag - Bursa Erotik Shop\",\"isPartOf\":{\"@id\":\"https:\/\/hobierotikshop.com.tr\/website1\/#website\"},\"primaryImageOfPage\":{\"@id\":\"https:\/\/hobierotikshop.com.tr\/website1\/erotik-shop-urun\/usbden-sarjli-kumandali-emme-ve-titresim-fonksiyonlu-realistik-kalca-mag\/#primaryimage\"},\"image\":{\"@id\":\"https:\/\/hobierotikshop.com.tr\/website1\/erotik-shop-urun\/usbden-sarjli-kumandali-emme-ve-titresim-fonksiyonlu-realistik-kalca-mag\/#primaryimage\"},\"thumbnailUrl\":\"https:\/\/haremerotikshop.com\/site\/wp-content\/uploads\/2025\/04\/usbden-sarjli-kumandali-emme-ve-titres-1d6-86.jpg\",\"datePublished\":\"2025-04-26T13:55:53+00:00\",\"dateModified\":\"2026-01-08T23:58:49+00:00\",\"breadcrumb\":{\"@id\":\"https:\/\/hobierotikshop.com.tr\/website1\/erotik-shop-urun\/usbden-sarjli-kumandali-emme-ve-titresim-fonksiyonlu-realistik-kalca-mag\/#breadcrumb\"},\"inLanguage\":\"tr\",\"potentialAction\":[{\"@type\":\"ReadAction\",\"target\":[\"https:\/\/hobierotikshop.com.tr\/website1\/erotik-shop-urun\/usbden-sarjli-kumandali-emme-ve-titresim-fonksiyonlu-realistik-kalca-mag\/\"]}]},{\"@type\":\"ImageObject\",\"inLanguage\":\"tr\",\"@id\":\"https:\/\/hobierotikshop.com.tr\/website1\/erotik-shop-urun\/usbden-sarjli-kumandali-emme-ve-titresim-fonksiyonlu-realistik-kalca-mag\/#primaryimage\",\"url\":\"https:\/\/haremerotikshop.com\/site\/wp-content\/uploads\/2025\/04\/usbden-sarjli-kumandali-emme-ve-titres-1d6-86.jpg\",\"contentUrl\":\"https:\/\/haremerotikshop.com\/site\/wp-content\/uploads\/2025\/04\/usbden-sarjli-kumandali-emme-ve-titres-1d6-86.jpg\",\"width\":455,\"height\":455},{\"@type\":\"BreadcrumbList\",\"@id\":\"https:\/\/hobierotikshop.com.tr\/website1\/erotik-shop-urun\/usbden-sarjli-kumandali-emme-ve-titresim-fonksiyonlu-realistik-kalca-mag\/#breadcrumb\",\"itemListElement\":[{\"@type\":\"ListItem\",\"position\":1,\"name\":\"Anasayfa\",\"item\":\"https:\/\/hobierotikshop.com.tr\/website1\/\"},{\"@type\":\"ListItem\",\"position\":2,\"name\":\"Erotik Shop \u00dcr\u00fcnleri\",\"item\":\"https:\/\/hobierotikshop.com.tr\/website1\/shop\/\"},{\"@type\":\"ListItem\",\"position\":3,\"name\":\"Usb&#8217;den \u015earjl\u0131 Kumandal\u0131 Emme Ve Titre\u015fim Fonksiyonlu Realistik Kal\u00e7a &#8211; Mag\"}]},{\"@type\":\"WebSite\",\"@id\":\"https:\/\/hobierotikshop.com.tr\/website1\/#website\",\"url\":\"https:\/\/hobierotikshop.com.tr\/website1\/\",\"name\":\"Bursa Erotik Shop\",\"description\":\"Bursa Erotik Shop ile g\u00fcvenli, gizli ve kaliteli yeti\u015fkin \u00fcr\u00fcnleri al\u0131\u015fveri\u015fi! Geni\u015f \u00fcr\u00fcn yelpazemizi ke\u015ffedin, hemen sipari\u015f verin\",\"publisher\":{\"@id\":\"https:\/\/hobierotikshop.com.tr\/website1\/#organization\"},\"alternateName\":\"Erotik Shop\",\"potentialAction\":[{\"@type\":\"SearchAction\",\"target\":{\"@type\":\"EntryPoint\",\"urlTemplate\":\"https:\/\/hobierotikshop.com.tr\/website1\/?s={search_term_string}\"},\"query-input\":{\"@type\":\"PropertyValueSpecification\",\"valueRequired\":true,\"valueName\":\"search_term_string\"}}],\"inLanguage\":\"tr\"},{\"@type\":\"Organization\",\"@id\":\"https:\/\/hobierotikshop.com.tr\/website1\/#organization\",\"name\":\"Harem Bursa Erotik Shop\",\"url\":\"https:\/\/hobierotikshop.com.tr\/website1\/\",\"logo\":{\"@type\":\"ImageObject\",\"inLanguage\":\"tr\",\"@id\":\"https:\/\/hobierotikshop.com.tr\/website1\/#\/schema\/logo\/image\/\",\"url\":\"https:\/\/haremerotikshop.com\/site\/wp-content\/uploads\/2025\/03\/haremsexshop.png\",\"contentUrl\":\"https:\/\/haremerotikshop.com\/site\/wp-content\/uploads\/2025\/03\/haremsexshop.png\",\"width\":400,\"height\":100,\"caption\":\"Harem Bursa Erotik Shop\"},\"image\":{\"@id\":\"https:\/\/hobierotikshop.com.tr\/website1\/#\/schema\/logo\/image\/\"},\"sameAs\":[\"https:\/\/x.com\/shopbursa\"],\"publishingPrinciples\":\"https:\/\/hobierotikshop.com.tr\/website1\/mesafeli-satis-sozlesmesi\/\",\"ownershipFundingInfo\":\"https:\/\/hobierotikshop.com.tr\/website1\/contact-us\/\",\"actionableFeedbackPolicy\":\"https:\/\/hobierotikshop.com.tr\/website1\/contact-us\/\",\"correctionsPolicy\":\"https:\/\/hobierotikshop.com.tr\/website1\/mesafeli-satis-sozlesmesi\/\"}]}<\/script>\n<meta property=\"product:price:amount\" content=\"29000.00\" \/>\n<meta property=\"product:price:currency\" content=\"TRY\" \/>\n<meta property=\"og:availability\" content=\"instock\" \/>\n<meta property=\"product:availability\" content=\"instock\" \/>\n<meta property=\"product:retailer_item_id\" content=\"BDM1516\" \/>\n<meta property=\"product:condition\" content=\"new\" \/>\n<!-- \/ Yoast SEO Premium plugin. -->","yoast_head_json":{"title":"Usb'den \u015earjl\u0131 Kumandal\u0131 Emme Ve Titre\u015fim Fonksiyonlu Realistik Kal\u00e7a - Mag - Bursa Erotik Shop","robots":{"index":"index","follow":"follow","max-snippet":"max-snippet:-1","max-image-preview":"max-image-preview:large","max-video-preview":"max-video-preview:-1"},"canonical":"https:\/\/hobierotikshop.com.tr\/website1\/erotik-shop-urun\/usbden-sarjli-kumandali-emme-ve-titresim-fonksiyonlu-realistik-kalca-mag\/","og_locale":"tr_TR","og_type":"article","og_title":"Usb'den \u015earjl\u0131 Kumandal\u0131 Emme Ve Titre\u015fim Fonksiyonlu Realistik Kal\u00e7a - Mag","og_description":"Ger\u00e7eklik s\u0131n\u0131rlar\u0131n\u0131 zorlayan tasar\u0131m\u0131 ve teknolojiyle birle\u015fen i\u015flevselli\u011fiyle kar\u015f\u0131n\u0131zda: MAG Realistik Kal\u00e7a.Emme ve titre\u015fim fonksiyonlar\u0131n\u0131 bir arada sunan bu cilt dostu seks oyunca\u011f\u0131, hem g\u00f6r\u00fcn\u00fcm hem de his olarak partner deneyimini ya\u015fat\u0131r. \u00d6zellikle boyutlar\u0131 ve detayl\u0131 tasar\u0131m\u0131 ile benzersiz bir haz deneyimi sunar.","og_url":"https:\/\/hobierotikshop.com.tr\/website1\/erotik-shop-urun\/usbden-sarjli-kumandali-emme-ve-titresim-fonksiyonlu-realistik-kalca-mag\/","og_site_name":"Bursa Erotik Shop","article_modified_time":"2026-01-08T23:58:49+00:00","og_image":[{"width":455,"height":455,"url":"https:\/\/hobierotikshop.com.tr\/website1\/wp-content\/uploads\/2025\/04\/usbden-sarjli-kumandali-emme-ve-titres-1d6-86.jpg","type":"image\/jpeg"}],"twitter_card":"summary_large_image","twitter_site":"@shopbursa","twitter_misc":{"Fiyat":"&#8378;29.000,00","Availability":"In stock"},"schema":{"@context":"https:\/\/schema.org","@graph":[{"@type":"WebPage","@id":"https:\/\/hobierotikshop.com.tr\/website1\/erotik-shop-urun\/usbden-sarjli-kumandali-emme-ve-titresim-fonksiyonlu-realistik-kalca-mag\/","url":"https:\/\/hobierotikshop.com.tr\/website1\/erotik-shop-urun\/usbden-sarjli-kumandali-emme-ve-titresim-fonksiyonlu-realistik-kalca-mag\/","name":"Usb'den \u015earjl\u0131 Kumandal\u0131 Emme Ve Titre\u015fim Fonksiyonlu Realistik Kal\u00e7a - Mag - Bursa Erotik Shop","isPartOf":{"@id":"https:\/\/hobierotikshop.com.tr\/website1\/#website"},"primaryImageOfPage":{"@id":"https:\/\/hobierotikshop.com.tr\/website1\/erotik-shop-urun\/usbden-sarjli-kumandali-emme-ve-titresim-fonksiyonlu-realistik-kalca-mag\/#primaryimage"},"image":{"@id":"https:\/\/hobierotikshop.com.tr\/website1\/erotik-shop-urun\/usbden-sarjli-kumandali-emme-ve-titresim-fonksiyonlu-realistik-kalca-mag\/#primaryimage"},"thumbnailUrl":"https:\/\/haremerotikshop.com\/site\/wp-content\/uploads\/2025\/04\/usbden-sarjli-kumandali-emme-ve-titres-1d6-86.jpg","datePublished":"2025-04-26T13:55:53+00:00","dateModified":"2026-01-08T23:58:49+00:00","breadcrumb":{"@id":"https:\/\/hobierotikshop.com.tr\/website1\/erotik-shop-urun\/usbden-sarjli-kumandali-emme-ve-titresim-fonksiyonlu-realistik-kalca-mag\/#breadcrumb"},"inLanguage":"tr","potentialAction":[{"@type":"ReadAction","target":["https:\/\/hobierotikshop.com.tr\/website1\/erotik-shop-urun\/usbden-sarjli-kumandali-emme-ve-titresim-fonksiyonlu-realistik-kalca-mag\/"]}]},{"@type":"ImageObject","inLanguage":"tr","@id":"https:\/\/hobierotikshop.com.tr\/website1\/erotik-shop-urun\/usbden-sarjli-kumandali-emme-ve-titresim-fonksiyonlu-realistik-kalca-mag\/#primaryimage","url":"https:\/\/haremerotikshop.com\/site\/wp-content\/uploads\/2025\/04\/usbden-sarjli-kumandali-emme-ve-titres-1d6-86.jpg","contentUrl":"https:\/\/haremerotikshop.com\/site\/wp-content\/uploads\/2025\/04\/usbden-sarjli-kumandali-emme-ve-titres-1d6-86.jpg","width":455,"height":455},{"@type":"BreadcrumbList","@id":"https:\/\/hobierotikshop.com.tr\/website1\/erotik-shop-urun\/usbden-sarjli-kumandali-emme-ve-titresim-fonksiyonlu-realistik-kalca-mag\/#breadcrumb","itemListElement":[{"@type":"ListItem","position":1,"name":"Anasayfa","item":"https:\/\/hobierotikshop.com.tr\/website1\/"},{"@type":"ListItem","position":2,"name":"Erotik Shop \u00dcr\u00fcnleri","item":"https:\/\/hobierotikshop.com.tr\/website1\/shop\/"},{"@type":"ListItem","position":3,"name":"Usb&#8217;den \u015earjl\u0131 Kumandal\u0131 Emme Ve Titre\u015fim Fonksiyonlu Realistik Kal\u00e7a &#8211; Mag"}]},{"@type":"WebSite","@id":"https:\/\/hobierotikshop.com.tr\/website1\/#website","url":"https:\/\/hobierotikshop.com.tr\/website1\/","name":"Bursa Erotik Shop","description":"Bursa Erotik Shop ile g\u00fcvenli, gizli ve kaliteli yeti\u015fkin \u00fcr\u00fcnleri al\u0131\u015fveri\u015fi! Geni\u015f \u00fcr\u00fcn yelpazemizi ke\u015ffedin, hemen sipari\u015f verin","publisher":{"@id":"https:\/\/hobierotikshop.com.tr\/website1\/#organization"},"alternateName":"Erotik Shop","potentialAction":[{"@type":"SearchAction","target":{"@type":"EntryPoint","urlTemplate":"https:\/\/hobierotikshop.com.tr\/website1\/?s={search_term_string}"},"query-input":{"@type":"PropertyValueSpecification","valueRequired":true,"valueName":"search_term_string"}}],"inLanguage":"tr"},{"@type":"Organization","@id":"https:\/\/hobierotikshop.com.tr\/website1\/#organization","name":"Harem Bursa Erotik Shop","url":"https:\/\/hobierotikshop.com.tr\/website1\/","logo":{"@type":"ImageObject","inLanguage":"tr","@id":"https:\/\/hobierotikshop.com.tr\/website1\/#\/schema\/logo\/image\/","url":"https:\/\/haremerotikshop.com\/site\/wp-content\/uploads\/2025\/03\/haremsexshop.png","contentUrl":"https:\/\/haremerotikshop.com\/site\/wp-content\/uploads\/2025\/03\/haremsexshop.png","width":400,"height":100,"caption":"Harem Bursa Erotik Shop"},"image":{"@id":"https:\/\/hobierotikshop.com.tr\/website1\/#\/schema\/logo\/image\/"},"sameAs":["https:\/\/x.com\/shopbursa"],"publishingPrinciples":"https:\/\/hobierotikshop.com.tr\/website1\/mesafeli-satis-sozlesmesi\/","ownershipFundingInfo":"https:\/\/hobierotikshop.com.tr\/website1\/contact-us\/","actionableFeedbackPolicy":"https:\/\/hobierotikshop.com.tr\/website1\/contact-us\/","correctionsPolicy":"https:\/\/hobierotikshop.com.tr\/website1\/mesafeli-satis-sozlesmesi\/"}]},"product_price_amount":"29000.00","product_price_currency":"TRY","og_availability":"instock","product_availability":"instock","product_retailer_item_id":"BDM1516","product_condition":"new"},"_links":{"self":[{"href":"https:\/\/haremerotikshop.com\/site\/wp-json\/wp\/v2\/product\/44191","targetHints":{"allow":["GET"]}}],"collection":[{"href":"https:\/\/haremerotikshop.com\/site\/wp-json\/wp\/v2\/product"}],"about":[{"href":"https:\/\/haremerotikshop.com\/site\/wp-json\/wp\/v2\/types\/product"}],"replies":[{"embeddable":true,"href":"https:\/\/haremerotikshop.com\/site\/wp-json\/wp\/v2\/comments?post=44191"}],"version-history":[{"count":0,"href":"https:\/\/haremerotikshop.com\/site\/wp-json\/wp\/v2\/product\/44191\/revisions"}],"wp:featuredmedia":[{"embeddable":true,"href":"https:\/\/haremerotikshop.com\/site\/wp-json\/wp\/v2\/media\/44193"}],"wp:attachment":[{"href":"https:\/\/haremerotikshop.com\/site\/wp-json\/wp\/v2\/media?parent=44191"}],"wp:term":[{"taxonomy":"product_brand","embeddable":true,"href":"https:\/\/haremerotikshop.com\/site\/wp-json\/wp\/v2\/product_brand?post=44191"},{"taxonomy":"product_cat","embeddable":true,"href":"https:\/\/haremerotikshop.com\/site\/wp-json\/wp\/v2\/product_cat?post=44191"},{"taxonomy":"product_tag","embeddable":true,"href":"https:\/\/haremerotikshop.com\/site\/wp-json\/wp\/v2\/product_tag?post=44191"}],"curies":[{"name":"wp","href":"https:\/\/api.w.org\/{rel}","templated":true}]}}