{"id":44939,"date":"2025-04-26T17:07:21","date_gmt":"2025-04-26T14:07:21","guid":{"rendered":"https:\/\/haremerotikshop.com\/site\/erotik-shop-urun\/usb-sarjli-led-gostergeli-10-fonksiyonlu-klitoris-uyaricili-teknolojik-tavsan-vibrator-lamar-2\/"},"modified":"2026-01-09T02:58:09","modified_gmt":"2026-01-08T23:58:09","slug":"usb-sarjli-led-gostergeli-10-fonksiyonlu-klitoris-uyaricili-teknolojik-tavsan-vibrator-lamar-2","status":"publish","type":"product","link":"https:\/\/haremerotikshop.com\/site\/erotik-shop-urun\/usb-sarjli-led-gostergeli-10-fonksiyonlu-klitoris-uyaricili-teknolojik-tavsan-vibrator-lamar-2\/","title":{"rendered":"Usb \u015earjl\u0131 Led G\u00f6stergeli 10 Fonksiyonlu Klitoris Uyar\u0131c\u0131l\u0131 Teknolojik Tav\u015fan Vibrat\u00f6r &#8211; Lamar 2"},"content":{"rendered":"<h2 class=\"\" data-start=\"169\" data-end=\"233\"><strong data-start=\"172\" data-end=\"233\">Lamar2 Tav\u015fan Vibrat\u00f6r \u2013 Teknolojiyle Gelen Zirve Noktas\u0131<\/strong><\/h2>\n<h3 class=\"\" data-start=\"235\" data-end=\"300\">\ud83d\udd25 10 Fonksiyonlu, LED G\u00f6stergeli, USB \u015earjl\u0131 Tav\u015fan Vibrat\u00f6r<\/h3>\n<p class=\"\" data-start=\"302\" data-end=\"657\">Kad\u0131n v\u00fccuduna \u00f6zel tasarlanan <strong data-start=\"333\" data-end=\"359\">Lamar2 Tav\u015fan Vibrat\u00f6r<\/strong>, cinsel sa\u011fl\u0131\u011f\u0131 ve haz deneyimini ileri d\u00fczeye ta\u015f\u0131yan bir teknolojik harikad\u0131r. 10 farkl\u0131 titre\u015fim fonksiyonu ve 9 kademeli h\u0131z ayar\u0131yla tamamen size \u00f6zel bir deneyim sunar. LED dijital ekran sayesinde anl\u0131k mod takibi yapabilir, her kullan\u0131mda kontrol\u00fcn sizde olmas\u0131n\u0131n keyfini \u00e7\u0131karabilirsiniz.<\/p>\n<hr class=\"\" data-start=\"659\" data-end=\"662\" \/>\n<h3 class=\"\" data-start=\"664\" data-end=\"718\">\ud83d\udc8e <strong data-start=\"671\" data-end=\"718\">LAMAR2 TAV\u015eAN V\u0130BRAT\u00d6R \u00d6NE \u00c7IKAN \u00d6ZELL\u0130KLER<\/strong><\/h3>\n<p class=\"\" data-start=\"720\" data-end=\"904\">\ud83c\udf00 <strong data-start=\"723\" data-end=\"760\">10 Titre\u015fim Modu + 9 H\u0131z Seviyesi<\/strong><br data-start=\"760\" data-end=\"763\" \/>Kendi h\u0131z\u0131n\u0131z\u0131 ve tarz\u0131n\u0131z\u0131 ke\u015ffetmeniz i\u00e7in 10 farkl\u0131 titre\u015fim moduna 9 kademeli h\u0131z e\u015flik eder. T\u00fcm erojen b\u00f6lgelerde maksimum etki sa\u011flar.<\/p>\n<p class=\"\" data-start=\"906\" data-end=\"1079\">\ud83d\udd0b <strong data-start=\"909\" data-end=\"940\">USB \u015earjl\u0131 &amp; LED G\u00f6stergeli<\/strong><br data-start=\"940\" data-end=\"943\" \/>LED ekran sayesinde kullan\u0131m s\u0131ras\u0131nda modlar\u0131 ve \u015farj durumunu kolayca takip edebilirsiniz. USB kablosu ile pratik \u015fekilde \u015farj edilir.<\/p>\n<p class=\"\" data-start=\"1081\" data-end=\"1248\">\ud83e\udde0 <strong data-start=\"1084\" data-end=\"1115\">\u00c7ift Etkili Tav\u015fan Tasar\u0131m\u0131<\/strong><br data-start=\"1115\" data-end=\"1118\" \/>\u0130\u00e7sel uyar\u0131m ile birlikte ayn\u0131 anda klitoral stim\u00fclasyon sa\u011flar. Tav\u015fan kulakl\u0131 ba\u015fl\u0131\u011f\u0131 sayesinde \u00e7ok y\u00f6nl\u00fc orgazm deneyimi sunar.<\/p>\n<p class=\"\" data-start=\"1250\" data-end=\"1441\">\ud83c\udf3f <strong data-start=\"1253\" data-end=\"1287\">Kadifemsi &amp; Cilt Dostu Silikon<\/strong><br data-start=\"1287\" data-end=\"1290\" \/>Medikal s\u0131n\u0131f, p\u00fcr\u00fczs\u00fcz ve yumu\u015fak silikon sayesinde son derece konforlu ve g\u00fcvenli kullan\u0131m imkan\u0131 sunar. Lacivert rengiyle \u015f\u0131kl\u0131\u011f\u0131 da elden b\u0131rakmaz.<\/p>\n<p class=\"\" data-start=\"1443\" data-end=\"1577\">\ud83c\udf0a <strong data-start=\"1446\" data-end=\"1466\">%100 Su Ge\u00e7irmez<\/strong><br data-start=\"1466\" data-end=\"1469\" \/>Tamamen suya dayan\u0131kl\u0131 yap\u0131s\u0131yla du\u015fta ya da banyoda kullan\u0131ma uygundur. Kolay temizlenir ve hijyenik kal\u0131r.<\/p>\n<p class=\"\" data-start=\"1579\" data-end=\"1714\">\ud83d\udd07 <strong data-start=\"1582\" data-end=\"1604\">S\u00fcper Sessiz Motor<\/strong><br data-start=\"1604\" data-end=\"1607\" \/>Gizlili\u011finiz \u00f6n planda. Sessiz motor sistemiyle d\u0131\u015far\u0131dan fark edilmeden g\u00f6n\u00fcl rahatl\u0131\u011f\u0131yla kullan\u0131labilir.<\/p>\n<hr class=\"\" data-start=\"1716\" data-end=\"1719\" \/>\n<h3 class=\"\" data-start=\"1721\" data-end=\"1747\">\ud83d\udcd0 <strong data-start=\"1728\" data-end=\"1747\">TEKN\u0130K DETAYLAR<\/strong><\/h3>\n<ul data-start=\"1749\" data-end=\"2020\">\n<li class=\"\" data-start=\"1749\" data-end=\"1778\">\n<p class=\"\" data-start=\"1751\" data-end=\"1778\"><strong data-start=\"1751\" data-end=\"1770\">Toplam Uzunluk:<\/strong> 22 cm<\/p>\n<\/li>\n<li class=\"\" data-start=\"1779\" data-end=\"1808\">\n<p class=\"\" data-start=\"1781\" data-end=\"1808\"><strong data-start=\"1781\" data-end=\"1801\">G\u00f6vde Kal\u0131nl\u0131\u011f\u0131:<\/strong> 4 cm<\/p>\n<\/li>\n<li class=\"\" data-start=\"1809\" data-end=\"1832\">\n<p class=\"\" data-start=\"1811\" data-end=\"1832\"><strong data-start=\"1811\" data-end=\"1823\">A\u011f\u0131rl\u0131k:<\/strong> 205 gr<\/p>\n<\/li>\n<li class=\"\" data-start=\"1833\" data-end=\"1855\">\n<p class=\"\" data-start=\"1835\" data-end=\"1855\"><strong data-start=\"1835\" data-end=\"1844\">Renk:<\/strong> Lacivert<\/p>\n<\/li>\n<li class=\"\" data-start=\"1856\" data-end=\"1888\">\n<p class=\"\" data-start=\"1858\" data-end=\"1888\"><strong data-start=\"1858\" data-end=\"1870\">Malzeme:<\/strong> Medikal Silikon<\/p>\n<\/li>\n<li class=\"\" data-start=\"1889\" data-end=\"1934\">\n<p class=\"\" data-start=\"1891\" data-end=\"1934\"><strong data-start=\"1891\" data-end=\"1911\">Titre\u015fim Say\u0131s\u0131:<\/strong> 10 mod + 9 h\u0131z ayar\u0131<\/p>\n<\/li>\n<li class=\"\" data-start=\"1935\" data-end=\"1957\">\n<p class=\"\" data-start=\"1937\" data-end=\"1957\"><strong data-start=\"1937\" data-end=\"1951\">\u015earj Tipi:<\/strong> USB<\/p>\n<\/li>\n<li class=\"\" data-start=\"1958\" data-end=\"1986\">\n<p class=\"\" data-start=\"1960\" data-end=\"1986\"><strong data-start=\"1960\" data-end=\"1979\">Su Ge\u00e7irmezlik:<\/strong> %100<\/p>\n<\/li>\n<li class=\"\" data-start=\"1987\" data-end=\"2020\">\n<p class=\"\" data-start=\"1989\" data-end=\"2020\"><strong data-start=\"1989\" data-end=\"2002\">G\u00f6sterge:<\/strong> Dijital LED ekran<\/p>\n<\/li>\n<\/ul>\n<hr class=\"\" data-start=\"2022\" data-end=\"2025\" \/>\n<h3 class=\"\" data-start=\"2027\" data-end=\"2072\">\ud83d\udce6 <strong data-start=\"2034\" data-end=\"2072\">G\u00dcVENL\u0130 TESL\u0130MAT &amp; \u00d6DEME KOLAYLI\u011eI<\/strong><\/h3>\n<ul data-start=\"2074\" data-end=\"2322\">\n<li class=\"\" data-start=\"2074\" data-end=\"2116\">\n<p class=\"\" data-start=\"2076\" data-end=\"2116\"><strong data-start=\"2076\" data-end=\"2114\">\u0130\u00e7eri\u011fi anla\u015f\u0131lmayan gizli ambalaj<\/strong><\/p>\n<\/li>\n<li class=\"\" data-start=\"2117\" data-end=\"2161\">\n<p class=\"\" data-start=\"2119\" data-end=\"2161\"><strong data-start=\"2119\" data-end=\"2159\">Kap\u0131da nakit \/ kredi kart\u0131 ile \u00f6deme<\/strong><\/p>\n<\/li>\n<li class=\"\" data-start=\"2162\" data-end=\"2200\">\n<p class=\"\" data-start=\"2164\" data-end=\"2200\"><strong data-start=\"2164\" data-end=\"2198\">Banka havalesi se\u00e7ene\u011fi mevcut<\/strong><\/p>\n<\/li>\n<li class=\"\" data-start=\"2201\" data-end=\"2256\">\n<p class=\"\" data-start=\"2203\" data-end=\"2256\"><strong data-start=\"2203\" data-end=\"2254\">\u0130ster kap\u0131n\u0131za gelsin ister \u015fubeden teslim al\u0131n<\/strong><\/p>\n<\/li>\n<li class=\"\" data-start=\"2257\" data-end=\"2322\">\n<p class=\"\" data-start=\"2259\" data-end=\"2322\"><strong data-start=\"2259\" data-end=\"2322\">T\u00fcm sipari\u015flerde firma g\u00fcvencesi ve orijinal \u00fcr\u00fcn garantisi<\/strong><\/p>\n<\/li>\n<\/ul>\n<hr class=\"\" data-start=\"2324\" data-end=\"2327\" \/>\n<h3 class=\"\" data-start=\"2329\" data-end=\"2352\">\u2705 <strong data-start=\"2335\" data-end=\"2352\">NEDEN LAMAR2?<\/strong><\/h3>\n<ul data-start=\"2354\" data-end=\"2572\">\n<li class=\"\" data-start=\"2354\" data-end=\"2402\">\n<p class=\"\" data-start=\"2356\" data-end=\"2402\">Klitoral ve vajinal uyar\u0131m\u0131 ayn\u0131 anda sa\u011flar<\/p>\n<\/li>\n<li class=\"\" data-start=\"2403\" data-end=\"2454\">\n<p class=\"\" data-start=\"2405\" data-end=\"2454\">Teknolojik kontrol paneli ile benzersiz deneyim<\/p>\n<\/li>\n<li class=\"\" data-start=\"2455\" data-end=\"2489\">\n<p class=\"\" data-start=\"2457\" data-end=\"2489\">Cilt dostu ve g\u00fcvenli kullan\u0131m<\/p>\n<\/li>\n<li class=\"\" data-start=\"2490\" data-end=\"2546\">\n<p class=\"\" data-start=\"2492\" data-end=\"2546\">Hem tek ba\u015f\u0131n\u0131za hem partnerli deneyimler i\u00e7in ideal<\/p>\n<\/li>\n<li class=\"\" data-start=\"2547\" data-end=\"2572\">\n<p class=\"\" data-start=\"2549\" data-end=\"2572\">Sessiz, hijyenik, g\u00fc\u00e7l\u00fc<\/p>\n<\/li>\n<\/ul>\n<hr class=\"\" data-start=\"2574\" data-end=\"2577\" \/>\n<h2 class=\"\" data-start=\"2579\" data-end=\"2625\">\ud83d\udc96 Lamar2 ile Kontrol Sizde, Zevk S\u0131n\u0131rs\u0131z!<\/h2>\n<p class=\"\" data-start=\"2627\" data-end=\"2842\">Modern kad\u0131n\u0131n haz ve sa\u011fl\u0131k ihtiya\u00e7lar\u0131na cevap veren Lamar2, yaln\u0131zca bir vibrat\u00f6r de\u011fil; ki\u015fisel mutlulu\u011funuzun g\u00fc\u00e7l\u00fc bir anahtar\u0131d\u0131r. Siz de \u015fimdi Lamar2 ile tan\u0131\u015f\u0131n, bedeninizi ve arzular\u0131n\u0131z\u0131 \u00f6zg\u00fcrce ke\u015ffedin!<\/p>\n<p>&nbsp;<\/p>\n<p>&nbsp;<\/p>\n<p>&nbsp;<\/p>\n<p><img decoding=\"async\" style=\"width: 300px;height: 300px\" src=\"https:\/\/static.ticimax.cloud\/32886\/\/uploads\/editoruploads\/bw-500004led-2-02.gif\" alt=\"\" \/><img decoding=\"async\" style=\"width: 300px;height: 300px\" src=\"https:\/\/static.ticimax.cloud\/32886\/\/uploads\/editoruploads\/bw-500004led-2-03.gif\" alt=\"\" \/><\/p>\n","protected":false},"excerpt":{"rendered":"<p>Kad\u0131n v\u00fccuduna \u00f6zel tasarlanan <strong data-start=\"333\" data-end=\"359\">Lamar2 Tav\u015fan Vibrat\u00f6r<\/strong>, cinsel sa\u011fl\u0131\u011f\u0131 ve haz deneyimini ileri d\u00fczeye ta\u015f\u0131yan bir teknolojik harikad\u0131r. 10 farkl\u0131 titre\u015fim fonksiyonu ve 9 kademeli h\u0131z ayar\u0131yla tamamen size \u00f6zel bir deneyim sunar. LED dijital ekran sayesinde anl\u0131k mod takibi yapabilir, her kullan\u0131mda kontrol\u00fcn sizde olmas\u0131n\u0131n keyfini \u00e7\u0131karabilirsiniz.<\/p>\n","protected":false},"featured_media":44941,"comment_status":"closed","ping_status":"closed","template":"","meta":[],"product_brand":[],"product_cat":[496],"product_tag":[],"class_list":{"0":"post-44939","1":"product","2":"type-product","3":"status-publish","4":"has-post-thumbnail","6":"product_cat-vibrator-cesitleri","8":"first","9":"instock","10":"purchasable","11":"product-type-simple"},"yoast_head":"<!-- This site is optimized with the Yoast SEO Premium plugin v24.4 (Yoast SEO v27.1.1) - https:\/\/yoast.com\/product\/yoast-seo-premium-wordpress\/ -->\n<title>Usb \u015earjl\u0131 Led G\u00f6stergeli 10 Fonksiyonlu Klitoris Uyar\u0131c\u0131l\u0131 Teknolojik Tav\u015fan Vibrat\u00f6r - Lamar 2 - Bursa Erotik Shop<\/title>\n<meta name=\"robots\" content=\"index, follow, max-snippet:-1, max-image-preview:large, max-video-preview:-1\" \/>\n<link rel=\"canonical\" href=\"https:\/\/hobierotikshop.com.tr\/website1\/erotik-shop-urun\/usb-sarjli-led-gostergeli-10-fonksiyonlu-klitoris-uyaricili-teknolojik-tavsan-vibrator-lamar-2\/\" \/>\n<meta property=\"og:locale\" content=\"tr_TR\" \/>\n<meta property=\"og:type\" content=\"article\" \/>\n<meta property=\"og:title\" content=\"Usb \u015earjl\u0131 Led G\u00f6stergeli 10 Fonksiyonlu Klitoris Uyar\u0131c\u0131l\u0131 Teknolojik Tav\u015fan Vibrat\u00f6r - Lamar 2\" \/>\n<meta property=\"og:description\" content=\"Kad\u0131n v\u00fccuduna \u00f6zel tasarlanan Lamar2 Tav\u015fan Vibrat\u00f6r, cinsel sa\u011fl\u0131\u011f\u0131 ve haz deneyimini ileri d\u00fczeye ta\u015f\u0131yan bir teknolojik harikad\u0131r. 10 farkl\u0131 titre\u015fim fonksiyonu ve 9 kademeli h\u0131z ayar\u0131yla tamamen size \u00f6zel bir deneyim sunar. LED dijital ekran sayesinde anl\u0131k mod takibi yapabilir, her kullan\u0131mda kontrol\u00fcn sizde olmas\u0131n\u0131n keyfini \u00e7\u0131karabilirsiniz.\" \/>\n<meta property=\"og:url\" content=\"https:\/\/hobierotikshop.com.tr\/website1\/erotik-shop-urun\/usb-sarjli-led-gostergeli-10-fonksiyonlu-klitoris-uyaricili-teknolojik-tavsan-vibrator-lamar-2\/\" \/>\n<meta property=\"og:site_name\" content=\"Bursa Erotik Shop\" \/>\n<meta property=\"article:modified_time\" content=\"2026-01-08T23:58:09+00:00\" \/>\n<meta property=\"og:image\" content=\"https:\/\/hobierotikshop.com.tr\/website1\/wp-content\/uploads\/2025\/04\/usb-sarjli-led-gostergeli-10-fonksiyon-fed7-4.jpg\" \/>\n\t<meta property=\"og:image:width\" content=\"455\" \/>\n\t<meta property=\"og:image:height\" content=\"455\" \/>\n\t<meta property=\"og:image:type\" content=\"image\/jpeg\" \/>\n<meta name=\"twitter:card\" content=\"summary_large_image\" \/>\n<meta name=\"twitter:site\" content=\"@shopbursa\" \/>\n<meta name=\"twitter:label1\" content=\"Fiyat\" \/>\n\t<meta name=\"twitter:data1\" content=\"&#8378;4.700,00\" \/>\n\t<meta name=\"twitter:label2\" content=\"Availability\" \/>\n\t<meta name=\"twitter:data2\" content=\"In stock\" \/>\n<script type=\"application\/ld+json\" class=\"yoast-schema-graph\">{\"@context\":\"https:\/\/schema.org\",\"@graph\":[{\"@type\":\"WebPage\",\"@id\":\"https:\/\/hobierotikshop.com.tr\/website1\/erotik-shop-urun\/usb-sarjli-led-gostergeli-10-fonksiyonlu-klitoris-uyaricili-teknolojik-tavsan-vibrator-lamar-2\/\",\"url\":\"https:\/\/hobierotikshop.com.tr\/website1\/erotik-shop-urun\/usb-sarjli-led-gostergeli-10-fonksiyonlu-klitoris-uyaricili-teknolojik-tavsan-vibrator-lamar-2\/\",\"name\":\"Usb \u015earjl\u0131 Led G\u00f6stergeli 10 Fonksiyonlu Klitoris Uyar\u0131c\u0131l\u0131 Teknolojik Tav\u015fan Vibrat\u00f6r - Lamar 2 - Bursa Erotik Shop\",\"isPartOf\":{\"@id\":\"https:\/\/hobierotikshop.com.tr\/website1\/#website\"},\"primaryImageOfPage\":{\"@id\":\"https:\/\/hobierotikshop.com.tr\/website1\/erotik-shop-urun\/usb-sarjli-led-gostergeli-10-fonksiyonlu-klitoris-uyaricili-teknolojik-tavsan-vibrator-lamar-2\/#primaryimage\"},\"image\":{\"@id\":\"https:\/\/hobierotikshop.com.tr\/website1\/erotik-shop-urun\/usb-sarjli-led-gostergeli-10-fonksiyonlu-klitoris-uyaricili-teknolojik-tavsan-vibrator-lamar-2\/#primaryimage\"},\"thumbnailUrl\":\"https:\/\/haremerotikshop.com\/site\/wp-content\/uploads\/2025\/04\/usb-sarjli-led-gostergeli-10-fonksiyon-fed7-4.jpg\",\"datePublished\":\"2025-04-26T14:07:21+00:00\",\"dateModified\":\"2026-01-08T23:58:09+00:00\",\"breadcrumb\":{\"@id\":\"https:\/\/hobierotikshop.com.tr\/website1\/erotik-shop-urun\/usb-sarjli-led-gostergeli-10-fonksiyonlu-klitoris-uyaricili-teknolojik-tavsan-vibrator-lamar-2\/#breadcrumb\"},\"inLanguage\":\"tr\",\"potentialAction\":[{\"@type\":\"ReadAction\",\"target\":[\"https:\/\/hobierotikshop.com.tr\/website1\/erotik-shop-urun\/usb-sarjli-led-gostergeli-10-fonksiyonlu-klitoris-uyaricili-teknolojik-tavsan-vibrator-lamar-2\/\"]}]},{\"@type\":\"ImageObject\",\"inLanguage\":\"tr\",\"@id\":\"https:\/\/hobierotikshop.com.tr\/website1\/erotik-shop-urun\/usb-sarjli-led-gostergeli-10-fonksiyonlu-klitoris-uyaricili-teknolojik-tavsan-vibrator-lamar-2\/#primaryimage\",\"url\":\"https:\/\/haremerotikshop.com\/site\/wp-content\/uploads\/2025\/04\/usb-sarjli-led-gostergeli-10-fonksiyon-fed7-4.jpg\",\"contentUrl\":\"https:\/\/haremerotikshop.com\/site\/wp-content\/uploads\/2025\/04\/usb-sarjli-led-gostergeli-10-fonksiyon-fed7-4.jpg\",\"width\":455,\"height\":455},{\"@type\":\"BreadcrumbList\",\"@id\":\"https:\/\/hobierotikshop.com.tr\/website1\/erotik-shop-urun\/usb-sarjli-led-gostergeli-10-fonksiyonlu-klitoris-uyaricili-teknolojik-tavsan-vibrator-lamar-2\/#breadcrumb\",\"itemListElement\":[{\"@type\":\"ListItem\",\"position\":1,\"name\":\"Anasayfa\",\"item\":\"https:\/\/hobierotikshop.com.tr\/website1\/\"},{\"@type\":\"ListItem\",\"position\":2,\"name\":\"Erotik Shop \u00dcr\u00fcnleri\",\"item\":\"https:\/\/hobierotikshop.com.tr\/website1\/shop\/\"},{\"@type\":\"ListItem\",\"position\":3,\"name\":\"Usb \u015earjl\u0131 Led G\u00f6stergeli 10 Fonksiyonlu Klitoris Uyar\u0131c\u0131l\u0131 Teknolojik Tav\u015fan Vibrat\u00f6r &#8211; Lamar 2\"}]},{\"@type\":\"WebSite\",\"@id\":\"https:\/\/hobierotikshop.com.tr\/website1\/#website\",\"url\":\"https:\/\/hobierotikshop.com.tr\/website1\/\",\"name\":\"Bursa Erotik Shop\",\"description\":\"Bursa Erotik Shop ile g\u00fcvenli, gizli ve kaliteli yeti\u015fkin \u00fcr\u00fcnleri al\u0131\u015fveri\u015fi! Geni\u015f \u00fcr\u00fcn yelpazemizi ke\u015ffedin, hemen sipari\u015f verin\",\"publisher\":{\"@id\":\"https:\/\/hobierotikshop.com.tr\/website1\/#organization\"},\"alternateName\":\"Erotik Shop\",\"potentialAction\":[{\"@type\":\"SearchAction\",\"target\":{\"@type\":\"EntryPoint\",\"urlTemplate\":\"https:\/\/hobierotikshop.com.tr\/website1\/?s={search_term_string}\"},\"query-input\":{\"@type\":\"PropertyValueSpecification\",\"valueRequired\":true,\"valueName\":\"search_term_string\"}}],\"inLanguage\":\"tr\"},{\"@type\":\"Organization\",\"@id\":\"https:\/\/hobierotikshop.com.tr\/website1\/#organization\",\"name\":\"Harem Bursa Erotik Shop\",\"url\":\"https:\/\/hobierotikshop.com.tr\/website1\/\",\"logo\":{\"@type\":\"ImageObject\",\"inLanguage\":\"tr\",\"@id\":\"https:\/\/hobierotikshop.com.tr\/website1\/#\/schema\/logo\/image\/\",\"url\":\"https:\/\/haremerotikshop.com\/site\/wp-content\/uploads\/2025\/03\/haremsexshop.png\",\"contentUrl\":\"https:\/\/haremerotikshop.com\/site\/wp-content\/uploads\/2025\/03\/haremsexshop.png\",\"width\":400,\"height\":100,\"caption\":\"Harem Bursa Erotik Shop\"},\"image\":{\"@id\":\"https:\/\/hobierotikshop.com.tr\/website1\/#\/schema\/logo\/image\/\"},\"sameAs\":[\"https:\/\/x.com\/shopbursa\"],\"publishingPrinciples\":\"https:\/\/hobierotikshop.com.tr\/website1\/mesafeli-satis-sozlesmesi\/\",\"ownershipFundingInfo\":\"https:\/\/hobierotikshop.com.tr\/website1\/contact-us\/\",\"actionableFeedbackPolicy\":\"https:\/\/hobierotikshop.com.tr\/website1\/contact-us\/\",\"correctionsPolicy\":\"https:\/\/hobierotikshop.com.tr\/website1\/mesafeli-satis-sozlesmesi\/\"}]}<\/script>\n<meta property=\"product:price:amount\" content=\"4700.00\" \/>\n<meta property=\"product:price:currency\" content=\"TRY\" \/>\n<meta property=\"og:availability\" content=\"instock\" \/>\n<meta property=\"product:availability\" content=\"instock\" \/>\n<meta property=\"product:retailer_item_id\" content=\"BDM1339\" \/>\n<meta property=\"product:condition\" content=\"new\" \/>\n<!-- \/ Yoast SEO Premium plugin. -->","yoast_head_json":{"title":"Usb \u015earjl\u0131 Led G\u00f6stergeli 10 Fonksiyonlu Klitoris Uyar\u0131c\u0131l\u0131 Teknolojik Tav\u015fan Vibrat\u00f6r - Lamar 2 - Bursa Erotik Shop","robots":{"index":"index","follow":"follow","max-snippet":"max-snippet:-1","max-image-preview":"max-image-preview:large","max-video-preview":"max-video-preview:-1"},"canonical":"https:\/\/hobierotikshop.com.tr\/website1\/erotik-shop-urun\/usb-sarjli-led-gostergeli-10-fonksiyonlu-klitoris-uyaricili-teknolojik-tavsan-vibrator-lamar-2\/","og_locale":"tr_TR","og_type":"article","og_title":"Usb \u015earjl\u0131 Led G\u00f6stergeli 10 Fonksiyonlu Klitoris Uyar\u0131c\u0131l\u0131 Teknolojik Tav\u015fan Vibrat\u00f6r - Lamar 2","og_description":"Kad\u0131n v\u00fccuduna \u00f6zel tasarlanan Lamar2 Tav\u015fan Vibrat\u00f6r, cinsel sa\u011fl\u0131\u011f\u0131 ve haz deneyimini ileri d\u00fczeye ta\u015f\u0131yan bir teknolojik harikad\u0131r. 10 farkl\u0131 titre\u015fim fonksiyonu ve 9 kademeli h\u0131z ayar\u0131yla tamamen size \u00f6zel bir deneyim sunar. LED dijital ekran sayesinde anl\u0131k mod takibi yapabilir, her kullan\u0131mda kontrol\u00fcn sizde olmas\u0131n\u0131n keyfini \u00e7\u0131karabilirsiniz.","og_url":"https:\/\/hobierotikshop.com.tr\/website1\/erotik-shop-urun\/usb-sarjli-led-gostergeli-10-fonksiyonlu-klitoris-uyaricili-teknolojik-tavsan-vibrator-lamar-2\/","og_site_name":"Bursa Erotik Shop","article_modified_time":"2026-01-08T23:58:09+00:00","og_image":[{"width":455,"height":455,"url":"https:\/\/hobierotikshop.com.tr\/website1\/wp-content\/uploads\/2025\/04\/usb-sarjli-led-gostergeli-10-fonksiyon-fed7-4.jpg","type":"image\/jpeg"}],"twitter_card":"summary_large_image","twitter_site":"@shopbursa","twitter_misc":{"Fiyat":"&#8378;4.700,00","Availability":"In stock"},"schema":{"@context":"https:\/\/schema.org","@graph":[{"@type":"WebPage","@id":"https:\/\/hobierotikshop.com.tr\/website1\/erotik-shop-urun\/usb-sarjli-led-gostergeli-10-fonksiyonlu-klitoris-uyaricili-teknolojik-tavsan-vibrator-lamar-2\/","url":"https:\/\/hobierotikshop.com.tr\/website1\/erotik-shop-urun\/usb-sarjli-led-gostergeli-10-fonksiyonlu-klitoris-uyaricili-teknolojik-tavsan-vibrator-lamar-2\/","name":"Usb \u015earjl\u0131 Led G\u00f6stergeli 10 Fonksiyonlu Klitoris Uyar\u0131c\u0131l\u0131 Teknolojik Tav\u015fan Vibrat\u00f6r - Lamar 2 - Bursa Erotik Shop","isPartOf":{"@id":"https:\/\/hobierotikshop.com.tr\/website1\/#website"},"primaryImageOfPage":{"@id":"https:\/\/hobierotikshop.com.tr\/website1\/erotik-shop-urun\/usb-sarjli-led-gostergeli-10-fonksiyonlu-klitoris-uyaricili-teknolojik-tavsan-vibrator-lamar-2\/#primaryimage"},"image":{"@id":"https:\/\/hobierotikshop.com.tr\/website1\/erotik-shop-urun\/usb-sarjli-led-gostergeli-10-fonksiyonlu-klitoris-uyaricili-teknolojik-tavsan-vibrator-lamar-2\/#primaryimage"},"thumbnailUrl":"https:\/\/haremerotikshop.com\/site\/wp-content\/uploads\/2025\/04\/usb-sarjli-led-gostergeli-10-fonksiyon-fed7-4.jpg","datePublished":"2025-04-26T14:07:21+00:00","dateModified":"2026-01-08T23:58:09+00:00","breadcrumb":{"@id":"https:\/\/hobierotikshop.com.tr\/website1\/erotik-shop-urun\/usb-sarjli-led-gostergeli-10-fonksiyonlu-klitoris-uyaricili-teknolojik-tavsan-vibrator-lamar-2\/#breadcrumb"},"inLanguage":"tr","potentialAction":[{"@type":"ReadAction","target":["https:\/\/hobierotikshop.com.tr\/website1\/erotik-shop-urun\/usb-sarjli-led-gostergeli-10-fonksiyonlu-klitoris-uyaricili-teknolojik-tavsan-vibrator-lamar-2\/"]}]},{"@type":"ImageObject","inLanguage":"tr","@id":"https:\/\/hobierotikshop.com.tr\/website1\/erotik-shop-urun\/usb-sarjli-led-gostergeli-10-fonksiyonlu-klitoris-uyaricili-teknolojik-tavsan-vibrator-lamar-2\/#primaryimage","url":"https:\/\/haremerotikshop.com\/site\/wp-content\/uploads\/2025\/04\/usb-sarjli-led-gostergeli-10-fonksiyon-fed7-4.jpg","contentUrl":"https:\/\/haremerotikshop.com\/site\/wp-content\/uploads\/2025\/04\/usb-sarjli-led-gostergeli-10-fonksiyon-fed7-4.jpg","width":455,"height":455},{"@type":"BreadcrumbList","@id":"https:\/\/hobierotikshop.com.tr\/website1\/erotik-shop-urun\/usb-sarjli-led-gostergeli-10-fonksiyonlu-klitoris-uyaricili-teknolojik-tavsan-vibrator-lamar-2\/#breadcrumb","itemListElement":[{"@type":"ListItem","position":1,"name":"Anasayfa","item":"https:\/\/hobierotikshop.com.tr\/website1\/"},{"@type":"ListItem","position":2,"name":"Erotik Shop \u00dcr\u00fcnleri","item":"https:\/\/hobierotikshop.com.tr\/website1\/shop\/"},{"@type":"ListItem","position":3,"name":"Usb \u015earjl\u0131 Led G\u00f6stergeli 10 Fonksiyonlu Klitoris Uyar\u0131c\u0131l\u0131 Teknolojik Tav\u015fan Vibrat\u00f6r &#8211; Lamar 2"}]},{"@type":"WebSite","@id":"https:\/\/hobierotikshop.com.tr\/website1\/#website","url":"https:\/\/hobierotikshop.com.tr\/website1\/","name":"Bursa Erotik Shop","description":"Bursa Erotik Shop ile g\u00fcvenli, gizli ve kaliteli yeti\u015fkin \u00fcr\u00fcnleri al\u0131\u015fveri\u015fi! Geni\u015f \u00fcr\u00fcn yelpazemizi ke\u015ffedin, hemen sipari\u015f verin","publisher":{"@id":"https:\/\/hobierotikshop.com.tr\/website1\/#organization"},"alternateName":"Erotik Shop","potentialAction":[{"@type":"SearchAction","target":{"@type":"EntryPoint","urlTemplate":"https:\/\/hobierotikshop.com.tr\/website1\/?s={search_term_string}"},"query-input":{"@type":"PropertyValueSpecification","valueRequired":true,"valueName":"search_term_string"}}],"inLanguage":"tr"},{"@type":"Organization","@id":"https:\/\/hobierotikshop.com.tr\/website1\/#organization","name":"Harem Bursa Erotik Shop","url":"https:\/\/hobierotikshop.com.tr\/website1\/","logo":{"@type":"ImageObject","inLanguage":"tr","@id":"https:\/\/hobierotikshop.com.tr\/website1\/#\/schema\/logo\/image\/","url":"https:\/\/haremerotikshop.com\/site\/wp-content\/uploads\/2025\/03\/haremsexshop.png","contentUrl":"https:\/\/haremerotikshop.com\/site\/wp-content\/uploads\/2025\/03\/haremsexshop.png","width":400,"height":100,"caption":"Harem Bursa Erotik Shop"},"image":{"@id":"https:\/\/hobierotikshop.com.tr\/website1\/#\/schema\/logo\/image\/"},"sameAs":["https:\/\/x.com\/shopbursa"],"publishingPrinciples":"https:\/\/hobierotikshop.com.tr\/website1\/mesafeli-satis-sozlesmesi\/","ownershipFundingInfo":"https:\/\/hobierotikshop.com.tr\/website1\/contact-us\/","actionableFeedbackPolicy":"https:\/\/hobierotikshop.com.tr\/website1\/contact-us\/","correctionsPolicy":"https:\/\/hobierotikshop.com.tr\/website1\/mesafeli-satis-sozlesmesi\/"}]},"product_price_amount":"4700.00","product_price_currency":"TRY","og_availability":"instock","product_availability":"instock","product_retailer_item_id":"BDM1339","product_condition":"new"},"_links":{"self":[{"href":"https:\/\/haremerotikshop.com\/site\/wp-json\/wp\/v2\/product\/44939","targetHints":{"allow":["GET"]}}],"collection":[{"href":"https:\/\/haremerotikshop.com\/site\/wp-json\/wp\/v2\/product"}],"about":[{"href":"https:\/\/haremerotikshop.com\/site\/wp-json\/wp\/v2\/types\/product"}],"replies":[{"embeddable":true,"href":"https:\/\/haremerotikshop.com\/site\/wp-json\/wp\/v2\/comments?post=44939"}],"version-history":[{"count":0,"href":"https:\/\/haremerotikshop.com\/site\/wp-json\/wp\/v2\/product\/44939\/revisions"}],"wp:featuredmedia":[{"embeddable":true,"href":"https:\/\/haremerotikshop.com\/site\/wp-json\/wp\/v2\/media\/44941"}],"wp:attachment":[{"href":"https:\/\/haremerotikshop.com\/site\/wp-json\/wp\/v2\/media?parent=44939"}],"wp:term":[{"taxonomy":"product_brand","embeddable":true,"href":"https:\/\/haremerotikshop.com\/site\/wp-json\/wp\/v2\/product_brand?post=44939"},{"taxonomy":"product_cat","embeddable":true,"href":"https:\/\/haremerotikshop.com\/site\/wp-json\/wp\/v2\/product_cat?post=44939"},{"taxonomy":"product_tag","embeddable":true,"href":"https:\/\/haremerotikshop.com\/site\/wp-json\/wp\/v2\/product_tag?post=44939"}],"curies":[{"name":"wp","href":"https:\/\/api.w.org\/{rel}","templated":true}]}}