{"id":44967,"date":"2025-04-26T17:08:27","date_gmt":"2025-04-26T14:08:27","guid":{"rendered":"https:\/\/haremerotikshop.com\/site\/erotik-shop-urun\/belden-baglamali-21-cm-ileri-geri-hareketli-uzaktan-kumandali-gercekci-vantuzlu-melez-penis-bodach\/"},"modified":"2026-01-09T02:58:06","modified_gmt":"2026-01-08T23:58:06","slug":"belden-baglamali-21-cm-ileri-geri-hareketli-uzaktan-kumandali-gercekci-vantuzlu-melez-penis-bodach","status":"publish","type":"product","link":"https:\/\/haremerotikshop.com\/site\/erotik-shop-urun\/belden-baglamali-21-cm-ileri-geri-hareketli-uzaktan-kumandali-gercekci-vantuzlu-melez-penis-bodach\/","title":{"rendered":"Belden Ba\u011flamal\u0131 21 Cm I\u0307leri Geri Hareketli Uzaktan Kumandal\u0131 Ger\u00e7ek\u00e7i Vantuzlu Melez Penis &#8211; Bodach"},"content":{"rendered":"<h1 class=\"\" data-start=\"176\" data-end=\"278\">Belden Ba\u011flamal\u0131 21 cm \u0130leri Geri Hareketli Uzaktan Kumandal\u0131 Ger\u00e7ek\u00e7i Vantuzlu Melez Penis &#8211; Bodach<\/h1>\n<p class=\"\" data-start=\"280\" data-end=\"682\"><strong data-start=\"280\" data-end=\"302\">Bodach Melez Penis<\/strong>, yeni nesil teknolojisi ile tasarlanm\u0131\u015f ileri geri hareketli, uzaktan kumandal\u0131 ve titre\u015fimli dildo vibrat\u00f6r ile size ger\u00e7ek\u00e7i bir deneyim sunar. Vantuzlu yap\u0131s\u0131 sayesinde her y\u00fczeye kolayca yap\u0131\u015fabilir ve banyonuzda, du\u015fta veya yatak odas\u0131nda rahatl\u0131kla kullanabilirsiniz. Ger\u00e7ek\u00e7i detaylar\u0131, et dokusu ve ten hassasiyeti ile unutulmaz bir zevk deneyimi ya\u015faman\u0131za olanak tan\u0131r.<\/p>\n<hr class=\"\" data-start=\"684\" data-end=\"687\" \/>\n<h3 class=\"\" data-start=\"689\" data-end=\"710\">\u00dcr\u00fcn \u00d6zellikleri:<\/h3>\n<ul data-start=\"712\" data-end=\"1849\">\n<li class=\"\" data-start=\"712\" data-end=\"921\">\n<p class=\"\" data-start=\"714\" data-end=\"921\"><strong data-start=\"714\" data-end=\"748\">\u0130leri Geri Hareketli Titre\u015fim:<\/strong> <strong data-start=\"749\" data-end=\"771\">Bodach Melez Penis<\/strong>, ileri geri hareket \u00f6zelli\u011fi ile daha ger\u00e7ek\u00e7i bir deneyim sa\u011flar. Ayr\u0131ca titre\u015fim fonksiyonu ile haz seviyenizi istedi\u011finiz gibi ayarlayabilirsiniz.<\/p>\n<\/li>\n<li class=\"\" data-start=\"923\" data-end=\"1093\">\n<p class=\"\" data-start=\"925\" data-end=\"1093\"><strong data-start=\"925\" data-end=\"945\">Uzaktan Kumanda:<\/strong> Kolayca kullan\u0131labilen uzaktan kumanda ile titre\u015fim ve hareket fonksiyonlar\u0131n\u0131 kontrol edebilir, partnerinizle birlikte zevkinizi art\u0131rabilirsiniz.<\/p>\n<\/li>\n<li class=\"\" data-start=\"1095\" data-end=\"1224\">\n<p class=\"\" data-start=\"1097\" data-end=\"1224\"><strong data-start=\"1097\" data-end=\"1115\">Ger\u00e7ek\u00e7i Yap\u0131:<\/strong> Testisli ve damarl\u0131 yap\u0131s\u0131yla ger\u00e7ek\u00e7i bir g\u00f6r\u00fcn\u00fcm sunar. Bu tasar\u0131m, do\u011fal his ve deneyim i\u00e7in m\u00fckemmeldir.<\/p>\n<\/li>\n<li class=\"\" data-start=\"1226\" data-end=\"1427\">\n<p class=\"\" data-start=\"1228\" data-end=\"1427\"><strong data-start=\"1228\" data-end=\"1249\">Vantuzlu Tasar\u0131m:<\/strong> Vantuzlu yap\u0131s\u0131 sayesinde her y\u00fczeye rahat\u00e7a yap\u0131\u015fabilir, b\u00f6ylece ellerinizi serbest b\u0131rak\u0131p rahat\u00e7a kullanabilirsiniz. Banyo ve du\u015f kullan\u0131m\u0131na uygun su ge\u00e7irmez \u00f6zellik sunar.<\/p>\n<\/li>\n<li class=\"\" data-start=\"1429\" data-end=\"1606\">\n<p class=\"\" data-start=\"1431\" data-end=\"1606\"><strong data-start=\"1431\" data-end=\"1451\">Silikon Malzeme:<\/strong> Y\u00fcksek kaliteli, cilt dostu silikon malzeme, uzun \u00f6m\u00fcrl\u00fc kullan\u0131m ve maksimum konfor sa\u011flar. Sa\u011fl\u0131\u011fa zarar vermeyen, kaliteli materyallerden \u00fcretilmi\u015ftir.<\/p>\n<\/li>\n<li class=\"\" data-start=\"1608\" data-end=\"1709\">\n<p class=\"\" data-start=\"1610\" data-end=\"1623\"><strong data-start=\"1610\" data-end=\"1623\">Boyutlar:<\/strong><\/p>\n<ul data-start=\"1626\" data-end=\"1709\">\n<li class=\"\" data-start=\"1626\" data-end=\"1646\">\n<p class=\"\" data-start=\"1628\" data-end=\"1646\"><strong data-start=\"1628\" data-end=\"1640\">Uzunluk:<\/strong> 21 cm<\/p>\n<\/li>\n<li class=\"\" data-start=\"1649\" data-end=\"1671\">\n<p class=\"\" data-start=\"1651\" data-end=\"1671\"><strong data-start=\"1651\" data-end=\"1664\">Kal\u0131nl\u0131k:<\/strong> 3,7 cm<\/p>\n<\/li>\n<li class=\"\" data-start=\"1674\" data-end=\"1709\">\n<p class=\"\" data-start=\"1676\" data-end=\"1709\"><strong data-start=\"1676\" data-end=\"1703\">Kullan\u0131labilir Uzunluk:<\/strong> 16 cm<\/p>\n<\/li>\n<\/ul>\n<\/li>\n<li class=\"\" data-start=\"1711\" data-end=\"1849\">\n<p class=\"\" data-start=\"1713\" data-end=\"1849\"><strong data-start=\"1713\" data-end=\"1730\">Ger\u00e7ek\u00e7i His:<\/strong> Ger\u00e7ek\u00e7i et dokusu ve ten hassasiyeti, kullan\u0131m s\u0131ras\u0131nda ger\u00e7ek\u00e7i bir his sa\u011flar. Y\u0131llarca rahatl\u0131kla kullan\u0131labilir.<\/p>\n<\/li>\n<\/ul>\n<hr class=\"\" data-start=\"1851\" data-end=\"1854\" \/>\n<h3 class=\"\" data-start=\"1856\" data-end=\"1888\">Kullan\u0131m ve Bak\u0131m \u00d6nerileri:<\/h3>\n<ul data-start=\"1890\" data-end=\"2443\">\n<li class=\"\" data-start=\"1890\" data-end=\"2050\">\n<p class=\"\" data-start=\"1892\" data-end=\"2050\"><strong data-start=\"1892\" data-end=\"1922\">Kayganla\u015ft\u0131r\u0131c\u0131 Kullan\u0131m\u0131:<\/strong> Daha p\u00fcr\u00fczs\u00fcz bir deneyim i\u00e7in su bazl\u0131 kayganla\u015ft\u0131r\u0131c\u0131 kullanabilirsiniz. Bu, daha rahat bir kullan\u0131m ve maksimum zevk sa\u011flar.<\/p>\n<\/li>\n<li class=\"\" data-start=\"2052\" data-end=\"2221\">\n<p class=\"\" data-start=\"2054\" data-end=\"2221\"><strong data-start=\"2054\" data-end=\"2067\">Temizlik:<\/strong> Her kullan\u0131m sonras\u0131 \u0131l\u0131k su ve sabun ile temizleyin. Ayr\u0131ca, silikon \u00fcr\u00fcnler i\u00e7in uygun temizleyiciler kullanman\u0131z, uzun \u00f6m\u00fcrl\u00fc kullan\u0131m i\u00e7in \u00f6nemlidir.<\/p>\n<\/li>\n<li class=\"\" data-start=\"2223\" data-end=\"2443\">\n<p class=\"\" data-start=\"2225\" data-end=\"2443\"><strong data-start=\"2225\" data-end=\"2248\">\u00c7ok Y\u00f6nl\u00fc Kullan\u0131m:<\/strong> <strong data-start=\"2249\" data-end=\"2271\">Bodach Melez Penis<\/strong>, banyo, du\u015f veya yatak odas\u0131 gibi her t\u00fcrl\u00fc ortamda kullan\u0131labilir. Vantuzlu tasar\u0131m\u0131 sayesinde farkl\u0131 y\u00fczeylere rahatl\u0131kla yap\u0131\u015fabilir, ellerinizi \u00f6zg\u00fcr b\u0131rakabilirsiniz.<\/p>\n<\/li>\n<\/ul>\n<hr class=\"\" data-start=\"2445\" data-end=\"2448\" \/>\n<h3 class=\"\" data-start=\"2450\" data-end=\"2484\">Sipari\u015f ve Teslimat Bilgileri:<\/h3>\n<ul data-start=\"2486\" data-end=\"2935\">\n<li class=\"\" data-start=\"2486\" data-end=\"2635\">\n<p class=\"\" data-start=\"2488\" data-end=\"2635\"><strong data-start=\"2488\" data-end=\"2508\">Gizli Paketleme:<\/strong> Sipari\u015fleriniz gizli ve kapal\u0131 paketlerde g\u00f6nderilir. \u0130\u00e7eri\u011fi anla\u015f\u0131lmayacak \u015fekilde paketlenir, b\u00f6ylece gizlili\u011finiz korunur.<\/p>\n<\/li>\n<li class=\"\" data-start=\"2637\" data-end=\"2790\">\n<p class=\"\" data-start=\"2639\" data-end=\"2790\"><strong data-start=\"2639\" data-end=\"2669\">H\u0131zl\u0131 ve G\u00fcvenli Teslimat:<\/strong> T\u00fcm \u00fcr\u00fcnlerimiz h\u0131zl\u0131 bir \u015fekilde ve g\u00fcvenli bir \u015fekilde teslim edilir. Orijinal \u00fcr\u00fcn garantisi ile sat\u0131n alabilirsiniz.<\/p>\n<\/li>\n<li class=\"\" data-start=\"2792\" data-end=\"2935\">\n<p class=\"\" data-start=\"2794\" data-end=\"2935\"><strong data-start=\"2794\" data-end=\"2816\">\u00d6deme Se\u00e7enekleri:<\/strong> Kap\u0131da \u00f6deme, kredi kart\u0131 veya banka havalesi ile kolayca \u00f6deme yapabilirsiniz. G\u00fcvenli al\u0131\u015fveri\u015f garantisi sunuyoruz.<\/p>\n<\/li>\n<\/ul>\n<hr class=\"\" data-start=\"2937\" data-end=\"2940\" \/>\n<h3 class=\"\" data-start=\"2942\" data-end=\"2975\">Neden <strong data-start=\"2952\" data-end=\"2974\">Bodach Melez Penis<\/strong>?<\/h3>\n<p class=\"\" data-start=\"2977\" data-end=\"3423\"><strong data-start=\"2977\" data-end=\"2999\">Bodach Melez Penis<\/strong>, ileri geri hareketli, titre\u015fimli ve uzaktan kumandal\u0131 \u00f6zellikleri ile daha \u00f6nce ya\u015famad\u0131\u011f\u0131n\u0131z bir deneyim sunar. Ger\u00e7ek\u00e7i yap\u0131s\u0131, kaliteli silikon malzemesi ve su ge\u00e7irmez \u00f6zellikleri ile her kullan\u0131mda maksimum konfor sa\u011flar. Ayr\u0131ca, vantuzlu tasar\u0131m\u0131 sayesinde her y\u00fczeyde kullan\u0131m rahatl\u0131\u011f\u0131 sunar. Hem erkekler hem de partnerleri i\u00e7in y\u00fcksek kalite, ger\u00e7ek\u00e7i his ve unutulmaz zevk arayanlar i\u00e7in m\u00fckemmel bir tercihtir.<\/p>\n<hr class=\"\" data-start=\"3425\" data-end=\"3428\" \/>\n<p class=\"\" data-start=\"3430\" data-end=\"3490\">\ud83c\udfaf <strong data-start=\"3433\" data-end=\"3490\">Hemen Sipari\u015f Verin ve Unutulmaz Bir Deneyim Ya\u015fay\u0131n!<\/strong><\/p>\n<p>&nbsp;<\/p>\n<p>&nbsp;<\/p>\n<p>&nbsp;<\/p>\n<p><img decoding=\"async\" style=\"width: 300px;height: 300px\" src=\"https:\/\/static.ticimax.cloud\/32886\/\/uploads\/editoruploads\/111111342.gif\" alt=\"\" \/><\/p>\n","protected":false},"excerpt":{"rendered":"<p><strong data-start=\"280\" data-end=\"302\">Bodach Melez Penis<\/strong>, yeni nesil teknolojisi ile tasarlanm\u0131\u015f ileri geri hareketli, uzaktan kumandal\u0131 ve titre\u015fimli dildo vibrat\u00f6r ile size ger\u00e7ek\u00e7i bir deneyim sunar. Vantuzlu yap\u0131s\u0131 sayesinde her y\u00fczeye kolayca yap\u0131\u015fabilir ve banyonuzda, du\u015fta veya yatak odas\u0131nda rahatl\u0131kla kullanabilirsiniz. Ger\u00e7ek\u00e7i detaylar\u0131, et dokusu ve ten hassasiyeti ile unutulmaz bir zevk deneyimi ya\u015faman\u0131za olanak tan\u0131r.<\/p>\n","protected":false},"featured_media":44969,"comment_status":"closed","ping_status":"closed","template":"","meta":[],"product_brand":[],"product_cat":[498],"product_tag":[],"class_list":{"0":"post-44967","1":"product","2":"type-product","3":"status-publish","4":"has-post-thumbnail","6":"product_cat-belden-baglamali-penisler","8":"first","9":"instock","10":"purchasable","11":"product-type-simple"},"yoast_head":"<!-- This site is optimized with the Yoast SEO Premium plugin v24.4 (Yoast SEO v27.1.1) - https:\/\/yoast.com\/product\/yoast-seo-premium-wordpress\/ -->\n<title>Belden Ba\u011flamal\u0131 21 Cm I\u0307leri Geri Hareketli Uzaktan Kumandal\u0131 Ger\u00e7ek\u00e7i Vantuzlu Melez Penis - Bodach - Bursa Erotik Shop<\/title>\n<meta name=\"robots\" content=\"index, follow, max-snippet:-1, max-image-preview:large, max-video-preview:-1\" \/>\n<link rel=\"canonical\" href=\"https:\/\/hobierotikshop.com.tr\/website1\/erotik-shop-urun\/belden-baglamali-21-cm-ileri-geri-hareketli-uzaktan-kumandali-gercekci-vantuzlu-melez-penis-bodach\/\" \/>\n<meta property=\"og:locale\" content=\"tr_TR\" \/>\n<meta property=\"og:type\" content=\"article\" \/>\n<meta property=\"og:title\" content=\"Belden Ba\u011flamal\u0131 21 Cm I\u0307leri Geri Hareketli Uzaktan Kumandal\u0131 Ger\u00e7ek\u00e7i Vantuzlu Melez Penis - Bodach\" \/>\n<meta property=\"og:description\" content=\"Bodach Melez Penis, yeni nesil teknolojisi ile tasarlanm\u0131\u015f ileri geri hareketli, uzaktan kumandal\u0131 ve titre\u015fimli dildo vibrat\u00f6r ile size ger\u00e7ek\u00e7i bir deneyim sunar. Vantuzlu yap\u0131s\u0131 sayesinde her y\u00fczeye kolayca yap\u0131\u015fabilir ve banyonuzda, du\u015fta veya yatak odas\u0131nda rahatl\u0131kla kullanabilirsiniz. Ger\u00e7ek\u00e7i detaylar\u0131, et dokusu ve ten hassasiyeti ile unutulmaz bir zevk deneyimi ya\u015faman\u0131za olanak tan\u0131r.\" \/>\n<meta property=\"og:url\" content=\"https:\/\/hobierotikshop.com.tr\/website1\/erotik-shop-urun\/belden-baglamali-21-cm-ileri-geri-hareketli-uzaktan-kumandali-gercekci-vantuzlu-melez-penis-bodach\/\" \/>\n<meta property=\"og:site_name\" content=\"Bursa Erotik Shop\" \/>\n<meta property=\"article:modified_time\" content=\"2026-01-08T23:58:06+00:00\" \/>\n<meta property=\"og:image\" content=\"https:\/\/hobierotikshop.com.tr\/website1\/wp-content\/uploads\/2025\/04\/belden-baglamali-21-cm-ileri-geri-hare-64f6-3.jpg\" \/>\n\t<meta property=\"og:image:width\" content=\"455\" \/>\n\t<meta property=\"og:image:height\" content=\"454\" \/>\n\t<meta property=\"og:image:type\" content=\"image\/jpeg\" \/>\n<meta name=\"twitter:card\" content=\"summary_large_image\" \/>\n<meta name=\"twitter:site\" content=\"@shopbursa\" \/>\n<meta name=\"twitter:label1\" content=\"Fiyat\" \/>\n\t<meta name=\"twitter:data1\" content=\"&#8378;5.000,00\" \/>\n\t<meta name=\"twitter:label2\" content=\"Availability\" \/>\n\t<meta name=\"twitter:data2\" content=\"In stock\" \/>\n<script type=\"application\/ld+json\" class=\"yoast-schema-graph\">{\"@context\":\"https:\/\/schema.org\",\"@graph\":[{\"@type\":\"WebPage\",\"@id\":\"https:\/\/hobierotikshop.com.tr\/website1\/erotik-shop-urun\/belden-baglamali-21-cm-ileri-geri-hareketli-uzaktan-kumandali-gercekci-vantuzlu-melez-penis-bodach\/\",\"url\":\"https:\/\/hobierotikshop.com.tr\/website1\/erotik-shop-urun\/belden-baglamali-21-cm-ileri-geri-hareketli-uzaktan-kumandali-gercekci-vantuzlu-melez-penis-bodach\/\",\"name\":\"Belden Ba\u011flamal\u0131 21 Cm I\u0307leri Geri Hareketli Uzaktan Kumandal\u0131 Ger\u00e7ek\u00e7i Vantuzlu Melez Penis - Bodach - Bursa Erotik Shop\",\"isPartOf\":{\"@id\":\"https:\/\/hobierotikshop.com.tr\/website1\/#website\"},\"primaryImageOfPage\":{\"@id\":\"https:\/\/hobierotikshop.com.tr\/website1\/erotik-shop-urun\/belden-baglamali-21-cm-ileri-geri-hareketli-uzaktan-kumandali-gercekci-vantuzlu-melez-penis-bodach\/#primaryimage\"},\"image\":{\"@id\":\"https:\/\/hobierotikshop.com.tr\/website1\/erotik-shop-urun\/belden-baglamali-21-cm-ileri-geri-hareketli-uzaktan-kumandali-gercekci-vantuzlu-melez-penis-bodach\/#primaryimage\"},\"thumbnailUrl\":\"https:\/\/haremerotikshop.com\/site\/wp-content\/uploads\/2025\/04\/belden-baglamali-21-cm-ileri-geri-hare-64f6-3.jpg\",\"datePublished\":\"2025-04-26T14:08:27+00:00\",\"dateModified\":\"2026-01-08T23:58:06+00:00\",\"breadcrumb\":{\"@id\":\"https:\/\/hobierotikshop.com.tr\/website1\/erotik-shop-urun\/belden-baglamali-21-cm-ileri-geri-hareketli-uzaktan-kumandali-gercekci-vantuzlu-melez-penis-bodach\/#breadcrumb\"},\"inLanguage\":\"tr\",\"potentialAction\":[{\"@type\":\"ReadAction\",\"target\":[\"https:\/\/hobierotikshop.com.tr\/website1\/erotik-shop-urun\/belden-baglamali-21-cm-ileri-geri-hareketli-uzaktan-kumandali-gercekci-vantuzlu-melez-penis-bodach\/\"]}]},{\"@type\":\"ImageObject\",\"inLanguage\":\"tr\",\"@id\":\"https:\/\/hobierotikshop.com.tr\/website1\/erotik-shop-urun\/belden-baglamali-21-cm-ileri-geri-hareketli-uzaktan-kumandali-gercekci-vantuzlu-melez-penis-bodach\/#primaryimage\",\"url\":\"https:\/\/haremerotikshop.com\/site\/wp-content\/uploads\/2025\/04\/belden-baglamali-21-cm-ileri-geri-hare-64f6-3.jpg\",\"contentUrl\":\"https:\/\/haremerotikshop.com\/site\/wp-content\/uploads\/2025\/04\/belden-baglamali-21-cm-ileri-geri-hare-64f6-3.jpg\",\"width\":455,\"height\":454},{\"@type\":\"BreadcrumbList\",\"@id\":\"https:\/\/hobierotikshop.com.tr\/website1\/erotik-shop-urun\/belden-baglamali-21-cm-ileri-geri-hareketli-uzaktan-kumandali-gercekci-vantuzlu-melez-penis-bodach\/#breadcrumb\",\"itemListElement\":[{\"@type\":\"ListItem\",\"position\":1,\"name\":\"Anasayfa\",\"item\":\"https:\/\/hobierotikshop.com.tr\/website1\/\"},{\"@type\":\"ListItem\",\"position\":2,\"name\":\"Erotik Shop \u00dcr\u00fcnleri\",\"item\":\"https:\/\/hobierotikshop.com.tr\/website1\/shop\/\"},{\"@type\":\"ListItem\",\"position\":3,\"name\":\"Belden Ba\u011flamal\u0131 21 Cm I\u0307leri Geri Hareketli Uzaktan Kumandal\u0131 Ger\u00e7ek\u00e7i Vantuzlu Melez Penis &#8211; Bodach\"}]},{\"@type\":\"WebSite\",\"@id\":\"https:\/\/hobierotikshop.com.tr\/website1\/#website\",\"url\":\"https:\/\/hobierotikshop.com.tr\/website1\/\",\"name\":\"Bursa Erotik Shop\",\"description\":\"Bursa Erotik Shop ile g\u00fcvenli, gizli ve kaliteli yeti\u015fkin \u00fcr\u00fcnleri al\u0131\u015fveri\u015fi! Geni\u015f \u00fcr\u00fcn yelpazemizi ke\u015ffedin, hemen sipari\u015f verin\",\"publisher\":{\"@id\":\"https:\/\/hobierotikshop.com.tr\/website1\/#organization\"},\"alternateName\":\"Erotik Shop\",\"potentialAction\":[{\"@type\":\"SearchAction\",\"target\":{\"@type\":\"EntryPoint\",\"urlTemplate\":\"https:\/\/hobierotikshop.com.tr\/website1\/?s={search_term_string}\"},\"query-input\":{\"@type\":\"PropertyValueSpecification\",\"valueRequired\":true,\"valueName\":\"search_term_string\"}}],\"inLanguage\":\"tr\"},{\"@type\":\"Organization\",\"@id\":\"https:\/\/hobierotikshop.com.tr\/website1\/#organization\",\"name\":\"Harem Bursa Erotik Shop\",\"url\":\"https:\/\/hobierotikshop.com.tr\/website1\/\",\"logo\":{\"@type\":\"ImageObject\",\"inLanguage\":\"tr\",\"@id\":\"https:\/\/hobierotikshop.com.tr\/website1\/#\/schema\/logo\/image\/\",\"url\":\"https:\/\/haremerotikshop.com\/wp-content\/uploads\/2025\/03\/haremsexshop.png\",\"contentUrl\":\"https:\/\/haremerotikshop.com\/wp-content\/uploads\/2025\/03\/haremsexshop.png\",\"width\":400,\"height\":100,\"caption\":\"Harem Bursa Erotik Shop\"},\"image\":{\"@id\":\"https:\/\/hobierotikshop.com.tr\/website1\/#\/schema\/logo\/image\/\"},\"sameAs\":[\"https:\/\/x.com\/shopbursa\"],\"publishingPrinciples\":\"https:\/\/hobierotikshop.com.tr\/website1\/mesafeli-satis-sozlesmesi\/\",\"ownershipFundingInfo\":\"https:\/\/hobierotikshop.com.tr\/website1\/contact-us\/\",\"actionableFeedbackPolicy\":\"https:\/\/hobierotikshop.com.tr\/website1\/contact-us\/\",\"correctionsPolicy\":\"https:\/\/hobierotikshop.com.tr\/website1\/mesafeli-satis-sozlesmesi\/\"}]}<\/script>\n<meta property=\"product:price:amount\" content=\"5000.00\" \/>\n<meta property=\"product:price:currency\" content=\"TRY\" \/>\n<meta property=\"og:availability\" content=\"instock\" \/>\n<meta property=\"product:availability\" content=\"instock\" \/>\n<meta property=\"product:retailer_item_id\" content=\"BDM1342B\" \/>\n<meta property=\"product:condition\" content=\"new\" \/>\n<!-- \/ Yoast SEO Premium plugin. -->","yoast_head_json":{"title":"Belden Ba\u011flamal\u0131 21 Cm I\u0307leri Geri Hareketli Uzaktan Kumandal\u0131 Ger\u00e7ek\u00e7i Vantuzlu Melez Penis - Bodach - Bursa Erotik Shop","robots":{"index":"index","follow":"follow","max-snippet":"max-snippet:-1","max-image-preview":"max-image-preview:large","max-video-preview":"max-video-preview:-1"},"canonical":"https:\/\/hobierotikshop.com.tr\/website1\/erotik-shop-urun\/belden-baglamali-21-cm-ileri-geri-hareketli-uzaktan-kumandali-gercekci-vantuzlu-melez-penis-bodach\/","og_locale":"tr_TR","og_type":"article","og_title":"Belden Ba\u011flamal\u0131 21 Cm I\u0307leri Geri Hareketli Uzaktan Kumandal\u0131 Ger\u00e7ek\u00e7i Vantuzlu Melez Penis - Bodach","og_description":"Bodach Melez Penis, yeni nesil teknolojisi ile tasarlanm\u0131\u015f ileri geri hareketli, uzaktan kumandal\u0131 ve titre\u015fimli dildo vibrat\u00f6r ile size ger\u00e7ek\u00e7i bir deneyim sunar. Vantuzlu yap\u0131s\u0131 sayesinde her y\u00fczeye kolayca yap\u0131\u015fabilir ve banyonuzda, du\u015fta veya yatak odas\u0131nda rahatl\u0131kla kullanabilirsiniz. Ger\u00e7ek\u00e7i detaylar\u0131, et dokusu ve ten hassasiyeti ile unutulmaz bir zevk deneyimi ya\u015faman\u0131za olanak tan\u0131r.","og_url":"https:\/\/hobierotikshop.com.tr\/website1\/erotik-shop-urun\/belden-baglamali-21-cm-ileri-geri-hareketli-uzaktan-kumandali-gercekci-vantuzlu-melez-penis-bodach\/","og_site_name":"Bursa Erotik Shop","article_modified_time":"2026-01-08T23:58:06+00:00","og_image":[{"width":455,"height":454,"url":"https:\/\/hobierotikshop.com.tr\/website1\/wp-content\/uploads\/2025\/04\/belden-baglamali-21-cm-ileri-geri-hare-64f6-3.jpg","type":"image\/jpeg"}],"twitter_card":"summary_large_image","twitter_site":"@shopbursa","twitter_misc":{"Fiyat":"&#8378;5.000,00","Availability":"In stock"},"schema":{"@context":"https:\/\/schema.org","@graph":[{"@type":"WebPage","@id":"https:\/\/hobierotikshop.com.tr\/website1\/erotik-shop-urun\/belden-baglamali-21-cm-ileri-geri-hareketli-uzaktan-kumandali-gercekci-vantuzlu-melez-penis-bodach\/","url":"https:\/\/hobierotikshop.com.tr\/website1\/erotik-shop-urun\/belden-baglamali-21-cm-ileri-geri-hareketli-uzaktan-kumandali-gercekci-vantuzlu-melez-penis-bodach\/","name":"Belden Ba\u011flamal\u0131 21 Cm I\u0307leri Geri Hareketli Uzaktan Kumandal\u0131 Ger\u00e7ek\u00e7i Vantuzlu Melez Penis - Bodach - Bursa Erotik Shop","isPartOf":{"@id":"https:\/\/hobierotikshop.com.tr\/website1\/#website"},"primaryImageOfPage":{"@id":"https:\/\/hobierotikshop.com.tr\/website1\/erotik-shop-urun\/belden-baglamali-21-cm-ileri-geri-hareketli-uzaktan-kumandali-gercekci-vantuzlu-melez-penis-bodach\/#primaryimage"},"image":{"@id":"https:\/\/hobierotikshop.com.tr\/website1\/erotik-shop-urun\/belden-baglamali-21-cm-ileri-geri-hareketli-uzaktan-kumandali-gercekci-vantuzlu-melez-penis-bodach\/#primaryimage"},"thumbnailUrl":"https:\/\/haremerotikshop.com\/site\/wp-content\/uploads\/2025\/04\/belden-baglamali-21-cm-ileri-geri-hare-64f6-3.jpg","datePublished":"2025-04-26T14:08:27+00:00","dateModified":"2026-01-08T23:58:06+00:00","breadcrumb":{"@id":"https:\/\/hobierotikshop.com.tr\/website1\/erotik-shop-urun\/belden-baglamali-21-cm-ileri-geri-hareketli-uzaktan-kumandali-gercekci-vantuzlu-melez-penis-bodach\/#breadcrumb"},"inLanguage":"tr","potentialAction":[{"@type":"ReadAction","target":["https:\/\/hobierotikshop.com.tr\/website1\/erotik-shop-urun\/belden-baglamali-21-cm-ileri-geri-hareketli-uzaktan-kumandali-gercekci-vantuzlu-melez-penis-bodach\/"]}]},{"@type":"ImageObject","inLanguage":"tr","@id":"https:\/\/hobierotikshop.com.tr\/website1\/erotik-shop-urun\/belden-baglamali-21-cm-ileri-geri-hareketli-uzaktan-kumandali-gercekci-vantuzlu-melez-penis-bodach\/#primaryimage","url":"https:\/\/haremerotikshop.com\/site\/wp-content\/uploads\/2025\/04\/belden-baglamali-21-cm-ileri-geri-hare-64f6-3.jpg","contentUrl":"https:\/\/haremerotikshop.com\/site\/wp-content\/uploads\/2025\/04\/belden-baglamali-21-cm-ileri-geri-hare-64f6-3.jpg","width":455,"height":454},{"@type":"BreadcrumbList","@id":"https:\/\/hobierotikshop.com.tr\/website1\/erotik-shop-urun\/belden-baglamali-21-cm-ileri-geri-hareketli-uzaktan-kumandali-gercekci-vantuzlu-melez-penis-bodach\/#breadcrumb","itemListElement":[{"@type":"ListItem","position":1,"name":"Anasayfa","item":"https:\/\/hobierotikshop.com.tr\/website1\/"},{"@type":"ListItem","position":2,"name":"Erotik Shop \u00dcr\u00fcnleri","item":"https:\/\/hobierotikshop.com.tr\/website1\/shop\/"},{"@type":"ListItem","position":3,"name":"Belden Ba\u011flamal\u0131 21 Cm I\u0307leri Geri Hareketli Uzaktan Kumandal\u0131 Ger\u00e7ek\u00e7i Vantuzlu Melez Penis &#8211; Bodach"}]},{"@type":"WebSite","@id":"https:\/\/hobierotikshop.com.tr\/website1\/#website","url":"https:\/\/hobierotikshop.com.tr\/website1\/","name":"Bursa Erotik Shop","description":"Bursa Erotik Shop ile g\u00fcvenli, gizli ve kaliteli yeti\u015fkin \u00fcr\u00fcnleri al\u0131\u015fveri\u015fi! Geni\u015f \u00fcr\u00fcn yelpazemizi ke\u015ffedin, hemen sipari\u015f verin","publisher":{"@id":"https:\/\/hobierotikshop.com.tr\/website1\/#organization"},"alternateName":"Erotik Shop","potentialAction":[{"@type":"SearchAction","target":{"@type":"EntryPoint","urlTemplate":"https:\/\/hobierotikshop.com.tr\/website1\/?s={search_term_string}"},"query-input":{"@type":"PropertyValueSpecification","valueRequired":true,"valueName":"search_term_string"}}],"inLanguage":"tr"},{"@type":"Organization","@id":"https:\/\/hobierotikshop.com.tr\/website1\/#organization","name":"Harem Bursa Erotik Shop","url":"https:\/\/hobierotikshop.com.tr\/website1\/","logo":{"@type":"ImageObject","inLanguage":"tr","@id":"https:\/\/hobierotikshop.com.tr\/website1\/#\/schema\/logo\/image\/","url":"https:\/\/haremerotikshop.com\/wp-content\/uploads\/2025\/03\/haremsexshop.png","contentUrl":"https:\/\/haremerotikshop.com\/wp-content\/uploads\/2025\/03\/haremsexshop.png","width":400,"height":100,"caption":"Harem Bursa Erotik Shop"},"image":{"@id":"https:\/\/hobierotikshop.com.tr\/website1\/#\/schema\/logo\/image\/"},"sameAs":["https:\/\/x.com\/shopbursa"],"publishingPrinciples":"https:\/\/hobierotikshop.com.tr\/website1\/mesafeli-satis-sozlesmesi\/","ownershipFundingInfo":"https:\/\/hobierotikshop.com.tr\/website1\/contact-us\/","actionableFeedbackPolicy":"https:\/\/hobierotikshop.com.tr\/website1\/contact-us\/","correctionsPolicy":"https:\/\/hobierotikshop.com.tr\/website1\/mesafeli-satis-sozlesmesi\/"}]},"product_price_amount":"5000.00","product_price_currency":"TRY","og_availability":"instock","product_availability":"instock","product_retailer_item_id":"BDM1342B","product_condition":"new"},"_links":{"self":[{"href":"https:\/\/haremerotikshop.com\/site\/wp-json\/wp\/v2\/product\/44967","targetHints":{"allow":["GET"]}}],"collection":[{"href":"https:\/\/haremerotikshop.com\/site\/wp-json\/wp\/v2\/product"}],"about":[{"href":"https:\/\/haremerotikshop.com\/site\/wp-json\/wp\/v2\/types\/product"}],"replies":[{"embeddable":true,"href":"https:\/\/haremerotikshop.com\/site\/wp-json\/wp\/v2\/comments?post=44967"}],"version-history":[{"count":0,"href":"https:\/\/haremerotikshop.com\/site\/wp-json\/wp\/v2\/product\/44967\/revisions"}],"wp:featuredmedia":[{"embeddable":true,"href":"https:\/\/haremerotikshop.com\/site\/wp-json\/wp\/v2\/media\/44969"}],"wp:attachment":[{"href":"https:\/\/haremerotikshop.com\/site\/wp-json\/wp\/v2\/media?parent=44967"}],"wp:term":[{"taxonomy":"product_brand","embeddable":true,"href":"https:\/\/haremerotikshop.com\/site\/wp-json\/wp\/v2\/product_brand?post=44967"},{"taxonomy":"product_cat","embeddable":true,"href":"https:\/\/haremerotikshop.com\/site\/wp-json\/wp\/v2\/product_cat?post=44967"},{"taxonomy":"product_tag","embeddable":true,"href":"https:\/\/haremerotikshop.com\/site\/wp-json\/wp\/v2\/product_tag?post=44967"}],"curies":[{"name":"wp","href":"https:\/\/api.w.org\/{rel}","templated":true}]}}