{"id":45254,"date":"2025-04-26T17:12:50","date_gmt":"2025-04-26T14:12:50","guid":{"rendered":"https:\/\/haremerotikshop.com\/site\/erotik-shop-urun\/belden-baglamali-33-cm-et-dokulu-gercekci-cift-katmanli-sunnetsiz-silikon-penis-horse-power-2\/"},"modified":"2026-01-08T14:47:46","modified_gmt":"2026-01-08T11:47:46","slug":"belden-baglamali-33-cm-et-dokulu-gercekci-cift-katmanli-sunnetsiz-silikon-penis-horse-power-2","status":"publish","type":"product","link":"https:\/\/haremerotikshop.com\/site\/erotik-shop-urun\/belden-baglamali-33-cm-et-dokulu-gercekci-cift-katmanli-sunnetsiz-silikon-penis-horse-power-2\/","title":{"rendered":"Belden Ba\u011flamal\u0131 33 Cm Et Dokulu Ger\u00e7ek\u00e7i \u00c7ift Katmanl\u0131 S\u00fcnnetsiz Silikon Penis &#8211; Horse Power 2"},"content":{"rendered":"<h1 class=\"\" data-start=\"58\" data-end=\"159\"><strong data-start=\"60\" data-end=\"159\">Belden Ba\u011flamal\u0131 33 cm Et Dokulu Ger\u00e7ek\u00e7i \u00c7ift Katmanl\u0131 S\u00fcnnetsiz Silikon Penis &#8211; Horse Power 2<\/strong><\/h1>\n<p class=\"\" data-start=\"161\" data-end=\"583\">Yeni nesil tasar\u0131m\u0131 ve dikkatlice se\u00e7ilmi\u015f malzemeleriyle <strong data-start=\"219\" data-end=\"318\">Belden Ba\u011flamal\u0131 33 cm Et Dokulu Ger\u00e7ek\u00e7i \u00c7ift Katmanl\u0131 S\u00fcnnetsiz Silikon Penis &#8211; Horse Power 2<\/strong>, size benzersiz bir deneyim sunmay\u0131 vaat ediyor. Bu \u00fcr\u00fcn\u00fc kullanarak ger\u00e7ek\u00e7i bir his ve etkileyici performansla tan\u0131\u015fabilirsiniz. <strong data-start=\"450\" data-end=\"467\">Horse Power 2<\/strong>, su ge\u00e7irmez \u00f6zelli\u011fi, kaliteli silikon malzemesi ve tamamen ger\u00e7ek\u00e7i yap\u0131s\u0131yla en y\u00fcksek tatmin seviyesini sa\u011flar.<\/p>\n<h2 class=\"\" data-start=\"585\" data-end=\"609\"><strong data-start=\"588\" data-end=\"609\">\u00dcr\u00fcn \u00d6zellikleri:<\/strong><\/h2>\n<ul data-start=\"611\" data-end=\"1432\">\n<li class=\"\" data-start=\"611\" data-end=\"820\">\n<p class=\"\" data-start=\"613\" data-end=\"820\"><strong data-start=\"613\" data-end=\"647\">Ger\u00e7ek\u00e7i Et Dokusu ve G\u00f6r\u00fcn\u00fcm\u00fc<\/strong>: <strong data-start=\"649\" data-end=\"666\">Horse Power 2<\/strong>, et dokusunun ve damarl\u0131 yap\u0131s\u0131n\u0131n m\u00fckemmel uyumuyla ger\u00e7ek\u00e7i bir deneyim sunar. S\u00fcnnetsiz tasar\u0131m\u0131 ve testisli yap\u0131s\u0131, do\u011fal bir g\u00f6r\u00fcn\u00fcm ve his yarat\u0131r.<\/p>\n<\/li>\n<li class=\"\" data-start=\"821\" data-end=\"1028\">\n<p class=\"\" data-start=\"823\" data-end=\"1028\"><strong data-start=\"823\" data-end=\"851\">Testisli ve G\u00fc\u00e7l\u00fc Vantuz<\/strong>: Testisli yap\u0131s\u0131 sayesinde ger\u00e7ek\u00e7i bir deneyim sa\u011flar. Ayr\u0131ca g\u00fc\u00e7l\u00fc vantuz taban\u0131 sayesinde her y\u00fczeye rahatl\u0131kla sabitlenebilir, istedi\u011finiz pozisyonda kullan\u0131m imkan\u0131 tan\u0131r.<\/p>\n<\/li>\n<li class=\"\" data-start=\"1029\" data-end=\"1179\">\n<p class=\"\" data-start=\"1031\" data-end=\"1179\"><strong data-start=\"1031\" data-end=\"1058\">Y\u00fcksek Kaliteli Silikon<\/strong>: Cilt dostu ve sa\u011fl\u0131kl\u0131 silikon malzeme ile \u00fcretilmi\u015ftir. Su ge\u00e7irmez \u00f6zelli\u011fi sayesinde banyo ve du\u015fta kullan\u0131labilir.<\/p>\n<\/li>\n<li class=\"\" data-start=\"1180\" data-end=\"1307\">\n<p class=\"\" data-start=\"1182\" data-end=\"1208\"><strong data-start=\"1182\" data-end=\"1205\">B\u00fcy\u00fckl\u00fck ve Uzunluk<\/strong>:<\/p>\n<ul data-start=\"1211\" data-end=\"1307\">\n<li class=\"\" data-start=\"1211\" data-end=\"1240\">\n<p class=\"\" data-start=\"1213\" data-end=\"1240\"><strong data-start=\"1213\" data-end=\"1231\">Toplam Uzunluk<\/strong>: 33 cm<\/p>\n<\/li>\n<li class=\"\" data-start=\"1243\" data-end=\"1280\">\n<p class=\"\" data-start=\"1245\" data-end=\"1280\"><strong data-start=\"1245\" data-end=\"1271\">Kullan\u0131labilir Uzunluk<\/strong>: 25 cm<\/p>\n<\/li>\n<li class=\"\" data-start=\"1283\" data-end=\"1307\">\n<p class=\"\" data-start=\"1285\" data-end=\"1307\"><strong data-start=\"1285\" data-end=\"1297\">Kal\u0131nl\u0131k<\/strong>: 5,1 cm<\/p>\n<\/li>\n<\/ul>\n<\/li>\n<li class=\"\" data-start=\"1308\" data-end=\"1432\">\n<p class=\"\" data-start=\"1310\" data-end=\"1432\"><strong data-start=\"1310\" data-end=\"1347\">Dayan\u0131kl\u0131 ve Uzun \u00d6m\u00fcrl\u00fc Kullan\u0131m<\/strong>: Y\u00fcksek kaliteli silikon malzeme, uzun s\u00fcre g\u00fcvenli ve sorunsuz bir kullan\u0131m sa\u011flar.<\/p>\n<\/li>\n<\/ul>\n<hr class=\"\" data-start=\"1434\" data-end=\"1437\" \/>\n<h2 class=\"\" data-start=\"1439\" data-end=\"1457\"><strong data-start=\"1442\" data-end=\"1457\">Avantajlar:<\/strong><\/h2>\n<p class=\"\" data-start=\"1459\" data-end=\"1965\">\u2705 <strong data-start=\"1461\" data-end=\"1488\">Ger\u00e7ek\u00e7i G\u00f6r\u00fcn\u00fcm ve His<\/strong>: Et dokusu ve damarl\u0131 tasar\u0131m\u0131 ile ger\u00e7ek\u00e7ili\u011fi \u00f6n planda tutan bir \u00fcr\u00fcn.<br data-start=\"1562\" data-end=\"1565\" \/>\u2705 <strong data-start=\"1567\" data-end=\"1590\">Su Ge\u00e7irmez Tasar\u0131m<\/strong>: Su ge\u00e7irmez \u00f6zelli\u011fi ile banyoda veya du\u015fta kullan\u0131labilir.<br data-start=\"1651\" data-end=\"1654\" \/>\u2705 <strong data-start=\"1656\" data-end=\"1676\">Testisli Tasar\u0131m<\/strong>: Ger\u00e7ek\u00e7i his i\u00e7in tasarlanm\u0131\u015f testisli yap\u0131.<br data-start=\"1722\" data-end=\"1725\" \/>\u2705 <strong data-start=\"1727\" data-end=\"1753\">S\u00fcper Kaliteli Silikon<\/strong>: Cilt dostu, dayan\u0131kl\u0131 ve g\u00fcvenli silikon malzeme.<br data-start=\"1804\" data-end=\"1807\" \/>\u2705 <strong data-start=\"1809\" data-end=\"1825\">G\u00fc\u00e7l\u00fc Vantuz<\/strong>: G\u00fc\u00e7l\u00fc vantuz sayesinde her y\u00fczeye sabitlenebilir.<br data-start=\"1876\" data-end=\"1879\" \/>\u2705 <strong data-start=\"1881\" data-end=\"1908\">Kolay Temizlik ve Bak\u0131m<\/strong>: Kolay temizlenebilir malzeme, hijyenik kullan\u0131m sa\u011flar.<\/p>\n<hr class=\"\" data-start=\"1967\" data-end=\"1970\" \/>\n<h2 class=\"\" data-start=\"1972\" data-end=\"1998\"><strong data-start=\"1975\" data-end=\"1998\">Kullan\u0131m \u00d6nerileri:<\/strong><\/h2>\n<ul data-start=\"2000\" data-end=\"2264\">\n<li class=\"\" data-start=\"2000\" data-end=\"2101\">\n<p class=\"\" data-start=\"2002\" data-end=\"2101\"><strong data-start=\"2002\" data-end=\"2031\">Kayganla\u015ft\u0131r\u0131c\u0131 Kullan\u0131m\u0131<\/strong>: Konforlu bir kullan\u0131m i\u00e7in kayganla\u015ft\u0131r\u0131c\u0131 jel kullanman\u0131z \u00f6nerilir.<\/p>\n<\/li>\n<li class=\"\" data-start=\"2102\" data-end=\"2209\">\n<p class=\"\" data-start=\"2104\" data-end=\"2209\"><strong data-start=\"2104\" data-end=\"2116\">Temizlik<\/strong>: \u00dcr\u00fcn\u00fc her kullan\u0131mdan sonra \u0131l\u0131k su ve sabunla y\u0131kay\u0131n. Kimyasal temizleyicilerden ka\u00e7\u0131n\u0131n.<\/p>\n<\/li>\n<li class=\"\" data-start=\"2210\" data-end=\"2264\">\n<p class=\"\" data-start=\"2212\" data-end=\"2264\"><strong data-start=\"2212\" data-end=\"2223\">Saklama<\/strong>: \u00dcr\u00fcn\u00fc kuru ve temiz bir yerde saklay\u0131n.<\/p>\n<\/li>\n<\/ul>\n<hr class=\"\" data-start=\"2266\" data-end=\"2269\" \/>\n<h2 class=\"\" data-start=\"2271\" data-end=\"2308\"><strong data-start=\"2274\" data-end=\"2308\">Sipari\u015f ve Teslimat Bilgileri:<\/strong><\/h2>\n<ul data-start=\"2310\" data-end=\"2695\">\n<li class=\"\" data-start=\"2310\" data-end=\"2450\">\n<p class=\"\" data-start=\"2312\" data-end=\"2450\"><strong data-start=\"2312\" data-end=\"2330\">G\u00f6nderim \u015eekli<\/strong>: Sipari\u015fler, i\u00e7eri\u011fi anla\u015f\u0131lmayacak \u015fekilde gizli ve kapal\u0131 kolilerle g\u00f6nderilir. Mahremiyetinize b\u00fcy\u00fck \u00f6nem veriyoruz.<\/p>\n<\/li>\n<li class=\"\" data-start=\"2451\" data-end=\"2618\">\n<p class=\"\" data-start=\"2453\" data-end=\"2477\"><strong data-start=\"2453\" data-end=\"2474\">\u00d6deme Se\u00e7enekleri<\/strong>:<\/p>\n<ul data-start=\"2480\" data-end=\"2618\">\n<li class=\"\" data-start=\"2480\" data-end=\"2502\">\n<p class=\"\" data-start=\"2482\" data-end=\"2502\">Kap\u0131da nakit \u00f6deme<\/p>\n<\/li>\n<li class=\"\" data-start=\"2505\" data-end=\"2537\">\n<p class=\"\" data-start=\"2507\" data-end=\"2537\">Kap\u0131da kredi kart\u0131 ile \u00f6deme<\/p>\n<\/li>\n<li class=\"\" data-start=\"2540\" data-end=\"2572\">\n<p class=\"\" data-start=\"2542\" data-end=\"2572\">Banka havalesi\/EFT ile \u00f6deme<\/p>\n<\/li>\n<li class=\"\" data-start=\"2575\" data-end=\"2618\">\n<p class=\"\" data-start=\"2577\" data-end=\"2618\">Tek \u00e7ekim veya taksitli \u00f6deme se\u00e7enekleri<\/p>\n<\/li>\n<\/ul>\n<\/li>\n<li class=\"\" data-start=\"2619\" data-end=\"2695\">\n<p class=\"\" data-start=\"2621\" data-end=\"2648\"><strong data-start=\"2621\" data-end=\"2645\">Teslimat Se\u00e7enekleri<\/strong>:<\/p>\n<ul data-start=\"2651\" data-end=\"2695\">\n<li class=\"\" data-start=\"2651\" data-end=\"2668\">\n<p class=\"\" data-start=\"2653\" data-end=\"2668\">Adrese teslim<\/p>\n<\/li>\n<li class=\"\" data-start=\"2671\" data-end=\"2695\">\n<p class=\"\" data-start=\"2673\" data-end=\"2695\">\u015eube teslimat se\u00e7ene\u011fi<\/p>\n<\/li>\n<\/ul>\n<\/li>\n<\/ul>\n<p class=\"\" data-start=\"2697\" data-end=\"2802\"><strong data-start=\"2697\" data-end=\"2802\">T\u00fcm sipari\u015fler firmam\u0131z g\u00fcvencesiyle g\u00fcvenli bir \u015fekilde haz\u0131rlan\u0131r ve eksiksiz olarak teslim edilir.<\/strong><\/p>\n<p class=\"\" data-start=\"2804\" data-end=\"2945\">\u2728 <strong data-start=\"2806\" data-end=\"2842\">Kap\u0131da \u00d6deme &#8211; G\u00fcvenli Al\u0131\u015fveri\u015f<\/strong><br data-start=\"2842\" data-end=\"2845\" \/>\u2728 <strong data-start=\"2847\" data-end=\"2891\">H\u0131zl\u0131 G\u00f6nderim &#8211; Orijinal \u00dcr\u00fcn Garantisi<\/strong><br data-start=\"2891\" data-end=\"2894\" \/>\u2728 <strong data-start=\"2896\" data-end=\"2945\">Gizli Paketleme ile Mahremiyetinizi Koruyoruz<\/strong><\/p>\n<hr class=\"\" data-start=\"2947\" data-end=\"2950\" \/>\n<p class=\"\" data-start=\"2952\" data-end=\"3056\">\ud83c\udfaf <strong data-start=\"2955\" data-end=\"3056\">Ger\u00e7ek\u00e7i bir deneyim arayanlar i\u00e7in m\u00fckemmel se\u00e7im! \u015eimdi sipari\u015f verin ve keyifli anlar ya\u015fay\u0131n!<\/strong><\/p>\n<p>&nbsp;<\/p>\n<p>&nbsp;<\/p>\n<p>&nbsp;<\/p>\n","protected":false},"excerpt":{"rendered":"<p>Yeni nesil tasar\u0131m\u0131 ve dikkatlice se\u00e7ilmi\u015f malzemeleriyle <strong data-start=\"219\" data-end=\"318\">Belden Ba\u011flamal\u0131 33 cm Et Dokulu Ger\u00e7ek\u00e7i \u00c7ift Katmanl\u0131 S\u00fcnnetsiz Silikon Penis &#8211; Horse Power 2<\/strong>, size benzersiz bir deneyim sunmay\u0131 vaat ediyor. Bu \u00fcr\u00fcn\u00fc kullanarak ger\u00e7ek\u00e7i bir his ve etkileyici performansla tan\u0131\u015fabilirsiniz. <strong data-start=\"450\" data-end=\"467\">Horse Power 2<\/strong>, su ge\u00e7irmez \u00f6zelli\u011fi, kaliteli silikon malzemesi ve tamamen ger\u00e7ek\u00e7i yap\u0131s\u0131yla en y\u00fcksek tatmin seviyesini sa\u011flar.<\/p>\n","protected":false},"featured_media":45256,"comment_status":"closed","ping_status":"closed","template":"","meta":[],"product_brand":[],"product_cat":[498],"product_tag":[],"class_list":{"0":"post-45254","1":"product","2":"type-product","3":"status-publish","4":"has-post-thumbnail","6":"product_cat-belden-baglamali-penisler","8":"first","9":"instock","10":"purchasable","11":"product-type-simple"},"yoast_head":"<!-- This site is optimized with the Yoast SEO Premium plugin v24.4 (Yoast SEO v27.1.1) - https:\/\/yoast.com\/product\/yoast-seo-premium-wordpress\/ -->\n<title>Belden Ba\u011flamal\u0131 33 Cm Et Dokulu Ger\u00e7ek\u00e7i \u00c7ift Katmanl\u0131 S\u00fcnnetsiz Silikon Penis - Horse Power 2 - Bursa Erotik Shop<\/title>\n<meta name=\"robots\" content=\"index, follow, max-snippet:-1, max-image-preview:large, max-video-preview:-1\" \/>\n<link rel=\"canonical\" href=\"https:\/\/hobierotikshop.com.tr\/website1\/erotik-shop-urun\/belden-baglamali-33-cm-et-dokulu-gercekci-cift-katmanli-sunnetsiz-silikon-penis-horse-power-2\/\" \/>\n<meta property=\"og:locale\" content=\"tr_TR\" \/>\n<meta property=\"og:type\" content=\"article\" \/>\n<meta property=\"og:title\" content=\"Belden Ba\u011flamal\u0131 33 Cm Et Dokulu Ger\u00e7ek\u00e7i \u00c7ift Katmanl\u0131 S\u00fcnnetsiz Silikon Penis - Horse Power 2\" \/>\n<meta property=\"og:description\" content=\"Yeni nesil tasar\u0131m\u0131 ve dikkatlice se\u00e7ilmi\u015f malzemeleriyle Belden Ba\u011flamal\u0131 33 cm Et Dokulu Ger\u00e7ek\u00e7i \u00c7ift Katmanl\u0131 S\u00fcnnetsiz Silikon Penis - Horse Power 2, size benzersiz bir deneyim sunmay\u0131 vaat ediyor. Bu \u00fcr\u00fcn\u00fc kullanarak ger\u00e7ek\u00e7i bir his ve etkileyici performansla tan\u0131\u015fabilirsiniz. Horse Power 2, su ge\u00e7irmez \u00f6zelli\u011fi, kaliteli silikon malzemesi ve tamamen ger\u00e7ek\u00e7i yap\u0131s\u0131yla en y\u00fcksek tatmin seviyesini sa\u011flar.\" \/>\n<meta property=\"og:url\" content=\"https:\/\/hobierotikshop.com.tr\/website1\/erotik-shop-urun\/belden-baglamali-33-cm-et-dokulu-gercekci-cift-katmanli-sunnetsiz-silikon-penis-horse-power-2\/\" \/>\n<meta property=\"og:site_name\" content=\"Bursa Erotik Shop\" \/>\n<meta property=\"article:modified_time\" content=\"2026-01-08T11:47:46+00:00\" \/>\n<meta property=\"og:image\" content=\"https:\/\/hobierotikshop.com.tr\/website1\/wp-content\/uploads\/2025\/04\/belden-baglamali-33-cm-et-dokulu-gerce-6a563b.jpg\" \/>\n\t<meta property=\"og:image:width\" content=\"455\" \/>\n\t<meta property=\"og:image:height\" content=\"455\" \/>\n\t<meta property=\"og:image:type\" content=\"image\/jpeg\" \/>\n<meta name=\"twitter:card\" content=\"summary_large_image\" \/>\n<meta name=\"twitter:site\" content=\"@shopbursa\" \/>\n<meta name=\"twitter:label1\" content=\"Fiyat\" \/>\n\t<meta name=\"twitter:data1\" content=\"&#8378;3.500,00\" \/>\n\t<meta name=\"twitter:label2\" content=\"Availability\" \/>\n\t<meta name=\"twitter:data2\" content=\"In stock\" \/>\n<script type=\"application\/ld+json\" class=\"yoast-schema-graph\">{\"@context\":\"https:\/\/schema.org\",\"@graph\":[{\"@type\":\"WebPage\",\"@id\":\"https:\/\/hobierotikshop.com.tr\/website1\/erotik-shop-urun\/belden-baglamali-33-cm-et-dokulu-gercekci-cift-katmanli-sunnetsiz-silikon-penis-horse-power-2\/\",\"url\":\"https:\/\/hobierotikshop.com.tr\/website1\/erotik-shop-urun\/belden-baglamali-33-cm-et-dokulu-gercekci-cift-katmanli-sunnetsiz-silikon-penis-horse-power-2\/\",\"name\":\"Belden Ba\u011flamal\u0131 33 Cm Et Dokulu Ger\u00e7ek\u00e7i \u00c7ift Katmanl\u0131 S\u00fcnnetsiz Silikon Penis - Horse Power 2 - Bursa Erotik Shop\",\"isPartOf\":{\"@id\":\"https:\/\/hobierotikshop.com.tr\/website1\/#website\"},\"primaryImageOfPage\":{\"@id\":\"https:\/\/hobierotikshop.com.tr\/website1\/erotik-shop-urun\/belden-baglamali-33-cm-et-dokulu-gercekci-cift-katmanli-sunnetsiz-silikon-penis-horse-power-2\/#primaryimage\"},\"image\":{\"@id\":\"https:\/\/hobierotikshop.com.tr\/website1\/erotik-shop-urun\/belden-baglamali-33-cm-et-dokulu-gercekci-cift-katmanli-sunnetsiz-silikon-penis-horse-power-2\/#primaryimage\"},\"thumbnailUrl\":\"https:\/\/haremerotikshop.com\/site\/wp-content\/uploads\/2025\/04\/belden-baglamali-33-cm-et-dokulu-gerce-6a563b.jpg\",\"datePublished\":\"2025-04-26T14:12:50+00:00\",\"dateModified\":\"2026-01-08T11:47:46+00:00\",\"breadcrumb\":{\"@id\":\"https:\/\/hobierotikshop.com.tr\/website1\/erotik-shop-urun\/belden-baglamali-33-cm-et-dokulu-gercekci-cift-katmanli-sunnetsiz-silikon-penis-horse-power-2\/#breadcrumb\"},\"inLanguage\":\"tr\",\"potentialAction\":[{\"@type\":\"ReadAction\",\"target\":[\"https:\/\/hobierotikshop.com.tr\/website1\/erotik-shop-urun\/belden-baglamali-33-cm-et-dokulu-gercekci-cift-katmanli-sunnetsiz-silikon-penis-horse-power-2\/\"]}]},{\"@type\":\"ImageObject\",\"inLanguage\":\"tr\",\"@id\":\"https:\/\/hobierotikshop.com.tr\/website1\/erotik-shop-urun\/belden-baglamali-33-cm-et-dokulu-gercekci-cift-katmanli-sunnetsiz-silikon-penis-horse-power-2\/#primaryimage\",\"url\":\"https:\/\/haremerotikshop.com\/site\/wp-content\/uploads\/2025\/04\/belden-baglamali-33-cm-et-dokulu-gerce-6a563b.jpg\",\"contentUrl\":\"https:\/\/haremerotikshop.com\/site\/wp-content\/uploads\/2025\/04\/belden-baglamali-33-cm-et-dokulu-gerce-6a563b.jpg\",\"width\":455,\"height\":455},{\"@type\":\"BreadcrumbList\",\"@id\":\"https:\/\/hobierotikshop.com.tr\/website1\/erotik-shop-urun\/belden-baglamali-33-cm-et-dokulu-gercekci-cift-katmanli-sunnetsiz-silikon-penis-horse-power-2\/#breadcrumb\",\"itemListElement\":[{\"@type\":\"ListItem\",\"position\":1,\"name\":\"Anasayfa\",\"item\":\"https:\/\/hobierotikshop.com.tr\/website1\/\"},{\"@type\":\"ListItem\",\"position\":2,\"name\":\"Erotik Shop \u00dcr\u00fcnleri\",\"item\":\"https:\/\/hobierotikshop.com.tr\/website1\/shop\/\"},{\"@type\":\"ListItem\",\"position\":3,\"name\":\"Belden Ba\u011flamal\u0131 33 Cm Et Dokulu Ger\u00e7ek\u00e7i \u00c7ift Katmanl\u0131 S\u00fcnnetsiz Silikon Penis &#8211; Horse Power 2\"}]},{\"@type\":\"WebSite\",\"@id\":\"https:\/\/hobierotikshop.com.tr\/website1\/#website\",\"url\":\"https:\/\/hobierotikshop.com.tr\/website1\/\",\"name\":\"Bursa Erotik Shop\",\"description\":\"Bursa Erotik Shop ile g\u00fcvenli, gizli ve kaliteli yeti\u015fkin \u00fcr\u00fcnleri al\u0131\u015fveri\u015fi! Geni\u015f \u00fcr\u00fcn yelpazemizi ke\u015ffedin, hemen sipari\u015f verin\",\"publisher\":{\"@id\":\"https:\/\/hobierotikshop.com.tr\/website1\/#organization\"},\"alternateName\":\"Erotik Shop\",\"potentialAction\":[{\"@type\":\"SearchAction\",\"target\":{\"@type\":\"EntryPoint\",\"urlTemplate\":\"https:\/\/hobierotikshop.com.tr\/website1\/?s={search_term_string}\"},\"query-input\":{\"@type\":\"PropertyValueSpecification\",\"valueRequired\":true,\"valueName\":\"search_term_string\"}}],\"inLanguage\":\"tr\"},{\"@type\":\"Organization\",\"@id\":\"https:\/\/hobierotikshop.com.tr\/website1\/#organization\",\"name\":\"Harem Bursa Erotik Shop\",\"url\":\"https:\/\/hobierotikshop.com.tr\/website1\/\",\"logo\":{\"@type\":\"ImageObject\",\"inLanguage\":\"tr\",\"@id\":\"https:\/\/hobierotikshop.com.tr\/website1\/#\/schema\/logo\/image\/\",\"url\":\"https:\/\/haremerotikshop.com\/site\/wp-content\/uploads\/2025\/03\/haremsexshop.png\",\"contentUrl\":\"https:\/\/haremerotikshop.com\/site\/wp-content\/uploads\/2025\/03\/haremsexshop.png\",\"width\":400,\"height\":100,\"caption\":\"Harem Bursa Erotik Shop\"},\"image\":{\"@id\":\"https:\/\/hobierotikshop.com.tr\/website1\/#\/schema\/logo\/image\/\"},\"sameAs\":[\"https:\/\/x.com\/shopbursa\"],\"publishingPrinciples\":\"https:\/\/hobierotikshop.com.tr\/website1\/mesafeli-satis-sozlesmesi\/\",\"ownershipFundingInfo\":\"https:\/\/hobierotikshop.com.tr\/website1\/contact-us\/\",\"actionableFeedbackPolicy\":\"https:\/\/hobierotikshop.com.tr\/website1\/contact-us\/\",\"correctionsPolicy\":\"https:\/\/hobierotikshop.com.tr\/website1\/mesafeli-satis-sozlesmesi\/\"}]}<\/script>\n<meta property=\"product:price:amount\" content=\"3500.00\" \/>\n<meta property=\"product:price:currency\" content=\"TRY\" \/>\n<meta property=\"og:availability\" content=\"instock\" \/>\n<meta property=\"product:availability\" content=\"instock\" \/>\n<meta property=\"product:retailer_item_id\" content=\"BDM1582B\" \/>\n<meta property=\"product:condition\" content=\"new\" \/>\n<!-- \/ Yoast SEO Premium plugin. -->","yoast_head_json":{"title":"Belden Ba\u011flamal\u0131 33 Cm Et Dokulu Ger\u00e7ek\u00e7i \u00c7ift Katmanl\u0131 S\u00fcnnetsiz Silikon Penis - Horse Power 2 - Bursa Erotik Shop","robots":{"index":"index","follow":"follow","max-snippet":"max-snippet:-1","max-image-preview":"max-image-preview:large","max-video-preview":"max-video-preview:-1"},"canonical":"https:\/\/hobierotikshop.com.tr\/website1\/erotik-shop-urun\/belden-baglamali-33-cm-et-dokulu-gercekci-cift-katmanli-sunnetsiz-silikon-penis-horse-power-2\/","og_locale":"tr_TR","og_type":"article","og_title":"Belden Ba\u011flamal\u0131 33 Cm Et Dokulu Ger\u00e7ek\u00e7i \u00c7ift Katmanl\u0131 S\u00fcnnetsiz Silikon Penis - Horse Power 2","og_description":"Yeni nesil tasar\u0131m\u0131 ve dikkatlice se\u00e7ilmi\u015f malzemeleriyle Belden Ba\u011flamal\u0131 33 cm Et Dokulu Ger\u00e7ek\u00e7i \u00c7ift Katmanl\u0131 S\u00fcnnetsiz Silikon Penis - Horse Power 2, size benzersiz bir deneyim sunmay\u0131 vaat ediyor. Bu \u00fcr\u00fcn\u00fc kullanarak ger\u00e7ek\u00e7i bir his ve etkileyici performansla tan\u0131\u015fabilirsiniz. Horse Power 2, su ge\u00e7irmez \u00f6zelli\u011fi, kaliteli silikon malzemesi ve tamamen ger\u00e7ek\u00e7i yap\u0131s\u0131yla en y\u00fcksek tatmin seviyesini sa\u011flar.","og_url":"https:\/\/hobierotikshop.com.tr\/website1\/erotik-shop-urun\/belden-baglamali-33-cm-et-dokulu-gercekci-cift-katmanli-sunnetsiz-silikon-penis-horse-power-2\/","og_site_name":"Bursa Erotik Shop","article_modified_time":"2026-01-08T11:47:46+00:00","og_image":[{"width":455,"height":455,"url":"https:\/\/hobierotikshop.com.tr\/website1\/wp-content\/uploads\/2025\/04\/belden-baglamali-33-cm-et-dokulu-gerce-6a563b.jpg","type":"image\/jpeg"}],"twitter_card":"summary_large_image","twitter_site":"@shopbursa","twitter_misc":{"Fiyat":"&#8378;3.500,00","Availability":"In stock"},"schema":{"@context":"https:\/\/schema.org","@graph":[{"@type":"WebPage","@id":"https:\/\/hobierotikshop.com.tr\/website1\/erotik-shop-urun\/belden-baglamali-33-cm-et-dokulu-gercekci-cift-katmanli-sunnetsiz-silikon-penis-horse-power-2\/","url":"https:\/\/hobierotikshop.com.tr\/website1\/erotik-shop-urun\/belden-baglamali-33-cm-et-dokulu-gercekci-cift-katmanli-sunnetsiz-silikon-penis-horse-power-2\/","name":"Belden Ba\u011flamal\u0131 33 Cm Et Dokulu Ger\u00e7ek\u00e7i \u00c7ift Katmanl\u0131 S\u00fcnnetsiz Silikon Penis - Horse Power 2 - Bursa Erotik Shop","isPartOf":{"@id":"https:\/\/hobierotikshop.com.tr\/website1\/#website"},"primaryImageOfPage":{"@id":"https:\/\/hobierotikshop.com.tr\/website1\/erotik-shop-urun\/belden-baglamali-33-cm-et-dokulu-gercekci-cift-katmanli-sunnetsiz-silikon-penis-horse-power-2\/#primaryimage"},"image":{"@id":"https:\/\/hobierotikshop.com.tr\/website1\/erotik-shop-urun\/belden-baglamali-33-cm-et-dokulu-gercekci-cift-katmanli-sunnetsiz-silikon-penis-horse-power-2\/#primaryimage"},"thumbnailUrl":"https:\/\/haremerotikshop.com\/site\/wp-content\/uploads\/2025\/04\/belden-baglamali-33-cm-et-dokulu-gerce-6a563b.jpg","datePublished":"2025-04-26T14:12:50+00:00","dateModified":"2026-01-08T11:47:46+00:00","breadcrumb":{"@id":"https:\/\/hobierotikshop.com.tr\/website1\/erotik-shop-urun\/belden-baglamali-33-cm-et-dokulu-gercekci-cift-katmanli-sunnetsiz-silikon-penis-horse-power-2\/#breadcrumb"},"inLanguage":"tr","potentialAction":[{"@type":"ReadAction","target":["https:\/\/hobierotikshop.com.tr\/website1\/erotik-shop-urun\/belden-baglamali-33-cm-et-dokulu-gercekci-cift-katmanli-sunnetsiz-silikon-penis-horse-power-2\/"]}]},{"@type":"ImageObject","inLanguage":"tr","@id":"https:\/\/hobierotikshop.com.tr\/website1\/erotik-shop-urun\/belden-baglamali-33-cm-et-dokulu-gercekci-cift-katmanli-sunnetsiz-silikon-penis-horse-power-2\/#primaryimage","url":"https:\/\/haremerotikshop.com\/site\/wp-content\/uploads\/2025\/04\/belden-baglamali-33-cm-et-dokulu-gerce-6a563b.jpg","contentUrl":"https:\/\/haremerotikshop.com\/site\/wp-content\/uploads\/2025\/04\/belden-baglamali-33-cm-et-dokulu-gerce-6a563b.jpg","width":455,"height":455},{"@type":"BreadcrumbList","@id":"https:\/\/hobierotikshop.com.tr\/website1\/erotik-shop-urun\/belden-baglamali-33-cm-et-dokulu-gercekci-cift-katmanli-sunnetsiz-silikon-penis-horse-power-2\/#breadcrumb","itemListElement":[{"@type":"ListItem","position":1,"name":"Anasayfa","item":"https:\/\/hobierotikshop.com.tr\/website1\/"},{"@type":"ListItem","position":2,"name":"Erotik Shop \u00dcr\u00fcnleri","item":"https:\/\/hobierotikshop.com.tr\/website1\/shop\/"},{"@type":"ListItem","position":3,"name":"Belden Ba\u011flamal\u0131 33 Cm Et Dokulu Ger\u00e7ek\u00e7i \u00c7ift Katmanl\u0131 S\u00fcnnetsiz Silikon Penis &#8211; Horse Power 2"}]},{"@type":"WebSite","@id":"https:\/\/hobierotikshop.com.tr\/website1\/#website","url":"https:\/\/hobierotikshop.com.tr\/website1\/","name":"Bursa Erotik Shop","description":"Bursa Erotik Shop ile g\u00fcvenli, gizli ve kaliteli yeti\u015fkin \u00fcr\u00fcnleri al\u0131\u015fveri\u015fi! Geni\u015f \u00fcr\u00fcn yelpazemizi ke\u015ffedin, hemen sipari\u015f verin","publisher":{"@id":"https:\/\/hobierotikshop.com.tr\/website1\/#organization"},"alternateName":"Erotik Shop","potentialAction":[{"@type":"SearchAction","target":{"@type":"EntryPoint","urlTemplate":"https:\/\/hobierotikshop.com.tr\/website1\/?s={search_term_string}"},"query-input":{"@type":"PropertyValueSpecification","valueRequired":true,"valueName":"search_term_string"}}],"inLanguage":"tr"},{"@type":"Organization","@id":"https:\/\/hobierotikshop.com.tr\/website1\/#organization","name":"Harem Bursa Erotik Shop","url":"https:\/\/hobierotikshop.com.tr\/website1\/","logo":{"@type":"ImageObject","inLanguage":"tr","@id":"https:\/\/hobierotikshop.com.tr\/website1\/#\/schema\/logo\/image\/","url":"https:\/\/haremerotikshop.com\/site\/wp-content\/uploads\/2025\/03\/haremsexshop.png","contentUrl":"https:\/\/haremerotikshop.com\/site\/wp-content\/uploads\/2025\/03\/haremsexshop.png","width":400,"height":100,"caption":"Harem Bursa Erotik Shop"},"image":{"@id":"https:\/\/hobierotikshop.com.tr\/website1\/#\/schema\/logo\/image\/"},"sameAs":["https:\/\/x.com\/shopbursa"],"publishingPrinciples":"https:\/\/hobierotikshop.com.tr\/website1\/mesafeli-satis-sozlesmesi\/","ownershipFundingInfo":"https:\/\/hobierotikshop.com.tr\/website1\/contact-us\/","actionableFeedbackPolicy":"https:\/\/hobierotikshop.com.tr\/website1\/contact-us\/","correctionsPolicy":"https:\/\/hobierotikshop.com.tr\/website1\/mesafeli-satis-sozlesmesi\/"}]},"product_price_amount":"3500.00","product_price_currency":"TRY","og_availability":"instock","product_availability":"instock","product_retailer_item_id":"BDM1582B","product_condition":"new"},"_links":{"self":[{"href":"https:\/\/haremerotikshop.com\/site\/wp-json\/wp\/v2\/product\/45254","targetHints":{"allow":["GET"]}}],"collection":[{"href":"https:\/\/haremerotikshop.com\/site\/wp-json\/wp\/v2\/product"}],"about":[{"href":"https:\/\/haremerotikshop.com\/site\/wp-json\/wp\/v2\/types\/product"}],"replies":[{"embeddable":true,"href":"https:\/\/haremerotikshop.com\/site\/wp-json\/wp\/v2\/comments?post=45254"}],"version-history":[{"count":0,"href":"https:\/\/haremerotikshop.com\/site\/wp-json\/wp\/v2\/product\/45254\/revisions"}],"wp:featuredmedia":[{"embeddable":true,"href":"https:\/\/haremerotikshop.com\/site\/wp-json\/wp\/v2\/media\/45256"}],"wp:attachment":[{"href":"https:\/\/haremerotikshop.com\/site\/wp-json\/wp\/v2\/media?parent=45254"}],"wp:term":[{"taxonomy":"product_brand","embeddable":true,"href":"https:\/\/haremerotikshop.com\/site\/wp-json\/wp\/v2\/product_brand?post=45254"},{"taxonomy":"product_cat","embeddable":true,"href":"https:\/\/haremerotikshop.com\/site\/wp-json\/wp\/v2\/product_cat?post=45254"},{"taxonomy":"product_tag","embeddable":true,"href":"https:\/\/haremerotikshop.com\/site\/wp-json\/wp\/v2\/product_tag?post=45254"}],"curies":[{"name":"wp","href":"https:\/\/api.w.org\/{rel}","templated":true}]}}