{"id":45295,"date":"2025-04-26T17:12:50","date_gmt":"2025-04-26T14:12:50","guid":{"rendered":"https:\/\/haremerotikshop.com\/site\/erotik-shop-urun\/24-cm-et-dokulu-gercekci-cift-katmanli-sunnetsiz-silikon-melez-penis\/"},"modified":"2026-01-08T14:48:07","modified_gmt":"2026-01-08T11:48:07","slug":"24-cm-et-dokulu-gercekci-cift-katmanli-sunnetsiz-silikon-melez-penis","status":"publish","type":"product","link":"https:\/\/haremerotikshop.com\/site\/erotik-shop-urun\/24-cm-et-dokulu-gercekci-cift-katmanli-sunnetsiz-silikon-melez-penis\/","title":{"rendered":"24 Cm Et Dokulu Ger\u00e7ek\u00e7i \u00c7ift Katmanl\u0131 S\u00fcnnetsiz Silikon Melez Penis"},"content":{"rendered":"<h1 class=\"\" data-start=\"58\" data-end=\"132\"><strong data-start=\"60\" data-end=\"132\">24 cm Et Dokulu Ger\u00e7ek\u00e7i \u00c7ift Katmanl\u0131 S\u00fcnnetsiz Silikon Melez Penis<\/strong><\/h1>\n<p class=\"\" data-start=\"134\" data-end=\"444\">Yeni nesil <strong data-start=\"145\" data-end=\"217\">24 cm Et Dokulu Ger\u00e7ek\u00e7i \u00c7ift Katmanl\u0131 S\u00fcnnetsiz Silikon Melez Penis<\/strong>, ger\u00e7ek\u00e7i his ve g\u00f6rsellik arayanlar i\u00e7in tasarland\u0131. <strong data-start=\"272\" data-end=\"281\">Melez<\/strong> tasar\u0131m\u0131, su ge\u00e7irmez \u00f6zellikleri ve kaliteli silikon malzemesiyle maksimum tatmini hedefliyor. Ger\u00e7ek\u00e7i bir deneyim ya\u015famak isteyenler i\u00e7in m\u00fckemmel bir se\u00e7enek!<\/p>\n<h2 class=\"\" data-start=\"446\" data-end=\"470\"><strong data-start=\"449\" data-end=\"470\">\u00dcr\u00fcn \u00d6zellikleri:<\/strong><\/h2>\n<ul data-start=\"472\" data-end=\"1363\">\n<li class=\"\" data-start=\"472\" data-end=\"705\">\n<p class=\"\" data-start=\"474\" data-end=\"705\"><strong data-start=\"474\" data-end=\"508\">Ger\u00e7ek\u00e7i Et Dokusu ve Tasar\u0131m\u0131<\/strong>: Y\u00fcksek kaliteli silikon malzeme ile \u00fcretilmi\u015f, et dokusu ve damarl\u0131 yap\u0131 ile ger\u00e7ek\u00e7i bir g\u00f6r\u00fcn\u00fcm ve his sa\u011flar. S\u00fcnnetsiz tasar\u0131m\u0131 ve testisli yap\u0131s\u0131, do\u011fall\u0131k arayan kullan\u0131c\u0131lar i\u00e7in idealdir.<\/p>\n<\/li>\n<li class=\"\" data-start=\"706\" data-end=\"878\">\n<p class=\"\" data-start=\"708\" data-end=\"878\"><strong data-start=\"708\" data-end=\"736\">Testisli ve G\u00fc\u00e7l\u00fc Vantuz<\/strong>: Testisli yap\u0131s\u0131 ve g\u00fc\u00e7l\u00fc vantuz taban\u0131 sayesinde her y\u00fczeye kolayca sabitlenebilir. B\u00f6ylece \u00e7e\u015fitli pozisyonlarda kullan\u0131m kolayl\u0131\u011f\u0131 sa\u011flar.<\/p>\n<\/li>\n<li class=\"\" data-start=\"879\" data-end=\"988\">\n<p class=\"\" data-start=\"881\" data-end=\"988\"><strong data-start=\"881\" data-end=\"904\">Su Ge\u00e7irmez \u00d6zellik<\/strong>: Su ge\u00e7irmez \u00f6zelli\u011fi sayesinde <strong data-start=\"937\" data-end=\"946\">banyo<\/strong> veya <strong data-start=\"952\" data-end=\"959\">du\u015f<\/strong> s\u0131ras\u0131nda kullanabilirsiniz.<\/p>\n<\/li>\n<li class=\"\" data-start=\"989\" data-end=\"1121\">\n<p class=\"\" data-start=\"991\" data-end=\"1121\"><strong data-start=\"991\" data-end=\"1019\">Kaliteli Silikon Malzeme<\/strong>: Cilt dostu silikon malzeme ile \u00fcretilmi\u015f olup, uzun s\u00fcreli kullan\u0131mda bile konfor ve g\u00fcvenlik sunar.<\/p>\n<\/li>\n<li class=\"\" data-start=\"1122\" data-end=\"1251\">\n<p class=\"\" data-start=\"1124\" data-end=\"1150\"><strong data-start=\"1124\" data-end=\"1147\">B\u00fcy\u00fckl\u00fck ve Uzunluk<\/strong>:<\/p>\n<ul data-start=\"1153\" data-end=\"1251\">\n<li class=\"\" data-start=\"1153\" data-end=\"1182\">\n<p class=\"\" data-start=\"1155\" data-end=\"1182\"><strong data-start=\"1155\" data-end=\"1173\">Toplam Uzunluk<\/strong>: 24 cm<\/p>\n<\/li>\n<li class=\"\" data-start=\"1185\" data-end=\"1224\">\n<p class=\"\" data-start=\"1187\" data-end=\"1224\"><strong data-start=\"1187\" data-end=\"1213\">Kullan\u0131labilir Uzunluk<\/strong>: 18,5 cm<\/p>\n<\/li>\n<li class=\"\" data-start=\"1227\" data-end=\"1251\">\n<p class=\"\" data-start=\"1229\" data-end=\"1251\"><strong data-start=\"1229\" data-end=\"1241\">Kal\u0131nl\u0131k<\/strong>: 4,3 cm<\/p>\n<\/li>\n<\/ul>\n<\/li>\n<li class=\"\" data-start=\"1252\" data-end=\"1363\">\n<p class=\"\" data-start=\"1254\" data-end=\"1363\"><strong data-start=\"1254\" data-end=\"1282\">Dayan\u0131kl\u0131 ve Uzun \u00d6m\u00fcrl\u00fc<\/strong>: Ger\u00e7ek\u00e7i g\u00f6r\u00fcn\u00fcm ve et dokusu, y\u0131llarca g\u00fcvenle kullanabilece\u011finiz bir \u00fcr\u00fcnd\u00fcr.<\/p>\n<\/li>\n<\/ul>\n<hr class=\"\" data-start=\"1365\" data-end=\"1368\" \/>\n<h2 class=\"\" data-start=\"1370\" data-end=\"1388\"><strong data-start=\"1373\" data-end=\"1388\">Avantajlar:<\/strong><\/h2>\n<p class=\"\" data-start=\"1390\" data-end=\"1953\">\u2705 <strong data-start=\"1392\" data-end=\"1412\">Ger\u00e7ek\u00e7i Deneyim<\/strong>: Et dokusu ve damarl\u0131 yap\u0131, ger\u00e7ek\u00e7i bir his ve g\u00f6r\u00fcn\u00fcm sunar.<br data-start=\"1475\" data-end=\"1478\" \/>\u2705 <strong data-start=\"1480\" data-end=\"1503\">Su Ge\u00e7irmez Tasar\u0131m<\/strong>: Banyo veya du\u015fta kullan\u0131m i\u00e7in idealdir.<br data-start=\"1545\" data-end=\"1548\" \/>\u2705 <strong data-start=\"1550\" data-end=\"1567\">Testisli Yap\u0131<\/strong>: Ger\u00e7ek\u00e7i ve do\u011fal bir deneyim sa\u011flar.<br data-start=\"1606\" data-end=\"1609\" \/>\u2705 <strong data-start=\"1611\" data-end=\"1627\">G\u00fc\u00e7l\u00fc Vantuz<\/strong>: G\u00fc\u00e7l\u00fc vantuz taban\u0131 sayesinde her y\u00fczeye sabitlenebilir.<br data-start=\"1685\" data-end=\"1688\" \/>\u2705 <strong data-start=\"1690\" data-end=\"1708\">Kolay Temizlik<\/strong>: \u00dcr\u00fcn, temizli\u011fi kolay ve hijyenik tutman\u0131za olanak tan\u0131r.<br data-start=\"1767\" data-end=\"1770\" \/>\u2705 <strong data-start=\"1772\" data-end=\"1794\">Cilt Dostu Silikon<\/strong>: Sa\u011fl\u0131kl\u0131 ve g\u00fcvenli bir kullan\u0131m i\u00e7in kaliteli silikon malzeme kullan\u0131lm\u0131\u015ft\u0131r.<br data-start=\"1874\" data-end=\"1877\" \/>\u2705 <strong data-start=\"1879\" data-end=\"1895\">Dayan\u0131kl\u0131l\u0131k<\/strong>: Y\u00fcksek kaliteli malzeme ile uzun s\u00fcreli kullan\u0131m imkan\u0131.<\/p>\n<hr class=\"\" data-start=\"1955\" data-end=\"1958\" \/>\n<h2 class=\"\" data-start=\"1960\" data-end=\"1986\"><strong data-start=\"1963\" data-end=\"1986\">Kullan\u0131m \u00d6nerileri:<\/strong><\/h2>\n<ul data-start=\"1988\" data-end=\"2297\">\n<li class=\"\" data-start=\"1988\" data-end=\"2088\">\n<p class=\"\" data-start=\"1990\" data-end=\"2088\"><strong data-start=\"1990\" data-end=\"2019\">Kayganla\u015ft\u0131r\u0131c\u0131 Kullan\u0131m\u0131<\/strong>: Konforlu bir deneyim i\u00e7in kayganla\u015ft\u0131r\u0131c\u0131 jel kullanman\u0131z \u00f6nerilir.<\/p>\n<\/li>\n<li class=\"\" data-start=\"2089\" data-end=\"2200\">\n<p class=\"\" data-start=\"2091\" data-end=\"2200\"><strong data-start=\"2091\" data-end=\"2103\">Temizlik<\/strong>: \u00dcr\u00fcn\u00fc her kullan\u0131mdan sonra \u0131l\u0131k su ve sabunla y\u0131kay\u0131n. Kimyasal temizlik \u00fcr\u00fcnlerinden ka\u00e7\u0131n\u0131n.<\/p>\n<\/li>\n<li class=\"\" data-start=\"2201\" data-end=\"2297\">\n<p class=\"\" data-start=\"2203\" data-end=\"2297\"><strong data-start=\"2203\" data-end=\"2214\">Saklama<\/strong>: \u00dcr\u00fcn\u00fc kuru ve temiz bir yerde saklayarak uzun \u00f6m\u00fcrl\u00fc kullan\u0131m elde edebilirsiniz.<\/p>\n<\/li>\n<\/ul>\n<hr class=\"\" data-start=\"2299\" data-end=\"2302\" \/>\n<h2 class=\"\" data-start=\"2304\" data-end=\"2341\"><strong data-start=\"2307\" data-end=\"2341\">Sipari\u015f ve Teslimat Bilgileri:<\/strong><\/h2>\n<ul data-start=\"2343\" data-end=\"2705\">\n<li class=\"\" data-start=\"2343\" data-end=\"2454\">\n<p class=\"\" data-start=\"2345\" data-end=\"2454\"><strong data-start=\"2345\" data-end=\"2363\">G\u00f6nderim \u015eekli<\/strong>: Sipari\u015fleriniz gizli ve kapal\u0131 kolilerle g\u00f6nderilir. Mahremiyetiniz bizim i\u00e7in \u00f6ncelikli.<\/p>\n<\/li>\n<li class=\"\" data-start=\"2455\" data-end=\"2622\">\n<p class=\"\" data-start=\"2457\" data-end=\"2481\"><strong data-start=\"2457\" data-end=\"2478\">\u00d6deme Se\u00e7enekleri<\/strong>:<\/p>\n<ul data-start=\"2484\" data-end=\"2622\">\n<li class=\"\" data-start=\"2484\" data-end=\"2506\">\n<p class=\"\" data-start=\"2486\" data-end=\"2506\">Kap\u0131da nakit \u00f6deme<\/p>\n<\/li>\n<li class=\"\" data-start=\"2509\" data-end=\"2541\">\n<p class=\"\" data-start=\"2511\" data-end=\"2541\">Kap\u0131da kredi kart\u0131 ile \u00f6deme<\/p>\n<\/li>\n<li class=\"\" data-start=\"2544\" data-end=\"2576\">\n<p class=\"\" data-start=\"2546\" data-end=\"2576\">Banka havalesi\/EFT ile \u00f6deme<\/p>\n<\/li>\n<li class=\"\" data-start=\"2579\" data-end=\"2622\">\n<p class=\"\" data-start=\"2581\" data-end=\"2622\">Tek \u00e7ekim veya taksitli \u00f6deme se\u00e7enekleri<\/p>\n<\/li>\n<\/ul>\n<\/li>\n<li class=\"\" data-start=\"2623\" data-end=\"2705\">\n<p class=\"\" data-start=\"2625\" data-end=\"2652\"><strong data-start=\"2625\" data-end=\"2649\">Teslimat Se\u00e7enekleri<\/strong>:<\/p>\n<ul data-start=\"2655\" data-end=\"2705\">\n<li class=\"\" data-start=\"2655\" data-end=\"2672\">\n<p class=\"\" data-start=\"2657\" data-end=\"2672\">Adrese teslim<\/p>\n<\/li>\n<li class=\"\" data-start=\"2675\" data-end=\"2705\">\n<p class=\"\" data-start=\"2677\" data-end=\"2705\">\u015eubeden teslim alma se\u00e7ene\u011fi<\/p>\n<\/li>\n<\/ul>\n<\/li>\n<\/ul>\n<p class=\"\" data-start=\"2707\" data-end=\"2812\"><strong data-start=\"2707\" data-end=\"2812\">T\u00fcm sipari\u015fler firmam\u0131z g\u00fcvencesiyle g\u00fcvenli bir \u015fekilde haz\u0131rlan\u0131r ve eksiksiz olarak teslim edilir.<\/strong><\/p>\n<p class=\"\" data-start=\"2814\" data-end=\"2955\">\u2728 <strong data-start=\"2816\" data-end=\"2852\">Kap\u0131da \u00d6deme &#8211; G\u00fcvenli Al\u0131\u015fveri\u015f<\/strong><br data-start=\"2852\" data-end=\"2855\" \/>\u2728 <strong data-start=\"2857\" data-end=\"2901\">H\u0131zl\u0131 G\u00f6nderim &#8211; Orijinal \u00dcr\u00fcn Garantisi<\/strong><br data-start=\"2901\" data-end=\"2904\" \/>\u2728 <strong data-start=\"2906\" data-end=\"2955\">Gizli Paketleme ile Mahremiyetinizi Koruyoruz<\/strong><\/p>\n<hr class=\"\" data-start=\"2957\" data-end=\"2960\" \/>\n<p class=\"\" data-start=\"2962\" data-end=\"3066\">\ud83c\udfaf <strong data-start=\"2965\" data-end=\"3066\">Ger\u00e7ek\u00e7i ve dayan\u0131kl\u0131 bir deneyim ar\u0131yorsan\u0131z, \u015fimdi sipari\u015f verin ve tatmin edici anlar ya\u015fay\u0131n!<\/strong><\/p>\n<p>&nbsp;<\/p>\n<p>&nbsp;<\/p>\n<p>&nbsp;<\/p>\n","protected":false},"excerpt":{"rendered":"<h1 class=\"\" data-start=\"58\" data-end=\"132\"><strong data-start=\"60\" data-end=\"132\">24 cm Et Dokulu Ger\u00e7ek\u00e7i \u00c7ift Katmanl\u0131 S\u00fcnnetsiz Silikon Melez Penis<\/strong><\/h1>\n","protected":false},"featured_media":45297,"comment_status":"closed","ping_status":"closed","template":"","meta":[],"product_brand":[],"product_cat":[501],"product_tag":[],"class_list":{"0":"post-45295","1":"product","2":"type-product","3":"status-publish","4":"has-post-thumbnail","6":"product_cat-realistik-penisler","8":"first","9":"outofstock","10":"purchasable","11":"product-type-simple"},"yoast_head":"<!-- This site is optimized with the Yoast SEO Premium plugin v24.4 (Yoast SEO v27.1.1) - https:\/\/yoast.com\/product\/yoast-seo-premium-wordpress\/ -->\n<title>24 Cm Et Dokulu Ger\u00e7ek\u00e7i \u00c7ift Katmanl\u0131 S\u00fcnnetsiz Silikon Melez Penis - Bursa Erotik Shop<\/title>\n<meta name=\"robots\" content=\"index, follow, max-snippet:-1, max-image-preview:large, max-video-preview:-1\" \/>\n<link rel=\"canonical\" href=\"https:\/\/hobierotikshop.com.tr\/website1\/erotik-shop-urun\/24-cm-et-dokulu-gercekci-cift-katmanli-sunnetsiz-silikon-melez-penis\/\" \/>\n<meta property=\"og:locale\" content=\"tr_TR\" \/>\n<meta property=\"og:type\" content=\"article\" \/>\n<meta property=\"og:title\" content=\"24 Cm Et Dokulu Ger\u00e7ek\u00e7i \u00c7ift Katmanl\u0131 S\u00fcnnetsiz Silikon Melez Penis\" \/>\n<meta property=\"og:description\" content=\"24 cm Et Dokulu Ger\u00e7ek\u00e7i \u00c7ift Katmanl\u0131 S\u00fcnnetsiz Silikon Melez Penis\" \/>\n<meta property=\"og:url\" content=\"https:\/\/hobierotikshop.com.tr\/website1\/erotik-shop-urun\/24-cm-et-dokulu-gercekci-cift-katmanli-sunnetsiz-silikon-melez-penis\/\" \/>\n<meta property=\"og:site_name\" content=\"Bursa Erotik Shop\" \/>\n<meta property=\"article:modified_time\" content=\"2026-01-08T11:48:07+00:00\" \/>\n<meta property=\"og:image\" content=\"https:\/\/hobierotikshop.com.tr\/website1\/wp-content\/uploads\/2025\/04\/24-cm-et-dokulu-gercekci-cift-katmanli-4830-.jpg\" \/>\n\t<meta property=\"og:image:width\" content=\"455\" \/>\n\t<meta property=\"og:image:height\" content=\"455\" \/>\n\t<meta property=\"og:image:type\" content=\"image\/jpeg\" \/>\n<meta name=\"twitter:card\" content=\"summary_large_image\" \/>\n<meta name=\"twitter:site\" content=\"@shopbursa\" \/>\n<meta name=\"twitter:label1\" content=\"Fiyat\" \/>\n\t<meta name=\"twitter:data1\" content=\"&#8378;2.684,00\" \/>\n\t<meta name=\"twitter:label2\" content=\"Availability\" \/>\n\t<meta name=\"twitter:data2\" content=\"Out of stock\" \/>\n<script type=\"application\/ld+json\" class=\"yoast-schema-graph\">{\"@context\":\"https:\/\/schema.org\",\"@graph\":[{\"@type\":\"WebPage\",\"@id\":\"https:\/\/hobierotikshop.com.tr\/website1\/erotik-shop-urun\/24-cm-et-dokulu-gercekci-cift-katmanli-sunnetsiz-silikon-melez-penis\/\",\"url\":\"https:\/\/hobierotikshop.com.tr\/website1\/erotik-shop-urun\/24-cm-et-dokulu-gercekci-cift-katmanli-sunnetsiz-silikon-melez-penis\/\",\"name\":\"24 Cm Et Dokulu Ger\u00e7ek\u00e7i \u00c7ift Katmanl\u0131 S\u00fcnnetsiz Silikon Melez Penis - Bursa Erotik Shop\",\"isPartOf\":{\"@id\":\"https:\/\/hobierotikshop.com.tr\/website1\/#website\"},\"primaryImageOfPage\":{\"@id\":\"https:\/\/hobierotikshop.com.tr\/website1\/erotik-shop-urun\/24-cm-et-dokulu-gercekci-cift-katmanli-sunnetsiz-silikon-melez-penis\/#primaryimage\"},\"image\":{\"@id\":\"https:\/\/hobierotikshop.com.tr\/website1\/erotik-shop-urun\/24-cm-et-dokulu-gercekci-cift-katmanli-sunnetsiz-silikon-melez-penis\/#primaryimage\"},\"thumbnailUrl\":\"https:\/\/haremerotikshop.com\/site\/wp-content\/uploads\/2025\/04\/24-cm-et-dokulu-gercekci-cift-katmanli-4830-.jpg\",\"datePublished\":\"2025-04-26T14:12:50+00:00\",\"dateModified\":\"2026-01-08T11:48:07+00:00\",\"breadcrumb\":{\"@id\":\"https:\/\/hobierotikshop.com.tr\/website1\/erotik-shop-urun\/24-cm-et-dokulu-gercekci-cift-katmanli-sunnetsiz-silikon-melez-penis\/#breadcrumb\"},\"inLanguage\":\"tr\",\"potentialAction\":[{\"@type\":\"ReadAction\",\"target\":[\"https:\/\/hobierotikshop.com.tr\/website1\/erotik-shop-urun\/24-cm-et-dokulu-gercekci-cift-katmanli-sunnetsiz-silikon-melez-penis\/\"]}]},{\"@type\":\"ImageObject\",\"inLanguage\":\"tr\",\"@id\":\"https:\/\/hobierotikshop.com.tr\/website1\/erotik-shop-urun\/24-cm-et-dokulu-gercekci-cift-katmanli-sunnetsiz-silikon-melez-penis\/#primaryimage\",\"url\":\"https:\/\/haremerotikshop.com\/site\/wp-content\/uploads\/2025\/04\/24-cm-et-dokulu-gercekci-cift-katmanli-4830-.jpg\",\"contentUrl\":\"https:\/\/haremerotikshop.com\/site\/wp-content\/uploads\/2025\/04\/24-cm-et-dokulu-gercekci-cift-katmanli-4830-.jpg\",\"width\":455,\"height\":455},{\"@type\":\"BreadcrumbList\",\"@id\":\"https:\/\/hobierotikshop.com.tr\/website1\/erotik-shop-urun\/24-cm-et-dokulu-gercekci-cift-katmanli-sunnetsiz-silikon-melez-penis\/#breadcrumb\",\"itemListElement\":[{\"@type\":\"ListItem\",\"position\":1,\"name\":\"Anasayfa\",\"item\":\"https:\/\/hobierotikshop.com.tr\/website1\/\"},{\"@type\":\"ListItem\",\"position\":2,\"name\":\"Erotik Shop \u00dcr\u00fcnleri\",\"item\":\"https:\/\/hobierotikshop.com.tr\/website1\/shop\/\"},{\"@type\":\"ListItem\",\"position\":3,\"name\":\"24 Cm Et Dokulu Ger\u00e7ek\u00e7i \u00c7ift Katmanl\u0131 S\u00fcnnetsiz Silikon Melez Penis\"}]},{\"@type\":\"WebSite\",\"@id\":\"https:\/\/hobierotikshop.com.tr\/website1\/#website\",\"url\":\"https:\/\/hobierotikshop.com.tr\/website1\/\",\"name\":\"Bursa Erotik Shop\",\"description\":\"Bursa Erotik Shop ile g\u00fcvenli, gizli ve kaliteli yeti\u015fkin \u00fcr\u00fcnleri al\u0131\u015fveri\u015fi! Geni\u015f \u00fcr\u00fcn yelpazemizi ke\u015ffedin, hemen sipari\u015f verin\",\"publisher\":{\"@id\":\"https:\/\/hobierotikshop.com.tr\/website1\/#organization\"},\"alternateName\":\"Erotik Shop\",\"potentialAction\":[{\"@type\":\"SearchAction\",\"target\":{\"@type\":\"EntryPoint\",\"urlTemplate\":\"https:\/\/hobierotikshop.com.tr\/website1\/?s={search_term_string}\"},\"query-input\":{\"@type\":\"PropertyValueSpecification\",\"valueRequired\":true,\"valueName\":\"search_term_string\"}}],\"inLanguage\":\"tr\"},{\"@type\":\"Organization\",\"@id\":\"https:\/\/hobierotikshop.com.tr\/website1\/#organization\",\"name\":\"Harem Bursa Erotik Shop\",\"url\":\"https:\/\/hobierotikshop.com.tr\/website1\/\",\"logo\":{\"@type\":\"ImageObject\",\"inLanguage\":\"tr\",\"@id\":\"https:\/\/hobierotikshop.com.tr\/website1\/#\/schema\/logo\/image\/\",\"url\":\"https:\/\/haremerotikshop.com\/site\/wp-content\/uploads\/2025\/03\/haremsexshop.png\",\"contentUrl\":\"https:\/\/haremerotikshop.com\/site\/wp-content\/uploads\/2025\/03\/haremsexshop.png\",\"width\":400,\"height\":100,\"caption\":\"Harem Bursa Erotik Shop\"},\"image\":{\"@id\":\"https:\/\/hobierotikshop.com.tr\/website1\/#\/schema\/logo\/image\/\"},\"sameAs\":[\"https:\/\/x.com\/shopbursa\"],\"publishingPrinciples\":\"https:\/\/hobierotikshop.com.tr\/website1\/mesafeli-satis-sozlesmesi\/\",\"ownershipFundingInfo\":\"https:\/\/hobierotikshop.com.tr\/website1\/contact-us\/\",\"actionableFeedbackPolicy\":\"https:\/\/hobierotikshop.com.tr\/website1\/contact-us\/\",\"correctionsPolicy\":\"https:\/\/hobierotikshop.com.tr\/website1\/mesafeli-satis-sozlesmesi\/\"}]}<\/script>\n<meta property=\"product:price:amount\" content=\"2684.00\" \/>\n<meta property=\"product:price:currency\" content=\"TRY\" \/>\n<meta property=\"og:availability\" content=\"out of stock\" \/>\n<meta property=\"product:availability\" content=\"out of stock\" \/>\n<meta property=\"product:retailer_item_id\" content=\"BDM1521M\" \/>\n<meta property=\"product:condition\" content=\"new\" \/>\n<!-- \/ Yoast SEO Premium plugin. -->","yoast_head_json":{"title":"24 Cm Et Dokulu Ger\u00e7ek\u00e7i \u00c7ift Katmanl\u0131 S\u00fcnnetsiz Silikon Melez Penis - Bursa Erotik Shop","robots":{"index":"index","follow":"follow","max-snippet":"max-snippet:-1","max-image-preview":"max-image-preview:large","max-video-preview":"max-video-preview:-1"},"canonical":"https:\/\/hobierotikshop.com.tr\/website1\/erotik-shop-urun\/24-cm-et-dokulu-gercekci-cift-katmanli-sunnetsiz-silikon-melez-penis\/","og_locale":"tr_TR","og_type":"article","og_title":"24 Cm Et Dokulu Ger\u00e7ek\u00e7i \u00c7ift Katmanl\u0131 S\u00fcnnetsiz Silikon Melez Penis","og_description":"24 cm Et Dokulu Ger\u00e7ek\u00e7i \u00c7ift Katmanl\u0131 S\u00fcnnetsiz Silikon Melez Penis","og_url":"https:\/\/hobierotikshop.com.tr\/website1\/erotik-shop-urun\/24-cm-et-dokulu-gercekci-cift-katmanli-sunnetsiz-silikon-melez-penis\/","og_site_name":"Bursa Erotik Shop","article_modified_time":"2026-01-08T11:48:07+00:00","og_image":[{"width":455,"height":455,"url":"https:\/\/hobierotikshop.com.tr\/website1\/wp-content\/uploads\/2025\/04\/24-cm-et-dokulu-gercekci-cift-katmanli-4830-.jpg","type":"image\/jpeg"}],"twitter_card":"summary_large_image","twitter_site":"@shopbursa","twitter_misc":{"Fiyat":"&#8378;2.684,00","Availability":"Out of stock"},"schema":{"@context":"https:\/\/schema.org","@graph":[{"@type":"WebPage","@id":"https:\/\/hobierotikshop.com.tr\/website1\/erotik-shop-urun\/24-cm-et-dokulu-gercekci-cift-katmanli-sunnetsiz-silikon-melez-penis\/","url":"https:\/\/hobierotikshop.com.tr\/website1\/erotik-shop-urun\/24-cm-et-dokulu-gercekci-cift-katmanli-sunnetsiz-silikon-melez-penis\/","name":"24 Cm Et Dokulu Ger\u00e7ek\u00e7i \u00c7ift Katmanl\u0131 S\u00fcnnetsiz Silikon Melez Penis - Bursa Erotik Shop","isPartOf":{"@id":"https:\/\/hobierotikshop.com.tr\/website1\/#website"},"primaryImageOfPage":{"@id":"https:\/\/hobierotikshop.com.tr\/website1\/erotik-shop-urun\/24-cm-et-dokulu-gercekci-cift-katmanli-sunnetsiz-silikon-melez-penis\/#primaryimage"},"image":{"@id":"https:\/\/hobierotikshop.com.tr\/website1\/erotik-shop-urun\/24-cm-et-dokulu-gercekci-cift-katmanli-sunnetsiz-silikon-melez-penis\/#primaryimage"},"thumbnailUrl":"https:\/\/haremerotikshop.com\/site\/wp-content\/uploads\/2025\/04\/24-cm-et-dokulu-gercekci-cift-katmanli-4830-.jpg","datePublished":"2025-04-26T14:12:50+00:00","dateModified":"2026-01-08T11:48:07+00:00","breadcrumb":{"@id":"https:\/\/hobierotikshop.com.tr\/website1\/erotik-shop-urun\/24-cm-et-dokulu-gercekci-cift-katmanli-sunnetsiz-silikon-melez-penis\/#breadcrumb"},"inLanguage":"tr","potentialAction":[{"@type":"ReadAction","target":["https:\/\/hobierotikshop.com.tr\/website1\/erotik-shop-urun\/24-cm-et-dokulu-gercekci-cift-katmanli-sunnetsiz-silikon-melez-penis\/"]}]},{"@type":"ImageObject","inLanguage":"tr","@id":"https:\/\/hobierotikshop.com.tr\/website1\/erotik-shop-urun\/24-cm-et-dokulu-gercekci-cift-katmanli-sunnetsiz-silikon-melez-penis\/#primaryimage","url":"https:\/\/haremerotikshop.com\/site\/wp-content\/uploads\/2025\/04\/24-cm-et-dokulu-gercekci-cift-katmanli-4830-.jpg","contentUrl":"https:\/\/haremerotikshop.com\/site\/wp-content\/uploads\/2025\/04\/24-cm-et-dokulu-gercekci-cift-katmanli-4830-.jpg","width":455,"height":455},{"@type":"BreadcrumbList","@id":"https:\/\/hobierotikshop.com.tr\/website1\/erotik-shop-urun\/24-cm-et-dokulu-gercekci-cift-katmanli-sunnetsiz-silikon-melez-penis\/#breadcrumb","itemListElement":[{"@type":"ListItem","position":1,"name":"Anasayfa","item":"https:\/\/hobierotikshop.com.tr\/website1\/"},{"@type":"ListItem","position":2,"name":"Erotik Shop \u00dcr\u00fcnleri","item":"https:\/\/hobierotikshop.com.tr\/website1\/shop\/"},{"@type":"ListItem","position":3,"name":"24 Cm Et Dokulu Ger\u00e7ek\u00e7i \u00c7ift Katmanl\u0131 S\u00fcnnetsiz Silikon Melez Penis"}]},{"@type":"WebSite","@id":"https:\/\/hobierotikshop.com.tr\/website1\/#website","url":"https:\/\/hobierotikshop.com.tr\/website1\/","name":"Bursa Erotik Shop","description":"Bursa Erotik Shop ile g\u00fcvenli, gizli ve kaliteli yeti\u015fkin \u00fcr\u00fcnleri al\u0131\u015fveri\u015fi! Geni\u015f \u00fcr\u00fcn yelpazemizi ke\u015ffedin, hemen sipari\u015f verin","publisher":{"@id":"https:\/\/hobierotikshop.com.tr\/website1\/#organization"},"alternateName":"Erotik Shop","potentialAction":[{"@type":"SearchAction","target":{"@type":"EntryPoint","urlTemplate":"https:\/\/hobierotikshop.com.tr\/website1\/?s={search_term_string}"},"query-input":{"@type":"PropertyValueSpecification","valueRequired":true,"valueName":"search_term_string"}}],"inLanguage":"tr"},{"@type":"Organization","@id":"https:\/\/hobierotikshop.com.tr\/website1\/#organization","name":"Harem Bursa Erotik Shop","url":"https:\/\/hobierotikshop.com.tr\/website1\/","logo":{"@type":"ImageObject","inLanguage":"tr","@id":"https:\/\/hobierotikshop.com.tr\/website1\/#\/schema\/logo\/image\/","url":"https:\/\/haremerotikshop.com\/site\/wp-content\/uploads\/2025\/03\/haremsexshop.png","contentUrl":"https:\/\/haremerotikshop.com\/site\/wp-content\/uploads\/2025\/03\/haremsexshop.png","width":400,"height":100,"caption":"Harem Bursa Erotik Shop"},"image":{"@id":"https:\/\/hobierotikshop.com.tr\/website1\/#\/schema\/logo\/image\/"},"sameAs":["https:\/\/x.com\/shopbursa"],"publishingPrinciples":"https:\/\/hobierotikshop.com.tr\/website1\/mesafeli-satis-sozlesmesi\/","ownershipFundingInfo":"https:\/\/hobierotikshop.com.tr\/website1\/contact-us\/","actionableFeedbackPolicy":"https:\/\/hobierotikshop.com.tr\/website1\/contact-us\/","correctionsPolicy":"https:\/\/hobierotikshop.com.tr\/website1\/mesafeli-satis-sozlesmesi\/"}]},"product_price_amount":"2684.00","product_price_currency":"TRY","og_availability":"out of stock","product_availability":"out of stock","product_retailer_item_id":"BDM1521M","product_condition":"new"},"_links":{"self":[{"href":"https:\/\/haremerotikshop.com\/site\/wp-json\/wp\/v2\/product\/45295","targetHints":{"allow":["GET"]}}],"collection":[{"href":"https:\/\/haremerotikshop.com\/site\/wp-json\/wp\/v2\/product"}],"about":[{"href":"https:\/\/haremerotikshop.com\/site\/wp-json\/wp\/v2\/types\/product"}],"replies":[{"embeddable":true,"href":"https:\/\/haremerotikshop.com\/site\/wp-json\/wp\/v2\/comments?post=45295"}],"version-history":[{"count":0,"href":"https:\/\/haremerotikshop.com\/site\/wp-json\/wp\/v2\/product\/45295\/revisions"}],"wp:featuredmedia":[{"embeddable":true,"href":"https:\/\/haremerotikshop.com\/site\/wp-json\/wp\/v2\/media\/45297"}],"wp:attachment":[{"href":"https:\/\/haremerotikshop.com\/site\/wp-json\/wp\/v2\/media?parent=45295"}],"wp:term":[{"taxonomy":"product_brand","embeddable":true,"href":"https:\/\/haremerotikshop.com\/site\/wp-json\/wp\/v2\/product_brand?post=45295"},{"taxonomy":"product_cat","embeddable":true,"href":"https:\/\/haremerotikshop.com\/site\/wp-json\/wp\/v2\/product_cat?post=45295"},{"taxonomy":"product_tag","embeddable":true,"href":"https:\/\/haremerotikshop.com\/site\/wp-json\/wp\/v2\/product_tag?post=45295"}],"curies":[{"name":"wp","href":"https:\/\/api.w.org\/{rel}","templated":true}]}}