{"id":45727,"date":"2025-04-26T17:19:21","date_gmt":"2025-04-26T14:19:21","guid":{"rendered":"https:\/\/haremerotikshop.com\/site\/erotik-shop-urun\/protez-penis-metal-3-halkali-kirmizi-deri-kemer\/"},"modified":"2025-04-26T18:30:32","modified_gmt":"2025-04-26T15:30:32","slug":"protez-penis-metal-3-halkali-kirmizi-deri-kemer","status":"publish","type":"product","link":"https:\/\/haremerotikshop.com\/site\/erotik-shop-urun\/protez-penis-metal-3-halkali-kirmizi-deri-kemer\/","title":{"rendered":"Protez Penis Metal 3 Halkal\u0131 K\u0131rm\u0131z\u0131 Deri Kemer"},"content":{"rendered":"<h1 class=\"\" data-start=\"112\" data-end=\"188\">Protez Penis Belden Ba\u011flama Kemeri \u2013 Hakiki Deri, Ayarlanabilir, El Yap\u0131m\u0131<\/h1>\n<p class=\"\" data-start=\"190\" data-end=\"520\">Cinsel deneyimlerinizi daha \u00f6zg\u00fcr ve konforlu hale getirmek i\u00e7in tasarlanan <strong data-start=\"266\" data-end=\"304\">Protez Penis Belden Ba\u011flama Kemeri<\/strong>, kalite ve i\u015f\u00e7ilikte s\u0131n\u0131rlar\u0131 zorluyor. Her beden ve dildo modeli ile uyumlu olacak \u015fekilde geli\u015ftirilen bu \u00f6zel strapon kemeri, maksimum g\u00fcvenlik ve rahatl\u0131k sa\u011flarken ayn\u0131 zamanda stil sahibi bir g\u00f6r\u00fcn\u00fcm sunuyor.<\/p>\n<p class=\"\" data-start=\"522\" data-end=\"813\"><strong data-start=\"522\" data-end=\"537\">Hakiki deri<\/strong> malzemeden \u00fcretilen kemer, v\u00fccut s\u0131v\u0131lar\u0131na kar\u015f\u0131 son derece dayan\u0131kl\u0131d\u0131r. 2-4 mm kal\u0131nl\u0131\u011f\u0131ndaki birinci s\u0131n\u0131f deri, uzun \u00f6m\u00fcrl\u00fc kullan\u0131m sunarken, kay\u0131\u015f kenarlar\u0131 \u00f6zel olarak perdahlan\u0131p silikon bazl\u0131 wax ile kaplanarak ciltte tahri\u015f ya da rahats\u0131zl\u0131k olu\u015fmas\u0131n\u0131 engeller.<\/p>\n<p class=\"\" data-start=\"815\" data-end=\"1130\">El i\u015f\u00e7ili\u011fi ile \u00fcretilen bu \u00fcr\u00fcn, \u00f6zenli detaylar\u0131 ve dayan\u0131kl\u0131 metal aksesuarlardaki kal\u0131n tel yap\u0131s\u0131yla hem estetik hem i\u015flevsel bir kullan\u0131m sa\u011flar. Kemer \u00fczerinde bulunan ayarlanabilir kay\u0131\u015flar sayesinde, her bedene rahatl\u0131kla uyum sa\u011flar ve tak\u0131lan straponu s\u0131k\u0131ca kavrayarak g\u00fcvenli bir ili\u015fki deneyimi sunar.<\/p>\n<blockquote data-start=\"1132\" data-end=\"1330\">\n<p class=\"\" data-start=\"1134\" data-end=\"1151\"><strong data-start=\"1134\" data-end=\"1151\">\u00dcr\u00fcn \u0130\u00e7eri\u011fi:<\/strong><\/p>\n<ul data-start=\"1154\" data-end=\"1330\">\n<li class=\"\" data-start=\"1154\" data-end=\"1175\">\n<p class=\"\" data-start=\"1156\" data-end=\"1175\">1 adet 6 cm halka<\/p>\n<\/li>\n<li class=\"\" data-start=\"1178\" data-end=\"1199\">\n<p class=\"\" data-start=\"1180\" data-end=\"1199\">1 adet 5 cm halka<\/p>\n<\/li>\n<li class=\"\" data-start=\"1202\" data-end=\"1223\">\n<p class=\"\" data-start=\"1204\" data-end=\"1223\">1 adet 4 cm halka<\/p>\n<\/li>\n<li class=\"\" data-start=\"1226\" data-end=\"1261\">\n<p class=\"\" data-start=\"1228\" data-end=\"1261\">Tam ayarlanabilir deri kay\u0131\u015flar<\/p>\n<\/li>\n<li class=\"\" data-start=\"1264\" data-end=\"1330\">\n<p class=\"\" data-start=\"1266\" data-end=\"1330\">El i\u015f\u00e7ili\u011fi ve dayan\u0131kl\u0131 metal aksesuarlar (4-6 mm kal\u0131nl\u0131\u011f\u0131nda)<\/p>\n<\/li>\n<\/ul>\n<\/blockquote>\n<hr class=\"\" data-start=\"1332\" data-end=\"1335\" \/>\n<h3 class=\"\" data-start=\"1337\" data-end=\"1362\">\u00d6ne \u00c7\u0131kan \u00d6zellikler:<\/h3>\n<ul data-start=\"1363\" data-end=\"1793\">\n<li class=\"\" data-start=\"1363\" data-end=\"1427\">\n<p class=\"\" data-start=\"1365\" data-end=\"1427\"><strong data-start=\"1365\" data-end=\"1377\">Malzeme:<\/strong> Birinci s\u0131n\u0131f hakiki deri (2\u20134 mm kal\u0131nl\u0131\u011f\u0131nda)<\/p>\n<\/li>\n<li class=\"\" data-start=\"1428\" data-end=\"1507\">\n<p class=\"\" data-start=\"1430\" data-end=\"1507\"><strong data-start=\"1430\" data-end=\"1444\">Uyumluluk:<\/strong> Her beden ve farkl\u0131 boyutlardaki dildo modelleriyle tam uyum<\/p>\n<\/li>\n<li class=\"\" data-start=\"1508\" data-end=\"1568\">\n<p class=\"\" data-start=\"1510\" data-end=\"1568\"><strong data-start=\"1510\" data-end=\"1531\">Ayarlanabilirlik:<\/strong> V\u00fccuda \u00f6zel ayarlanabilir kay\u0131\u015flar<\/p>\n<\/li>\n<li class=\"\" data-start=\"1569\" data-end=\"1627\">\n<p class=\"\" data-start=\"1571\" data-end=\"1627\"><strong data-start=\"1571\" data-end=\"1588\">Dayan\u0131kl\u0131l\u0131k:<\/strong> V\u00fccut s\u0131v\u0131lar\u0131na kar\u015f\u0131 y\u00fcksek diren\u00e7<\/p>\n<\/li>\n<li class=\"\" data-start=\"1628\" data-end=\"1689\">\n<p class=\"\" data-start=\"1630\" data-end=\"1689\"><strong data-start=\"1630\" data-end=\"1645\">Cilt Dostu:<\/strong> Kenarlar\u0131 \u00f6zel i\u015flemlerle yumu\u015fat\u0131lm\u0131\u015ft\u0131r<\/p>\n<\/li>\n<li class=\"\" data-start=\"1690\" data-end=\"1732\">\n<p class=\"\" data-start=\"1692\" data-end=\"1732\"><strong data-start=\"1692\" data-end=\"1703\">\u00dcretim:<\/strong> El yap\u0131m\u0131, detayl\u0131 i\u015f\u00e7ilik<\/p>\n<\/li>\n<li class=\"\" data-start=\"1733\" data-end=\"1793\">\n<p class=\"\" data-start=\"1735\" data-end=\"1793\"><strong data-start=\"1735\" data-end=\"1751\">Metal Aksam:<\/strong> 4-6 mm kal\u0131nl\u0131\u011f\u0131nda sa\u011flam metal halkalar<\/p>\n<\/li>\n<\/ul>\n<hr class=\"\" data-start=\"1795\" data-end=\"1798\" \/>\n<h3 class=\"\" data-start=\"1800\" data-end=\"1821\">Kullan\u0131m Talimat\u0131<\/h3>\n<p class=\"\" data-start=\"1823\" data-end=\"1982\">Kulland\u0131ktan sonra hafif nemli bir bezle silerek temizli\u011fini sa\u011flayabilirsiniz. Deri bak\u0131m kremleriyle zaman zaman bak\u0131m yaparak \u00fcr\u00fcn\u00fcn \u00f6mr\u00fcn\u00fc uzatabilirsiniz.<\/p>\n<hr class=\"\" data-start=\"1984\" data-end=\"1987\" \/>\n<h3 class=\"\" data-start=\"1989\" data-end=\"2030\">Gizlilik, \u00d6deme ve Teslimat Bilgileri<\/h3>\n<ul data-start=\"2032\" data-end=\"2365\">\n<li class=\"\" data-start=\"2032\" data-end=\"2141\">\n<p class=\"\" data-start=\"2034\" data-end=\"2141\"><strong data-start=\"2034\" data-end=\"2053\">Gizli G\u00f6nderim:<\/strong> Sipari\u015fleriniz, i\u00e7eri\u011fi anla\u015f\u0131lmayacak \u015fekilde, kapal\u0131 ve sade paketlerde g\u00f6nderilir.<\/p>\n<\/li>\n<li class=\"\" data-start=\"2142\" data-end=\"2261\">\n<p class=\"\" data-start=\"2144\" data-end=\"2261\"><strong data-start=\"2144\" data-end=\"2166\">\u00d6deme Se\u00e7enekleri:<\/strong> Kap\u0131da nakit veya kredi kart\u0131 ile \u00f6deme imkan\u0131. Ayr\u0131ca banka havalesi se\u00e7ene\u011fi de mevcuttur.<\/p>\n<\/li>\n<li class=\"\" data-start=\"2262\" data-end=\"2365\">\n<p class=\"\" data-start=\"2264\" data-end=\"2365\"><strong data-start=\"2264\" data-end=\"2277\">Teslimat:<\/strong> \u0130sterseniz kap\u0131n\u0131za teslim, isterseniz \u015fubeden teslim alma se\u00e7ene\u011fi ile h\u0131zl\u0131 g\u00f6nderim.<\/p>\n<\/li>\n<\/ul>\n<p class=\"\" data-start=\"2367\" data-end=\"2503\">\u2705 <strong data-start=\"2369\" data-end=\"2406\">Kap\u0131da \u00d6deme ve G\u00fcvenli Al\u0131\u015fveri\u015f<\/strong><br data-start=\"2406\" data-end=\"2409\" \/>\u2705 <strong data-start=\"2411\" data-end=\"2438\">Orijinal \u00dcr\u00fcn Garantisi<\/strong><br data-start=\"2438\" data-end=\"2441\" \/>\u2705 <strong data-start=\"2443\" data-end=\"2461\">H\u0131zl\u0131 G\u00f6nderim<\/strong><br data-start=\"2461\" data-end=\"2464\" \/>\u2705 <strong data-start=\"2466\" data-end=\"2503\">Gizlili\u011finize %100 \u00d6nem Veriyoruz<\/strong><\/p>\n<hr class=\"\" data-start=\"2505\" data-end=\"2508\" \/>\n<p class=\"\" data-start=\"2510\" data-end=\"2628\"><strong data-start=\"2510\" data-end=\"2533\">\u015eimdi sipari\u015f verin<\/strong>, kaliteli el yap\u0131m\u0131 deri protez penis kemeri ile \u00f6zg\u00fcvenli ve konforlu bir deneyime ad\u0131m at\u0131n!<\/p>\n<p>&nbsp;<\/p>\n<p>&nbsp;<\/p>\n","protected":false},"excerpt":{"rendered":"<p>Cinsel deneyimlerinizi daha \u00f6zg\u00fcr ve konforlu hale getirmek i\u00e7in tasarlanan <strong data-start=\"266\" data-end=\"304\">Protez Penis Belden Ba\u011flama Kemeri<\/strong>, kalite ve i\u015f\u00e7ilikte s\u0131n\u0131rlar\u0131 zorluyor. Her beden ve dildo modeli ile uyumlu olacak \u015fekilde geli\u015ftirilen bu \u00f6zel strapon kemeri, maksimum g\u00fcvenlik ve rahatl\u0131k sa\u011flarken ayn\u0131 zamanda stil sahibi bir g\u00f6r\u00fcn\u00fcm sunuyor.<\/p>\n","protected":false},"featured_media":45729,"comment_status":"closed","ping_status":"closed","template":"","meta":[],"product_brand":[],"product_cat":[498],"product_tag":[],"class_list":{"0":"post-45727","1":"product","2":"type-product","3":"status-publish","4":"has-post-thumbnail","6":"product_cat-belden-baglamali-penisler","8":"first","9":"instock","10":"purchasable","11":"product-type-simple"},"yoast_head":"<!-- This site is optimized with the Yoast SEO Premium plugin v24.4 (Yoast SEO v27.1.1) - https:\/\/yoast.com\/product\/yoast-seo-premium-wordpress\/ -->\n<title>Protez Penis Metal 3 Halkal\u0131 K\u0131rm\u0131z\u0131 Deri Kemer - Bursa Erotik Shop<\/title>\n<meta name=\"robots\" content=\"index, follow, max-snippet:-1, max-image-preview:large, max-video-preview:-1\" \/>\n<link rel=\"canonical\" href=\"https:\/\/hobierotikshop.com.tr\/website1\/erotik-shop-urun\/protez-penis-metal-3-halkali-kirmizi-deri-kemer\/\" \/>\n<meta property=\"og:locale\" content=\"tr_TR\" \/>\n<meta property=\"og:type\" content=\"article\" \/>\n<meta property=\"og:title\" content=\"Protez Penis Metal 3 Halkal\u0131 K\u0131rm\u0131z\u0131 Deri Kemer\" \/>\n<meta property=\"og:description\" content=\"Cinsel deneyimlerinizi daha \u00f6zg\u00fcr ve konforlu hale getirmek i\u00e7in tasarlanan Protez Penis Belden Ba\u011flama Kemeri, kalite ve i\u015f\u00e7ilikte s\u0131n\u0131rlar\u0131 zorluyor. Her beden ve dildo modeli ile uyumlu olacak \u015fekilde geli\u015ftirilen bu \u00f6zel strapon kemeri, maksimum g\u00fcvenlik ve rahatl\u0131k sa\u011flarken ayn\u0131 zamanda stil sahibi bir g\u00f6r\u00fcn\u00fcm sunuyor.\" \/>\n<meta property=\"og:url\" content=\"https:\/\/hobierotikshop.com.tr\/website1\/erotik-shop-urun\/protez-penis-metal-3-halkali-kirmizi-deri-kemer\/\" \/>\n<meta property=\"og:site_name\" content=\"Bursa Erotik Shop\" \/>\n<meta property=\"article:modified_time\" content=\"2025-04-26T15:30:32+00:00\" \/>\n<meta property=\"og:image\" content=\"https:\/\/hobierotikshop.com.tr\/website1\/wp-content\/uploads\/2025\/04\/protez-penis-metal-3-halkali-kirmizi-d-cd-48f.jpg\" \/>\n\t<meta property=\"og:image:width\" content=\"455\" \/>\n\t<meta property=\"og:image:height\" content=\"455\" \/>\n\t<meta property=\"og:image:type\" content=\"image\/jpeg\" \/>\n<meta name=\"twitter:card\" content=\"summary_large_image\" \/>\n<meta name=\"twitter:site\" content=\"@shopbursa\" \/>\n<meta name=\"twitter:label1\" content=\"Fiyat\" \/>\n\t<meta name=\"twitter:data1\" content=\"&#8378;540,00\" \/>\n\t<meta name=\"twitter:label2\" content=\"Availability\" \/>\n\t<meta name=\"twitter:data2\" content=\"In stock\" \/>\n<script type=\"application\/ld+json\" class=\"yoast-schema-graph\">{\"@context\":\"https:\/\/schema.org\",\"@graph\":[{\"@type\":\"WebPage\",\"@id\":\"https:\/\/hobierotikshop.com.tr\/website1\/erotik-shop-urun\/protez-penis-metal-3-halkali-kirmizi-deri-kemer\/\",\"url\":\"https:\/\/hobierotikshop.com.tr\/website1\/erotik-shop-urun\/protez-penis-metal-3-halkali-kirmizi-deri-kemer\/\",\"name\":\"Protez Penis Metal 3 Halkal\u0131 K\u0131rm\u0131z\u0131 Deri Kemer - Bursa Erotik Shop\",\"isPartOf\":{\"@id\":\"https:\/\/hobierotikshop.com.tr\/website1\/#website\"},\"primaryImageOfPage\":{\"@id\":\"https:\/\/hobierotikshop.com.tr\/website1\/erotik-shop-urun\/protez-penis-metal-3-halkali-kirmizi-deri-kemer\/#primaryimage\"},\"image\":{\"@id\":\"https:\/\/hobierotikshop.com.tr\/website1\/erotik-shop-urun\/protez-penis-metal-3-halkali-kirmizi-deri-kemer\/#primaryimage\"},\"thumbnailUrl\":\"https:\/\/haremerotikshop.com\/site\/wp-content\/uploads\/2025\/04\/protez-penis-metal-3-halkali-kirmizi-d-cd-48f.jpg\",\"datePublished\":\"2025-04-26T14:19:21+00:00\",\"dateModified\":\"2025-04-26T15:30:32+00:00\",\"breadcrumb\":{\"@id\":\"https:\/\/hobierotikshop.com.tr\/website1\/erotik-shop-urun\/protez-penis-metal-3-halkali-kirmizi-deri-kemer\/#breadcrumb\"},\"inLanguage\":\"tr\",\"potentialAction\":[{\"@type\":\"ReadAction\",\"target\":[\"https:\/\/hobierotikshop.com.tr\/website1\/erotik-shop-urun\/protez-penis-metal-3-halkali-kirmizi-deri-kemer\/\"]}]},{\"@type\":\"ImageObject\",\"inLanguage\":\"tr\",\"@id\":\"https:\/\/hobierotikshop.com.tr\/website1\/erotik-shop-urun\/protez-penis-metal-3-halkali-kirmizi-deri-kemer\/#primaryimage\",\"url\":\"https:\/\/haremerotikshop.com\/site\/wp-content\/uploads\/2025\/04\/protez-penis-metal-3-halkali-kirmizi-d-cd-48f.jpg\",\"contentUrl\":\"https:\/\/haremerotikshop.com\/site\/wp-content\/uploads\/2025\/04\/protez-penis-metal-3-halkali-kirmizi-d-cd-48f.jpg\",\"width\":455,\"height\":455},{\"@type\":\"BreadcrumbList\",\"@id\":\"https:\/\/hobierotikshop.com.tr\/website1\/erotik-shop-urun\/protez-penis-metal-3-halkali-kirmizi-deri-kemer\/#breadcrumb\",\"itemListElement\":[{\"@type\":\"ListItem\",\"position\":1,\"name\":\"Anasayfa\",\"item\":\"https:\/\/hobierotikshop.com.tr\/website1\/\"},{\"@type\":\"ListItem\",\"position\":2,\"name\":\"Erotik Shop \u00dcr\u00fcnleri\",\"item\":\"https:\/\/hobierotikshop.com.tr\/website1\/shop\/\"},{\"@type\":\"ListItem\",\"position\":3,\"name\":\"Protez Penis Metal 3 Halkal\u0131 K\u0131rm\u0131z\u0131 Deri Kemer\"}]},{\"@type\":\"WebSite\",\"@id\":\"https:\/\/hobierotikshop.com.tr\/website1\/#website\",\"url\":\"https:\/\/hobierotikshop.com.tr\/website1\/\",\"name\":\"Bursa Erotik Shop\",\"description\":\"Bursa Erotik Shop ile g\u00fcvenli, gizli ve kaliteli yeti\u015fkin \u00fcr\u00fcnleri al\u0131\u015fveri\u015fi! Geni\u015f \u00fcr\u00fcn yelpazemizi ke\u015ffedin, hemen sipari\u015f verin\",\"publisher\":{\"@id\":\"https:\/\/hobierotikshop.com.tr\/website1\/#organization\"},\"alternateName\":\"Erotik Shop\",\"potentialAction\":[{\"@type\":\"SearchAction\",\"target\":{\"@type\":\"EntryPoint\",\"urlTemplate\":\"https:\/\/hobierotikshop.com.tr\/website1\/?s={search_term_string}\"},\"query-input\":{\"@type\":\"PropertyValueSpecification\",\"valueRequired\":true,\"valueName\":\"search_term_string\"}}],\"inLanguage\":\"tr\"},{\"@type\":\"Organization\",\"@id\":\"https:\/\/hobierotikshop.com.tr\/website1\/#organization\",\"name\":\"Harem Bursa Erotik Shop\",\"url\":\"https:\/\/hobierotikshop.com.tr\/website1\/\",\"logo\":{\"@type\":\"ImageObject\",\"inLanguage\":\"tr\",\"@id\":\"https:\/\/hobierotikshop.com.tr\/website1\/#\/schema\/logo\/image\/\",\"url\":\"https:\/\/haremerotikshop.com\/site\/wp-content\/uploads\/2025\/03\/haremsexshop.png\",\"contentUrl\":\"https:\/\/haremerotikshop.com\/site\/wp-content\/uploads\/2025\/03\/haremsexshop.png\",\"width\":400,\"height\":100,\"caption\":\"Harem Bursa Erotik Shop\"},\"image\":{\"@id\":\"https:\/\/hobierotikshop.com.tr\/website1\/#\/schema\/logo\/image\/\"},\"sameAs\":[\"https:\/\/x.com\/shopbursa\"],\"publishingPrinciples\":\"https:\/\/hobierotikshop.com.tr\/website1\/mesafeli-satis-sozlesmesi\/\",\"ownershipFundingInfo\":\"https:\/\/hobierotikshop.com.tr\/website1\/contact-us\/\",\"actionableFeedbackPolicy\":\"https:\/\/hobierotikshop.com.tr\/website1\/contact-us\/\",\"correctionsPolicy\":\"https:\/\/hobierotikshop.com.tr\/website1\/mesafeli-satis-sozlesmesi\/\"}]}<\/script>\n<meta property=\"product:price:amount\" content=\"540.00\" \/>\n<meta property=\"product:price:currency\" content=\"TRY\" \/>\n<meta property=\"og:availability\" content=\"instock\" \/>\n<meta property=\"product:availability\" content=\"instock\" \/>\n<meta property=\"product:retailer_item_id\" content=\"K007\" \/>\n<meta property=\"product:condition\" content=\"new\" \/>\n<!-- \/ Yoast SEO Premium plugin. -->","yoast_head_json":{"title":"Protez Penis Metal 3 Halkal\u0131 K\u0131rm\u0131z\u0131 Deri Kemer - Bursa Erotik Shop","robots":{"index":"index","follow":"follow","max-snippet":"max-snippet:-1","max-image-preview":"max-image-preview:large","max-video-preview":"max-video-preview:-1"},"canonical":"https:\/\/hobierotikshop.com.tr\/website1\/erotik-shop-urun\/protez-penis-metal-3-halkali-kirmizi-deri-kemer\/","og_locale":"tr_TR","og_type":"article","og_title":"Protez Penis Metal 3 Halkal\u0131 K\u0131rm\u0131z\u0131 Deri Kemer","og_description":"Cinsel deneyimlerinizi daha \u00f6zg\u00fcr ve konforlu hale getirmek i\u00e7in tasarlanan Protez Penis Belden Ba\u011flama Kemeri, kalite ve i\u015f\u00e7ilikte s\u0131n\u0131rlar\u0131 zorluyor. Her beden ve dildo modeli ile uyumlu olacak \u015fekilde geli\u015ftirilen bu \u00f6zel strapon kemeri, maksimum g\u00fcvenlik ve rahatl\u0131k sa\u011flarken ayn\u0131 zamanda stil sahibi bir g\u00f6r\u00fcn\u00fcm sunuyor.","og_url":"https:\/\/hobierotikshop.com.tr\/website1\/erotik-shop-urun\/protez-penis-metal-3-halkali-kirmizi-deri-kemer\/","og_site_name":"Bursa Erotik Shop","article_modified_time":"2025-04-26T15:30:32+00:00","og_image":[{"width":455,"height":455,"url":"https:\/\/hobierotikshop.com.tr\/website1\/wp-content\/uploads\/2025\/04\/protez-penis-metal-3-halkali-kirmizi-d-cd-48f.jpg","type":"image\/jpeg"}],"twitter_card":"summary_large_image","twitter_site":"@shopbursa","twitter_misc":{"Fiyat":"&#8378;540,00","Availability":"In stock"},"schema":{"@context":"https:\/\/schema.org","@graph":[{"@type":"WebPage","@id":"https:\/\/hobierotikshop.com.tr\/website1\/erotik-shop-urun\/protez-penis-metal-3-halkali-kirmizi-deri-kemer\/","url":"https:\/\/hobierotikshop.com.tr\/website1\/erotik-shop-urun\/protez-penis-metal-3-halkali-kirmizi-deri-kemer\/","name":"Protez Penis Metal 3 Halkal\u0131 K\u0131rm\u0131z\u0131 Deri Kemer - Bursa Erotik Shop","isPartOf":{"@id":"https:\/\/hobierotikshop.com.tr\/website1\/#website"},"primaryImageOfPage":{"@id":"https:\/\/hobierotikshop.com.tr\/website1\/erotik-shop-urun\/protez-penis-metal-3-halkali-kirmizi-deri-kemer\/#primaryimage"},"image":{"@id":"https:\/\/hobierotikshop.com.tr\/website1\/erotik-shop-urun\/protez-penis-metal-3-halkali-kirmizi-deri-kemer\/#primaryimage"},"thumbnailUrl":"https:\/\/haremerotikshop.com\/site\/wp-content\/uploads\/2025\/04\/protez-penis-metal-3-halkali-kirmizi-d-cd-48f.jpg","datePublished":"2025-04-26T14:19:21+00:00","dateModified":"2025-04-26T15:30:32+00:00","breadcrumb":{"@id":"https:\/\/hobierotikshop.com.tr\/website1\/erotik-shop-urun\/protez-penis-metal-3-halkali-kirmizi-deri-kemer\/#breadcrumb"},"inLanguage":"tr","potentialAction":[{"@type":"ReadAction","target":["https:\/\/hobierotikshop.com.tr\/website1\/erotik-shop-urun\/protez-penis-metal-3-halkali-kirmizi-deri-kemer\/"]}]},{"@type":"ImageObject","inLanguage":"tr","@id":"https:\/\/hobierotikshop.com.tr\/website1\/erotik-shop-urun\/protez-penis-metal-3-halkali-kirmizi-deri-kemer\/#primaryimage","url":"https:\/\/haremerotikshop.com\/site\/wp-content\/uploads\/2025\/04\/protez-penis-metal-3-halkali-kirmizi-d-cd-48f.jpg","contentUrl":"https:\/\/haremerotikshop.com\/site\/wp-content\/uploads\/2025\/04\/protez-penis-metal-3-halkali-kirmizi-d-cd-48f.jpg","width":455,"height":455},{"@type":"BreadcrumbList","@id":"https:\/\/hobierotikshop.com.tr\/website1\/erotik-shop-urun\/protez-penis-metal-3-halkali-kirmizi-deri-kemer\/#breadcrumb","itemListElement":[{"@type":"ListItem","position":1,"name":"Anasayfa","item":"https:\/\/hobierotikshop.com.tr\/website1\/"},{"@type":"ListItem","position":2,"name":"Erotik Shop \u00dcr\u00fcnleri","item":"https:\/\/hobierotikshop.com.tr\/website1\/shop\/"},{"@type":"ListItem","position":3,"name":"Protez Penis Metal 3 Halkal\u0131 K\u0131rm\u0131z\u0131 Deri Kemer"}]},{"@type":"WebSite","@id":"https:\/\/hobierotikshop.com.tr\/website1\/#website","url":"https:\/\/hobierotikshop.com.tr\/website1\/","name":"Bursa Erotik Shop","description":"Bursa Erotik Shop ile g\u00fcvenli, gizli ve kaliteli yeti\u015fkin \u00fcr\u00fcnleri al\u0131\u015fveri\u015fi! Geni\u015f \u00fcr\u00fcn yelpazemizi ke\u015ffedin, hemen sipari\u015f verin","publisher":{"@id":"https:\/\/hobierotikshop.com.tr\/website1\/#organization"},"alternateName":"Erotik Shop","potentialAction":[{"@type":"SearchAction","target":{"@type":"EntryPoint","urlTemplate":"https:\/\/hobierotikshop.com.tr\/website1\/?s={search_term_string}"},"query-input":{"@type":"PropertyValueSpecification","valueRequired":true,"valueName":"search_term_string"}}],"inLanguage":"tr"},{"@type":"Organization","@id":"https:\/\/hobierotikshop.com.tr\/website1\/#organization","name":"Harem Bursa Erotik Shop","url":"https:\/\/hobierotikshop.com.tr\/website1\/","logo":{"@type":"ImageObject","inLanguage":"tr","@id":"https:\/\/hobierotikshop.com.tr\/website1\/#\/schema\/logo\/image\/","url":"https:\/\/haremerotikshop.com\/site\/wp-content\/uploads\/2025\/03\/haremsexshop.png","contentUrl":"https:\/\/haremerotikshop.com\/site\/wp-content\/uploads\/2025\/03\/haremsexshop.png","width":400,"height":100,"caption":"Harem Bursa Erotik Shop"},"image":{"@id":"https:\/\/hobierotikshop.com.tr\/website1\/#\/schema\/logo\/image\/"},"sameAs":["https:\/\/x.com\/shopbursa"],"publishingPrinciples":"https:\/\/hobierotikshop.com.tr\/website1\/mesafeli-satis-sozlesmesi\/","ownershipFundingInfo":"https:\/\/hobierotikshop.com.tr\/website1\/contact-us\/","actionableFeedbackPolicy":"https:\/\/hobierotikshop.com.tr\/website1\/contact-us\/","correctionsPolicy":"https:\/\/hobierotikshop.com.tr\/website1\/mesafeli-satis-sozlesmesi\/"}]},"product_price_amount":"540.00","product_price_currency":"TRY","og_availability":"instock","product_availability":"instock","product_retailer_item_id":"K007","product_condition":"new"},"_links":{"self":[{"href":"https:\/\/haremerotikshop.com\/site\/wp-json\/wp\/v2\/product\/45727","targetHints":{"allow":["GET"]}}],"collection":[{"href":"https:\/\/haremerotikshop.com\/site\/wp-json\/wp\/v2\/product"}],"about":[{"href":"https:\/\/haremerotikshop.com\/site\/wp-json\/wp\/v2\/types\/product"}],"replies":[{"embeddable":true,"href":"https:\/\/haremerotikshop.com\/site\/wp-json\/wp\/v2\/comments?post=45727"}],"version-history":[{"count":0,"href":"https:\/\/haremerotikshop.com\/site\/wp-json\/wp\/v2\/product\/45727\/revisions"}],"wp:featuredmedia":[{"embeddable":true,"href":"https:\/\/haremerotikshop.com\/site\/wp-json\/wp\/v2\/media\/45729"}],"wp:attachment":[{"href":"https:\/\/haremerotikshop.com\/site\/wp-json\/wp\/v2\/media?parent=45727"}],"wp:term":[{"taxonomy":"product_brand","embeddable":true,"href":"https:\/\/haremerotikshop.com\/site\/wp-json\/wp\/v2\/product_brand?post=45727"},{"taxonomy":"product_cat","embeddable":true,"href":"https:\/\/haremerotikshop.com\/site\/wp-json\/wp\/v2\/product_cat?post=45727"},{"taxonomy":"product_tag","embeddable":true,"href":"https:\/\/haremerotikshop.com\/site\/wp-json\/wp\/v2\/product_tag?post=45727"}],"curies":[{"name":"wp","href":"https:\/\/api.w.org\/{rel}","templated":true}]}}